[INFO] fetching crate stack_test_epic_api 3.0.3...
[INFO] testing stack_test_epic_api-3.0.3 against 1.75.0 for beta-1.76-1
[INFO] extracting crate stack_test_epic_api 3.0.3 into /workspace/builds/worker-2-tc1/source
[INFO] validating manifest of crates.io crate stack_test_epic_api 3.0.3 on toolchain 1.75.0
[INFO] running `Command { std: CARGO_HOME="/workspace/cargo-home" RUSTUP_HOME="/workspace/rustup-home" "/workspace/cargo-home/bin/cargo" "+1.75.0" "metadata" "--manifest-path" "Cargo.toml" "--no-deps", kill_on_drop: false }`
[INFO] started tweaking crates.io crate stack_test_epic_api 3.0.3
[INFO] finished tweaking crates.io crate stack_test_epic_api 3.0.3
[INFO] tweaked toml for crates.io crate stack_test_epic_api 3.0.3 written to /workspace/builds/worker-2-tc1/source/Cargo.toml
[INFO] running `Command { std: CARGO_HOME="/workspace/cargo-home" RUSTUP_HOME="/workspace/rustup-home" "/workspace/cargo-home/bin/cargo" "+1.75.0" "generate-lockfile" "--manifest-path" "Cargo.toml", kill_on_drop: false }`
[INFO] [stderr]     Updating crates.io index
[INFO] running `Command { std: CARGO_HOME="/workspace/cargo-home" RUSTUP_HOME="/workspace/rustup-home" "/workspace/cargo-home/bin/cargo" "+1.75.0" "fetch" "--manifest-path" "Cargo.toml", kill_on_drop: false }`
[INFO] [stderr]     Blocking waiting for file lock on package cache
[INFO] [stderr]  Downloading crates ...
[INFO] [stderr]   Downloaded stack_test_epic_pool v3.0.3
[INFO] [stderr]   Downloaded stack_test_epic_store v3.0.3
[INFO] [stderr]   Downloaded tokio-rustls v0.7.2
[INFO] [stderr]   Downloaded stack_test_epic_keychain v3.0.3
[INFO] [stderr]   Downloaded stack_test_epic_util v3.0.3
[INFO] [stderr]   Downloaded stack_test_epic_core v3.0.3
[INFO] [stderr]   Downloaded stack_test_epic_p2p v3.0.3
[INFO] [stderr]   Downloaded ct-logs v0.4.0
[INFO] [stderr]   Downloaded stack_test_epic_chain v3.0.3
[INFO] [stderr]   Downloaded croaring-sys v0.3.9
[INFO] [stderr]   Downloaded croaring v0.3.9
[INFO] [stderr]   Downloaded hyper-rustls v0.14.0
[INFO] running `Command { std: "docker" "create" "-v" "/var/lib/crater-agent-workspace/builds/worker-2-tc1/target:/opt/rustwide/target:rw,Z" "-v" "/var/lib/crater-agent-workspace/builds/worker-2-tc1/source:/opt/rustwide/workdir:ro,Z" "-v" "/var/lib/crater-agent-workspace/cargo-home:/opt/rustwide/cargo-home:ro,Z" "-v" "/var/lib/crater-agent-workspace/rustup-home:/opt/rustwide/rustup-home:ro,Z" "-e" "SOURCE_DIR=/opt/rustwide/workdir" "-e" "CARGO_TARGET_DIR=/opt/rustwide/target" "-e" "CARGO_HOME=/opt/rustwide/cargo-home" "-e" "RUSTUP_HOME=/opt/rustwide/rustup-home" "-w" "/opt/rustwide/workdir" "-m" "1610612736" "--user" "0:0" "--network" "none" "ghcr.io/rust-lang/crates-build-env/linux@sha256:2788e3201cd34a07e3172128adcd8b3090168a8e3bcc40d7c032b9dda1df7d1c" "/opt/rustwide/cargo-home/bin/cargo" "+1.75.0" "metadata" "--no-deps" "--format-version=1", kill_on_drop: false }`
[INFO] [stdout] 8968dad9421013db736eedcd992089f46b46cd04ba0bab11cc4edd4aa1b75881
[INFO] running `Command { std: "docker" "start" "-a" "8968dad9421013db736eedcd992089f46b46cd04ba0bab11cc4edd4aa1b75881", kill_on_drop: false }`
[INFO] running `Command { std: "docker" "inspect" "8968dad9421013db736eedcd992089f46b46cd04ba0bab11cc4edd4aa1b75881", kill_on_drop: false }`
[INFO] running `Command { std: "docker" "rm" "-f" "8968dad9421013db736eedcd992089f46b46cd04ba0bab11cc4edd4aa1b75881", kill_on_drop: false }`
[INFO] [stdout] 8968dad9421013db736eedcd992089f46b46cd04ba0bab11cc4edd4aa1b75881
[INFO] running `Command { std: "docker" "create" "-v" "/var/lib/crater-agent-workspace/builds/worker-2-tc1/target:/opt/rustwide/target:rw,Z" "-v" "/var/lib/crater-agent-workspace/builds/worker-2-tc1/source:/opt/rustwide/workdir:ro,Z" "-v" "/var/lib/crater-agent-workspace/cargo-home:/opt/rustwide/cargo-home:ro,Z" "-v" "/var/lib/crater-agent-workspace/rustup-home:/opt/rustwide/rustup-home:ro,Z" "-e" "SOURCE_DIR=/opt/rustwide/workdir" "-e" "CARGO_TARGET_DIR=/opt/rustwide/target" "-e" "CARGO_INCREMENTAL=0" "-e" "RUST_BACKTRACE=full" "-e" "RUSTFLAGS=--cap-lints=warn" "-e" "RUSTDOCFLAGS=--cap-lints=warn" "-e" "CARGO_HOME=/opt/rustwide/cargo-home" "-e" "RUSTUP_HOME=/opt/rustwide/rustup-home" "-w" "/opt/rustwide/workdir" "-m" "1610612736" "--user" "0:0" "--network" "none" "ghcr.io/rust-lang/crates-build-env/linux@sha256:2788e3201cd34a07e3172128adcd8b3090168a8e3bcc40d7c032b9dda1df7d1c" "/opt/rustwide/cargo-home/bin/cargo" "+1.75.0" "build" "--frozen" "--message-format=json", kill_on_drop: false }`
[INFO] [stdout] 60b62916e9c83b3c28ad162cd76b1538a64a76f03cdeb22a62a6f7ec065a7bbf
[INFO] running `Command { std: "docker" "start" "-a" "60b62916e9c83b3c28ad162cd76b1538a64a76f03cdeb22a62a6f7ec065a7bbf", kill_on_drop: false }`
[INFO] [stderr]    Compiling libc v0.2.151
[INFO] [stderr]    Compiling cfg-if v0.1.10
[INFO] [stderr]    Compiling byteorder v1.5.0
[INFO] [stderr]    Compiling semver-parser v0.7.0
[INFO] [stderr]    Compiling maybe-uninit v2.0.0
[INFO] [stderr]    Compiling futures v0.1.31
[INFO] [stderr]    Compiling fnv v1.0.7
[INFO] [stderr]    Compiling either v1.9.0
[INFO] [stderr]    Compiling typenum v1.17.0
[INFO] [stderr]    Compiling memchr v2.7.1
[INFO] [stderr]    Compiling crossbeam-utils v0.7.2
[INFO] [stderr]    Compiling slab v0.4.9
[INFO] [stderr]    Compiling autocfg v0.1.8
[INFO] [stderr]    Compiling syn v2.0.48
[INFO] [stderr]    Compiling version_check v0.9.4
[INFO] [stderr]    Compiling indexmap v1.9.3
[INFO] [stderr]    Compiling quick-error v1.2.3
[INFO] [stderr]    Compiling nodrop v0.1.14
[INFO] [stderr]    Compiling num-integer v0.1.45
[INFO] [stderr]    Compiling humantime v1.3.0
[INFO] [stderr]    Compiling hashbrown v0.12.3
[INFO] [stderr]    Compiling glob v0.2.11
[INFO] [stderr]    Compiling semver v0.9.0
[INFO] [stderr]    Compiling regex-syntax v0.8.2
[INFO] [stderr]    Compiling arrayvec v0.4.12
[INFO] [stderr]    Compiling rustc_version v0.2.3
[INFO] [stderr]    Compiling memoffset v0.5.6
[INFO] [stderr]    Compiling smallvec v0.6.14
[INFO] [stderr]    Compiling generic-array v0.14.7
[INFO] [stderr]    Compiling adler v1.0.2
[INFO] [stderr]    Compiling clang-sys v0.23.0
[INFO] [stderr]    Compiling parking_lot_core v0.6.3
[INFO] [stderr]    Compiling parking_lot v0.9.0
[INFO] [stderr]    Compiling rustc-serialize v0.3.25
[INFO] [stderr]    Compiling unicode-width v0.1.11
[INFO] [stderr]    Compiling aho-corasick v1.1.2
[INFO] [stderr]    Compiling crc32fast v1.3.2
[INFO] [stderr]    Compiling textwrap v0.11.0
[INFO] [stderr]    Compiling miniz_oxide v0.7.1
[INFO] [stderr]    Compiling rand_pcg v0.1.2
[INFO] [stderr]    Compiling tokio-executor v0.1.10
[INFO] [stderr]    Compiling rand_chacha v0.1.1
[INFO] [stderr]    Compiling lock_api v0.3.4
[INFO] [stderr]    Compiling proc-macro2 v0.3.5
[INFO] [stderr]    Compiling crossbeam-epoch v0.8.2
[INFO] [stderr]    Compiling ansi_term v0.12.1
[INFO] [stderr]    Compiling strsim v0.8.0
[INFO] [stderr]    Compiling bindgen v0.37.4
[INFO] [stderr]    Compiling safemem v0.3.3
[INFO] [stderr]    Compiling vec_map v0.8.2
[INFO] [stderr]    Compiling crunchy v0.2.2
[INFO] [stderr]    Compiling termcolor v1.4.0
[INFO] [stderr]    Compiling quote v0.5.2
[INFO] [stderr]    Compiling base64 v0.9.3
[INFO] [stderr]    Compiling cc v1.0.83
[INFO] [stderr]    Compiling iovec v0.1.4
[INFO] [stderr]    Compiling net2 v0.2.39
[INFO] [stderr]    Compiling bytes v0.4.12
[INFO] [stderr]    Compiling rand v0.5.6
[INFO] [stderr]    Compiling num_cpus v1.16.0
[INFO] [stderr]    Compiling regex-automata v0.4.3
[INFO] [stderr]    Compiling atty v0.2.14
[INFO] [stderr]    Compiling memchr v1.0.2
[INFO] [stderr]    Compiling nom v3.2.1
[INFO] [stderr]    Compiling clap v2.34.0
[INFO] [stderr]    Compiling digest v0.9.0
[INFO] [stderr]    Compiling rand v0.4.6
[INFO] [stderr]    Compiling which v1.0.5
[INFO] [stderr]    Compiling tokio-sync v0.1.8
[INFO] [stderr]    Compiling parking_lot_core v0.3.1
[INFO] [stderr]    Compiling rand v0.6.5
[INFO] [stderr]    Compiling subtle v2.4.1
[INFO] [stderr]    Compiling peeking_take_while v0.1.2
[INFO] [stderr]    Compiling syn v1.0.109
[INFO] [stderr]    Compiling gimli v0.28.1
[INFO] [stderr]    Compiling traitobject v0.1.0
[INFO] [stderr]    Compiling stable_deref_trait v1.2.0
[INFO] [stderr]    Compiling unsafe-any v0.4.2
[INFO] [stderr]    Compiling owning_ref v0.4.1
[INFO] [stderr]    Compiling block-buffer v0.9.0
[INFO] [stderr]    Compiling rand_os v0.1.3
[INFO] [stderr]    Compiling object v0.32.2
[INFO] [stderr]    Compiling ordered-float v1.1.1
[INFO] [stderr]    Compiling rand_hc v0.1.0
[INFO] [stderr]    Compiling cexpr v0.2.3
[INFO] [stderr]    Compiling rand_isaac v0.1.1
[INFO] [stderr]    Compiling rand_xorshift v0.1.1
[INFO] [stderr]    Compiling rand_jitter v0.1.4
[INFO] [stderr]    Compiling num-iter v0.1.43
[INFO] [stderr]    Compiling num-bigint v0.2.6
[INFO] [stderr]    Compiling odds v0.2.26
[INFO] [stderr]    Compiling iana-time-zone v0.1.59
[INFO] [stderr]    Compiling rustc-demangle v0.1.23
[INFO] [stderr]    Compiling opaque-debug v0.3.0
[INFO] [stderr]    Compiling libloading v0.5.2
[INFO] [stderr]    Compiling backtrace v0.3.69
[INFO] [stderr]    Compiling grin_secp256k1zkp v0.7.12
[INFO] [stderr]    Compiling ring v0.13.5
[INFO] [stderr]    Compiling scopeguard v0.3.3
[INFO] [stderr]    Compiling lock_api v0.1.5
[INFO] [stderr]    Compiling arrayvec v0.3.25
[INFO] [stderr]    Compiling crossbeam-deque v0.7.4
[INFO] [stderr]    Compiling typemap v0.3.3
[INFO] [stderr]    Compiling crypto-mac v0.11.1
[INFO] [stderr]    Compiling flate2 v1.0.28
[INFO] [stderr]    Compiling thread-id v3.3.0
[INFO] [stderr]    Compiling generic-array v0.12.4
[INFO] [stderr]    Compiling crossbeam-queue v0.2.3
[INFO] [stderr]    Compiling num-rational v0.2.4
[INFO] [stderr]    Compiling num-complex v0.2.4
[INFO] [stderr]    Compiling gcc v0.3.55
[INFO] [stderr]    Compiling crunchy v0.1.6
[INFO] [stderr]    Compiling byte-tools v0.3.1
[INFO] [stderr]    Compiling failure_derive v0.1.8
[INFO] [stderr]    Compiling rand_core v0.6.4
[INFO] [stderr]    Compiling arc-swap v0.3.11
[INFO] [stderr]    Compiling antidote v1.0.0
[INFO] [stderr]    Compiling regex v1.10.2
[INFO] [stderr]    Compiling base64ct v1.6.0
[INFO] [stderr]    Compiling unicode-xid v0.2.4
[INFO] [stderr]    Compiling log-mdc v0.1.0
[INFO] [stderr]    Compiling untrusted v0.6.2
[INFO] [stderr]    Compiling cpufeatures v0.2.12
[INFO] [stderr]    Compiling sha2 v0.9.9
[INFO] [stderr]    Compiling addr2line v0.21.0
[INFO] [stderr]    Compiling password-hash v0.2.3
[INFO] [stderr]    Compiling fixed-hash v0.3.2
[INFO] [stderr]    Compiling liblmdb-sys v0.2.2
[INFO] [stderr]    Compiling block-padding v0.1.5
[INFO] [stderr]    Compiling parking_lot v0.6.4
[INFO] [stderr]    Compiling hmac v0.11.0
[INFO] [stderr]    Compiling uint v0.7.1
[INFO] [stderr]    Compiling tokio-timer v0.2.13
[INFO] [stderr]    Compiling constant_time_eq v0.1.5
[INFO] [stderr]    Compiling rustix v0.38.28
[INFO] [stderr]    Compiling pbkdf2 v0.8.0
[INFO] [stderr]    Compiling blake2-rfc v0.2.18
[INFO] [stderr]    Compiling block-buffer v0.7.3
[INFO] [stderr]    Compiling digest v0.8.1
[INFO] [stderr]    Compiling ripemd160 v0.9.1
[INFO] [stderr]    Compiling tiny-keccak v1.5.0
[INFO] [stderr]    Compiling tokio-current-thread v0.1.7
[INFO] [stderr]    Compiling num-traits v0.1.43
[INFO] [stderr]    Compiling itoa v0.4.8
[INFO] [stderr]    Compiling opaque-debug v0.2.3
[INFO] [stderr]    Compiling fake-simd v0.1.2
[INFO] [stderr]    Compiling http v0.1.21
[INFO] [stderr]    Compiling enum_primitive v0.1.1
[INFO] [stderr]    Compiling sha2 v0.8.2
[INFO] [stderr]    Compiling bigint v4.4.3
[INFO] [stderr]    Compiling lru-cache v0.1.2
[INFO] [stderr]    Compiling httparse v1.8.0
[INFO] [stderr]    Compiling bitflags v0.9.1
[INFO] [stderr]    Compiling synstructure v0.12.6
[INFO] [stderr]    Compiling siphasher v0.2.3
[INFO] [stderr]    Compiling md5 v0.6.1
[INFO] [stderr]    Compiling fastrand v2.0.1
[INFO] [stderr]    Compiling supercow v0.1.0
[INFO] [stderr]    Compiling string v0.2.1
[INFO] [stderr]    Compiling tokio-buf v0.1.1
[INFO] [stderr]    Compiling num v0.2.1
[INFO] [stderr]    Compiling memmap v0.7.0
[INFO] [stderr]    Compiling hyper v0.12.36
[INFO] [stderr]    Compiling tinyvec_macros v0.1.1
[INFO] [stderr]    Compiling syn v0.15.44
[INFO] [stderr]    Compiling try-lock v0.2.5
[INFO] [stderr]    Compiling tinyvec v1.6.0
[INFO] [stderr]    Compiling num-bigint v0.1.44
[INFO] [stderr]    Compiling futures-cpupool v0.1.8
[INFO] [stderr]    Compiling tempfile v3.9.0
[INFO] [stderr]    Compiling time v0.1.45
[INFO] [stderr]    Compiling unicode-segmentation v1.10.1
[INFO] [stderr]    Compiling unicode-normalization v0.1.22
[INFO] [stderr]    Compiling num-complex v0.1.43
[INFO] [stderr]    Compiling scoped-tls v0.1.2
[INFO] [stderr]    Compiling heck v0.3.3
[INFO] [stderr]    Compiling serde_derive v1.0.194
[INFO] [stderr]    Compiling thiserror-impl v1.0.56
[INFO] [stderr]    Compiling zeroize_derive v1.4.2
[INFO] [stderr]    Compiling webpki v0.18.1
[INFO] [stderr]    Compiling sct v0.4.0
[INFO] [stderr]    Compiling lmdb-zero v0.4.4
[INFO] [stderr]    Compiling num-rational v0.1.42
[INFO] [stderr]    Compiling bit-vec v0.6.3
[INFO] [stderr]    Compiling unicode-bidi v0.3.14
[INFO] [stderr]    Compiling http-body v0.1.0
[INFO] [stderr]    Compiling matches v0.1.10
[INFO] [stderr]    Compiling num v0.1.42
[INFO] [stderr]    Compiling webpki-roots v0.15.0
[INFO] [stderr]    Compiling ct-logs v0.4.0
[INFO] [stderr]    Compiling tokio-service v0.1.0
[INFO] [stderr]    Compiling percent-encoding v1.0.1
[INFO] [stderr]    Compiling idna v0.1.5
[INFO] [stderr]    Compiling url v1.7.2
[INFO] [stderr]    Compiling failure v0.1.8
[INFO] [stderr]    Compiling zeroize v1.7.0
[INFO] [stderr]    Compiling thiserror v1.0.56
[INFO] [stderr]    Compiling zip v0.5.13
[INFO] [stderr]    Compiling easy-jsonrpc-proc-macro-mw v0.5.1
[INFO] [stderr]    Compiling serde v1.0.194
[INFO] [stderr]    Compiling log v0.4.20
[INFO] [stderr]    Compiling serde_json v1.0.111
[INFO] [stderr]    Compiling serde_yaml v0.8.26
[INFO] [stderr]    Compiling chrono v0.4.31
[INFO] [stderr]    Compiling serde-value v0.5.3
[INFO] [stderr]    Compiling parity-codec v3.5.4
[INFO] [stderr]    Compiling uuid v0.6.5
[INFO] [stderr]    Compiling tokio-io v0.1.13
[INFO] [stderr]    Compiling mio v0.6.23
[INFO] [stderr]    Compiling env_logger v0.5.13
[INFO] [stderr]    Compiling tokio-threadpool v0.1.18
[INFO] [stderr]    Compiling want v0.2.0
[INFO] [stderr]    Compiling rustls v0.13.1
[INFO] [stderr]    Compiling tokio-codec v0.1.2
[INFO] [stderr]    Compiling tokio-fs v0.1.7
[INFO] [stderr]    Compiling h2 v0.1.26
[INFO] [stderr]    Compiling tokio-io-timeout v0.3.1
[INFO] [stderr]    Compiling impl-codec v0.2.0
[INFO] [stderr]    Compiling primitive-types v0.3.0
[INFO] [stderr]    Compiling tokio-reactor v0.1.12
[INFO] [stderr]    Compiling mio-uds v0.6.8
[INFO] [stderr]    Compiling jsonrpc-core v10.1.0
[INFO] [stderr]    Compiling log4rs v0.8.3
[INFO] [stderr]    Compiling tokio-uds v0.2.7
[INFO] [stderr]    Compiling tokio-tcp v0.1.4
[INFO] [stderr]    Compiling tokio-udp v0.1.6
[INFO] [stderr]    Compiling easy-jsonrpc-mw v0.5.4
[INFO] [stderr]    Compiling tokio v0.1.22
[INFO] [stderr]    Compiling tokio-core v0.1.18
[INFO] [stderr]    Compiling tokio-rustls v0.7.2
[INFO] [stderr]    Compiling keccak-hash v0.2.0
[INFO] [stderr]    Compiling stack_test_epic_util v3.0.3
[INFO] [stderr]    Compiling stack_test_epic_keychain v3.0.3
[INFO] [stderr]    Compiling hyper-timeout v0.2.0
[INFO] [stderr]    Compiling hyper-rustls v0.14.0
[INFO] [stderr]    Compiling croaring-sys v0.3.9
[INFO] [stderr]    Compiling croaring v0.3.9
[INFO] [stderr]    Compiling stack_test_epic_core v3.0.3
[INFO] [stderr]    Compiling stack_test_epic_store v3.0.3
[INFO] [stderr]    Compiling stack_test_epic_chain v3.0.3
[INFO] [stderr]    Compiling stack_test_epic_pool v3.0.3
[INFO] [stderr]    Compiling stack_test_epic_p2p v3.0.3
[INFO] [stderr]    Compiling stack_test_epic_api v3.0.3 (/opt/rustwide/workdir)
[INFO] [stdout] warning: trailing semicolon in macro used in expression position
[INFO] [stdout]    --> src/web.rs:147:4
[INFO] [stdout]     |
[INFO] [stdout] 147 |         };
[INFO] [stdout]     |          ^
[INFO] [stdout]     |
[INFO] [stdout]    ::: src/handlers/blocks_api.rs:104:12
[INFO] [stdout]     |
[INFO] [stdout] 104 |         let el = right_path_element!(req);
[INFO] [stdout]     |                  ------------------------ in this macro invocation
[INFO] [stdout]     |
[INFO] [stdout]     = warning: this was previously accepted by the compiler but is being phased out; it will become a hard error in a future release!
[INFO] [stdout]     = note: for more information, see issue #79813 <https://github.com/rust-lang/rust/issues/79813>
[INFO] [stdout]     = note: `#[warn(semicolon_in_expressions_from_macros)]` on by default
[INFO] [stdout]     = note: this warning originates in the macro `right_path_element` (in Nightly builds, run with -Z macro-backtrace for more info)
[INFO] [stdout] 
[INFO] [stdout] 
[INFO] [stdout] warning: trailing semicolon in macro used in expression position
[INFO] [stdout]    --> src/web.rs:147:4
[INFO] [stdout]     |
[INFO] [stdout] 147 |         };
[INFO] [stdout]     |          ^
[INFO] [stdout]     |
[INFO] [stdout]    ::: src/handlers/blocks_api.rs:200:12
[INFO] [stdout]     |
[INFO] [stdout] 200 |         let el = right_path_element!(req);
[INFO] [stdout]     |                  ------------------------ in this macro invocation
[INFO] [stdout]     |
[INFO] [stdout]     = warning: this was previously accepted by the compiler but is being phased out; it will become a hard error in a future release!
[INFO] [stdout]     = note: for more information, see issue #79813 <https://github.com/rust-lang/rust/issues/79813>
[INFO] [stdout]     = note: this warning originates in the macro `right_path_element` (in Nightly builds, run with -Z macro-backtrace for more info)
[INFO] [stdout] 
[INFO] [stdout] 
[INFO] [stdout] warning: trailing semicolon in macro used in expression position
[INFO] [stdout]    --> src/web.rs:147:4
[INFO] [stdout]     |
[INFO] [stdout] 147 |         };
[INFO] [stdout]     |          ^
[INFO] [stdout]     |
[INFO] [stdout]    ::: src/handlers/chain_api.rs:374:9
[INFO] [stdout]     |
[INFO] [stdout] 374 |         match right_path_element!(req) {
[INFO] [stdout]     |               ------------------------ in this macro invocation
[INFO] [stdout]     |
[INFO] [stdout]     = warning: this was previously accepted by the compiler but is being phased out; it will become a hard error in a future release!
[INFO] [stdout]     = note: for more information, see issue #79813 <https://github.com/rust-lang/rust/issues/79813>
[INFO] [stdout]     = note: this warning originates in the macro `right_path_element` (in Nightly builds, run with -Z macro-backtrace for more info)
[INFO] [stdout] 
[INFO] [stdout] 
[INFO] [stdout] warning: trailing semicolon in macro used in expression position
[INFO] [stdout]    --> src/web.rs:147:4
[INFO] [stdout]     |
[INFO] [stdout] 147 |         };
[INFO] [stdout]     |          ^
[INFO] [stdout]     |
[INFO] [stdout]    ::: src/handlers/peers_api.rs:101:17
[INFO] [stdout]     |
[INFO] [stdout] 101 |         let command = right_path_element!(req);
[INFO] [stdout]     |                       ------------------------ in this macro invocation
[INFO] [stdout]     |
[INFO] [stdout]     = warning: this was previously accepted by the compiler but is being phased out; it will become a hard error in a future release!
[INFO] [stdout]     = note: for more information, see issue #79813 <https://github.com/rust-lang/rust/issues/79813>
[INFO] [stdout]     = note: this warning originates in the macro `right_path_element` (in Nightly builds, run with -Z macro-backtrace for more info)
[INFO] [stdout] 
[INFO] [stdout] 
[INFO] [stdout] warning: trailing semicolon in macro used in expression position
[INFO] [stdout]    --> src/web.rs:147:4
[INFO] [stdout]     |
[INFO] [stdout] 147 |         };
[INFO] [stdout]     |          ^
[INFO] [stdout]     |
[INFO] [stdout]    ::: src/handlers/transactions_api.rs:163:9
[INFO] [stdout]     |
[INFO] [stdout] 163 |         match right_path_element!(req) {
[INFO] [stdout]     |               ------------------------ in this macro invocation
[INFO] [stdout]     |
[INFO] [stdout]     = warning: this was previously accepted by the compiler but is being phased out; it will become a hard error in a future release!
[INFO] [stdout]     = note: for more information, see issue #79813 <https://github.com/rust-lang/rust/issues/79813>
[INFO] [stdout]     = note: this warning originates in the macro `right_path_element` (in Nightly builds, run with -Z macro-backtrace for more info)
[INFO] [stdout] 
[INFO] [stdout] 
[INFO] [stdout] warning: 5 warnings emitted
[INFO] [stdout] 
[INFO] [stdout] 
[INFO] [stderr]     Finished dev [unoptimized + debuginfo] target(s) in 1m 06s
[INFO] [stderr] warning: the following packages contain code that will be rejected by a future version of Rust: bigint v4.4.3, grin_secp256k1zkp v0.7.12, nom v3.2.1, stack_test_epic_api v3.0.3 (/opt/rustwide/workdir), stack_test_epic_core v3.0.3, traitobject v0.1.0
[INFO] [stderr] note: to see what the problems were, use the option `--future-incompat-report`, or run `cargo report future-incompatibilities --id 1`
[INFO] running `Command { std: "docker" "inspect" "60b62916e9c83b3c28ad162cd76b1538a64a76f03cdeb22a62a6f7ec065a7bbf", kill_on_drop: false }`
[INFO] running `Command { std: "docker" "rm" "-f" "60b62916e9c83b3c28ad162cd76b1538a64a76f03cdeb22a62a6f7ec065a7bbf", kill_on_drop: false }`
[INFO] [stdout] 60b62916e9c83b3c28ad162cd76b1538a64a76f03cdeb22a62a6f7ec065a7bbf
[INFO] running `Command { std: "docker" "create" "-v" "/var/lib/crater-agent-workspace/builds/worker-2-tc1/target:/opt/rustwide/target:rw,Z" "-v" "/var/lib/crater-agent-workspace/builds/worker-2-tc1/source:/opt/rustwide/workdir:ro,Z" "-v" "/var/lib/crater-agent-workspace/cargo-home:/opt/rustwide/cargo-home:ro,Z" "-v" "/var/lib/crater-agent-workspace/rustup-home:/opt/rustwide/rustup-home:ro,Z" "-e" "SOURCE_DIR=/opt/rustwide/workdir" "-e" "CARGO_TARGET_DIR=/opt/rustwide/target" "-e" "CARGO_INCREMENTAL=0" "-e" "RUST_BACKTRACE=full" "-e" "RUSTFLAGS=--cap-lints=warn" "-e" "RUSTDOCFLAGS=--cap-lints=warn" "-e" "CARGO_HOME=/opt/rustwide/cargo-home" "-e" "RUSTUP_HOME=/opt/rustwide/rustup-home" "-w" "/opt/rustwide/workdir" "-m" "1610612736" "--user" "0:0" "--network" "none" "ghcr.io/rust-lang/crates-build-env/linux@sha256:2788e3201cd34a07e3172128adcd8b3090168a8e3bcc40d7c032b9dda1df7d1c" "/opt/rustwide/cargo-home/bin/cargo" "+1.75.0" "test" "--frozen" "--no-run" "--message-format=json", kill_on_drop: false }`
[INFO] [stdout] 27146d1437cf92faa762586d87b71b77135c47fb7855d7f030d16406a4479df5
[INFO] running `Command { std: "docker" "start" "-a" "27146d1437cf92faa762586d87b71b77135c47fb7855d7f030d16406a4479df5", kill_on_drop: false }`
[INFO] [stdout] warning: trailing semicolon in macro used in expression position
[INFO] [stdout]    --> src/web.rs:147:4
[INFO] [stdout]     |
[INFO] [stdout] 147 |         };
[INFO] [stdout]     |          ^
[INFO] [stdout]     |
[INFO] [stdout]    ::: src/handlers/blocks_api.rs:104:12
[INFO] [stdout]     |
[INFO] [stdout] 104 |         let el = right_path_element!(req);
[INFO] [stdout]     |                  ------------------------ in this macro invocation
[INFO] [stdout]     |
[INFO] [stdout]     = warning: this was previously accepted by the compiler but is being phased out; it will become a hard error in a future release!
[INFO] [stdout]     = note: for more information, see issue #79813 <https://github.com/rust-lang/rust/issues/79813>
[INFO] [stdout]     = note: `#[warn(semicolon_in_expressions_from_macros)]` on by default
[INFO] [stdout]     = note: this warning originates in the macro `right_path_element` (in Nightly builds, run with -Z macro-backtrace for more info)
[INFO] [stdout] 
[INFO] [stdout] 
[INFO] [stdout] warning: trailing semicolon in macro used in expression position
[INFO] [stdout]    --> src/web.rs:147:4
[INFO] [stdout]     |
[INFO] [stdout] 147 |         };
[INFO] [stdout]     |          ^
[INFO] [stdout]     |
[INFO] [stdout]    ::: src/handlers/blocks_api.rs:200:12
[INFO] [stdout]     |
[INFO] [stdout] 200 |         let el = right_path_element!(req);
[INFO] [stdout]     |                  ------------------------ in this macro invocation
[INFO] [stdout]     |
[INFO] [stdout]     = warning: this was previously accepted by the compiler but is being phased out; it will become a hard error in a future release!
[INFO] [stdout]     = note: for more information, see issue #79813 <https://github.com/rust-lang/rust/issues/79813>
[INFO] [stdout]     = note: this warning originates in the macro `right_path_element` (in Nightly builds, run with -Z macro-backtrace for more info)
[INFO] [stdout] 
[INFO] [stdout] 
[INFO] [stdout] warning: trailing semicolon in macro used in expression position
[INFO] [stdout]    --> src/web.rs:147:4
[INFO] [stdout]     |
[INFO] [stdout] 147 |         };
[INFO] [stdout]     |          ^
[INFO] [stdout]     |
[INFO] [stdout]    ::: src/handlers/chain_api.rs:374:9
[INFO] [stdout]     |
[INFO] [stdout] 374 |         match right_path_element!(req) {
[INFO] [stdout]     |               ------------------------ in this macro invocation
[INFO] [stdout]     |
[INFO] [stdout]     = warning: this was previously accepted by the compiler but is being phased out; it will become a hard error in a future release!
[INFO] [stdout]     = note: for more information, see issue #79813 <https://github.com/rust-lang/rust/issues/79813>
[INFO] [stdout]     = note: this warning originates in the macro `right_path_element` (in Nightly builds, run with -Z macro-backtrace for more info)
[INFO] [stdout] 
[INFO] [stdout] 
[INFO] [stdout] warning: trailing semicolon in macro used in expression position
[INFO] [stdout]    --> src/web.rs:147:4
[INFO] [stdout]     |
[INFO] [stdout] 147 |         };
[INFO] [stdout]     |          ^
[INFO] [stdout]     |
[INFO] [stdout]    ::: src/handlers/peers_api.rs:101:17
[INFO] [stdout]     |
[INFO] [stdout] 101 |         let command = right_path_element!(req);
[INFO] [stdout]     |                       ------------------------ in this macro invocation
[INFO] [stdout]     |
[INFO] [stdout]     = warning: this was previously accepted by the compiler but is being phased out; it will become a hard error in a future release!
[INFO] [stdout]     = note: for more information, see issue #79813 <https://github.com/rust-lang/rust/issues/79813>
[INFO] [stdout]     = note: this warning originates in the macro `right_path_element` (in Nightly builds, run with -Z macro-backtrace for more info)
[INFO] [stdout] 
[INFO] [stdout] 
[INFO] [stdout] warning: trailing semicolon in macro used in expression position
[INFO] [stdout]    --> src/web.rs:147:4
[INFO] [stdout]     |
[INFO] [stdout] 147 |         };
[INFO] [stdout]     |          ^
[INFO] [stdout]     |
[INFO] [stdout]    ::: src/handlers/transactions_api.rs:163:9
[INFO] [stdout]     |
[INFO] [stdout] 163 |         match right_path_element!(req) {
[INFO] [stdout]     |               ------------------------ in this macro invocation
[INFO] [stdout]     |
[INFO] [stdout]     = warning: this was previously accepted by the compiler but is being phased out; it will become a hard error in a future release!
[INFO] [stdout]     = note: for more information, see issue #79813 <https://github.com/rust-lang/rust/issues/79813>
[INFO] [stdout]     = note: this warning originates in the macro `right_path_element` (in Nightly builds, run with -Z macro-backtrace for more info)
[INFO] [stdout] 
[INFO] [stdout] 
[INFO] [stdout] warning: 5 warnings emitted
[INFO] [stdout] 
[INFO] [stdout] 
[INFO] [stderr]    Compiling stack_test_epic_api v3.0.3 (/opt/rustwide/workdir)
[INFO] [stdout] error[E0432]: unresolved import `crate::api`
[INFO] [stdout]  --> tests/rest.rs:4:12
[INFO] [stdout]   |
[INFO] [stdout] 4 | use crate::api::*;
[INFO] [stdout]   |            ^^^ could not find `api` in the crate root
[INFO] [stdout] 
[INFO] [stdout] 
[INFO] [stdout] error[E0432]: unresolved import `epic_api`
[INFO] [stdout]  --> tests/rest.rs:1:5
[INFO] [stdout]   |
[INFO] [stdout] 1 | use epic_api as api;
[INFO] [stdout]   |     ^^^^^^^^^^^^^^^ no external crate `epic_api`
[INFO] [stdout] 
[INFO] [stdout] 
[INFO] [stdout] error[E0405]: cannot find trait `Handler` in this scope
[INFO] [stdout]   --> tests/rest.rs:17:6
[INFO] [stdout]    |
[INFO] [stdout] 17 | impl Handler for IndexHandler {
[INFO] [stdout]    |      ^^^^^^^ not found in this scope
[INFO] [stdout]    |
[INFO] [stdout] help: consider importing one of these items
[INFO] [stdout]    |
[INFO] [stdout] 1  + use easy_jsonrpc_mw::Handler;
[INFO] [stdout]    |
[INFO] [stdout] 1  + use stack_test_epic_api::Handler;
[INFO] [stdout]    |
[INFO] [stdout] 
[INFO] [stdout] 
[INFO] [stdout] error[E0412]: cannot find type `ResponseFuture` in this scope
[INFO] [stdout]   --> tests/rest.rs:18:40
[INFO] [stdout]    |
[INFO] [stdout] 18 |     fn get(&self, _req: Request<Body>) -> ResponseFuture {
[INFO] [stdout]    |                                           ^^^^^^^^^^^^^^ not found in this scope
[INFO] [stdout]    |
[INFO] [stdout] help: consider importing one of these items
[INFO] [stdout]    |
[INFO] [stdout] 1  + use hyper::client::ResponseFuture;
[INFO] [stdout]    |
[INFO] [stdout] 1  + use hyper::client::conn::ResponseFuture;
[INFO] [stdout]    |
[INFO] [stdout] 1  + use stack_test_epic_api::ResponseFuture;
[INFO] [stdout]    |
[INFO] [stdout] 
[INFO] [stdout] 
[INFO] [stdout] error[E0425]: cannot find function `json_response_pretty` in this scope
[INFO] [stdout]   --> tests/rest.rs:19:3
[INFO] [stdout]    |
[INFO] [stdout] 19 |         json_response_pretty(&self.list)
[INFO] [stdout]    |         ^^^^^^^^^^^^^^^^^^^^ not found in this scope
[INFO] [stdout]    |
[INFO] [stdout] help: consider importing this function
[INFO] [stdout]    |
[INFO] [stdout] 1  + use stack_test_epic_api::json_response_pretty;
[INFO] [stdout]    |
[INFO] [stdout] 
[INFO] [stdout] 
[INFO] [stdout] error[E0405]: cannot find trait `Handler` in this scope
[INFO] [stdout]   --> tests/rest.rs:39:6
[INFO] [stdout]    |
[INFO] [stdout] 39 | impl Handler for CounterMiddleware {
[INFO] [stdout]    |      ^^^^^^^ not found in this scope
[INFO] [stdout]    |
[INFO] [stdout] help: consider importing one of these items
[INFO] [stdout]    |
[INFO] [stdout] 1  + use easy_jsonrpc_mw::Handler;
[INFO] [stdout]    |
[INFO] [stdout] 1  + use stack_test_epic_api::Handler;
[INFO] [stdout]    |
[INFO] [stdout] 
[INFO] [stdout] 
[INFO] [stdout] error[E0412]: cannot find type `HandlerObj` in this scope
[INFO] [stdout]   --> tests/rest.rs:43:41
[INFO] [stdout]    |
[INFO] [stdout] 43 |         mut handlers: Box<dyn Iterator<Item = HandlerObj>>,
[INFO] [stdout]    |                                               ^^^^^^^^^^ not found in this scope
[INFO] [stdout]    |
[INFO] [stdout] help: consider importing this type alias
[INFO] [stdout]    |
[INFO] [stdout] 1  + use stack_test_epic_api::HandlerObj;
[INFO] [stdout]    |
[INFO] [stdout] 
[INFO] [stdout] 
[INFO] [stdout] error[E0412]: cannot find type `ResponseFuture` in this scope
[INFO] [stdout]   --> tests/rest.rs:44:7
[INFO] [stdout]    |
[INFO] [stdout] 44 |     ) -> ResponseFuture {
[INFO] [stdout]    |          ^^^^^^^^^^^^^^ not found in this scope
[INFO] [stdout]    |
[INFO] [stdout] help: consider importing one of these items
[INFO] [stdout]    |
[INFO] [stdout] 1  + use hyper::client::ResponseFuture;
[INFO] [stdout]    |
[INFO] [stdout] 1  + use hyper::client::conn::ResponseFuture;
[INFO] [stdout]    |
[INFO] [stdout] 1  + use stack_test_epic_api::ResponseFuture;
[INFO] [stdout]    |
[INFO] [stdout] 
[INFO] [stdout] 
[INFO] [stdout] error[E0425]: cannot find function `response` in this scope
[INFO] [stdout]   --> tests/rest.rs:48:19
[INFO] [stdout]    |
[INFO] [stdout] 48 |             None => return response(StatusCode::INTERNAL_SERVER_ERROR, "no handler found"),
[INFO] [stdout]    |                            ^^^^^^^^ not found in this scope
[INFO] [stdout]    |
[INFO] [stdout] help: consider importing this function
[INFO] [stdout]    |
[INFO] [stdout] 1  + use stack_test_epic_api::response;
[INFO] [stdout]    |
[INFO] [stdout] 
[INFO] [stdout] 
[INFO] [stdout] error[E0412]: cannot find type `Router` in this scope
[INFO] [stdout]   --> tests/rest.rs:53:22
[INFO] [stdout]    |
[INFO] [stdout] 53 | fn build_router() -> Router {
[INFO] [stdout]    |                      ^^^^^^ not found in this scope
[INFO] [stdout]    |
[INFO] [stdout] help: consider importing this struct
[INFO] [stdout]    |
[INFO] [stdout] 1  + use stack_test_epic_api::Router;
[INFO] [stdout]    |
[INFO] [stdout] 
[INFO] [stdout] 
[INFO] [stdout] error[E0433]: failed to resolve: use of undeclared type `Router`
[INFO] [stdout]   --> tests/rest.rs:56:19
[INFO] [stdout]    |
[INFO] [stdout] 56 |     let mut router = Router::new();
[INFO] [stdout]    |                      ^^^^^^ use of undeclared type `Router`
[INFO] [stdout]    |
[INFO] [stdout] help: consider importing this struct
[INFO] [stdout]    |
[INFO] [stdout] 1  + use stack_test_epic_api::Router;
[INFO] [stdout]    |
[INFO] [stdout] 
[INFO] [stdout] 
[INFO] [stdout] error[E0422]: cannot find struct, variant or union type `LoggingMiddleware` in this scope
[INFO] [stdout]   --> tests/rest.rs:60:28
[INFO] [stdout]    |
[INFO] [stdout] 60 |         .add_middleware(Arc::new(LoggingMiddleware {}));
[INFO] [stdout]    |                                  ^^^^^^^^^^^^^^^^^ not found in this scope
[INFO] [stdout]    |
[INFO] [stdout] help: consider importing this struct
[INFO] [stdout]    |
[INFO] [stdout] 1  + use stack_test_epic_api::LoggingMiddleware;
[INFO] [stdout]    |
[INFO] [stdout] 
[INFO] [stdout] 
[INFO] [stdout] error[E0433]: failed to resolve: use of undeclared type `ApiServer`
[INFO] [stdout]   --> tests/rest.rs:67:19
[INFO] [stdout]    |
[INFO] [stdout] 67 |     let mut server = ApiServer::new();
[INFO] [stdout]    |                      ^^^^^^^^^ use of undeclared type `ApiServer`
[INFO] [stdout]    |
[INFO] [stdout] help: consider importing this struct
[INFO] [stdout]    |
[INFO] [stdout] 1  + use stack_test_epic_api::ApiServer;
[INFO] [stdout]    |
[INFO] [stdout] 
[INFO] [stdout] 
[INFO] [stdout] error[E0433]: failed to resolve: use of undeclared type `TLSConfig`
[INFO] [stdout]   --> tests/rest.rs:91:17
[INFO] [stdout]    |
[INFO] [stdout] 91 |     let tls_conf = TLSConfig::new(
[INFO] [stdout]    |                    ^^^^^^^^^ use of undeclared type `TLSConfig`
[INFO] [stdout]    |
[INFO] [stdout] help: consider importing this struct
[INFO] [stdout]    |
[INFO] [stdout] 1  + use stack_test_epic_api::TLSConfig;
[INFO] [stdout]    |
[INFO] [stdout] 
[INFO] [stdout] 
[INFO] [stdout] error[E0433]: failed to resolve: use of undeclared type `ApiServer`
[INFO] [stdout]   --> tests/rest.rs:95:19
[INFO] [stdout]    |
[INFO] [stdout] 95 |     let mut server = ApiServer::new();
[INFO] [stdout]    |                      ^^^^^^^^^ use of undeclared type `ApiServer`
[INFO] [stdout]    |
[INFO] [stdout] help: consider importing this struct
[INFO] [stdout]    |
[INFO] [stdout] 1  + use stack_test_epic_api::ApiServer;
[INFO] [stdout]    |
[INFO] [stdout] 
[INFO] [stdout] 
[INFO] [stdout] warning: use of deprecated constant `std::sync::atomic::ATOMIC_USIZE_INIT`: the `new` function is now preferred
[INFO] [stdout]  --> tests/rest.rs:7:48
[INFO] [stdout]   |
[INFO] [stdout] 7 | use std::sync::atomic::{AtomicUsize, Ordering, ATOMIC_USIZE_INIT};
[INFO] [stdout]   |                                                ^^^^^^^^^^^^^^^^^
[INFO] [stdout]   |
[INFO] [stdout]   = note: `#[warn(deprecated)]` on by default
[INFO] [stdout] 
[INFO] [stdout] 
[INFO] [stdout] warning: use of deprecated constant `std::sync::atomic::ATOMIC_USIZE_INIT`: the `new` function is now preferred
[INFO] [stdout]   --> tests/rest.rs:30:13
[INFO] [stdout]    |
[INFO] [stdout] 30 |             counter: ATOMIC_USIZE_INIT,
[INFO] [stdout]    |                      ^^^^^^^^^^^^^^^^^
[INFO] [stdout]    |
[INFO] [stdout] help: replace the use of the deprecated constant
[INFO] [stdout]    |
[INFO] [stdout] 30 |             counter: AtomicUsize::new(0),
[INFO] [stdout]    |                      ~~~~~~~~~~~~~~~~~~~
[INFO] [stdout] 
[INFO] [stdout] 
[INFO] [stdout] warning: trailing semicolon in macro used in expression position
[INFO] [stdout]    --> src/web.rs:147:4
[INFO] [stdout]     |
[INFO] [stdout] 147 |         };
[INFO] [stdout]     |          ^
[INFO] [stdout]     |
[INFO] [stdout]    ::: src/handlers/blocks_api.rs:104:12
[INFO] [stdout]     |
[INFO] [stdout] 104 |         let el = right_path_element!(req);
[INFO] [stdout]     |                  ------------------------ in this macro invocation
[INFO] [stdout]     |
[INFO] [stdout]     = warning: this was previously accepted by the compiler but is being phased out; it will become a hard error in a future release!
[INFO] [stdout]     = note: for more information, see issue #79813 <https://github.com/rust-lang/rust/issues/79813>
[INFO] [stdout]     = note: `#[warn(semicolon_in_expressions_from_macros)]` on by default
[INFO] [stdout]     = note: this warning originates in the macro `right_path_element` (in Nightly builds, run with -Z macro-backtrace for more info)
[INFO] [stdout] 
[INFO] [stdout] 
[INFO] [stdout] warning: trailing semicolon in macro used in expression position
[INFO] [stdout]    --> src/web.rs:147:4
[INFO] [stdout]     |
[INFO] [stdout] 147 |         };
[INFO] [stdout]     |          ^
[INFO] [stdout]     |
[INFO] [stdout]    ::: src/handlers/blocks_api.rs:200:12
[INFO] [stdout]     |
[INFO] [stdout] 200 |         let el = right_path_element!(req);
[INFO] [stdout]     |                  ------------------------ in this macro invocation
[INFO] [stdout]     |
[INFO] [stdout]     = warning: this was previously accepted by the compiler but is being phased out; it will become a hard error in a future release!
[INFO] [stdout]     = note: for more information, see issue #79813 <https://github.com/rust-lang/rust/issues/79813>
[INFO] [stdout]     = note: this warning originates in the macro `right_path_element` (in Nightly builds, run with -Z macro-backtrace for more info)
[INFO] [stdout] 
[INFO] [stdout] 
[INFO] [stdout] warning: trailing semicolon in macro used in expression position
[INFO] [stdout]    --> src/web.rs:147:4
[INFO] [stdout]     |
[INFO] [stdout] 147 |         };
[INFO] [stdout]     |          ^
[INFO] [stdout]     |
[INFO] [stdout]    ::: src/handlers/chain_api.rs:374:9
[INFO] [stdout]     |
[INFO] [stdout] 374 |         match right_path_element!(req) {
[INFO] [stdout]     |               ------------------------ in this macro invocation
[INFO] [stdout]     |
[INFO] [stdout]     = warning: this was previously accepted by the compiler but is being phased out; it will become a hard error in a future release!
[INFO] [stdout]     = note: for more information, see issue #79813 <https://github.com/rust-lang/rust/issues/79813>
[INFO] [stdout]     = note: this warning originates in the macro `right_path_element` (in Nightly builds, run with -Z macro-backtrace for more info)
[INFO] [stdout] 
[INFO] [stdout] 
[INFO] [stdout] warning: trailing semicolon in macro used in expression position
[INFO] [stdout]    --> src/web.rs:147:4
[INFO] [stdout]     |
[INFO] [stdout] 147 |         };
[INFO] [stdout]     |          ^
[INFO] [stdout]     |
[INFO] [stdout]    ::: src/handlers/peers_api.rs:101:17
[INFO] [stdout]     |
[INFO] [stdout] 101 |         let command = right_path_element!(req);
[INFO] [stdout]     |                       ------------------------ in this macro invocation
[INFO] [stdout]     |
[INFO] [stdout]     = warning: this was previously accepted by the compiler but is being phased out; it will become a hard error in a future release!
[INFO] [stdout]     = note: for more information, see issue #79813 <https://github.com/rust-lang/rust/issues/79813>
[INFO] [stdout]     = note: this warning originates in the macro `right_path_element` (in Nightly builds, run with -Z macro-backtrace for more info)
[INFO] [stdout] 
[INFO] [stdout] 
[INFO] [stdout] warning: trailing semicolon in macro used in expression position
[INFO] [stdout]    --> src/web.rs:147:4
[INFO] [stdout]     |
[INFO] [stdout] 147 |         };
[INFO] [stdout]     |          ^
[INFO] [stdout]     |
[INFO] [stdout]    ::: src/handlers/transactions_api.rs:163:9
[INFO] [stdout]     |
[INFO] [stdout] 163 |         match right_path_element!(req) {
[INFO] [stdout]     |               ------------------------ in this macro invocation
[INFO] [stdout]     |
[INFO] [stdout]     = warning: this was previously accepted by the compiler but is being phased out; it will become a hard error in a future release!
[INFO] [stdout]     = note: for more information, see issue #79813 <https://github.com/rust-lang/rust/issues/79813>
[INFO] [stdout]     = note: this warning originates in the macro `right_path_element` (in Nightly builds, run with -Z macro-backtrace for more info)
[INFO] [stdout] 
[INFO] [stdout] 
[INFO] [stdout] error: aborting due to 15 previous errors; 2 warnings emitted
[INFO] [stdout] 
[INFO] [stdout] 
[INFO] [stdout] Some errors have detailed explanations: E0405, E0412, E0422, E0425, E0432, E0433.
[INFO] [stdout] 
[INFO] [stdout] For more information about an error, try `rustc --explain E0405`.
[INFO] [stdout] 
[INFO] [stderr] error: could not compile `stack_test_epic_api` (test "rest") due to 16 previous errors; 2 warnings emitted
[INFO] [stderr] warning: build failed, waiting for other jobs to finish...
[INFO] [stdout] warning: 5 warnings emitted
[INFO] [stdout] 
[INFO] [stdout] 
[INFO] running `Command { std: "docker" "inspect" "27146d1437cf92faa762586d87b71b77135c47fb7855d7f030d16406a4479df5", kill_on_drop: false }`
[INFO] running `Command { std: "docker" "rm" "-f" "27146d1437cf92faa762586d87b71b77135c47fb7855d7f030d16406a4479df5", kill_on_drop: false }`
[INFO] [stdout] 27146d1437cf92faa762586d87b71b77135c47fb7855d7f030d16406a4479df5
[INFO] testing stack_test_epic_api-3.0.3 against beta-2023-12-22 for beta-1.76-1
[INFO] extracting crate stack_test_epic_api 3.0.3 into /workspace/builds/worker-2-tc2/source
[INFO] validating manifest of crates.io crate stack_test_epic_api 3.0.3 on toolchain beta-2023-12-22
[INFO] running `Command { std: CARGO_HOME="/workspace/cargo-home" RUSTUP_HOME="/workspace/rustup-home" "/workspace/cargo-home/bin/cargo" "+beta-2023-12-22" "metadata" "--manifest-path" "Cargo.toml" "--no-deps", kill_on_drop: false }`
[INFO] started tweaking crates.io crate stack_test_epic_api 3.0.3
[INFO] finished tweaking crates.io crate stack_test_epic_api 3.0.3
[INFO] tweaked toml for crates.io crate stack_test_epic_api 3.0.3 written to /workspace/builds/worker-2-tc2/source/Cargo.toml
[INFO] running `Command { std: CARGO_HOME="/workspace/cargo-home" RUSTUP_HOME="/workspace/rustup-home" "/workspace/cargo-home/bin/cargo" "+beta-2023-12-22" "generate-lockfile" "--manifest-path" "Cargo.toml", kill_on_drop: false }`
[INFO] [stderr]     Updating crates.io index
[INFO] running `Command { std: CARGO_HOME="/workspace/cargo-home" RUSTUP_HOME="/workspace/rustup-home" "/workspace/cargo-home/bin/cargo" "+beta-2023-12-22" "fetch" "--manifest-path" "Cargo.toml", kill_on_drop: false }`
[INFO] [stderr]     Blocking waiting for file lock on package cache
[INFO] running `Command { std: "docker" "create" "-v" "/var/lib/crater-agent-workspace/builds/worker-2-tc2/target:/opt/rustwide/target:rw,Z" "-v" "/var/lib/crater-agent-workspace/builds/worker-2-tc2/source:/opt/rustwide/workdir:ro,Z" "-v" "/var/lib/crater-agent-workspace/cargo-home:/opt/rustwide/cargo-home:ro,Z" "-v" "/var/lib/crater-agent-workspace/rustup-home:/opt/rustwide/rustup-home:ro,Z" "-e" "SOURCE_DIR=/opt/rustwide/workdir" "-e" "CARGO_TARGET_DIR=/opt/rustwide/target" "-e" "CARGO_HOME=/opt/rustwide/cargo-home" "-e" "RUSTUP_HOME=/opt/rustwide/rustup-home" "-w" "/opt/rustwide/workdir" "-m" "1610612736" "--user" "0:0" "--network" "none" "ghcr.io/rust-lang/crates-build-env/linux@sha256:2788e3201cd34a07e3172128adcd8b3090168a8e3bcc40d7c032b9dda1df7d1c" "/opt/rustwide/cargo-home/bin/cargo" "+beta-2023-12-22" "metadata" "--no-deps" "--format-version=1", kill_on_drop: false }`
[INFO] [stdout] 9ac584085630c70d84cf61f51100cd3fee79bf6addcde8daf39afff55d26b14d
[INFO] running `Command { std: "docker" "start" "-a" "9ac584085630c70d84cf61f51100cd3fee79bf6addcde8daf39afff55d26b14d", kill_on_drop: false }`
[INFO] running `Command { std: "docker" "inspect" "9ac584085630c70d84cf61f51100cd3fee79bf6addcde8daf39afff55d26b14d", kill_on_drop: false }`
[INFO] running `Command { std: "docker" "rm" "-f" "9ac584085630c70d84cf61f51100cd3fee79bf6addcde8daf39afff55d26b14d", kill_on_drop: false }`
[INFO] [stdout] 9ac584085630c70d84cf61f51100cd3fee79bf6addcde8daf39afff55d26b14d
[INFO] running `Command { std: "docker" "create" "-v" "/var/lib/crater-agent-workspace/builds/worker-2-tc2/target:/opt/rustwide/target:rw,Z" "-v" "/var/lib/crater-agent-workspace/builds/worker-2-tc2/source:/opt/rustwide/workdir:ro,Z" "-v" "/var/lib/crater-agent-workspace/cargo-home:/opt/rustwide/cargo-home:ro,Z" "-v" "/var/lib/crater-agent-workspace/rustup-home:/opt/rustwide/rustup-home:ro,Z" "-e" "SOURCE_DIR=/opt/rustwide/workdir" "-e" "CARGO_TARGET_DIR=/opt/rustwide/target" "-e" "CARGO_INCREMENTAL=0" "-e" "RUST_BACKTRACE=full" "-e" "RUSTFLAGS=--cap-lints=warn" "-e" "RUSTDOCFLAGS=--cap-lints=warn" "-e" "CARGO_HOME=/opt/rustwide/cargo-home" "-e" "RUSTUP_HOME=/opt/rustwide/rustup-home" "-w" "/opt/rustwide/workdir" "-m" "1610612736" "--user" "0:0" "--network" "none" "ghcr.io/rust-lang/crates-build-env/linux@sha256:2788e3201cd34a07e3172128adcd8b3090168a8e3bcc40d7c032b9dda1df7d1c" "/opt/rustwide/cargo-home/bin/cargo" "+beta-2023-12-22" "build" "--frozen" "--message-format=json", kill_on_drop: false }`
[INFO] [stdout] d1357bdbbc16d07627d6ee182c1342a2ef49fbdfb023ddcb92c60e4b38b91a98
[INFO] running `Command { std: "docker" "start" "-a" "d1357bdbbc16d07627d6ee182c1342a2ef49fbdfb023ddcb92c60e4b38b91a98", kill_on_drop: false }`
[INFO] [stderr]    Compiling libc v0.2.151
[INFO] [stderr]    Compiling byteorder v1.5.0
[INFO] [stderr]    Compiling cfg-if v0.1.10
[INFO] [stderr]    Compiling semver-parser v0.7.0
[INFO] [stderr]    Compiling maybe-uninit v2.0.0
[INFO] [stderr]    Compiling futures v0.1.31
[INFO] [stderr]    Compiling fnv v1.0.7
[INFO] [stderr]    Compiling either v1.9.0
[INFO] [stderr]    Compiling typenum v1.17.0
[INFO] [stderr]    Compiling memchr v2.7.1
[INFO] [stderr]    Compiling crossbeam-utils v0.7.2
[INFO] [stderr]    Compiling slab v0.4.9
[INFO] [stderr]    Compiling autocfg v0.1.8
[INFO] [stderr]    Compiling syn v2.0.48
[INFO] [stderr]    Compiling version_check v0.9.4
[INFO] [stderr]    Compiling indexmap v1.9.3
[INFO] [stderr]    Compiling quick-error v1.2.3
[INFO] [stderr]    Compiling nodrop v0.1.14
[INFO] [stderr]    Compiling num-integer v0.1.45
[INFO] [stderr]    Compiling humantime v1.3.0
[INFO] [stderr]    Compiling semver v0.9.0
[INFO] [stderr]    Compiling glob v0.2.11
[INFO] [stderr]    Compiling hashbrown v0.12.3
[INFO] [stderr]    Compiling smallvec v0.6.14
[INFO] [stderr]    Compiling arrayvec v0.4.12
[INFO] [stderr]    Compiling regex-syntax v0.8.2
[INFO] [stderr]    Compiling generic-array v0.14.7
[INFO] [stderr]    Compiling rustc_version v0.2.3
[INFO] [stderr]    Compiling memoffset v0.5.6
[INFO] [stderr]    Compiling crc32fast v1.3.2
[INFO] [stderr]    Compiling unicode-width v0.1.11
[INFO] [stderr]    Compiling rustc-serialize v0.3.25
[INFO] [stderr]    Compiling adler v1.0.2
[INFO] [stderr]    Compiling parking_lot_core v0.6.3
[INFO] [stderr]    Compiling clang-sys v0.23.0
[INFO] [stderr]    Compiling parking_lot v0.9.0
[INFO] [stderr]    Compiling miniz_oxide v0.7.1
[INFO] [stderr]    Compiling textwrap v0.11.0
[INFO] [stderr]    Compiling rand_chacha v0.1.1
[INFO] [stderr]    Compiling aho-corasick v1.1.2
[INFO] [stderr]    Compiling rand_pcg v0.1.2
[INFO] [stderr]    Compiling lock_api v0.3.4
[INFO] [stderr]    Compiling proc-macro2 v0.3.5
[INFO] [stderr]    Compiling crossbeam-epoch v0.8.2
[INFO] [stderr]    Compiling termcolor v1.4.0
[INFO] [stderr]    Compiling crunchy v0.2.2
[INFO] [stderr]    Compiling ansi_term v0.12.1
[INFO] [stderr]    Compiling strsim v0.8.0
[INFO] [stderr]    Compiling bindgen v0.37.4
[INFO] [stderr]    Compiling vec_map v0.8.2
[INFO] [stderr]    Compiling tokio-executor v0.1.10
[INFO] [stderr]    Compiling safemem v0.3.3
[INFO] [stderr]    Compiling tokio-sync v0.1.8
[INFO] [stderr]    Compiling base64 v0.9.3
[INFO] [stderr]    Compiling quote v0.5.2
[INFO] [stderr]    Compiling parking_lot_core v0.3.1
[INFO] [stderr]    Compiling rand v0.6.5
[INFO] [stderr]    Compiling peeking_take_while v0.1.2
[INFO] [stderr]    Compiling stable_deref_trait v1.2.0
[INFO] [stderr]    Compiling gimli v0.28.1
[INFO] [stderr]    Compiling subtle v2.4.1
[INFO] [stderr]    Compiling traitobject v0.1.0
[INFO] [stderr]    Compiling syn v1.0.109
[INFO] [stderr]    Compiling owning_ref v0.4.1
[INFO] [stderr]    Compiling unsafe-any v0.4.2
[INFO] [stderr]    Compiling cc v1.0.83
[INFO] [stderr]    Compiling iovec v0.1.4
[INFO] [stderr]    Compiling num_cpus v1.16.0
[INFO] [stderr]    Compiling rand v0.5.6
[INFO] [stderr]    Compiling net2 v0.2.39
[INFO] [stderr]    Compiling bytes v0.4.12
[INFO] [stderr]    Compiling memchr v1.0.2
[INFO] [stderr]    Compiling atty v0.2.14
[INFO] [stderr]    Compiling nom v3.2.1
[INFO] [stderr]    Compiling digest v0.9.0
[INFO] [stderr]    Compiling clap v2.34.0
[INFO] [stderr]    Compiling rand v0.4.6
[INFO] [stderr]    Compiling which v1.0.5
[INFO] [stderr]    Compiling block-buffer v0.9.0
[INFO] [stderr]    Compiling rand_os v0.1.3
[INFO] [stderr]    Compiling object v0.32.2
[INFO] [stderr]    Compiling ordered-float v1.1.1
[INFO] [stderr]    Compiling rand_isaac v0.1.1
[INFO] [stderr]    Compiling rand_xorshift v0.1.1
[INFO] [stderr]    Compiling rand_hc v0.1.0
[INFO] [stderr]    Compiling num-bigint v0.2.6
[INFO] [stderr]    Compiling rand_jitter v0.1.4
[INFO] [stderr]    Compiling num-iter v0.1.43
[INFO] [stderr]    Compiling opaque-debug v0.3.0
[INFO] [stderr]    Compiling rustc-demangle v0.1.23
[INFO] [stderr]    Compiling iana-time-zone v0.1.59
[INFO] [stderr]    Compiling odds v0.2.26
[INFO] [stderr]    Compiling scopeguard v0.3.3
[INFO] [stderr]    Compiling lock_api v0.1.5
[INFO] [stderr]    Compiling regex-automata v0.4.3
[INFO] [stderr]    Compiling cexpr v0.2.3
[INFO] [stderr]    Compiling arrayvec v0.3.25
[INFO] [stderr]    Compiling crossbeam-deque v0.7.4
[INFO] [stderr]    Compiling crypto-mac v0.11.1
[INFO] [stderr]    Compiling typemap v0.3.3
[INFO] [stderr]    Compiling thread-id v3.3.0
[INFO] [stderr]    Compiling flate2 v1.0.28
[INFO] [stderr]    Compiling generic-array v0.12.4
[INFO] [stderr]    Compiling crossbeam-queue v0.2.3
[INFO] [stderr]    Compiling num-complex v0.2.4
[INFO] [stderr]    Compiling num-rational v0.2.4
[INFO] [stderr]    Compiling rand_core v0.6.4
[INFO] [stderr]    Compiling libloading v0.5.2
[INFO] [stderr]    Compiling backtrace v0.3.69
[INFO] [stderr]    Compiling grin_secp256k1zkp v0.7.12
[INFO] [stderr]    Compiling ring v0.13.5
[INFO] [stderr]    Compiling untrusted v0.6.2
[INFO] [stderr]    Compiling unicode-xid v0.2.4
[INFO] [stderr]    Compiling cpufeatures v0.2.12
[INFO] [stderr]    Compiling log-mdc v0.1.0
[INFO] [stderr]    Compiling antidote v1.0.0
[INFO] [stderr]    Compiling byte-tools v0.3.1
[INFO] [stderr]    Compiling crunchy v0.1.6
[INFO] [stderr]    Compiling failure_derive v0.1.8
[INFO] [stderr]    Compiling arc-swap v0.3.11
[INFO] [stderr]    Compiling gcc v0.3.55
[INFO] [stderr]    Compiling base64ct v1.6.0
[INFO] [stderr]    Compiling block-padding v0.1.5
[INFO] [stderr]    Compiling addr2line v0.21.0
[INFO] [stderr]    Compiling password-hash v0.2.3
[INFO] [stderr]    Compiling fixed-hash v0.3.2
[INFO] [stderr]    Compiling sha2 v0.9.9
[INFO] [stderr]    Compiling hmac v0.11.0
[INFO] [stderr]    Compiling parking_lot v0.6.4
[INFO] [stderr]    Compiling uint v0.7.1
[INFO] [stderr]    Compiling tokio-timer v0.2.13
[INFO] [stderr]    Compiling constant_time_eq v0.1.5
[INFO] [stderr]    Compiling rustix v0.38.28
[INFO] [stderr]    Compiling liblmdb-sys v0.2.2
[INFO] [stderr]    Compiling blake2-rfc v0.2.18
[INFO] [stderr]    Compiling pbkdf2 v0.8.0
[INFO] [stderr]    Compiling block-buffer v0.7.3
[INFO] [stderr]    Compiling regex v1.10.2
[INFO] [stderr]    Compiling digest v0.8.1
[INFO] [stderr]    Compiling ripemd160 v0.9.1
[INFO] [stderr]    Compiling tiny-keccak v1.5.0
[INFO] [stderr]    Compiling synstructure v0.12.6
[INFO] [stderr]    Compiling tokio-current-thread v0.1.7
[INFO] [stderr]    Compiling num-traits v0.1.43
[INFO] [stderr]    Compiling opaque-debug v0.2.3
[INFO] [stderr]    Compiling fake-simd v0.1.2
[INFO] [stderr]    Compiling itoa v0.4.8
[INFO] [stderr]    Compiling http v0.1.21
[INFO] [stderr]    Compiling sha2 v0.8.2
[INFO] [stderr]    Compiling enum_primitive v0.1.1
[INFO] [stderr]    Compiling bigint v4.4.3
[INFO] [stderr]    Compiling lru-cache v0.1.2
[INFO] [stderr]    Compiling fastrand v2.0.1
[INFO] [stderr]    Compiling num v0.2.1
[INFO] [stderr]    Compiling bitflags v0.9.1
[INFO] [stderr]    Compiling httparse v1.8.0
[INFO] [stderr]    Compiling md5 v0.6.1
[INFO] [stderr]    Compiling siphasher v0.2.3
[INFO] [stderr]    Compiling supercow v0.1.0
[INFO] [stderr]    Compiling string v0.2.1
[INFO] [stderr]    Compiling tokio-buf v0.1.1
[INFO] [stderr]    Compiling memmap v0.7.0
[INFO] [stderr]    Compiling hyper v0.12.36
[INFO] [stderr]    Compiling try-lock v0.2.5
[INFO] [stderr]    Compiling tinyvec_macros v0.1.1
[INFO] [stderr]    Compiling syn v0.15.44
[INFO] [stderr]    Compiling tinyvec v1.6.0
[INFO] [stderr]    Compiling num-bigint v0.1.44
[INFO] [stderr]    Compiling futures-cpupool v0.1.8
[INFO] [stderr]    Compiling time v0.1.45
[INFO] [stderr]    Compiling unicode-segmentation v1.10.1
[INFO] [stderr]    Compiling serde_derive v1.0.194
[INFO] [stderr]    Compiling zeroize_derive v1.4.2
[INFO] [stderr]    Compiling thiserror-impl v1.0.56
[INFO] [stderr]    Compiling heck v0.3.3
[INFO] [stderr]    Compiling tempfile v3.9.0
[INFO] [stderr]    Compiling unicode-normalization v0.1.22
[INFO] [stderr]    Compiling http-body v0.1.0
[INFO] [stderr]    Compiling webpki v0.18.1
[INFO] [stderr]    Compiling sct v0.4.0
[INFO] [stderr]    Compiling failure v0.1.8
[INFO] [stderr]    Compiling num-rational v0.1.42
[INFO] [stderr]    Compiling num-complex v0.1.43
[INFO] [stderr]    Compiling lmdb-zero v0.4.4
[INFO] [stderr]    Compiling unicode-bidi v0.3.14
[INFO] [stderr]    Compiling bit-vec v0.6.3
[INFO] [stderr]    Compiling matches v0.1.10
[INFO] [stderr]    Compiling scoped-tls v0.1.2
[INFO] [stderr]    Compiling webpki-roots v0.15.0
[INFO] [stderr]    Compiling ct-logs v0.4.0
[INFO] [stderr]    Compiling tokio-service v0.1.0
[INFO] [stderr]    Compiling percent-encoding v1.0.1
[INFO] [stderr]    Compiling zeroize v1.7.0
[INFO] [stderr]    Compiling idna v0.1.5
[INFO] [stderr]    Compiling num v0.1.42
[INFO] [stderr]    Compiling url v1.7.2
[INFO] [stderr]    Compiling thiserror v1.0.56
[INFO] [stderr]    Compiling zip v0.5.13
[INFO] [stderr]    Compiling easy-jsonrpc-proc-macro-mw v0.5.1
[INFO] [stderr]    Compiling serde v1.0.194
[INFO] [stderr]    Compiling log v0.4.20
[INFO] [stderr]    Compiling serde_json v1.0.111
[INFO] [stderr]    Compiling serde_yaml v0.8.26
[INFO] [stderr]    Compiling chrono v0.4.31
[INFO] [stderr]    Compiling serde-value v0.5.3
[INFO] [stderr]    Compiling parity-codec v3.5.4
[INFO] [stderr]    Compiling uuid v0.6.5
[INFO] [stderr]    Compiling tokio-io v0.1.13
[INFO] [stderr]    Compiling mio v0.6.23
[INFO] [stderr]    Compiling env_logger v0.5.13
[INFO] [stderr]    Compiling tokio-threadpool v0.1.18
[INFO] [stderr]    Compiling want v0.2.0
[INFO] [stderr]    Compiling rustls v0.13.1
[INFO] [stderr]    Compiling impl-codec v0.2.0
[INFO] [stderr]    Compiling tokio-codec v0.1.2
[INFO] [stderr]    Compiling h2 v0.1.26
[INFO] [stderr]    Compiling tokio-io-timeout v0.3.1
[INFO] [stderr]    Compiling primitive-types v0.3.0
[INFO] [stderr]    Compiling tokio-fs v0.1.7
[INFO] [stderr]    Compiling tokio-reactor v0.1.12
[INFO] [stderr]    Compiling mio-uds v0.6.8
[INFO] [stderr]    Compiling jsonrpc-core v10.1.0
[INFO] [stderr]    Compiling tokio-tcp v0.1.4
[INFO] [stderr]    Compiling tokio-uds v0.2.7
[INFO] [stderr]    Compiling tokio-udp v0.1.6
[INFO] [stderr]    Compiling log4rs v0.8.3
[INFO] [stderr]    Compiling tokio v0.1.22
[INFO] [stderr]    Compiling keccak-hash v0.2.0
[INFO] [stderr]    Compiling easy-jsonrpc-mw v0.5.4
[INFO] [stderr]    Compiling tokio-core v0.1.18
[INFO] [stderr]    Compiling tokio-rustls v0.7.2
[INFO] [stderr]    Compiling stack_test_epic_util v3.0.3
[INFO] [stderr]    Compiling stack_test_epic_keychain v3.0.3
[INFO] [stderr]    Compiling hyper-timeout v0.2.0
[INFO] [stderr]    Compiling hyper-rustls v0.14.0
[INFO] [stderr]    Compiling croaring-sys v0.3.9
[INFO] [stderr]    Compiling croaring v0.3.9
[INFO] [stderr]    Compiling stack_test_epic_core v3.0.3
[INFO] [stderr]    Compiling stack_test_epic_store v3.0.3
[INFO] [stderr]    Compiling stack_test_epic_chain v3.0.3
[INFO] [stderr]    Compiling stack_test_epic_pool v3.0.3
[INFO] [stderr]    Compiling stack_test_epic_p2p v3.0.3
[INFO] [stderr]    Compiling stack_test_epic_api v3.0.3 (/opt/rustwide/workdir)
[INFO] [stdout] warning: trailing semicolon in macro used in expression position
[INFO] [stdout]    --> src/web.rs:147:4
[INFO] [stdout]     |
[INFO] [stdout] 147 |         };
[INFO] [stdout]     |          ^
[INFO] [stdout]     |
[INFO] [stdout]    ::: src/handlers/blocks_api.rs:104:12
[INFO] [stdout]     |
[INFO] [stdout] 104 |         let el = right_path_element!(req);
[INFO] [stdout]     |                  ------------------------ in this macro invocation
[INFO] [stdout]     |
[INFO] [stdout]     = warning: this was previously accepted by the compiler but is being phased out; it will become a hard error in a future release!
[INFO] [stdout]     = note: for more information, see issue #79813 <https://github.com/rust-lang/rust/issues/79813>
[INFO] [stdout]     = note: `#[warn(semicolon_in_expressions_from_macros)]` on by default
[INFO] [stdout]     = note: this warning originates in the macro `right_path_element` (in Nightly builds, run with -Z macro-backtrace for more info)
[INFO] [stdout] 
[INFO] [stdout] 
[INFO] [stdout] warning: trailing semicolon in macro used in expression position
[INFO] [stdout]    --> src/web.rs:147:4
[INFO] [stdout]     |
[INFO] [stdout] 147 |         };
[INFO] [stdout]     |          ^
[INFO] [stdout]     |
[INFO] [stdout]    ::: src/handlers/blocks_api.rs:200:12
[INFO] [stdout]     |
[INFO] [stdout] 200 |         let el = right_path_element!(req);
[INFO] [stdout]     |                  ------------------------ in this macro invocation
[INFO] [stdout]     |
[INFO] [stdout]     = warning: this was previously accepted by the compiler but is being phased out; it will become a hard error in a future release!
[INFO] [stdout]     = note: for more information, see issue #79813 <https://github.com/rust-lang/rust/issues/79813>
[INFO] [stdout]     = note: this warning originates in the macro `right_path_element` (in Nightly builds, run with -Z macro-backtrace for more info)
[INFO] [stdout] 
[INFO] [stdout] 
[INFO] [stdout] warning: trailing semicolon in macro used in expression position
[INFO] [stdout]    --> src/web.rs:147:4
[INFO] [stdout]     |
[INFO] [stdout] 147 |         };
[INFO] [stdout]     |          ^
[INFO] [stdout]     |
[INFO] [stdout]    ::: src/handlers/chain_api.rs:374:9
[INFO] [stdout]     |
[INFO] [stdout] 374 |         match right_path_element!(req) {
[INFO] [stdout]     |               ------------------------ in this macro invocation
[INFO] [stdout]     |
[INFO] [stdout]     = warning: this was previously accepted by the compiler but is being phased out; it will become a hard error in a future release!
[INFO] [stdout]     = note: for more information, see issue #79813 <https://github.com/rust-lang/rust/issues/79813>
[INFO] [stdout]     = note: this warning originates in the macro `right_path_element` (in Nightly builds, run with -Z macro-backtrace for more info)
[INFO] [stdout] 
[INFO] [stdout] 
[INFO] [stdout] warning: trailing semicolon in macro used in expression position
[INFO] [stdout]    --> src/web.rs:147:4
[INFO] [stdout]     |
[INFO] [stdout] 147 |         };
[INFO] [stdout]     |          ^
[INFO] [stdout]     |
[INFO] [stdout]    ::: src/handlers/peers_api.rs:101:17
[INFO] [stdout]     |
[INFO] [stdout] 101 |         let command = right_path_element!(req);
[INFO] [stdout]     |                       ------------------------ in this macro invocation
[INFO] [stdout]     |
[INFO] [stdout]     = warning: this was previously accepted by the compiler but is being phased out; it will become a hard error in a future release!
[INFO] [stdout]     = note: for more information, see issue #79813 <https://github.com/rust-lang/rust/issues/79813>
[INFO] [stdout]     = note: this warning originates in the macro `right_path_element` (in Nightly builds, run with -Z macro-backtrace for more info)
[INFO] [stdout] 
[INFO] [stdout] 
[INFO] [stdout] warning: trailing semicolon in macro used in expression position
[INFO] [stdout]    --> src/web.rs:147:4
[INFO] [stdout]     |
[INFO] [stdout] 147 |         };
[INFO] [stdout]     |          ^
[INFO] [stdout]     |
[INFO] [stdout]    ::: src/handlers/transactions_api.rs:163:9
[INFO] [stdout]     |
[INFO] [stdout] 163 |         match right_path_element!(req) {
[INFO] [stdout]     |               ------------------------ in this macro invocation
[INFO] [stdout]     |
[INFO] [stdout]     = warning: this was previously accepted by the compiler but is being phased out; it will become a hard error in a future release!
[INFO] [stdout]     = note: for more information, see issue #79813 <https://github.com/rust-lang/rust/issues/79813>
[INFO] [stdout]     = note: this warning originates in the macro `right_path_element` (in Nightly builds, run with -Z macro-backtrace for more info)
[INFO] [stdout] 
[INFO] [stdout] 
[INFO] [stdout] warning: 5 warnings emitted
[INFO] [stdout] 
[INFO] [stdout] 
[INFO] [stderr]     Finished dev [unoptimized + debuginfo] target(s) in 1m 00s
[INFO] [stderr] warning: the following packages contain code that will be rejected by a future version of Rust: bigint v4.4.3, grin_secp256k1zkp v0.7.12, nom v3.2.1, stack_test_epic_api v3.0.3 (/opt/rustwide/workdir), stack_test_epic_core v3.0.3, traitobject v0.1.0
[INFO] [stderr] note: to see what the problems were, use the option `--future-incompat-report`, or run `cargo report future-incompatibilities --id 1`
[INFO] running `Command { std: "docker" "inspect" "d1357bdbbc16d07627d6ee182c1342a2ef49fbdfb023ddcb92c60e4b38b91a98", kill_on_drop: false }`
[INFO] running `Command { std: "docker" "rm" "-f" "d1357bdbbc16d07627d6ee182c1342a2ef49fbdfb023ddcb92c60e4b38b91a98", kill_on_drop: false }`
[INFO] [stdout] d1357bdbbc16d07627d6ee182c1342a2ef49fbdfb023ddcb92c60e4b38b91a98
[INFO] running `Command { std: "docker" "create" "-v" "/var/lib/crater-agent-workspace/builds/worker-2-tc2/target:/opt/rustwide/target:rw,Z" "-v" "/var/lib/crater-agent-workspace/builds/worker-2-tc2/source:/opt/rustwide/workdir:ro,Z" "-v" "/var/lib/crater-agent-workspace/cargo-home:/opt/rustwide/cargo-home:ro,Z" "-v" "/var/lib/crater-agent-workspace/rustup-home:/opt/rustwide/rustup-home:ro,Z" "-e" "SOURCE_DIR=/opt/rustwide/workdir" "-e" "CARGO_TARGET_DIR=/opt/rustwide/target" "-e" "CARGO_INCREMENTAL=0" "-e" "RUST_BACKTRACE=full" "-e" "RUSTFLAGS=--cap-lints=warn" "-e" "RUSTDOCFLAGS=--cap-lints=warn" "-e" "CARGO_HOME=/opt/rustwide/cargo-home" "-e" "RUSTUP_HOME=/opt/rustwide/rustup-home" "-w" "/opt/rustwide/workdir" "-m" "1610612736" "--user" "0:0" "--network" "none" "ghcr.io/rust-lang/crates-build-env/linux@sha256:2788e3201cd34a07e3172128adcd8b3090168a8e3bcc40d7c032b9dda1df7d1c" "/opt/rustwide/cargo-home/bin/cargo" "+beta-2023-12-22" "test" "--frozen" "--no-run" "--message-format=json", kill_on_drop: false }`
[INFO] [stdout] 9f788fdc9bfdef4ab003bde80d77a0a3029a96aa0b1ae1afbcb2e1f26cd9bbfe
[INFO] running `Command { std: "docker" "start" "-a" "9f788fdc9bfdef4ab003bde80d77a0a3029a96aa0b1ae1afbcb2e1f26cd9bbfe", kill_on_drop: false }`
[INFO] [stdout] warning: trailing semicolon in macro used in expression position
[INFO] [stdout]    --> src/web.rs:147:4
[INFO] [stdout]     |
[INFO] [stdout] 147 |         };
[INFO] [stdout]     |          ^
[INFO] [stdout]     |
[INFO] [stdout]    ::: src/handlers/blocks_api.rs:104:12
[INFO] [stdout]     |
[INFO] [stdout] 104 |         let el = right_path_element!(req);
[INFO] [stdout]     |                  ------------------------ in this macro invocation
[INFO] [stdout]     |
[INFO] [stdout]     = warning: this was previously accepted by the compiler but is being phased out; it will become a hard error in a future release!
[INFO] [stdout]     = note: for more information, see issue #79813 <https://github.com/rust-lang/rust/issues/79813>
[INFO] [stdout]     = note: `#[warn(semicolon_in_expressions_from_macros)]` on by default
[INFO] [stdout]     = note: this warning originates in the macro `right_path_element` (in Nightly builds, run with -Z macro-backtrace for more info)
[INFO] [stdout] 
[INFO] [stdout] 
[INFO] [stdout] warning: trailing semicolon in macro used in expression position
[INFO] [stdout]    --> src/web.rs:147:4
[INFO] [stdout]     |
[INFO] [stdout] 147 |         };
[INFO] [stdout]     |          ^
[INFO] [stdout]     |
[INFO] [stdout]    ::: src/handlers/blocks_api.rs:200:12
[INFO] [stdout]     |
[INFO] [stdout] 200 |         let el = right_path_element!(req);
[INFO] [stdout]     |                  ------------------------ in this macro invocation
[INFO] [stdout]     |
[INFO] [stdout]     = warning: this was previously accepted by the compiler but is being phased out; it will become a hard error in a future release!
[INFO] [stdout]     = note: for more information, see issue #79813 <https://github.com/rust-lang/rust/issues/79813>
[INFO] [stdout]     = note: this warning originates in the macro `right_path_element` (in Nightly builds, run with -Z macro-backtrace for more info)
[INFO] [stdout] 
[INFO] [stdout] 
[INFO] [stdout] warning: trailing semicolon in macro used in expression position
[INFO] [stdout]    --> src/web.rs:147:4
[INFO] [stdout]     |
[INFO] [stdout] 147 |         };
[INFO] [stdout]     |          ^
[INFO] [stdout]     |
[INFO] [stdout]    ::: src/handlers/chain_api.rs:374:9
[INFO] [stdout]     |
[INFO] [stdout] 374 |         match right_path_element!(req) {
[INFO] [stdout]     |               ------------------------ in this macro invocation
[INFO] [stdout]     |
[INFO] [stdout]     = warning: this was previously accepted by the compiler but is being phased out; it will become a hard error in a future release!
[INFO] [stdout]     = note: for more information, see issue #79813 <https://github.com/rust-lang/rust/issues/79813>
[INFO] [stdout]     = note: this warning originates in the macro `right_path_element` (in Nightly builds, run with -Z macro-backtrace for more info)
[INFO] [stdout] 
[INFO] [stdout] 
[INFO] [stdout] warning: trailing semicolon in macro used in expression position
[INFO] [stdout]    --> src/web.rs:147:4
[INFO] [stdout]     |
[INFO] [stdout] 147 |         };
[INFO] [stdout]     |          ^
[INFO] [stdout]     |
[INFO] [stdout]    ::: src/handlers/peers_api.rs:101:17
[INFO] [stdout]     |
[INFO] [stdout] 101 |         let command = right_path_element!(req);
[INFO] [stdout]     |                       ------------------------ in this macro invocation
[INFO] [stdout]     |
[INFO] [stdout]     = warning: this was previously accepted by the compiler but is being phased out; it will become a hard error in a future release!
[INFO] [stdout]     = note: for more information, see issue #79813 <https://github.com/rust-lang/rust/issues/79813>
[INFO] [stdout]     = note: this warning originates in the macro `right_path_element` (in Nightly builds, run with -Z macro-backtrace for more info)
[INFO] [stdout] 
[INFO] [stdout] 
[INFO] [stdout] warning: trailing semicolon in macro used in expression position
[INFO] [stdout]    --> src/web.rs:147:4
[INFO] [stdout]     |
[INFO] [stdout] 147 |         };
[INFO] [stdout]     |          ^
[INFO] [stdout]     |
[INFO] [stdout]    ::: src/handlers/transactions_api.rs:163:9
[INFO] [stdout]     |
[INFO] [stdout] 163 |         match right_path_element!(req) {
[INFO] [stdout]     |               ------------------------ in this macro invocation
[INFO] [stdout]     |
[INFO] [stdout]     = warning: this was previously accepted by the compiler but is being phased out; it will become a hard error in a future release!
[INFO] [stdout]     = note: for more information, see issue #79813 <https://github.com/rust-lang/rust/issues/79813>
[INFO] [stdout]     = note: this warning originates in the macro `right_path_element` (in Nightly builds, run with -Z macro-backtrace for more info)
[INFO] [stdout] 
[INFO] [stdout] 
[INFO] [stdout] warning: 5 warnings emitted
[INFO] [stdout] 
[INFO] [stdout] 
[INFO] [stderr]    Compiling stack_test_epic_api v3.0.3 (/opt/rustwide/workdir)
[INFO] [stdout] error[E0432]: unresolved import `crate::api`
[INFO] [stdout]  --> tests/rest.rs:4:12
[INFO] [stdout]   |
[INFO] [stdout] 4 | use crate::api::*;
[INFO] [stdout]   |            ^^^ could not find `api` in the crate root
[INFO] [stdout] 
[INFO] [stdout] 
[INFO] [stdout] error[E0432]: unresolved import `epic_api`
[INFO] [stdout]  --> tests/rest.rs:1:5
[INFO] [stdout]   |
[INFO] [stdout] 1 | use epic_api as api;
[INFO] [stdout]   |     ^^^^^^^^^^^^^^^ no external crate `epic_api`
[INFO] [stdout] 
[INFO] [stdout] 
[INFO] [stdout] error[E0405]: cannot find trait `Handler` in this scope
[INFO] [stdout]   --> tests/rest.rs:17:6
[INFO] [stdout]    |
[INFO] [stdout] 17 | impl Handler for IndexHandler {
[INFO] [stdout]    |      ^^^^^^^ not found in this scope
[INFO] [stdout]    |
[INFO] [stdout] help: consider importing one of these items
[INFO] [stdout]    |
[INFO] [stdout] 1  + use easy_jsonrpc_mw::Handler;
[INFO] [stdout]    |
[INFO] [stdout] 1  + use stack_test_epic_api::Handler;
[INFO] [stdout]    |
[INFO] [stdout] 
[INFO] [stdout] 
[INFO] [stdout] error[E0412]: cannot find type `ResponseFuture` in this scope
[INFO] [stdout]   --> tests/rest.rs:18:40
[INFO] [stdout]    |
[INFO] [stdout] 18 |     fn get(&self, _req: Request<Body>) -> ResponseFuture {
[INFO] [stdout]    |                                           ^^^^^^^^^^^^^^ not found in this scope
[INFO] [stdout]    |
[INFO] [stdout] help: consider importing one of these items
[INFO] [stdout]    |
[INFO] [stdout] 1  + use hyper::client::ResponseFuture;
[INFO] [stdout]    |
[INFO] [stdout] 1  + use hyper::client::conn::ResponseFuture;
[INFO] [stdout]    |
[INFO] [stdout] 1  + use stack_test_epic_api::ResponseFuture;
[INFO] [stdout]    |
[INFO] [stdout] 
[INFO] [stdout] 
[INFO] [stdout] error[E0425]: cannot find function `json_response_pretty` in this scope
[INFO] [stdout]   --> tests/rest.rs:19:3
[INFO] [stdout]    |
[INFO] [stdout] 19 |         json_response_pretty(&self.list)
[INFO] [stdout]    |         ^^^^^^^^^^^^^^^^^^^^ not found in this scope
[INFO] [stdout]    |
[INFO] [stdout] help: consider importing this function
[INFO] [stdout]    |
[INFO] [stdout] 1  + use stack_test_epic_api::json_response_pretty;
[INFO] [stdout]    |
[INFO] [stdout] 
[INFO] [stdout] 
[INFO] [stdout] error[E0405]: cannot find trait `Handler` in this scope
[INFO] [stdout]   --> tests/rest.rs:39:6
[INFO] [stdout]    |
[INFO] [stdout] 39 | impl Handler for CounterMiddleware {
[INFO] [stdout]    |      ^^^^^^^ not found in this scope
[INFO] [stdout]    |
[INFO] [stdout] help: consider importing one of these items
[INFO] [stdout]    |
[INFO] [stdout] 1  + use easy_jsonrpc_mw::Handler;
[INFO] [stdout]    |
[INFO] [stdout] 1  + use stack_test_epic_api::Handler;
[INFO] [stdout]    |
[INFO] [stdout] 
[INFO] [stdout] 
[INFO] [stdout] error[E0412]: cannot find type `HandlerObj` in this scope
[INFO] [stdout]   --> tests/rest.rs:43:41
[INFO] [stdout]    |
[INFO] [stdout] 43 |         mut handlers: Box<dyn Iterator<Item = HandlerObj>>,
[INFO] [stdout]    |                                               ^^^^^^^^^^ not found in this scope
[INFO] [stdout]    |
[INFO] [stdout] help: consider importing this type alias
[INFO] [stdout]    |
[INFO] [stdout] 1  + use stack_test_epic_api::HandlerObj;
[INFO] [stdout]    |
[INFO] [stdout] 
[INFO] [stdout] 
[INFO] [stdout] error[E0412]: cannot find type `ResponseFuture` in this scope
[INFO] [stdout]   --> tests/rest.rs:44:7
[INFO] [stdout]    |
[INFO] [stdout] 44 |     ) -> ResponseFuture {
[INFO] [stdout]    |          ^^^^^^^^^^^^^^ not found in this scope
[INFO] [stdout]    |
[INFO] [stdout] help: consider importing one of these items
[INFO] [stdout]    |
[INFO] [stdout] 1  + use hyper::client::ResponseFuture;
[INFO] [stdout]    |
[INFO] [stdout] 1  + use hyper::client::conn::ResponseFuture;
[INFO] [stdout]    |
[INFO] [stdout] 1  + use stack_test_epic_api::ResponseFuture;
[INFO] [stdout]    |
[INFO] [stdout] 
[INFO] [stdout] 
[INFO] [stdout] error[E0425]: cannot find function `response` in this scope
[INFO] [stdout]   --> tests/rest.rs:48:19
[INFO] [stdout]    |
[INFO] [stdout] 48 |             None => return response(StatusCode::INTERNAL_SERVER_ERROR, "no handler found"),
[INFO] [stdout]    |                            ^^^^^^^^ not found in this scope
[INFO] [stdout]    |
[INFO] [stdout] help: consider importing this function
[INFO] [stdout]    |
[INFO] [stdout] 1  + use stack_test_epic_api::response;
[INFO] [stdout]    |
[INFO] [stdout] 
[INFO] [stdout] 
[INFO] [stdout] error[E0412]: cannot find type `Router` in this scope
[INFO] [stdout]   --> tests/rest.rs:53:22
[INFO] [stdout]    |
[INFO] [stdout] 53 | fn build_router() -> Router {
[INFO] [stdout]    |                      ^^^^^^ not found in this scope
[INFO] [stdout]    |
[INFO] [stdout] help: consider importing this struct
[INFO] [stdout]    |
[INFO] [stdout] 1  + use stack_test_epic_api::Router;
[INFO] [stdout]    |
[INFO] [stdout] 
[INFO] [stdout] 
[INFO] [stdout] error[E0433]: failed to resolve: use of undeclared type `Router`
[INFO] [stdout]   --> tests/rest.rs:56:19
[INFO] [stdout]    |
[INFO] [stdout] 56 |     let mut router = Router::new();
[INFO] [stdout]    |                      ^^^^^^ use of undeclared type `Router`
[INFO] [stdout]    |
[INFO] [stdout] help: consider importing this struct
[INFO] [stdout]    |
[INFO] [stdout] 1  + use stack_test_epic_api::Router;
[INFO] [stdout]    |
[INFO] [stdout] 
[INFO] [stdout] 
[INFO] [stdout] error[E0422]: cannot find struct, variant or union type `LoggingMiddleware` in this scope
[INFO] [stdout]   --> tests/rest.rs:60:28
[INFO] [stdout]    |
[INFO] [stdout] 60 |         .add_middleware(Arc::new(LoggingMiddleware {}));
[INFO] [stdout]    |                                  ^^^^^^^^^^^^^^^^^ not found in this scope
[INFO] [stdout]    |
[INFO] [stdout] help: consider importing this struct
[INFO] [stdout]    |
[INFO] [stdout] 1  + use stack_test_epic_api::LoggingMiddleware;
[INFO] [stdout]    |
[INFO] [stdout] 
[INFO] [stdout] 
[INFO] [stdout] error[E0433]: failed to resolve: use of undeclared type `ApiServer`
[INFO] [stdout]   --> tests/rest.rs:67:19
[INFO] [stdout]    |
[INFO] [stdout] 67 |     let mut server = ApiServer::new();
[INFO] [stdout]    |                      ^^^^^^^^^ use of undeclared type `ApiServer`
[INFO] [stdout]    |
[INFO] [stdout] help: consider importing this struct
[INFO] [stdout]    |
[INFO] [stdout] 1  + use stack_test_epic_api::ApiServer;
[INFO] [stdout]    |
[INFO] [stdout] 
[INFO] [stdout] 
[INFO] [stdout] error[E0433]: failed to resolve: use of undeclared type `TLSConfig`
[INFO] [stdout]   --> tests/rest.rs:91:17
[INFO] [stdout]    |
[INFO] [stdout] 91 |     let tls_conf = TLSConfig::new(
[INFO] [stdout]    |                    ^^^^^^^^^ use of undeclared type `TLSConfig`
[INFO] [stdout]    |
[INFO] [stdout] help: consider importing this struct
[INFO] [stdout]    |
[INFO] [stdout] 1  + use stack_test_epic_api::TLSConfig;
[INFO] [stdout]    |
[INFO] [stdout] 
[INFO] [stdout] 
[INFO] [stdout] error[E0433]: failed to resolve: use of undeclared type `ApiServer`
[INFO] [stdout]   --> tests/rest.rs:95:19
[INFO] [stdout]    |
[INFO] [stdout] 95 |     let mut server = ApiServer::new();
[INFO] [stdout]    |                      ^^^^^^^^^ use of undeclared type `ApiServer`
[INFO] [stdout]    |
[INFO] [stdout] help: consider importing this struct
[INFO] [stdout]    |
[INFO] [stdout] 1  + use stack_test_epic_api::ApiServer;
[INFO] [stdout]    |
[INFO] [stdout] 
[INFO] [stdout] 
[INFO] [stdout] warning: use of deprecated constant `std::sync::atomic::ATOMIC_USIZE_INIT`: the `new` function is now preferred
[INFO] [stdout]  --> tests/rest.rs:7:48
[INFO] [stdout]   |
[INFO] [stdout] 7 | use std::sync::atomic::{AtomicUsize, Ordering, ATOMIC_USIZE_INIT};
[INFO] [stdout]   |                                                ^^^^^^^^^^^^^^^^^
[INFO] [stdout]   |
[INFO] [stdout]   = note: `#[warn(deprecated)]` on by default
[INFO] [stdout] 
[INFO] [stdout] 
[INFO] [stdout] warning: use of deprecated constant `std::sync::atomic::ATOMIC_USIZE_INIT`: the `new` function is now preferred
[INFO] [stdout]   --> tests/rest.rs:30:13
[INFO] [stdout]    |
[INFO] [stdout] 30 |             counter: ATOMIC_USIZE_INIT,
[INFO] [stdout]    |                      ^^^^^^^^^^^^^^^^^
[INFO] [stdout]    |
[INFO] [stdout] help: replace the use of the deprecated constant
[INFO] [stdout]    |
[INFO] [stdout] 30 |             counter: AtomicUsize::new(0),
[INFO] [stdout]    |                      ~~~~~~~~~~~~~~~~~~~
[INFO] [stdout] 
[INFO] [stdout] 
[INFO] [stdout] error: aborting due to 15 previous errors; 2 warnings emitted
[INFO] [stdout] 
[INFO] [stdout] 
[INFO] [stdout] Some errors have detailed explanations: E0405, E0412, E0422, E0425, E0432, E0433.
[INFO] [stdout] 
[INFO] [stdout] For more information about an error, try `rustc --explain E0405`.
[INFO] [stdout] 
[INFO] [stderr] error: could not compile `stack_test_epic_api` (test "rest") due to 16 previous errors; 2 warnings emitted
[INFO] [stderr] warning: build failed, waiting for other jobs to finish...
[INFO] [stdout] warning: trailing semicolon in macro used in expression position
[INFO] [stdout]    --> src/web.rs:147:4
[INFO] [stdout]     |
[INFO] [stdout] 147 |         };
[INFO] [stdout]     |          ^
[INFO] [stdout]     |
[INFO] [stdout]    ::: src/handlers/blocks_api.rs:104:12
[INFO] [stdout]     |
[INFO] [stdout] 104 |         let el = right_path_element!(req);
[INFO] [stdout]     |                  ------------------------ in this macro invocation
[INFO] [stdout]     |
[INFO] [stdout]     = warning: this was previously accepted by the compiler but is being phased out; it will become a hard error in a future release!
[INFO] [stdout]     = note: for more information, see issue #79813 <https://github.com/rust-lang/rust/issues/79813>
[INFO] [stdout]     = note: `#[warn(semicolon_in_expressions_from_macros)]` on by default
[INFO] [stdout]     = note: this warning originates in the macro `right_path_element` (in Nightly builds, run with -Z macro-backtrace for more info)
[INFO] [stdout] 
[INFO] [stdout] 
[INFO] [stdout] warning: trailing semicolon in macro used in expression position
[INFO] [stdout]    --> src/web.rs:147:4
[INFO] [stdout]     |
[INFO] [stdout] 147 |         };
[INFO] [stdout]     |          ^
[INFO] [stdout]     |
[INFO] [stdout]    ::: src/handlers/blocks_api.rs:200:12
[INFO] [stdout]     |
[INFO] [stdout] 200 |         let el = right_path_element!(req);
[INFO] [stdout]     |                  ------------------------ in this macro invocation
[INFO] [stdout]     |
[INFO] [stdout]     = warning: this was previously accepted by the compiler but is being phased out; it will become a hard error in a future release!
[INFO] [stdout]     = note: for more information, see issue #79813 <https://github.com/rust-lang/rust/issues/79813>
[INFO] [stdout]     = note: this warning originates in the macro `right_path_element` (in Nightly builds, run with -Z macro-backtrace for more info)
[INFO] [stdout] 
[INFO] [stdout] 
[INFO] [stdout] warning: trailing semicolon in macro used in expression position
[INFO] [stdout]    --> src/web.rs:147:4
[INFO] [stdout]     |
[INFO] [stdout] 147 |         };
[INFO] [stdout]     |          ^
[INFO] [stdout]     |
[INFO] [stdout]    ::: src/handlers/chain_api.rs:374:9
[INFO] [stdout]     |
[INFO] [stdout] 374 |         match right_path_element!(req) {
[INFO] [stdout]     |               ------------------------ in this macro invocation
[INFO] [stdout]     |
[INFO] [stdout]     = warning: this was previously accepted by the compiler but is being phased out; it will become a hard error in a future release!
[INFO] [stdout]     = note: for more information, see issue #79813 <https://github.com/rust-lang/rust/issues/79813>
[INFO] [stdout]     = note: this warning originates in the macro `right_path_element` (in Nightly builds, run with -Z macro-backtrace for more info)
[INFO] [stdout] 
[INFO] [stdout] 
[INFO] [stdout] warning: trailing semicolon in macro used in expression position
[INFO] [stdout]    --> src/web.rs:147:4
[INFO] [stdout]     |
[INFO] [stdout] 147 |         };
[INFO] [stdout]     |          ^
[INFO] [stdout]     |
[INFO] [stdout]    ::: src/handlers/peers_api.rs:101:17
[INFO] [stdout]     |
[INFO] [stdout] 101 |         let command = right_path_element!(req);
[INFO] [stdout]     |                       ------------------------ in this macro invocation
[INFO] [stdout]     |
[INFO] [stdout]     = warning: this was previously accepted by the compiler but is being phased out; it will become a hard error in a future release!
[INFO] [stdout]     = note: for more information, see issue #79813 <https://github.com/rust-lang/rust/issues/79813>
[INFO] [stdout]     = note: this warning originates in the macro `right_path_element` (in Nightly builds, run with -Z macro-backtrace for more info)
[INFO] [stdout] 
[INFO] [stdout] 
[INFO] [stdout] warning: trailing semicolon in macro used in expression position
[INFO] [stdout]    --> src/web.rs:147:4
[INFO] [stdout]     |
[INFO] [stdout] 147 |         };
[INFO] [stdout]     |          ^
[INFO] [stdout]     |
[INFO] [stdout]    ::: src/handlers/transactions_api.rs:163:9
[INFO] [stdout]     |
[INFO] [stdout] 163 |         match right_path_element!(req) {
[INFO] [stdout]     |               ------------------------ in this macro invocation
[INFO] [stdout]     |
[INFO] [stdout]     = warning: this was previously accepted by the compiler but is being phased out; it will become a hard error in a future release!
[INFO] [stdout]     = note: for more information, see issue #79813 <https://github.com/rust-lang/rust/issues/79813>
[INFO] [stdout]     = note: this warning originates in the macro `right_path_element` (in Nightly builds, run with -Z macro-backtrace for more info)
[INFO] [stdout] 
[INFO] [stdout] 
[INFO] [stdout] warning: 5 warnings emitted
[INFO] [stdout] 
[INFO] [stdout] 
[INFO] running `Command { std: "docker" "inspect" "9f788fdc9bfdef4ab003bde80d77a0a3029a96aa0b1ae1afbcb2e1f26cd9bbfe", kill_on_drop: false }`
[INFO] running `Command { std: "docker" "rm" "-f" "9f788fdc9bfdef4ab003bde80d77a0a3029a96aa0b1ae1afbcb2e1f26cd9bbfe", kill_on_drop: false }`
[INFO] [stdout] 9f788fdc9bfdef4ab003bde80d77a0a3029a96aa0b1ae1afbcb2e1f26cd9bbfe
