[INFO] fetching crate sta-rs 0.3.0...
[INFO] testing sta-rs-0.3.0 against 1.75.0 for beta-1.76-1
[INFO] extracting crate sta-rs 0.3.0 into /workspace/builds/worker-3-tc1/source
[INFO] validating manifest of crates.io crate sta-rs 0.3.0 on toolchain 1.75.0
[INFO] running `Command { std: CARGO_HOME="/workspace/cargo-home" RUSTUP_HOME="/workspace/rustup-home" "/workspace/cargo-home/bin/cargo" "+1.75.0" "metadata" "--manifest-path" "Cargo.toml" "--no-deps", kill_on_drop: false }`
[INFO] started tweaking crates.io crate sta-rs 0.3.0
[INFO] finished tweaking crates.io crate sta-rs 0.3.0
[INFO] tweaked toml for crates.io crate sta-rs 0.3.0 written to /workspace/builds/worker-3-tc1/source/Cargo.toml
[INFO] running `Command { std: CARGO_HOME="/workspace/cargo-home" RUSTUP_HOME="/workspace/rustup-home" "/workspace/cargo-home/bin/cargo" "+1.75.0" "generate-lockfile" "--manifest-path" "Cargo.toml", kill_on_drop: false }`
[INFO] [stderr]     Updating crates.io index
[INFO] running `Command { std: CARGO_HOME="/workspace/cargo-home" RUSTUP_HOME="/workspace/rustup-home" "/workspace/cargo-home/bin/cargo" "+1.75.0" "fetch" "--manifest-path" "Cargo.toml", kill_on_drop: false }`
[INFO] [stderr]  Downloading crates ...
[INFO] [stderr]   Downloaded addchain v0.2.0
[INFO] [stderr]   Downloaded ff_derive v0.13.0
[INFO] [stderr]   Downloaded ppoprf v0.3.1
[INFO] [stderr]   Downloaded strobe-rs v0.8.1
[INFO] [stderr]   Downloaded star-sharks v0.6.1
[INFO] [stderr]   Downloaded adss v0.2.2
[INFO] running `Command { std: "docker" "create" "-v" "/var/lib/crater-agent-workspace/builds/worker-3-tc1/target:/opt/rustwide/target:rw,Z" "-v" "/var/lib/crater-agent-workspace/builds/worker-3-tc1/source:/opt/rustwide/workdir:ro,Z" "-v" "/var/lib/crater-agent-workspace/cargo-home:/opt/rustwide/cargo-home:ro,Z" "-v" "/var/lib/crater-agent-workspace/rustup-home:/opt/rustwide/rustup-home:ro,Z" "-e" "SOURCE_DIR=/opt/rustwide/workdir" "-e" "CARGO_TARGET_DIR=/opt/rustwide/target" "-e" "CARGO_HOME=/opt/rustwide/cargo-home" "-e" "RUSTUP_HOME=/opt/rustwide/rustup-home" "-w" "/opt/rustwide/workdir" "-m" "1610612736" "--user" "0:0" "--network" "none" "ghcr.io/rust-lang/crates-build-env/linux@sha256:2788e3201cd34a07e3172128adcd8b3090168a8e3bcc40d7c032b9dda1df7d1c" "/opt/rustwide/cargo-home/bin/cargo" "+1.75.0" "metadata" "--no-deps" "--format-version=1", kill_on_drop: false }`
[INFO] [stdout] 05dbe9ee91e943d90a8e7fce9de1cbc7b4bf4542e28676cc6891c7305ef3ecd0
[INFO] running `Command { std: "docker" "start" "-a" "05dbe9ee91e943d90a8e7fce9de1cbc7b4bf4542e28676cc6891c7305ef3ecd0", kill_on_drop: false }`
[INFO] running `Command { std: "docker" "inspect" "05dbe9ee91e943d90a8e7fce9de1cbc7b4bf4542e28676cc6891c7305ef3ecd0", kill_on_drop: false }`
[INFO] running `Command { std: "docker" "rm" "-f" "05dbe9ee91e943d90a8e7fce9de1cbc7b4bf4542e28676cc6891c7305ef3ecd0", kill_on_drop: false }`
[INFO] [stdout] 05dbe9ee91e943d90a8e7fce9de1cbc7b4bf4542e28676cc6891c7305ef3ecd0
[INFO] running `Command { std: "docker" "create" "-v" "/var/lib/crater-agent-workspace/builds/worker-3-tc1/target:/opt/rustwide/target:rw,Z" "-v" "/var/lib/crater-agent-workspace/builds/worker-3-tc1/source:/opt/rustwide/workdir:ro,Z" "-v" "/var/lib/crater-agent-workspace/cargo-home:/opt/rustwide/cargo-home:ro,Z" "-v" "/var/lib/crater-agent-workspace/rustup-home:/opt/rustwide/rustup-home:ro,Z" "-e" "SOURCE_DIR=/opt/rustwide/workdir" "-e" "CARGO_TARGET_DIR=/opt/rustwide/target" "-e" "CARGO_INCREMENTAL=0" "-e" "RUST_BACKTRACE=full" "-e" "RUSTFLAGS=--cap-lints=warn" "-e" "RUSTDOCFLAGS=--cap-lints=warn" "-e" "CARGO_HOME=/opt/rustwide/cargo-home" "-e" "RUSTUP_HOME=/opt/rustwide/rustup-home" "-w" "/opt/rustwide/workdir" "-m" "1610612736" "--user" "0:0" "--network" "none" "ghcr.io/rust-lang/crates-build-env/linux@sha256:2788e3201cd34a07e3172128adcd8b3090168a8e3bcc40d7c032b9dda1df7d1c" "/opt/rustwide/cargo-home/bin/cargo" "+1.75.0" "build" "--frozen" "--message-format=json", kill_on_drop: false }`
[INFO] [stdout] 71b3461d377a7527814a3d2c131bb196c7884e61b6d53a936df43089a28f26c8
[INFO] running `Command { std: "docker" "start" "-a" "71b3461d377a7527814a3d2c131bb196c7884e61b6d53a936df43089a28f26c8", kill_on_drop: false }`
[INFO] [stderr]    Compiling syn v1.0.109
[INFO] [stderr]    Compiling radium v0.7.0
[INFO] [stderr]    Compiling libc v0.2.151
[INFO] [stderr]    Compiling num-traits v0.2.17
[INFO] [stderr]    Compiling num-integer v0.1.45
[INFO] [stderr]    Compiling num-bigint v0.3.3
[INFO] [stderr]    Compiling tap v1.0.1
[INFO] [stderr]    Compiling syn v2.0.48
[INFO] [stderr]    Compiling subtle v2.5.0
[INFO] [stderr]    Compiling wyz v0.5.1
[INFO] [stderr]    Compiling byteorder v1.5.0
[INFO] [stderr]    Compiling serde v1.0.194
[INFO] [stderr]    Compiling funty v2.0.0
[INFO] [stderr]    Compiling curve25519-dalek v4.1.1
[INFO] [stderr]    Compiling convert_case v0.4.0
[INFO] [stderr]    Compiling base64 v0.13.1
[INFO] [stderr]    Compiling getrandom v0.2.11
[INFO] [stderr]    Compiling rand_core v0.6.4
[INFO] [stderr]    Compiling rand_chacha v0.3.1
[INFO] [stderr]    Compiling bitvec v1.0.1
[INFO] [stderr]    Compiling rand v0.8.5
[INFO] [stderr]    Compiling addchain v0.2.0
[INFO] [stderr]    Compiling ff_derive v0.13.0
[INFO] [stderr]    Compiling derive_more v0.99.17
[INFO] [stderr]    Compiling zeroize_derive v1.4.2
[INFO] [stderr]    Compiling serde_derive v1.0.194
[INFO] [stderr]    Compiling curve25519-dalek-derive v0.1.1
[INFO] [stderr]    Compiling zeroize v1.7.0
[INFO] [stderr]    Compiling strobe-rs v0.8.1
[INFO] [stderr]    Compiling ff v0.13.0
[INFO] [stderr]    Compiling star-sharks v0.6.1
[INFO] [stderr]    Compiling adss v0.2.2
[INFO] [stderr]    Compiling bincode v1.3.3
[INFO] [stderr]    Compiling ppoprf v0.3.1
[INFO] [stderr]    Compiling sta-rs v0.3.0 (/opt/rustwide/workdir)
[INFO] [stderr]     Finished dev [unoptimized + debuginfo] target(s) in 39.51s
[INFO] running `Command { std: "docker" "inspect" "71b3461d377a7527814a3d2c131bb196c7884e61b6d53a936df43089a28f26c8", kill_on_drop: false }`
[INFO] running `Command { std: "docker" "rm" "-f" "71b3461d377a7527814a3d2c131bb196c7884e61b6d53a936df43089a28f26c8", kill_on_drop: false }`
[INFO] [stdout] 71b3461d377a7527814a3d2c131bb196c7884e61b6d53a936df43089a28f26c8
[INFO] running `Command { std: "docker" "create" "-v" "/var/lib/crater-agent-workspace/builds/worker-3-tc1/target:/opt/rustwide/target:rw,Z" "-v" "/var/lib/crater-agent-workspace/builds/worker-3-tc1/source:/opt/rustwide/workdir:ro,Z" "-v" "/var/lib/crater-agent-workspace/cargo-home:/opt/rustwide/cargo-home:ro,Z" "-v" "/var/lib/crater-agent-workspace/rustup-home:/opt/rustwide/rustup-home:ro,Z" "-e" "SOURCE_DIR=/opt/rustwide/workdir" "-e" "CARGO_TARGET_DIR=/opt/rustwide/target" "-e" "CARGO_INCREMENTAL=0" "-e" "RUST_BACKTRACE=full" "-e" "RUSTFLAGS=--cap-lints=warn" "-e" "RUSTDOCFLAGS=--cap-lints=warn" "-e" "CARGO_HOME=/opt/rustwide/cargo-home" "-e" "RUSTUP_HOME=/opt/rustwide/rustup-home" "-w" "/opt/rustwide/workdir" "-m" "1610612736" "--user" "0:0" "--network" "none" "ghcr.io/rust-lang/crates-build-env/linux@sha256:2788e3201cd34a07e3172128adcd8b3090168a8e3bcc40d7c032b9dda1df7d1c" "/opt/rustwide/cargo-home/bin/cargo" "+1.75.0" "test" "--frozen" "--no-run" "--message-format=json", kill_on_drop: false }`
[INFO] [stdout] 8f6117b3835951cea6081b3b772e2184d28a4619e6e5ae19f59ae94b9b32363c
[INFO] running `Command { std: "docker" "start" "-a" "8f6117b3835951cea6081b3b772e2184d28a4619e6e5ae19f59ae94b9b32363c", kill_on_drop: false }`
[INFO] [stderr]    Compiling crossbeam-utils v0.8.18
[INFO] [stderr]    Compiling serde v1.0.194
[INFO] [stderr]    Compiling num-traits v0.2.17
[INFO] [stderr]    Compiling rustix v0.38.28
[INFO] [stderr]    Compiling rayon-core v1.12.0
[INFO] [stderr]    Compiling anstyle v1.0.4
[INFO] [stderr]    Compiling half v1.8.2
[INFO] [stderr]    Compiling plotters-backend v0.3.5
[INFO] [stderr]    Compiling ciborium-io v0.2.1
[INFO] [stderr]    Compiling regex-syntax v0.8.2
[INFO] [stderr]    Compiling clap_lex v0.6.0
[INFO] [stderr]    Compiling plotters-svg v0.3.5
[INFO] [stderr]    Compiling ciborium-ll v0.2.1
[INFO] [stderr]    Compiling clap_builder v4.4.12
[INFO] [stderr]    Compiling same-file v1.0.6
[INFO] [stderr]    Compiling cast v0.3.0
[INFO] [stderr]    Compiling walkdir v2.4.0
[INFO] [stderr]    Compiling criterion-plot v0.5.0
[INFO] [stderr]    Compiling crossbeam-epoch v0.9.17
[INFO] [stderr]    Compiling oorandom v11.1.3
[INFO] [stderr]    Compiling anes v0.1.6
[INFO] [stderr]    Compiling crossbeam-deque v0.8.4
[INFO] [stderr]    Compiling is-terminal v0.4.10
[INFO] [stderr]    Compiling plotters v0.3.5
[INFO] [stderr]    Compiling regex-automata v0.4.3
[INFO] [stderr]    Compiling rayon v1.8.0
[INFO] [stderr]    Compiling clap v4.4.13
[INFO] [stderr]    Compiling regex v1.10.2
[INFO] [stderr]    Compiling bincode v1.3.3
[INFO] [stderr]    Compiling curve25519-dalek v4.1.1
[INFO] [stderr]    Compiling serde_json v1.0.111
[INFO] [stderr]    Compiling ciborium v0.2.1
[INFO] [stderr]    Compiling tinytemplate v1.2.1
[INFO] [stderr]    Compiling criterion v0.5.1
[INFO] [stderr]    Compiling ppoprf v0.3.1
[INFO] [stderr]    Compiling sta-rs v0.3.0 (/opt/rustwide/workdir)
[INFO] [stdout] error[E0432]: unresolved import `star_test_utils`
[INFO] [stdout]  --> tests/e2e.rs:2:5
[INFO] [stdout]   |
[INFO] [stdout] 2 | use star_test_utils::*;
[INFO] [stdout]   |     ^^^^^^^^^^^^^^^ use of undeclared crate or module `star_test_utils`
[INFO] [stdout] 
[INFO] [stdout] 
[INFO] [stdout] error[E0433]: failed to resolve: use of undeclared type `AggregationServer`
[INFO] [stdout]    --> tests/e2e.rs:147:20
[INFO] [stdout]     |
[INFO] [stdout] 147 |   let agg_server = AggregationServer::new(threshold, epoch);
[INFO] [stdout]     |                    ^^^^^^^^^^^^^^^^^ use of undeclared type `AggregationServer`
[INFO] [stdout] 
[INFO] [stdout] 
[INFO] [stdout] error[E0433]: failed to resolve: use of undeclared type `AggregationServer`
[INFO] [stdout]    --> tests/e2e.rs:208:20
[INFO] [stdout]     |
[INFO] [stdout] 208 |   let agg_server = AggregationServer::new(threshold, epoch);
[INFO] [stdout]     |                    ^^^^^^^^^^^^^^^^^ use of undeclared type `AggregationServer`
[INFO] [stdout] 
[INFO] [stdout] 
[INFO] [stdout] error[E0433]: failed to resolve: use of undeclared type `AggregationServer`
[INFO] [stdout]    --> tests/e2e.rs:270:20
[INFO] [stdout]     |
[INFO] [stdout] 270 |   let agg_server = AggregationServer::new(threshold, epoch);
[INFO] [stdout]     |                    ^^^^^^^^^^^^^^^^^ use of undeclared type `AggregationServer`
[INFO] [stdout] 
[INFO] [stdout] 
[INFO] [stdout] error[E0425]: cannot find function `client_zipf` in this scope
[INFO] [stdout]    --> tests/e2e.rs:328:18
[INFO] [stdout]     |
[INFO] [stdout] 328 |     clients.push(client_zipf(1000, 1.03, threshold, epoch.as_bytes()));
[INFO] [stdout]     |                  ^^^^^^^^^^^ not found in this scope
[INFO] [stdout] 
[INFO] [stdout] 
[INFO] [stdout] error[E0433]: failed to resolve: use of undeclared type `AggregationServer`
[INFO] [stdout]    --> tests/e2e.rs:330:20
[INFO] [stdout]     |
[INFO] [stdout] 330 |   let agg_server = AggregationServer::new(threshold, epoch);
[INFO] [stdout]     |                    ^^^^^^^^^^^^^^^^^ use of undeclared type `AggregationServer`
[INFO] [stdout] 
[INFO] [stdout] 
[INFO] [stdout] error: aborting due to 6 previous errors
[INFO] [stdout] 
[INFO] [stdout] 
[INFO] [stdout] Some errors have detailed explanations: E0425, E0432, E0433.
[INFO] [stdout] 
[INFO] [stdout] For more information about an error, try `rustc --explain E0425`.
[INFO] [stdout] 
[INFO] [stderr] error: could not compile `sta-rs` (test "e2e") due to 7 previous errors
[INFO] [stderr] warning: build failed, waiting for other jobs to finish...
[INFO] running `Command { std: "docker" "inspect" "8f6117b3835951cea6081b3b772e2184d28a4619e6e5ae19f59ae94b9b32363c", kill_on_drop: false }`
[INFO] running `Command { std: "docker" "rm" "-f" "8f6117b3835951cea6081b3b772e2184d28a4619e6e5ae19f59ae94b9b32363c", kill_on_drop: false }`
[INFO] [stdout] 8f6117b3835951cea6081b3b772e2184d28a4619e6e5ae19f59ae94b9b32363c
[INFO] testing sta-rs-0.3.0 against beta-2023-12-22 for beta-1.76-1
[INFO] extracting crate sta-rs 0.3.0 into /workspace/builds/worker-3-tc2/source
[INFO] validating manifest of crates.io crate sta-rs 0.3.0 on toolchain beta-2023-12-22
[INFO] running `Command { std: CARGO_HOME="/workspace/cargo-home" RUSTUP_HOME="/workspace/rustup-home" "/workspace/cargo-home/bin/cargo" "+beta-2023-12-22" "metadata" "--manifest-path" "Cargo.toml" "--no-deps", kill_on_drop: false }`
[INFO] started tweaking crates.io crate sta-rs 0.3.0
[INFO] finished tweaking crates.io crate sta-rs 0.3.0
[INFO] tweaked toml for crates.io crate sta-rs 0.3.0 written to /workspace/builds/worker-3-tc2/source/Cargo.toml
[INFO] running `Command { std: CARGO_HOME="/workspace/cargo-home" RUSTUP_HOME="/workspace/rustup-home" "/workspace/cargo-home/bin/cargo" "+beta-2023-12-22" "generate-lockfile" "--manifest-path" "Cargo.toml", kill_on_drop: false }`
[INFO] [stderr]     Updating crates.io index
[INFO] running `Command { std: CARGO_HOME="/workspace/cargo-home" RUSTUP_HOME="/workspace/rustup-home" "/workspace/cargo-home/bin/cargo" "+beta-2023-12-22" "fetch" "--manifest-path" "Cargo.toml", kill_on_drop: false }`
[INFO] running `Command { std: "docker" "create" "-v" "/var/lib/crater-agent-workspace/builds/worker-3-tc2/target:/opt/rustwide/target:rw,Z" "-v" "/var/lib/crater-agent-workspace/builds/worker-3-tc2/source:/opt/rustwide/workdir:ro,Z" "-v" "/var/lib/crater-agent-workspace/cargo-home:/opt/rustwide/cargo-home:ro,Z" "-v" "/var/lib/crater-agent-workspace/rustup-home:/opt/rustwide/rustup-home:ro,Z" "-e" "SOURCE_DIR=/opt/rustwide/workdir" "-e" "CARGO_TARGET_DIR=/opt/rustwide/target" "-e" "CARGO_HOME=/opt/rustwide/cargo-home" "-e" "RUSTUP_HOME=/opt/rustwide/rustup-home" "-w" "/opt/rustwide/workdir" "-m" "1610612736" "--user" "0:0" "--network" "none" "ghcr.io/rust-lang/crates-build-env/linux@sha256:2788e3201cd34a07e3172128adcd8b3090168a8e3bcc40d7c032b9dda1df7d1c" "/opt/rustwide/cargo-home/bin/cargo" "+beta-2023-12-22" "metadata" "--no-deps" "--format-version=1", kill_on_drop: false }`
[INFO] [stdout] b8e337b6993b5d946fb8eb314635270ca62e4ee27fa816d81edd13ac3af787cf
[INFO] running `Command { std: "docker" "start" "-a" "b8e337b6993b5d946fb8eb314635270ca62e4ee27fa816d81edd13ac3af787cf", kill_on_drop: false }`
[INFO] running `Command { std: "docker" "inspect" "b8e337b6993b5d946fb8eb314635270ca62e4ee27fa816d81edd13ac3af787cf", kill_on_drop: false }`
[INFO] running `Command { std: "docker" "rm" "-f" "b8e337b6993b5d946fb8eb314635270ca62e4ee27fa816d81edd13ac3af787cf", kill_on_drop: false }`
[INFO] [stdout] b8e337b6993b5d946fb8eb314635270ca62e4ee27fa816d81edd13ac3af787cf
[INFO] running `Command { std: "docker" "create" "-v" "/var/lib/crater-agent-workspace/builds/worker-3-tc2/target:/opt/rustwide/target:rw,Z" "-v" "/var/lib/crater-agent-workspace/builds/worker-3-tc2/source:/opt/rustwide/workdir:ro,Z" "-v" "/var/lib/crater-agent-workspace/cargo-home:/opt/rustwide/cargo-home:ro,Z" "-v" "/var/lib/crater-agent-workspace/rustup-home:/opt/rustwide/rustup-home:ro,Z" "-e" "SOURCE_DIR=/opt/rustwide/workdir" "-e" "CARGO_TARGET_DIR=/opt/rustwide/target" "-e" "CARGO_INCREMENTAL=0" "-e" "RUST_BACKTRACE=full" "-e" "RUSTFLAGS=--cap-lints=warn" "-e" "RUSTDOCFLAGS=--cap-lints=warn" "-e" "CARGO_HOME=/opt/rustwide/cargo-home" "-e" "RUSTUP_HOME=/opt/rustwide/rustup-home" "-w" "/opt/rustwide/workdir" "-m" "1610612736" "--user" "0:0" "--network" "none" "ghcr.io/rust-lang/crates-build-env/linux@sha256:2788e3201cd34a07e3172128adcd8b3090168a8e3bcc40d7c032b9dda1df7d1c" "/opt/rustwide/cargo-home/bin/cargo" "+beta-2023-12-22" "build" "--frozen" "--message-format=json", kill_on_drop: false }`
[INFO] [stdout] baf37c0b0ca005096ba4d1efd89be70020a611650627108d9dab0b628733df5d
[INFO] running `Command { std: "docker" "start" "-a" "baf37c0b0ca005096ba4d1efd89be70020a611650627108d9dab0b628733df5d", kill_on_drop: false }`
[INFO] [stderr]    Compiling syn v2.0.48
[INFO] [stderr]    Compiling libc v0.2.151
[INFO] [stderr]    Compiling num-traits v0.2.17
[INFO] [stderr]    Compiling num-integer v0.1.45
[INFO] [stderr]    Compiling syn v1.0.109
[INFO] [stderr]    Compiling num-bigint v0.3.3
[INFO] [stderr]    Compiling radium v0.7.0
[INFO] [stderr]    Compiling subtle v2.5.0
[INFO] [stderr]    Compiling tap v1.0.1
[INFO] [stderr]    Compiling funty v2.0.0
[INFO] [stderr]    Compiling wyz v0.5.1
[INFO] [stderr]    Compiling byteorder v1.5.0
[INFO] [stderr]    Compiling serde v1.0.194
[INFO] [stderr]    Compiling bitvec v1.0.1
[INFO] [stderr]    Compiling curve25519-dalek v4.1.1
[INFO] [stderr]    Compiling getrandom v0.2.11
[INFO] [stderr]    Compiling convert_case v0.4.0
[INFO] [stderr]    Compiling rand_core v0.6.4
[INFO] [stderr]    Compiling base64 v0.13.1
[INFO] [stderr]    Compiling rand_chacha v0.3.1
[INFO] [stderr]    Compiling rand v0.8.5
[INFO] [stderr]    Compiling addchain v0.2.0
[INFO] [stderr]    Compiling zeroize_derive v1.4.2
[INFO] [stderr]    Compiling serde_derive v1.0.194
[INFO] [stderr]    Compiling curve25519-dalek-derive v0.1.1
[INFO] [stderr]    Compiling zeroize v1.7.0
[INFO] [stderr]    Compiling strobe-rs v0.8.1
[INFO] [stderr]    Compiling ff_derive v0.13.0
[INFO] [stderr]    Compiling derive_more v0.99.17
[INFO] [stderr]    Compiling ff v0.13.0
[INFO] [stderr]    Compiling star-sharks v0.6.1
[INFO] [stderr]    Compiling adss v0.2.2
[INFO] [stderr]    Compiling bincode v1.3.3
[INFO] [stderr]    Compiling ppoprf v0.3.1
[INFO] [stderr]    Compiling sta-rs v0.3.0 (/opt/rustwide/workdir)
[INFO] [stderr]     Finished dev [unoptimized + debuginfo] target(s) in 24.07s
[INFO] running `Command { std: "docker" "inspect" "baf37c0b0ca005096ba4d1efd89be70020a611650627108d9dab0b628733df5d", kill_on_drop: false }`
[INFO] running `Command { std: "docker" "rm" "-f" "baf37c0b0ca005096ba4d1efd89be70020a611650627108d9dab0b628733df5d", kill_on_drop: false }`
[INFO] [stdout] baf37c0b0ca005096ba4d1efd89be70020a611650627108d9dab0b628733df5d
[INFO] running `Command { std: "docker" "create" "-v" "/var/lib/crater-agent-workspace/builds/worker-3-tc2/target:/opt/rustwide/target:rw,Z" "-v" "/var/lib/crater-agent-workspace/builds/worker-3-tc2/source:/opt/rustwide/workdir:ro,Z" "-v" "/var/lib/crater-agent-workspace/cargo-home:/opt/rustwide/cargo-home:ro,Z" "-v" "/var/lib/crater-agent-workspace/rustup-home:/opt/rustwide/rustup-home:ro,Z" "-e" "SOURCE_DIR=/opt/rustwide/workdir" "-e" "CARGO_TARGET_DIR=/opt/rustwide/target" "-e" "CARGO_INCREMENTAL=0" "-e" "RUST_BACKTRACE=full" "-e" "RUSTFLAGS=--cap-lints=warn" "-e" "RUSTDOCFLAGS=--cap-lints=warn" "-e" "CARGO_HOME=/opt/rustwide/cargo-home" "-e" "RUSTUP_HOME=/opt/rustwide/rustup-home" "-w" "/opt/rustwide/workdir" "-m" "1610612736" "--user" "0:0" "--network" "none" "ghcr.io/rust-lang/crates-build-env/linux@sha256:2788e3201cd34a07e3172128adcd8b3090168a8e3bcc40d7c032b9dda1df7d1c" "/opt/rustwide/cargo-home/bin/cargo" "+beta-2023-12-22" "test" "--frozen" "--no-run" "--message-format=json", kill_on_drop: false }`
[INFO] [stdout] 8391a691dc1bca9ccef192b046becfa8f7b89ff45eb70f6e71ee933135a9d3fb
[INFO] running `Command { std: "docker" "start" "-a" "8391a691dc1bca9ccef192b046becfa8f7b89ff45eb70f6e71ee933135a9d3fb", kill_on_drop: false }`
[INFO] [stderr]    Compiling crossbeam-utils v0.8.18
[INFO] [stderr]    Compiling serde v1.0.194
[INFO] [stderr]    Compiling num-traits v0.2.17
[INFO] [stderr]    Compiling rayon-core v1.12.0
[INFO] [stderr]    Compiling rustix v0.38.28
[INFO] [stderr]    Compiling plotters-backend v0.3.5
[INFO] [stderr]    Compiling half v1.8.2
[INFO] [stderr]    Compiling ciborium-io v0.2.1
[INFO] [stderr]    Compiling regex-syntax v0.8.2
[INFO] [stderr]    Compiling anstyle v1.0.4
[INFO] [stderr]    Compiling clap_lex v0.6.0
[INFO] [stderr]    Compiling plotters-svg v0.3.5
[INFO] [stderr]    Compiling ciborium-ll v0.2.1
[INFO] [stderr]    Compiling clap_builder v4.4.12
[INFO] [stderr]    Compiling same-file v1.0.6
[INFO] [stderr]    Compiling cast v0.3.0
[INFO] [stderr]    Compiling walkdir v2.4.0
[INFO] [stderr]    Compiling criterion-plot v0.5.0
[INFO] [stderr]    Compiling crossbeam-epoch v0.9.17
[INFO] [stderr]    Compiling regex-automata v0.4.3
[INFO] [stderr]    Compiling is-terminal v0.4.10
[INFO] [stderr]    Compiling crossbeam-deque v0.8.4
[INFO] [stderr]    Compiling anes v0.1.6
[INFO] [stderr]    Compiling oorandom v11.1.3
[INFO] [stderr]    Compiling plotters v0.3.5
[INFO] [stderr]    Compiling rayon v1.8.0
[INFO] [stderr]    Compiling clap v4.4.13
[INFO] [stderr]    Compiling regex v1.10.2
[INFO] [stderr]    Compiling bincode v1.3.3
[INFO] [stderr]    Compiling serde_json v1.0.111
[INFO] [stderr]    Compiling curve25519-dalek v4.1.1
[INFO] [stderr]    Compiling ciborium v0.2.1
[INFO] [stderr]    Compiling ppoprf v0.3.1
[INFO] [stderr]    Compiling tinytemplate v1.2.1
[INFO] [stderr]    Compiling criterion v0.5.1
[INFO] [stderr]    Compiling sta-rs v0.3.0 (/opt/rustwide/workdir)
[INFO] [stdout] error[E0432]: unresolved import `star_test_utils`
[INFO] [stdout]  --> tests/e2e.rs:2:5
[INFO] [stdout]   |
[INFO] [stdout] 2 | use star_test_utils::*;
[INFO] [stdout]   |     ^^^^^^^^^^^^^^^ use of undeclared crate or module `star_test_utils`
[INFO] [stdout] 
[INFO] [stdout] 
[INFO] [stdout] error[E0433]: failed to resolve: use of undeclared type `AggregationServer`
[INFO] [stdout]    --> tests/e2e.rs:147:20
[INFO] [stdout]     |
[INFO] [stdout] 147 |   let agg_server = AggregationServer::new(threshold, epoch);
[INFO] [stdout]     |                    ^^^^^^^^^^^^^^^^^ use of undeclared type `AggregationServer`
[INFO] [stdout] 
[INFO] [stdout] 
[INFO] [stdout] error[E0433]: failed to resolve: use of undeclared type `AggregationServer`
[INFO] [stdout]    --> tests/e2e.rs:208:20
[INFO] [stdout]     |
[INFO] [stdout] 208 |   let agg_server = AggregationServer::new(threshold, epoch);
[INFO] [stdout]     |                    ^^^^^^^^^^^^^^^^^ use of undeclared type `AggregationServer`
[INFO] [stdout] 
[INFO] [stdout] 
[INFO] [stdout] error[E0433]: failed to resolve: use of undeclared type `AggregationServer`
[INFO] [stdout]    --> tests/e2e.rs:270:20
[INFO] [stdout]     |
[INFO] [stdout] 270 |   let agg_server = AggregationServer::new(threshold, epoch);
[INFO] [stdout]     |                    ^^^^^^^^^^^^^^^^^ use of undeclared type `AggregationServer`
[INFO] [stdout] 
[INFO] [stdout] 
[INFO] [stdout] error[E0425]: cannot find function `client_zipf` in this scope
[INFO] [stdout]    --> tests/e2e.rs:328:18
[INFO] [stdout]     |
[INFO] [stdout] 328 |     clients.push(client_zipf(1000, 1.03, threshold, epoch.as_bytes()));
[INFO] [stdout]     |                  ^^^^^^^^^^^ not found in this scope
[INFO] [stdout] 
[INFO] [stdout] 
[INFO] [stdout] error[E0433]: failed to resolve: use of undeclared type `AggregationServer`
[INFO] [stdout]    --> tests/e2e.rs:330:20
[INFO] [stdout]     |
[INFO] [stdout] 330 |   let agg_server = AggregationServer::new(threshold, epoch);
[INFO] [stdout]     |                    ^^^^^^^^^^^^^^^^^ use of undeclared type `AggregationServer`
[INFO] [stdout] 
[INFO] [stdout] 
[INFO] [stdout] error: aborting due to 6 previous errors
[INFO] [stdout] 
[INFO] [stdout] 
[INFO] [stdout] Some errors have detailed explanations: E0425, E0432, E0433.
[INFO] [stdout] 
[INFO] [stdout] For more information about an error, try `rustc --explain E0425`.
[INFO] [stdout] 
[INFO] [stderr] error: could not compile `sta-rs` (test "e2e") due to 7 previous errors
[INFO] [stderr] warning: build failed, waiting for other jobs to finish...
[INFO] running `Command { std: "docker" "inspect" "8391a691dc1bca9ccef192b046becfa8f7b89ff45eb70f6e71ee933135a9d3fb", kill_on_drop: false }`
[INFO] running `Command { std: "docker" "rm" "-f" "8391a691dc1bca9ccef192b046becfa8f7b89ff45eb70f6e71ee933135a9d3fb", kill_on_drop: false }`
[INFO] [stdout] 8391a691dc1bca9ccef192b046becfa8f7b89ff45eb70f6e71ee933135a9d3fb
