[INFO] fetching crate ssstar 0.7.1...
[INFO] testing ssstar-0.7.1 against 1.75.0 for beta-1.76-1
[INFO] extracting crate ssstar 0.7.1 into /workspace/builds/worker-1-tc1/source
[INFO] validating manifest of crates.io crate ssstar 0.7.1 on toolchain 1.75.0
[INFO] running `Command { std: CARGO_HOME="/workspace/cargo-home" RUSTUP_HOME="/workspace/rustup-home" "/workspace/cargo-home/bin/cargo" "+1.75.0" "metadata" "--manifest-path" "Cargo.toml" "--no-deps", kill_on_drop: false }`
[INFO] started tweaking crates.io crate ssstar 0.7.1
[INFO] finished tweaking crates.io crate ssstar 0.7.1
[INFO] tweaked toml for crates.io crate ssstar 0.7.1 written to /workspace/builds/worker-1-tc1/source/Cargo.toml
[INFO] running `Command { std: CARGO_HOME="/workspace/cargo-home" RUSTUP_HOME="/workspace/rustup-home" "/workspace/cargo-home/bin/cargo" "+1.75.0" "generate-lockfile" "--manifest-path" "Cargo.toml", kill_on_drop: false }`
[INFO] [stderr]     Updating crates.io index
[INFO] running `Command { std: CARGO_HOME="/workspace/cargo-home" RUSTUP_HOME="/workspace/rustup-home" "/workspace/cargo-home/bin/cargo" "+1.75.0" "fetch" "--manifest-path" "Cargo.toml", kill_on_drop: false }`
[INFO] [stderr]  Downloading crates ...
[INFO] [stderr]   Downloaded dotenv_codegen v0.15.0
[INFO] [stderr]   Downloaded again v0.1.2
[INFO] [stderr]   Downloaded dotenv_codegen_implementation v0.15.0
[INFO] [stderr]   Downloaded ssstar-testing v0.7.2
[INFO] [stderr]   Downloaded duct v0.13.7
[INFO] [stderr]   Downloaded aws-sdk-sts v0.29.0
[INFO] [stderr]   Downloaded git2 v0.16.1
[INFO] [stderr]   Downloaded aws-sdk-s3 v0.29.0
[INFO] [stderr]   Downloaded sysinfo v0.27.8
[INFO] running `Command { std: "docker" "create" "-v" "/var/lib/crater-agent-workspace/builds/worker-1-tc1/target:/opt/rustwide/target:rw,Z" "-v" "/var/lib/crater-agent-workspace/builds/worker-1-tc1/source:/opt/rustwide/workdir:ro,Z" "-v" "/var/lib/crater-agent-workspace/cargo-home:/opt/rustwide/cargo-home:ro,Z" "-v" "/var/lib/crater-agent-workspace/rustup-home:/opt/rustwide/rustup-home:ro,Z" "-e" "SOURCE_DIR=/opt/rustwide/workdir" "-e" "CARGO_TARGET_DIR=/opt/rustwide/target" "-e" "CARGO_HOME=/opt/rustwide/cargo-home" "-e" "RUSTUP_HOME=/opt/rustwide/rustup-home" "-w" "/opt/rustwide/workdir" "-m" "1610612736" "--user" "0:0" "--network" "none" "ghcr.io/rust-lang/crates-build-env/linux@sha256:2788e3201cd34a07e3172128adcd8b3090168a8e3bcc40d7c032b9dda1df7d1c" "/opt/rustwide/cargo-home/bin/cargo" "+1.75.0" "metadata" "--no-deps" "--format-version=1", kill_on_drop: false }`
[INFO] [stdout] f92d88c0da02a6cf0ef59a214ec2b1e05635d6db8877aace0be7d2558b3734f7
[INFO] running `Command { std: "docker" "start" "-a" "f92d88c0da02a6cf0ef59a214ec2b1e05635d6db8877aace0be7d2558b3734f7", kill_on_drop: false }`
[INFO] running `Command { std: "docker" "inspect" "f92d88c0da02a6cf0ef59a214ec2b1e05635d6db8877aace0be7d2558b3734f7", kill_on_drop: false }`
[INFO] running `Command { std: "docker" "rm" "-f" "f92d88c0da02a6cf0ef59a214ec2b1e05635d6db8877aace0be7d2558b3734f7", kill_on_drop: false }`
[INFO] [stdout] f92d88c0da02a6cf0ef59a214ec2b1e05635d6db8877aace0be7d2558b3734f7
[INFO] running `Command { std: "docker" "create" "-v" "/var/lib/crater-agent-workspace/builds/worker-1-tc1/target:/opt/rustwide/target:rw,Z" "-v" "/var/lib/crater-agent-workspace/builds/worker-1-tc1/source:/opt/rustwide/workdir:ro,Z" "-v" "/var/lib/crater-agent-workspace/cargo-home:/opt/rustwide/cargo-home:ro,Z" "-v" "/var/lib/crater-agent-workspace/rustup-home:/opt/rustwide/rustup-home:ro,Z" "-e" "SOURCE_DIR=/opt/rustwide/workdir" "-e" "CARGO_TARGET_DIR=/opt/rustwide/target" "-e" "CARGO_INCREMENTAL=0" "-e" "RUST_BACKTRACE=full" "-e" "RUSTFLAGS=--cap-lints=warn" "-e" "RUSTDOCFLAGS=--cap-lints=warn" "-e" "CARGO_HOME=/opt/rustwide/cargo-home" "-e" "RUSTUP_HOME=/opt/rustwide/rustup-home" "-w" "/opt/rustwide/workdir" "-m" "1610612736" "--user" "0:0" "--network" "none" "ghcr.io/rust-lang/crates-build-env/linux@sha256:2788e3201cd34a07e3172128adcd8b3090168a8e3bcc40d7c032b9dda1df7d1c" "/opt/rustwide/cargo-home/bin/cargo" "+1.75.0" "build" "--frozen" "--message-format=json", kill_on_drop: false }`
[INFO] [stdout] 0db5e5a6b995fc5b43185fbf10aef4436f86d312d42d1e2c20e4f358cb3e2245
[INFO] running `Command { std: "docker" "start" "-a" "0db5e5a6b995fc5b43185fbf10aef4436f86d312d42d1e2c20e4f358cb3e2245", kill_on_drop: false }`
[INFO] [stderr]    Compiling libc v0.2.151
[INFO] [stderr]    Compiling proc-macro2 v1.0.75
[INFO] [stderr]    Compiling autocfg v1.1.0
[INFO] [stderr]    Compiling cfg-if v1.0.0
[INFO] [stderr]    Compiling itoa v1.0.10
[INFO] [stderr]    Compiling pin-project-lite v0.2.13
[INFO] [stderr]    Compiling bytes v1.5.0
[INFO] [stderr]    Compiling futures-core v0.3.30
[INFO] [stderr]    Compiling parking_lot_core v0.9.9
[INFO] [stderr]    Compiling version_check v0.9.4
[INFO] [stderr]    Compiling once_cell v1.19.0
[INFO] [stderr]    Compiling powerfmt v0.2.0
[INFO] [stderr]    Compiling scopeguard v1.2.0
[INFO] [stderr]    Compiling time-core v0.1.2
[INFO] [stderr]    Compiling memchr v2.7.1
[INFO] [stderr]    Compiling smallvec v1.11.2
[INFO] [stderr]    Compiling num_threads v0.1.6
[INFO] [stderr]    Compiling futures-sink v0.3.30
[INFO] [stderr]    Compiling pin-utils v0.1.0
[INFO] [stderr]    Compiling futures-io v0.3.30
[INFO] [stderr]    Compiling futures-task v0.3.30
[INFO] [stderr]    Compiling deranged v0.3.11
[INFO] [stderr]    Compiling futures-channel v0.3.30
[INFO] [stderr]    Compiling outref v0.5.1
[INFO] [stderr]    Compiling vsimd v0.8.0
[INFO] [stderr]    Compiling tracing-core v0.1.32
[INFO] [stderr]    Compiling percent-encoding v2.3.1
[INFO] [stderr]    Compiling ryu v1.0.16
[INFO] [stderr]    Compiling semver v1.0.21
[INFO] [stderr]    Compiling fnv v1.0.7
[INFO] [stderr]    Compiling httparse v1.8.0
[INFO] [stderr]    Compiling hashbrown v0.14.3
[INFO] [stderr]    Compiling equivalent v1.0.1
[INFO] [stderr]    Compiling try-lock v0.2.5
[INFO] [stderr]    Compiling lock_api v0.4.11
[INFO] [stderr]    Compiling slab v0.4.9
[INFO] [stderr]    Compiling num-traits v0.2.17
[INFO] [stderr]    Compiling num-integer v0.1.45
[INFO] [stderr]    Compiling http v0.2.11
[INFO] [stderr]    Compiling typenum v1.17.0
[INFO] [stderr]    Compiling tower-service v0.3.2
[INFO] [stderr]    Compiling crc32fast v1.3.2
[INFO] [stderr]    Compiling quote v1.0.35
[INFO] [stderr]    Compiling base64-simd v0.8.0
[INFO] [stderr]    Compiling rustc_version v0.4.0
[INFO] [stderr]    Compiling generic-array v0.14.7
[INFO] [stderr]    Compiling syn v2.0.48
[INFO] [stderr]    Compiling indexmap v2.1.0
[INFO] [stderr]    Compiling want v0.3.1
[INFO] [stderr]    Compiling httpdate v1.0.3
[INFO] [stderr]    Compiling either v1.9.0
[INFO] [stderr]    Compiling untrusted v0.9.0
[INFO] [stderr]    Compiling spin v0.9.8
[INFO] [stderr]    Compiling bytes-utils v0.1.4
[INFO] [stderr]    Compiling rustls v0.21.10
[INFO] [stderr]    Compiling base64 v0.21.5
[INFO] [stderr]    Compiling subtle v2.5.0
[INFO] [stderr]    Compiling form_urlencoded v1.2.1
[INFO] [stderr]    Compiling tower-layer v0.3.2
[INFO] [stderr]    Compiling openssl-probe v0.1.5
[INFO] [stderr]    Compiling fastrand v2.0.1
[INFO] [stderr]    Compiling lazy_static v1.4.0
[INFO] [stderr]    Compiling pkg-config v0.3.28
[INFO] [stderr]    Compiling cpufeatures v0.2.12
[INFO] [stderr]    Compiling http-body v0.4.6
[INFO] [stderr]    Compiling aws-types v0.56.1
[INFO] [stderr]    Compiling aho-corasick v1.1.2
[INFO] [stderr]    Compiling tinyvec_macros v0.1.1
[INFO] [stderr]    Compiling vcpkg v0.2.15
[INFO] [stderr]    Compiling syn v1.0.109
[INFO] [stderr]    Compiling regex-syntax v0.8.2
[INFO] [stderr]    Compiling rustls-pemfile v1.0.4
[INFO] [stderr]    Compiling zeroize v1.7.0
[INFO] [stderr]    Compiling tinyvec v1.6.0
[INFO] [stderr]    Compiling hex v0.4.3
[INFO] [stderr]    Compiling rustls-native-certs v0.6.3
[INFO] [stderr]    Compiling proc-macro-error-attr v1.0.4
[INFO] [stderr]    Compiling anyhow v1.0.79
[INFO] [stderr]    Compiling rustversion v1.0.14
[INFO] [stderr]    Compiling unicode-bidi v0.3.14
[INFO] [stderr]    Compiling proc-macro-error v1.0.4
[INFO] [stderr]    Compiling uuid v1.6.1
[INFO] [stderr]    Compiling xmlparser v0.13.6
[INFO] [stderr]    Compiling jobserver v0.1.27
[INFO] [stderr]    Compiling time v0.3.31
[INFO] [stderr]    Compiling signal-hook-registry v1.4.1
[INFO] [stderr]    Compiling cc v1.0.83
[INFO] [stderr]    Compiling mio v0.8.10
[INFO] [stderr]    Compiling parking_lot v0.12.1
[INFO] [stderr]    Compiling num_cpus v1.16.0
[INFO] [stderr]    Compiling socket2 v0.5.5
[INFO] [stderr]    Compiling getrandom v0.2.11
[INFO] [stderr]    Compiling crypto-common v0.1.6
[INFO] [stderr]    Compiling block-buffer v0.10.4
[INFO] [stderr]    Compiling unicode-normalization v0.1.22
[INFO] [stderr]    Compiling digest v0.10.7
[INFO] [stderr]    Compiling thiserror v1.0.56
[INFO] [stderr]    Compiling aws-smithy-xml v0.56.1
[INFO] [stderr]    Compiling crc32c v0.6.4
[INFO] [stderr]    Compiling urlencoding v2.1.3
[INFO] [stderr]    Compiling sha2 v0.10.8
[INFO] [stderr]    Compiling hmac v0.12.1
[INFO] [stderr]    Compiling idna v0.5.0
[INFO] [stderr]    Compiling bitflags v1.3.2
[INFO] [stderr]    Compiling regex-automata v0.4.3
[INFO] [stderr]    Compiling rustix v0.38.28
[INFO] [stderr]    Compiling sysinfo v0.27.8
[INFO] [stderr]    Compiling doc-comment v0.3.3
[INFO] [stderr]    Compiling bitflags v2.4.1
[INFO] [stderr]    Compiling linux-raw-sys v0.4.12
[INFO] [stderr]    Compiling serde v1.0.194
[INFO] [stderr]    Compiling aws-smithy-types v0.56.1
[INFO] [stderr]    Compiling url v2.5.0
[INFO] [stderr]    Compiling sha1 v0.10.6
[INFO] [stderr]    Compiling md-5 v0.10.6
[INFO] [stderr]    Compiling heck v0.4.1
[INFO] [stderr]    Compiling untrusted v0.7.1
[INFO] [stderr]    Compiling ring v0.17.7
[INFO] [stderr]    Compiling libz-sys v1.1.12
[INFO] [stderr]    Compiling libgit2-sys v0.14.2+1.5.1
[INFO] [stderr]    Compiling aws-smithy-eventstream v0.56.1
[INFO] [stderr]    Compiling aws-smithy-json v0.56.1
[INFO] [stderr]    Compiling aws-smithy-query v0.56.1
[INFO] [stderr]    Compiling ring v0.16.20
[INFO] [stderr]    Compiling async-trait v0.1.77
[INFO] [stderr]    Compiling iana-time-zone v0.1.59
[INFO] [stderr]    Compiling spin v0.5.2
[INFO] [stderr]    Compiling chrono v0.4.31
[INFO] [stderr]    Compiling filetime v0.2.23
[INFO] [stderr]    Compiling utf8-width v0.1.7
[INFO] [stderr]    Compiling itertools v0.10.5
[INFO] [stderr]    Compiling dyn-clone v1.0.16
[INFO] [stderr]    Compiling glob v0.3.1
[INFO] [stderr]    Compiling vergen v7.5.1
[INFO] [stderr]    Compiling xattr v1.2.0
[INFO] [stderr]    Compiling regex v1.10.2
[INFO] [stderr]    Compiling tar v0.4.40
[INFO] [stderr]    Compiling tokio-macros v2.2.0
[INFO] [stderr]    Compiling futures-macro v0.3.30
[INFO] [stderr]    Compiling tracing-attributes v0.1.27
[INFO] [stderr]    Compiling pin-project-internal v1.1.3
[INFO] [stderr]    Compiling enum-iterator-derive v1.2.1
[INFO] [stderr]    Compiling thiserror-impl v1.0.56
[INFO] [stderr]    Compiling serde_derive v1.0.194
[INFO] [stderr]    Compiling getset v0.1.2
[INFO] [stderr]    Compiling snafu-derive v0.7.5
[INFO] [stderr]    Compiling aws-smithy-types-convert v0.56.1
[INFO] [stderr]    Compiling tokio v1.35.1
[INFO] [stderr]    Compiling futures-util v0.3.30
[INFO] [stderr]    Compiling enum-iterator v1.4.1
[INFO] [stderr]    Compiling pin-project v1.1.3
[INFO] [stderr]    Compiling tracing v0.1.40
[INFO] [stderr]    Compiling snafu v0.7.5
[INFO] [stderr]    Compiling rustls-webpki v0.101.7
[INFO] [stderr]    Compiling sct v0.7.1
[INFO] [stderr]    Compiling futures-executor v0.3.30
[INFO] [stderr]    Compiling futures v0.3.30
[INFO] [stderr]    Compiling tokio-util v0.7.10
[INFO] [stderr]    Compiling tokio-stream v0.1.14
[INFO] [stderr]    Compiling tower v0.4.13
[INFO] [stderr]    Compiling aws-smithy-async v0.56.1
[INFO] [stderr]    Compiling aws-credential-types v0.56.1
[INFO] [stderr]    Compiling h2 v0.3.22
[INFO] [stderr]    Compiling git2 v0.16.1
[INFO] [stderr]    Compiling tokio-rustls v0.24.1
[INFO] [stderr]    Compiling byte-unit v4.0.19
[INFO] [stderr]    Compiling ssstar v0.7.1 (/opt/rustwide/workdir)
[INFO] [stderr]    Compiling hyper v0.14.28
[INFO] [stderr] warning: ssstar@0.7.1: An Error occurred during processing of Git. VERGEN_GIT_* may be incomplete.
[INFO] [stderr]    Compiling aws-smithy-http v0.56.1
[INFO] [stderr]    Compiling hyper-rustls v0.24.2
[INFO] [stderr]    Compiling aws-smithy-http-tower v0.56.1
[INFO] [stderr]    Compiling aws-smithy-runtime-api v0.56.1
[INFO] [stderr]    Compiling aws-sigv4 v0.56.1
[INFO] [stderr]    Compiling aws-smithy-checksums v0.56.1
[INFO] [stderr]    Compiling aws-smithy-client v0.56.1
[INFO] [stderr]    Compiling aws-smithy-runtime v0.56.1
[INFO] [stderr]    Compiling aws-http v0.56.1
[INFO] [stderr]    Compiling aws-runtime v0.56.1
[INFO] [stderr]    Compiling aws-sdk-sso v0.30.0
[INFO] [stderr]    Compiling aws-sdk-sts v0.30.0
[INFO] [stderr]    Compiling aws-sdk-sts v0.29.0
[INFO] [stderr]    Compiling aws-sdk-s3 v0.29.0
[INFO] [stderr]    Compiling aws-config v0.56.1
[INFO] [stderr]     Finished dev [unoptimized + debuginfo] target(s) in 52.19s
[INFO] running `Command { std: "docker" "inspect" "0db5e5a6b995fc5b43185fbf10aef4436f86d312d42d1e2c20e4f358cb3e2245", kill_on_drop: false }`
[INFO] running `Command { std: "docker" "rm" "-f" "0db5e5a6b995fc5b43185fbf10aef4436f86d312d42d1e2c20e4f358cb3e2245", kill_on_drop: false }`
[INFO] [stdout] 0db5e5a6b995fc5b43185fbf10aef4436f86d312d42d1e2c20e4f358cb3e2245
[INFO] running `Command { std: "docker" "create" "-v" "/var/lib/crater-agent-workspace/builds/worker-1-tc1/target:/opt/rustwide/target:rw,Z" "-v" "/var/lib/crater-agent-workspace/builds/worker-1-tc1/source:/opt/rustwide/workdir:ro,Z" "-v" "/var/lib/crater-agent-workspace/cargo-home:/opt/rustwide/cargo-home:ro,Z" "-v" "/var/lib/crater-agent-workspace/rustup-home:/opt/rustwide/rustup-home:ro,Z" "-e" "SOURCE_DIR=/opt/rustwide/workdir" "-e" "CARGO_TARGET_DIR=/opt/rustwide/target" "-e" "CARGO_INCREMENTAL=0" "-e" "RUST_BACKTRACE=full" "-e" "RUSTFLAGS=--cap-lints=warn" "-e" "RUSTDOCFLAGS=--cap-lints=warn" "-e" "CARGO_HOME=/opt/rustwide/cargo-home" "-e" "RUSTUP_HOME=/opt/rustwide/rustup-home" "-w" "/opt/rustwide/workdir" "-m" "1610612736" "--user" "0:0" "--network" "none" "ghcr.io/rust-lang/crates-build-env/linux@sha256:2788e3201cd34a07e3172128adcd8b3090168a8e3bcc40d7c032b9dda1df7d1c" "/opt/rustwide/cargo-home/bin/cargo" "+1.75.0" "test" "--frozen" "--no-run" "--message-format=json", kill_on_drop: false }`
[INFO] [stdout] 144dab21bdf8484ee28599ba52137a0674a9860446b03faea8a54f17118d6a87
[INFO] running `Command { std: "docker" "start" "-a" "144dab21bdf8484ee28599ba52137a0674a9860446b03faea8a54f17118d6a87", kill_on_drop: false }`
[INFO] [stderr]    Compiling rand_core v0.6.4
[INFO] [stderr]    Compiling aws-smithy-async v1.1.1
[INFO] [stderr]    Compiling const-oid v0.9.6
[INFO] [stderr]    Compiling base64ct v1.6.0
[INFO] [stderr]    Compiling aws-smithy-types v1.1.1
[INFO] [stderr]    Compiling base16ct v0.1.1
[INFO] [stderr]    Compiling aws-types v1.1.1
[INFO] [stderr]    Compiling getrandom v0.1.16
[INFO] [stderr]    Compiling regex-syntax v0.6.29
[INFO] [stderr]    Compiling ppv-lite86 v0.2.17
[INFO] [stderr]    Compiling parking_lot_core v0.8.6
[INFO] [stderr]    Compiling overload v0.1.1
[INFO] [stderr]    Compiling regex-lite v0.1.5
[INFO] [stderr]    Compiling sharded-slab v0.1.7
[INFO] [stderr]    Compiling tracing-log v0.2.0
[INFO] [stderr]    Compiling instant v0.1.12
[INFO] [stderr]    Compiling nu-ansi-term v0.46.0
[INFO] [stderr]    Compiling der v0.6.1
[INFO] [stderr]    Compiling ff v0.12.1
[INFO] [stderr]    Compiling crypto-bigint v0.4.9
[INFO] [stderr]    Compiling signature v1.6.4
[INFO] [stderr]    Compiling group v0.12.1
[INFO] [stderr]    Compiling crypto-bigint v0.5.5
[INFO] [stderr]    Compiling thread_local v1.1.7
[INFO] [stderr]    Compiling aws-smithy-xml v0.60.1
[INFO] [stderr]    Compiling backtrace v0.3.69
[INFO] [stderr]    Compiling proc-macro-hack v0.5.20+deprecated
[INFO] [stderr]    Compiling adler v1.0.2
[INFO] [stderr]    Compiling eyre v0.6.11
[INFO] [stderr]    Compiling rand_core v0.5.1
[INFO] [stderr]    Compiling gimli v0.28.1
[INFO] [stderr]    Compiling miniz_oxide v0.7.1
[INFO] [stderr]    Compiling object v0.32.2
[INFO] [stderr]    Compiling parking_lot v0.11.2
[INFO] [stderr]    Compiling indenter v0.3.3
[INFO] [stderr]    Compiling rand_chacha v0.2.2
[INFO] [stderr]    Compiling owo-colors v3.5.0
[INFO] [stderr]    Compiling rustc-demangle v0.1.23
[INFO] [stderr]    Compiling aws-smithy-runtime-api v1.1.1
[INFO] [stderr]    Compiling aws-smithy-eventstream v0.60.1
[INFO] [stderr]    Compiling aws-smithy-json v0.60.1
[INFO] [stderr]    Compiling spki v0.6.0
[INFO] [stderr]    Compiling rfc6979 v0.3.1
[INFO] [stderr]    Compiling pkcs8 v0.9.0
[INFO] [stderr]    Compiling aws-smithy-query v0.60.1
[INFO] [stderr]    Compiling rand v0.7.3
[INFO] [stderr]    Compiling wasm-timer v0.2.5
[INFO] [stderr]    Compiling sec1 v0.3.0
[INFO] [stderr]    Compiling rand_chacha v0.3.1
[INFO] [stderr]    Compiling dirs-sys v0.3.7
[INFO] [stderr]    Compiling shared_child v1.0.0
[INFO] [stderr]    Compiling os_pipe v1.1.5
[INFO] [stderr]    Compiling elliptic-curve v0.12.3
[INFO] [stderr]    Compiling same-file v1.0.6
[INFO] [stderr]    Compiling dotenv v0.15.0
[INFO] [stderr]    Compiling home v0.5.9
[INFO] [stderr]    Compiling duct v0.13.7
[INFO] [stderr]    Compiling walkdir v2.4.0
[INFO] [stderr]    Compiling rand v0.8.5
[INFO] [stderr]    Compiling dirs v4.0.0
[INFO] [stderr]    Compiling which v4.4.2
[INFO] [stderr]    Compiling ecdsa v0.14.8
[INFO] [stderr]    Compiling aws-credential-types v1.1.1
[INFO] [stderr]    Compiling aws-smithy-http v0.60.1
[INFO] [stderr]    Compiling regex-automata v0.1.10
[INFO] [stderr]    Compiling again v0.1.2
[INFO] [stderr]    Compiling p256 v0.11.1
[INFO] [stderr]    Compiling dotenv_codegen_implementation v0.15.0
[INFO] [stderr] warning: ssstar@0.7.1: An Error occurred during processing of Git. VERGEN_GIT_* may be incomplete.
[INFO] [stderr]    Compiling strum_macros v0.24.3
[INFO] [stderr]    Compiling tempfile v3.9.0
[INFO] [stderr]    Compiling more-asserts v0.3.1
[INFO] [stderr]    Compiling assert_matches v1.5.0
[INFO] [stderr]    Compiling aws-http v0.60.1
[INFO] [stderr]    Compiling aws-smithy-runtime v1.1.1
[INFO] [stderr]    Compiling aws-sigv4 v1.1.1
[INFO] [stderr]    Compiling aws-smithy-checksums v0.60.1
[INFO] [stderr]    Compiling matchers v0.1.0
[INFO] [stderr]    Compiling tracing-subscriber v0.3.18
[INFO] [stderr]    Compiling dotenv_codegen v0.15.0
[INFO] [stderr]    Compiling addr2line v0.21.0
[INFO] [stderr]    Compiling aws-runtime v1.1.1
[INFO] [stderr]    Compiling strum v0.24.1
[INFO] [stderr]    Compiling tracing-error v0.2.0
[INFO] [stderr]    Compiling color-spantrace v0.2.1
[INFO] [stderr]    Compiling color-eyre v0.6.2
[INFO] [stderr]    Compiling aws-sdk-ssooidc v1.9.0
[INFO] [stderr]    Compiling aws-sdk-sts v1.9.0
[INFO] [stderr]    Compiling aws-sdk-sso v1.9.0
[INFO] [stderr]    Compiling aws-sdk-s3 v1.11.0
[INFO] [stderr]    Compiling aws-config v1.1.1
[INFO] [stderr]    Compiling ssstar-testing v0.7.2
[INFO] [stderr]    Compiling ssstar v0.7.1 (/opt/rustwide/workdir)
[INFO] [stdout] error: proc-macro derive panicked
[INFO] [stdout]   --> tests/objstore/s3.rs:27:27
[INFO] [stdout]    |
[INFO] [stdout] 27 | const TEST_BUCKET: &str = dotenv!("TEST_S3_BUCKET");
[INFO] [stdout]    |                           ^^^^^^^^^^^^^^^^^^^^^^^^^
[INFO] [stdout]    |
[INFO] [stdout]    = help: message: Error loading .env file: path not found
[INFO] [stdout]    = note: this error originates in the macro `dotenv` (in Nightly builds, run with -Z macro-backtrace for more info)
[INFO] [stdout] 
[INFO] [stdout] 
[INFO] [stdout] error: proc-macro derive panicked
[INFO] [stdout]   --> tests/objstore/s3.rs:28:34
[INFO] [stdout]    |
[INFO] [stdout] 28 | const TEST_BUCKET_REGION: &str = dotenv!("TEST_S3_BUCKET_REGION");
[INFO] [stdout]    |                                  ^^^^^^^^^^^^^^^^^^^^^^^^^^^^^^^^
[INFO] [stdout]    |
[INFO] [stdout]    = help: message: Error loading .env file: path not found
[INFO] [stdout]    = note: this error originates in the macro `dotenv` (in Nightly builds, run with -Z macro-backtrace for more info)
[INFO] [stdout] 
[INFO] [stdout] 
[INFO] [stdout] error: cannot find macro `proc_macro_call` in this scope
[INFO] [stdout]   --> tests/objstore/s3.rs:28:34
[INFO] [stdout]    |
[INFO] [stdout] 28 | const TEST_BUCKET_REGION: &str = dotenv!("TEST_S3_BUCKET_REGION");
[INFO] [stdout]    |                                  ^^^^^^^^^^^^^^^^^^^^^^^^^^^^^^^^
[INFO] [stdout]    |
[INFO] [stdout]    = note: this error originates in the macro `dotenv` (in Nightly builds, run with -Z macro-backtrace for more info)
[INFO] [stdout] 
[INFO] [stdout] 
[INFO] [stdout] error: cannot find macro `proc_macro_call` in this scope
[INFO] [stdout]   --> tests/objstore/s3.rs:27:27
[INFO] [stdout]    |
[INFO] [stdout] 27 | const TEST_BUCKET: &str = dotenv!("TEST_S3_BUCKET");
[INFO] [stdout]    |                           ^^^^^^^^^^^^^^^^^^^^^^^^^
[INFO] [stdout]    |
[INFO] [stdout]    = note: this error originates in the macro `dotenv` (in Nightly builds, run with -Z macro-backtrace for more info)
[INFO] [stdout] 
[INFO] [stdout] 
[INFO] [stdout] error[E0308]: mismatched types
[INFO] [stdout]   --> tests/objstore/s3.rs:47:47
[INFO] [stdout]    |
[INFO] [stdout] 47 |     let test_data = test_data::make_test_data(&client, TEST_BUCKET, test_data).await?;
[INFO] [stdout]    |                     ------------------------- ^^^^^^^ expected `aws_sdk_s3::client::Client`, found `aws_sdk_s3::Client`
[INFO] [stdout]    |                     |
[INFO] [stdout]    |                     arguments to this function are incorrect
[INFO] [stdout]    |
[INFO] [stdout]    = note: `aws_sdk_s3::Client` and `aws_sdk_s3::client::Client` have similar names, but are actually distinct types
[INFO] [stdout] note: `aws_sdk_s3::Client` is defined in crate `aws_sdk_s3`
[INFO] [stdout]   --> /opt/rustwide/cargo-home/registry/src/index.crates.io-6f17d22bba15001f/aws-sdk-s3-0.29.0/src/client.rs:77:1
[INFO] [stdout]    |
[INFO] [stdout] 77 | pub struct Client {
[INFO] [stdout]    | ^^^^^^^^^^^^^^^^^
[INFO] [stdout] note: `aws_sdk_s3::client::Client` is defined in crate `aws_sdk_s3`
[INFO] [stdout]   --> /opt/rustwide/cargo-home/registry/src/index.crates.io-6f17d22bba15001f/aws-sdk-s3-1.11.0/src/client.rs:78:1
[INFO] [stdout]    |
[INFO] [stdout] 78 | pub struct Client {
[INFO] [stdout]    | ^^^^^^^^^^^^^^^^^
[INFO] [stdout]    = note: perhaps two different versions of crate `aws_sdk_s3` are being used?
[INFO] [stdout] note: function defined here
[INFO] [stdout]   --> /opt/rustwide/cargo-home/registry/src/index.crates.io-6f17d22bba15001f/ssstar-testing-0.7.2/src/test_data.rs:82:14
[INFO] [stdout]    |
[INFO] [stdout] 82 | pub async fn make_test_data(
[INFO] [stdout]    |              ^^^^^^^^^^^^^^
[INFO] [stdout] 
[INFO] [stdout] 
[INFO] [stdout] error[E0308]: mismatched types
[INFO] [stdout]    --> tests/objstore/s3.rs:102:9
[INFO] [stdout]     |
[INFO] [stdout] 101 |     test_data::validate_test_data_in_s3(
[INFO] [stdout]     |     ----------------------------------- arguments to this function are incorrect
[INFO] [stdout] 102 |         &client,
[INFO] [stdout]     |         ^^^^^^^ expected `aws_sdk_s3::client::Client`, found `aws_sdk_s3::Client`
[INFO] [stdout]     |
[INFO] [stdout]     = note: `aws_sdk_s3::Client` and `aws_sdk_s3::client::Client` have similar names, but are actually distinct types
[INFO] [stdout] note: `aws_sdk_s3::Client` is defined in crate `aws_sdk_s3`
[INFO] [stdout]    --> /opt/rustwide/cargo-home/registry/src/index.crates.io-6f17d22bba15001f/aws-sdk-s3-0.29.0/src/client.rs:77:1
[INFO] [stdout]     |
[INFO] [stdout] 77  | pub struct Client {
[INFO] [stdout]     | ^^^^^^^^^^^^^^^^^
[INFO] [stdout] note: `aws_sdk_s3::client::Client` is defined in crate `aws_sdk_s3`
[INFO] [stdout]    --> /opt/rustwide/cargo-home/registry/src/index.crates.io-6f17d22bba15001f/aws-sdk-s3-1.11.0/src/client.rs:78:1
[INFO] [stdout]     |
[INFO] [stdout] 78  | pub struct Client {
[INFO] [stdout]     | ^^^^^^^^^^^^^^^^^
[INFO] [stdout]     = note: perhaps two different versions of crate `aws_sdk_s3` are being used?
[INFO] [stdout] note: function defined here
[INFO] [stdout]    --> /opt/rustwide/cargo-home/registry/src/index.crates.io-6f17d22bba15001f/ssstar-testing-0.7.2/src/test_data.rs:268:14
[INFO] [stdout]     |
[INFO] [stdout] 268 | pub async fn validate_test_data_in_s3<Keys, Item>(
[INFO] [stdout]     |              ^^^^^^^^^^^^^^^^^^^^^^^^
[INFO] [stdout] 
[INFO] [stdout] 
[INFO] [stdout] error: aborting due to 6 previous errors
[INFO] [stdout] 
[INFO] [stdout] 
[INFO] [stdout] For more information about this error, try `rustc --explain E0308`.
[INFO] [stdout] 
[INFO] [stderr] The following warnings were emitted during compilation:
[INFO] [stderr] 
[INFO] [stderr] warning: ssstar@0.7.1: An Error occurred during processing of Git. VERGEN_GIT_* may be incomplete.
[INFO] [stderr] 
[INFO] [stderr] error: could not compile `ssstar` (test "integration") due to 7 previous errors
[INFO] [stderr] warning: build failed, waiting for other jobs to finish...
[INFO] [stdout] error: linking with `cc` failed: exit status: 1
[INFO] [stdout]   |
[INFO] [stdout]   = note: LC_ALL="C" PATH="/opt/rustwide/rustup-home/toolchains/1.75.0-x86_64-unknown-linux-gnu/lib/rustlib/x86_64-unknown-linux-gnu/bin:/opt/rustwide/cargo-home/bin:/usr/local/sbin:/usr/local/bin:/usr/sbin:/usr/bin:/sbin:/bin" VSLANG="1033" "cc" "-m64" "/tmp/rustcu3bpf3/symbols.o" "/opt/rustwide/target/debug/deps/ssstar-2df5280d5c4c1db9.ssstar.c987eafa08ef1687-cgu.00.rcgu.o" "/opt/rustwide/target/debug/deps/ssstar-2df5280d5c4c1db9.ssstar.c987eafa08ef1687-cgu.01.rcgu.o" "/opt/rustwide/target/debug/deps/ssstar-2df5280d5c4c1db9.ssstar.c987eafa08ef1687-cgu.02.rcgu.o" "/opt/rustwide/target/debug/deps/ssstar-2df5280d5c4c1db9.ssstar.c987eafa08ef1687-cgu.03.rcgu.o" "/opt/rustwide/target/debug/deps/ssstar-2df5280d5c4c1db9.ssstar.c987eafa08ef1687-cgu.04.rcgu.o" "/opt/rustwide/target/debug/deps/ssstar-2df5280d5c4c1db9.ssstar.c987eafa08ef1687-cgu.05.rcgu.o" "/opt/rustwide/target/debug/deps/ssstar-2df5280d5c4c1db9.ssstar.c987eafa08ef1687-cgu.06.rcgu.o" "/opt/rustwide/target/debug/deps/ssstar-2df5280d5c4c1db9.ssstar.c987eafa08ef1687-cgu.07.rcgu.o" "/opt/rustwide/target/debug/deps/ssstar-2df5280d5c4c1db9.ssstar.c987eafa08ef1687-cgu.08.rcgu.o" "/opt/rustwide/target/debug/deps/ssstar-2df5280d5c4c1db9.ssstar.c987eafa08ef1687-cgu.09.rcgu.o" "/opt/rustwide/target/debug/deps/ssstar-2df5280d5c4c1db9.ssstar.c987eafa08ef1687-cgu.10.rcgu.o" "/opt/rustwide/target/debug/deps/ssstar-2df5280d5c4c1db9.ssstar.c987eafa08ef1687-cgu.11.rcgu.o" "/opt/rustwide/target/debug/deps/ssstar-2df5280d5c4c1db9.ssstar.c987eafa08ef1687-cgu.12.rcgu.o" "/opt/rustwide/target/debug/deps/ssstar-2df5280d5c4c1db9.ssstar.c987eafa08ef1687-cgu.13.rcgu.o" "/opt/rustwide/target/debug/deps/ssstar-2df5280d5c4c1db9.ssstar.c987eafa08ef1687-cgu.14.rcgu.o" "/opt/rustwide/target/debug/deps/ssstar-2df5280d5c4c1db9.ssstar.c987eafa08ef1687-cgu.15.rcgu.o" "/opt/rustwide/target/debug/deps/ssstar-2df5280d5c4c1db9.3jx9r5ee6njs0tgz.rcgu.o" "-Wl,--as-needed" "-L" "/opt/rustwide/target/debug/deps" "-L" "/opt/rustwide/target/debug/build/ring-8fea467a52632d97/out" "-L" "/opt/rustwide/target/debug/build/ring-dff23e8bba9e2999/out" "-L" "/opt/rustwide/rustup-home/toolchains/1.75.0-x86_64-unknown-linux-gnu/lib/rustlib/x86_64-unknown-linux-gnu/lib" "-Wl,-Bstatic" "/opt/rustwide/target/debug/deps/libaws_sdk_sts-068b1febea8ce2ec.rlib" "/opt/rustwide/target/debug/deps/libglob-3226d7be9b3043db.rlib" "/opt/rustwide/rustup-home/toolchains/1.75.0-x86_64-unknown-linux-gnu/lib/rustlib/x86_64-unknown-linux-gnu/lib/libtest-3df1bed8075ce1de.rlib" "/opt/rustwide/rustup-home/toolchains/1.75.0-x86_64-unknown-linux-gnu/lib/rustlib/x86_64-unknown-linux-gnu/lib/libgetopts-2076fd86b325cb5d.rlib" "/opt/rustwide/rustup-home/toolchains/1.75.0-x86_64-unknown-linux-gnu/lib/rustlib/x86_64-unknown-linux-gnu/lib/libunicode_width-caa7152ee70c190f.rlib" "/opt/rustwide/rustup-home/toolchains/1.75.0-x86_64-unknown-linux-gnu/lib/rustlib/x86_64-unknown-linux-gnu/lib/librustc_std_workspace_std-04e6425e07f02a3c.rlib" "/opt/rustwide/target/debug/deps/libssstar_testing-ed16372a9b94042c.rlib" "/opt/rustwide/target/debug/deps/libwalkdir-855d0afe3de90c17.rlib" "/opt/rustwide/target/debug/deps/libsame_file-06a4c01142053b65.rlib" "/opt/rustwide/target/debug/deps/libbyte_unit-ab9e0bae0bf51752.rlib" "/opt/rustwide/target/debug/deps/libutf8_width-abbf77ff3829f2d2.rlib" "/opt/rustwide/target/debug/deps/libserde-d06c8372f84dc02c.rlib" "/opt/rustwide/target/debug/deps/libtar-a69a8d3fdd4c7537.rlib" "/opt/rustwide/target/debug/deps/libxattr-bb3958ceff9b4267.rlib" "/opt/rustwide/target/debug/deps/libfiletime-d95cce41dea7042b.rlib" "/opt/rustwide/target/debug/deps/libdirs-da9676d90947a48e.rlib" "/opt/rustwide/target/debug/deps/libdirs_sys-72e79d867f14a602.rlib" "/opt/rustwide/target/debug/deps/libagain-3855b5f3f790411e.rlib" "/opt/rustwide/target/debug/deps/libwasm_timer-19ac507ac8adecf5.rlib" "/opt/rustwide/target/debug/deps/librand-d01b5d814955155c.rlib" "/opt/rustwide/target/debug/deps/librand_chacha-a03d2bc1635534c0.rlib" "/opt/rustwide/target/debug/deps/librand_core-ec78bb0e7b7c3963.rlib" "/opt/rustwide/target/debug/deps/libgetrandom-c48fe9340d981ee0.rlib" "/opt/rustwide/target/debug/deps/libwhich-abda378e6d7c5061.rlib" "/opt/rustwide/target/debug/deps/libhome-66b6aa76aee396d9.rlib" "/opt/rustwide/target/debug/deps/libtempfile-882d5801d38276f8.rlib" "/opt/rustwide/target/debug/deps/librustix-c11b0624f12e95e3.rlib" "/opt/rustwide/target/debug/deps/libbitflags-912d270082a3a4ea.rlib" "/opt/rustwide/target/debug/deps/liblinux_raw_sys-303f7f3176ea1d18.rlib" "/opt/rustwide/target/debug/deps/libduct-2b17a3c92a5cf165.rlib" "/opt/rustwide/target/debug/deps/libos_pipe-f14d5a8cd896213b.rlib" "/opt/rustwide/target/debug/deps/libshared_child-dc9c4dc27a45dbdd.rlib" "/opt/rustwide/target/debug/deps/libaws_sdk_s3-2c8f93bd03a12607.rlib" "/opt/rustwide/target/debug/deps/libaws_smithy_checksums-cb002a6ca4835f97.rlib" "/opt/rustwide/target/debug/deps/libaws_config-f7b13bf71de40e93.rlib" "/opt/rustwide/target/debug/deps/libaws_sdk_ssooidc-9b691115da5aa25d.rlib" "/opt/rustwide/target/debug/deps/libaws_sdk_sso-f1d140d6e5a11fe0.rlib" "/opt/rustwide/target/debug/deps/libaws_sdk_sts-9cc6d9bb89da98c1.rlib" "/opt/rustwide/target/debug/deps/libaws_smithy_query-86b0a81f3f796a26.rlib" "/opt/rustwide/target/debug/deps/libaws_smithy_xml-42fe9fdbf86763a5.rlib" "/opt/rustwide/target/debug/deps/libregex_lite-2457adbb8488f1f3.rlib" "/opt/rustwide/target/debug/deps/libaws_runtime-90f08a6ce9a0a7c8.rlib" "/opt/rustwide/target/debug/deps/libaws_sigv4-2131544df6416e69.rlib" "/opt/rustwide/target/debug/deps/libp256-e26d471cdfbf9692.rlib" "/opt/rustwide/target/debug/deps/libecdsa-cf0ca13a46d8091c.rlib" "/opt/rustwide/target/debug/deps/librfc6979-d0a4d4868263b7fc.rlib" "/opt/rustwide/target/debug/deps/libsignature-5ccaef9021952a81.rlib" "/opt/rustwide/target/debug/deps/libelliptic_curve-e35499570a18b30d.rlib" "/opt/rustwide/target/debug/deps/libsec1-116d0791d1a6b99c.rlib" "/opt/rustwide/target/debug/deps/libpkcs8-7f167e67cb15bd5f.rlib" "/opt/rustwide/target/debug/deps/libspki-43b4affe8fe31552.rlib" "/opt/rustwide/target/debug/deps/libder-9f80086f4fffedf4.rlib" "/opt/rustwide/target/debug/deps/libconst_oid-c8a247a7b7eb265f.rlib" "/opt/rustwide/target/debug/deps/libbase16ct-7283f8c1c062b09a.rlib" "/opt/rustwide/target/debug/deps/libgroup-95bec024493eba45.rlib" "/opt/rustwide/target/debug/deps/libff-a7b095020c374460.rlib" "/opt/rustwide/target/debug/deps/libcrypto_bigint-c829dfac0484b68c.rlib" "/opt/rustwide/target/debug/deps/libcrypto_bigint-1c8c05b3133a6ae9.rlib" "/opt/rustwide/target/debug/deps/libaws_http-eebe81b9e8f70570.rlib" "/opt/rustwide/target/debug/deps/libaws_smithy_json-62d67544fa5649d4.rlib" "/opt/rustwide/target/debug/deps/libaws_smithy_runtime-a832c598f64ab198.rlib" "/opt/rustwide/target/debug/deps/libaws_smithy_http-7027bb68b7c49235.rlib" "/opt/rustwide/target/debug/deps/libaws_smithy_eventstream-a95e84a2c3552c3a.rlib" "/opt/rustwide/target/debug/deps/libaws_types-4ebfc16df8ff9da5.rlib" "/opt/rustwide/target/debug/deps/libaws_credential_types-b1a6f2591501a1e3.rlib" "/opt/rustwide/target/debug/deps/libaws_smithy_runtime_api-f8d1c3b6e8650450.rlib" "/opt/rustwide/target/debug/deps/libaws_smithy_async-76b9d6f67e0bc2c2.rlib" "/opt/rustwide/target/debug/deps/libaws_smithy_types-2f24502abf8f3350.rlib" "/opt/rustwide/target/debug/deps/libcolor_eyre-0deb471554d58b8f.rlib" "/opt/rustwide/target/debug/deps/libcolor_spantrace-a356a3d9ffaa08a4.rlib" "/opt/rustwide/target/debug/deps/libtracing_error-f05086944a43c764.rlib" "/opt/rustwide/target/debug/deps/libtracing_subscriber-01642c057557116f.rlib" "/opt/rustwide/target/debug/deps/libnu_ansi_term-3e05c43b33054704.rlib" "/opt/rustwide/target/debug/deps/liboverload-ed04f4baf105cbd4.rlib" "/opt/rustwide/target/debug/deps/libsharded_slab-3e7ea4dc49abc9de.rlib" "/opt/rustwide/target/debug/deps/libmatchers-09eec00427944fa1.rlib" "/opt/rustwide/target/debug/deps/libregex_automata-4c60e2b0ad265c6c.rlib" "/opt/rustwide/target/debug/deps/libregex_syntax-0dc2d12e01b76027.rlib" "/opt/rustwide/target/debug/deps/libthread_local-146b032562066309.rlib" "/opt/rustwide/target/debug/deps/libtracing_log-a111ee636166283d.rlib" "/opt/rustwide/target/debug/deps/libowo_colors-616f114f0bc7996f.rlib" "/opt/rustwide/target/debug/deps/libeyre-d85102f9143658d2.rlib" "/opt/rustwide/target/debug/deps/libindenter-38c3d05611f4024c.rlib" "/opt/rustwide/target/debug/deps/libbacktrace-5e32f3782c0e2b0d.rlib" "/opt/rustwide/target/debug/deps/libminiz_oxide-3fde4c3c03045389.rlib" "/opt/rustwide/target/debug/deps/libadler-c8f2240c56a0abca.rlib" "/opt/rustwide/target/debug/deps/libobject-e7796a9e8e532c53.rlib" "/opt/rustwide/target/debug/deps/libaddr2line-2d4126a5dc567f39.rlib" "/opt/rustwide/target/debug/deps/libgimli-7f4f1abc0cbbfdc4.rlib" "/opt/rustwide/target/debug/deps/librustc_demangle-7ef8571a19a75907.rlib" "/opt/rustwide/target/debug/deps/libassert_matches-330f4d77d0113f87.rlib" "/opt/rustwide/target/debug/deps/libaws_smithy_types_convert-d7c1a0d651dac099.rlib" "/opt/rustwide/target/debug/deps/libaws_sdk_s3-9940b5f4c51f803a.rlib" "/opt/rustwide/target/debug/deps/libaws_smithy_checksums-cbda38d02893af2f.rlib" "/opt/rustwide/target/debug/deps/libcrc32c-fea92dab061e2b45.rlib" "/opt/rustwide/target/debug/deps/libmd5-4fd7a4e9c8d0cc0c.rlib" "/opt/rustwide/target/debug/deps/libsha1-d1cea039355e2049.rlib" "/opt/rustwide/target/debug/deps/libaws_config-f26d611535d54f13.rlib" "/opt/rustwide/target/debug/deps/libring-31e84205d0d9b4d4.rlib" "/opt/rustwide/target/debug/deps/libspin-c4098cd951aef6c9.rlib" "/opt/rustwide/target/debug/deps/libuntrusted-5ec0aa78ed8cda5c.rlib" "/opt/rustwide/target/debug/deps/libaws_sdk_sso-077e4564b47f5661.rlib" "/opt/rustwide/target/debug/deps/libaws_sdk_sts-00a1f0273beabd49.rlib" "/opt/rustwide/target/debug/deps/libaws_smithy_query-f38a95a27d47204d.rlib" "/opt/rustwide/target/debug/deps/liburlencoding-ffd8dd90a667c416.rlib" "/opt/rustwide/target/debug/deps/libaws_runtime-21dcb234ed3b7a01.rlib" "/opt/rustwide/target/debug/deps/libuuid-431fa0cefc07f259.rlib" "/opt/rustwide/target/debug/deps/libaws_sigv4-f17f78adb54bd716.rlib" "/opt/rustwide/target/debug/deps/libhex-05644b5497b79c5b.rlib" "/opt/rustwide/target/debug/deps/libsha2-d5be1c271fe3df8d.rlib" "/opt/rustwide/target/debug/deps/libcpufeatures-b8d9ed5bb45874e9.rlib" "/opt/rustwide/target/debug/deps/libhmac-0d61830f3106c857.rlib" "/opt/rustwide/target/debug/deps/libdigest-1ccdde16f39ba49f.rlib" "/opt/rustwide/target/debug/deps/libsubtle-add1bb7d312fdc8c.rlib" "/opt/rustwide/target/debug/deps/libblock_buffer-7e9270fb9b7ff635.rlib" "/opt/rustwide/target/debug/deps/libcrypto_common-145014adf1649651.rlib" "/opt/rustwide/target/debug/deps/libgeneric_array-18b3188a0c567140.rlib" "/opt/rustwide/target/debug/deps/libtypenum-da95465dc70d2c95.rlib" "/opt/rustwide/target/debug/deps/libaws_smithy_xml-71e01954a5b5af2a.rlib" "/opt/rustwide/target/debug/deps/libxmlparser-a9da850b8be07201.rlib" "/opt/rustwide/target/debug/deps/libregex-3fdc9a8f6eaf81cf.rlib" "/opt/rustwide/target/debug/deps/libregex_automata-7e239e4b359aa58c.rlib" "/opt/rustwide/target/debug/deps/libaho_corasick-c461b2416345444e.rlib" "/opt/rustwide/target/debug/deps/libregex_syntax-e4dd3c3a3cb10e1d.rlib" "/opt/rustwide/target/debug/deps/libaws_smithy_runtime-25cfe80f5b3e11c5.rlib" "/opt/rustwide/target/debug/deps/libaws_smithy_runtime_api-cf3bcc89ca2b69af.rlib" "/opt/rustwide/target/debug/deps/libaws_http-c27ece9ec7a53f7a.rlib" "/opt/rustwide/target/debug/deps/libaws_smithy_json-24755488459432be.rlib" "/opt/rustwide/target/debug/deps/libaws_types-8bf829028ae476b5.rlib" "/opt/rustwide/target/debug/deps/libaws_smithy_client-b06e53e58679e7d8.rlib" "/opt/rustwide/target/debug/deps/liblazy_static-591486ebcb9a7ead.rlib" "/opt/rustwide/target/debug/deps/libaws_smithy_http_tower-22a48873a6aac2b5.rlib" "/opt/rustwide/target/debug/deps/libhyper_rustls-74dc38fb4e83de74.rlib" "/opt/rustwide/target/debug/deps/librustls_native_certs-5360b5a42937407c.rlib" "/opt/rustwide/target/debug/deps/librustls_pemfile-ffdc2f3224e5aa74.rlib" "/opt/rustwide/target/debug/deps/libbase64-c757f6e1d18850a5.rlib" "/opt/rustwide/target/debug/deps/libopenssl_probe-d850575132083d7c.rlib" "/opt/rustwide/target/debug/deps/libtokio_rustls-d9f0fcb9fe5338a3.rlib" "/opt/rustwide/target/debug/deps/librustls-e82b09576dc77183.rlib" "/opt/rustwide/target/debug/deps/libsct-36924965c262dc27.rlib" "/opt/rustwide/target/debug/deps/libwebpki-b1d715fbc027fc6d.rlib" "/opt/rustwide/target/debug/deps/libring-f3d1910e0fc0763b.rlib" "/opt/rustwide/target/debug/deps/libspin-1881e9d9c2fdf875.rlib" "/opt/rustwide/target/debug/deps/libuntrusted-66bbe55c9f09dd46.rlib" "/opt/rustwide/target/debug/deps/libtower-57af900e92c6308d.rlib" "/opt/rustwide/target/debug/deps/libtower_layer-294cdac6576ba675.rlib" "/opt/rustwide/target/debug/deps/libdyn_clone-9450e4caca538bf4.rlib" "/opt/rustwide/target/debug/deps/libaws_smithy_http-bfa131614a2c5b14.rlib" "/opt/rustwide/target/debug/deps/libhyper-e388ae45805ebe93.rlib" "/opt/rustwide/target/debug/deps/libwant-0be28e71d2a5cee8.rlib" "/opt/rustwide/target/debug/deps/libtry_lock-ba0ec0947155aa20.rlib" "/opt/rustwide/target/debug/deps/libhttparse-64f1ffbeda450424.rlib" "/opt/rustwide/target/debug/deps/libh2-eb67059ca3fc584e.rlib" "/opt/rustwide/target/debug/deps/libindexmap-8fc97cbaa956011a.rlib" "/opt/rustwide/target/debug/deps/libequivalent-daf5c71f5fc642dd.rlib" "/opt/rustwide/target/debug/deps/libhashbrown-3d9e58c92093ae49.rlib" "/opt/rustwide/target/debug/deps/libtokio_util-e3377905acb84506.rlib" "/opt/rustwide/target/debug/deps/libtower_service-104d6e83d5ce383d.rlib" "/opt/rustwide/target/debug/deps/libhttpdate-60c45fdec07c28d7.rlib" "/opt/rustwide/target/debug/deps/libbytes_utils-3b022dc484ff3ffb.rlib" "/opt/rustwide/target/debug/deps/libaws_smithy_eventstream-6151ac7e59781ed9.rlib" "/opt/rustwide/target/debug/deps/libcrc32fast-664446237529ebff.rlib" "/opt/rustwide/target/debug/deps/libhttp_body-3c42bd17f1cfc680.rlib" "/opt/rustwide/target/debug/deps/libhttp-087a4805b82b800b.rlib" "/opt/rustwide/target/debug/deps/libfnv-18bf5144d055e772.rlib" "/opt/rustwide/target/debug/deps/libaws_credential_types-2b9e234f7b20b2fe.rlib" "/opt/rustwide/target/debug/deps/libfastrand-10bb5c97af1a52e6.rlib" "/opt/rustwide/target/debug/deps/libzeroize-6ee87dcf7a762ed8.rlib" "/opt/rustwide/target/debug/deps/libaws_smithy_types-1ac8fa14df2bf9ae.rlib" "/opt/rustwide/target/debug/deps/libryu-5f304b1b6393964f.rlib" "/opt/rustwide/target/debug/deps/libtime-44a9892597313a66.rlib" "/opt/rustwide/target/debug/deps/libnum_threads-87e76dbb415bce49.rlib" "/opt/rustwide/target/debug/deps/libitoa-5f181af53b99b92c.rlib" "/opt/rustwide/target/debug/deps/libtime_core-7af5d6eb87ec9652.rlib" "/opt/rustwide/target/debug/deps/libderanged-b91eb2e9a304f3c1.rlib" "/opt/rustwide/target/debug/deps/libpowerfmt-e8908707a005dea9.rlib" "/opt/rustwide/target/debug/deps/libnum_integer-f6e82da069804428.rlib" "/opt/rustwide/target/debug/deps/libbase64_simd-54aa7306dad9673d.rlib" "/opt/rustwide/target/debug/deps/liboutref-f83932a539096d14.rlib" "/opt/rustwide/target/debug/deps/libvsimd-60c27d28a90a5b44.rlib" "/opt/rustwide/target/debug/deps/libaws_smithy_async-8c884ceaf4d22c12.rlib" "/opt/rustwide/target/debug/deps/libtokio_stream-fa755b1b6fb958ae.rlib" "/opt/rustwide/target/debug/deps/libtracing-f0d739a864924455.rlib" "/opt/rustwide/target/debug/deps/liblog-e491f2c1d0b13538.rlib" "/opt/rustwide/target/debug/deps/libtracing_core-b9b83a99752e221d.rlib" "/opt/rustwide/target/debug/deps/libonce_cell-63be820ac0ed0954.rlib" "/opt/rustwide/target/debug/deps/libsnafu-4aaa3c03ac610674.rlib" "/opt/rustwide/target/debug/deps/libdoc_comment-1f890cb6ccfe69bb.rlib" "/opt/rustwide/target/debug/deps/libpin_project-7359831ff78c47f6.rlib" "/opt/rustwide/target/debug/deps/libitertools-6cb14deec1f5a3d6.rlib" "/opt/rustwide/target/debug/deps/libeither-ff4e6ab7d60eb8c1.rlib" "/opt/rustwide/target/debug/deps/libchrono-5f9a1c6abb1bd003.rlib" "/opt/rustwide/target/debug/deps/libnum_traits-021f0c8717b1cfd6.rlib" "/opt/rustwide/target/debug/deps/libiana_time_zone-528d9768cce5eb89.rlib" "/opt/rustwide/target/debug/deps/liburl-e2bbdc8176814ab9.rlib" "/opt/rustwide/target/debug/deps/libidna-be495c60b826cafb.rlib" "/opt/rustwide/target/debug/deps/libunicode_normalization-e04a0b39935fba30.rlib" "/opt/rustwide/target/debug/deps/libtinyvec-cf6c9f6b792a5507.rlib" "/opt/rustwide/target/debug/deps/libtinyvec_macros-b1cb7f53f58c9f87.rlib" "/opt/rustwide/target/debug/deps/libunicode_bidi-091e6a375aa15ffb.rlib" "/opt/rustwide/target/debug/deps/libform_urlencoded-ef5eb70334031c86.rlib" "/opt/rustwide/target/debug/deps/libpercent_encoding-fe0d57427b4d92e0.rlib" "/opt/rustwide/target/debug/deps/librand-6b1751f97fc780d8.rlib" "/opt/rustwide/target/debug/deps/librand_chacha-190d94af5566d2d7.rlib" "/opt/rustwide/target/debug/deps/libppv_lite86-9f808eb911999ef2.rlib" "/opt/rustwide/target/debug/deps/librand_core-6b5cc83d202a6ca4.rlib" "/opt/rustwide/target/debug/deps/libgetrandom-6f8cebb06b407ea9.rlib" "/opt/rustwide/target/debug/deps/libtokio-a48e4c9b26d3e3e9.rlib" "/opt/rustwide/target/debug/deps/libsignal_hook_registry-4537d93dfe483f1b.rlib" "/opt/rustwide/target/debug/deps/libnum_cpus-d4708e9618b376f9.rlib" "/opt/rustwide/target/debug/deps/libsocket2-0d88c912de52bbf6.rlib" "/opt/rustwide/target/debug/deps/libmio-8968d6dd6f9690eb.rlib" "/opt/rustwide/target/debug/deps/libparking_lot-a753e0f9a35f1d55.rlib" "/opt/rustwide/target/debug/deps/libparking_lot_core-f470c455380c2e9e.rlib" "/opt/rustwide/target/debug/deps/liblibc-4f34ddd04c373408.rlib" "/opt/rustwide/target/debug/deps/libcfg_if-61dc7a6799e72b18.rlib" "/opt/rustwide/target/debug/deps/libsmallvec-19f6a51af3f3c214.rlib" "/opt/rustwide/target/debug/deps/liblock_api-2e3cdc36e2d071f0.rlib" "/opt/rustwide/target/debug/deps/libscopeguard-012e5ed929fc2fe6.rlib" "/opt/rustwide/target/debug/deps/libfutures-28d2aae199bfbd7b.rlib" "/opt/rustwide/target/debug/deps/libfutures_executor-39c4ae7361df3284.rlib" "/opt/rustwide/target/debug/deps/libfutures_util-f7d052171e79b449.rlib" "/opt/rustwide/target/debug/deps/libmemchr-94009dd89ebb9d8d.rlib" "/opt/rustwide/target/debug/deps/libfutures_io-06ca5b85b7f1c406.rlib" "/opt/rustwide/target/debug/deps/libslab-6eb39baadbe9101c.rlib" "/opt/rustwide/target/debug/deps/libfutures_channel-a299c85500052389.rlib" "/opt/rustwide/target/debug/deps/libpin_project_lite-e0757e0deaa2f8a0.rlib" "/opt/rustwide/target/debug/deps/libfutures_sink-8957e1e23a8e4733.rlib" "/opt/rustwide/target/debug/deps/libfutures_task-c1403167034c79e1.rlib" "/opt/rustwide/target/debug/deps/libpin_utils-741f7d9d160e4a16.rlib" "/opt/rustwide/target/debug/deps/libfutures_core-9cff0d103c3b3c9e.rlib" "/opt/rustwide/target/debug/deps/libbytes-0a052f49710012b1.rlib" "/opt/rustwide/rustup-home/toolchains/1.75.0-x86_64-unknown-linux-gnu/lib/rustlib/x86_64-unknown-linux-gnu/lib/libstd-90f6ddbf82de36ec.rlib" "/opt/rustwide/rustup-home/toolchains/1.75.0-x86_64-unknown-linux-gnu/lib/rustlib/x86_64-unknown-linux-gnu/lib/libpanic_unwind-480c41e9d4e1f677.rlib" "/opt/rustwide/rustup-home/toolchains/1.75.0-x86_64-unknown-linux-gnu/lib/rustlib/x86_64-unknown-linux-gnu/lib/libobject-db744c0ca03eed1d.rlib" "/opt/rustwide/rustup-home/toolchains/1.75.0-x86_64-unknown-linux-gnu/lib/rustlib/x86_64-unknown-linux-gnu/lib/libmemchr-8ba652dc7d4b285a.rlib" "/opt/rustwide/rustup-home/toolchains/1.75.0-x86_64-unknown-linux-gnu/lib/rustlib/x86_64-unknown-linux-gnu/lib/libaddr2line-d5f4520a9ebc0d58.rlib" "/opt/rustwide/rustup-home/toolchains/1.75.0-x86_64-unknown-linux-gnu/lib/rustlib/x86_64-unknown-linux-gnu/lib/libgimli-4ad84de58f0cb463.rlib" "/opt/rustwide/rustup-home/toolchains/1.75.0-x86_64-unknown-linux-gnu/lib/rustlib/x86_64-unknown-linux-gnu/lib/librustc_demangle-0d10aae2e0f38735.rlib" "/opt/rustwide/rustup-home/toolchains/1.75.0-x86_64-unknown-linux-gnu/lib/rustlib/x86_64-unknown-linux-gnu/lib/libstd_detect-0c17cff739e6745b.rlib" "/opt/rustwide/rustup-home/toolchains/1.75.0-x86_64-unknown-linux-gnu/lib/rustlib/x86_64-unknown-linux-gnu/lib/libhashbrown-b29e17139dde1aa8.rlib" "/opt/rustwide/rustup-home/toolchains/1.75.0-x86_64-unknown-linux-gnu/lib/rustlib/x86_64-unknown-linux-gnu/lib/librustc_std_workspace_alloc-1f975299829cc7bd.rlib" "/opt/rustwide/rustup-home/toolchains/1.75.0-x86_64-unknown-linux-gnu/lib/rustlib/x86_64-unknown-linux-gnu/lib/libminiz_oxide-86bae3bc3079f89b.rlib" "/opt/rustwide/rustup-home/toolchains/1.75.0-x86_64-unknown-linux-gnu/lib/rustlib/x86_64-unknown-linux-gnu/lib/libadler-321b82c30dffdf5f.rlib" "/opt/rustwide/rustup-home/toolchains/1.75.0-x86_64-unknown-linux-gnu/lib/rustlib/x86_64-unknown-linux-gnu/lib/libunwind-3dd8a6810a0bdfef.rlib" "/opt/rustwide/rustup-home/toolchains/1.75.0-x86_64-unknown-linux-gnu/lib/rustlib/x86_64-unknown-linux-gnu/lib/libcfg_if-eb39a61c0c879984.rlib" "/opt/rustwide/rustup-home/toolchains/1.75.0-x86_64-unknown-linux-gnu/lib/rustlib/x86_64-unknown-linux-gnu/lib/liblibc-aa769569f91c3548.rlib" "/opt/rustwide/rustup-home/toolchains/1.75.0-x86_64-unknown-linux-gnu/lib/rustlib/x86_64-unknown-linux-gnu/lib/liballoc-510a192a50a983ed.rlib" "/opt/rustwide/rustup-home/toolchains/1.75.0-x86_64-unknown-linux-gnu/lib/rustlib/x86_64-unknown-linux-gnu/lib/librustc_std_workspace_core-0577018320f99037.rlib" "/opt/rustwide/rustup-home/toolchains/1.75.0-x86_64-unknown-linux-gnu/lib/rustlib/x86_64-unknown-linux-gnu/lib/libcore-193cf992125ccd4c.rlib" "/opt/rustwide/rustup-home/toolchains/1.75.0-x86_64-unknown-linux-gnu/lib/rustlib/x86_64-unknown-linux-gnu/lib/libcompiler_builtins-8e138eaf26ebb4a8.rlib" "-Wl,-Bdynamic" "-lgcc_s" "-lutil" "-lrt" "-lpthread" "-lm" "-ldl" "-lc" "-Wl,--eh-frame-hdr" "-Wl,-z,noexecstack" "-L" "/opt/rustwide/rustup-home/toolchains/1.75.0-x86_64-unknown-linux-gnu/lib/rustlib/x86_64-unknown-linux-gnu/lib" "-o" "/opt/rustwide/target/debug/deps/ssstar-2df5280d5c4c1db9" "-Wl,--gc-sections" "-pie" "-Wl,-z,relro,-z,now" "-nodefaultlibs"
[INFO] [stdout]   = note: collect2: fatal error: ld terminated with signal 9 [Killed]
[INFO] [stdout]           compilation terminated.
[INFO] [stdout]           
[INFO] [stdout] 
[INFO] [stdout] 
[INFO] [stdout] error: aborting due to previous error
[INFO] [stdout] 
[INFO] [stdout] 
[INFO] [stderr] The following warnings were emitted during compilation:
[INFO] [stderr] 
[INFO] [stderr] warning: ssstar@0.7.1: An Error occurred during processing of Git. VERGEN_GIT_* may be incomplete.
[INFO] [stderr] 
[INFO] [stderr] error: could not compile `ssstar` (lib test) due to 2 previous errors
[INFO] running `Command { std: "docker" "inspect" "144dab21bdf8484ee28599ba52137a0674a9860446b03faea8a54f17118d6a87", kill_on_drop: false }`
[INFO] running `Command { std: "docker" "rm" "-f" "144dab21bdf8484ee28599ba52137a0674a9860446b03faea8a54f17118d6a87", kill_on_drop: false }`
[INFO] [stdout] 144dab21bdf8484ee28599ba52137a0674a9860446b03faea8a54f17118d6a87
[INFO] testing ssstar-0.7.1 against beta-2023-12-22 for beta-1.76-1
[INFO] extracting crate ssstar 0.7.1 into /workspace/builds/worker-1-tc2/source
[INFO] validating manifest of crates.io crate ssstar 0.7.1 on toolchain beta-2023-12-22
[INFO] running `Command { std: CARGO_HOME="/workspace/cargo-home" RUSTUP_HOME="/workspace/rustup-home" "/workspace/cargo-home/bin/cargo" "+beta-2023-12-22" "metadata" "--manifest-path" "Cargo.toml" "--no-deps", kill_on_drop: false }`
[INFO] started tweaking crates.io crate ssstar 0.7.1
[INFO] finished tweaking crates.io crate ssstar 0.7.1
[INFO] tweaked toml for crates.io crate ssstar 0.7.1 written to /workspace/builds/worker-1-tc2/source/Cargo.toml
[INFO] running `Command { std: CARGO_HOME="/workspace/cargo-home" RUSTUP_HOME="/workspace/rustup-home" "/workspace/cargo-home/bin/cargo" "+beta-2023-12-22" "generate-lockfile" "--manifest-path" "Cargo.toml", kill_on_drop: false }`
[INFO] [stderr]     Updating crates.io index
[INFO] running `Command { std: CARGO_HOME="/workspace/cargo-home" RUSTUP_HOME="/workspace/rustup-home" "/workspace/cargo-home/bin/cargo" "+beta-2023-12-22" "fetch" "--manifest-path" "Cargo.toml", kill_on_drop: false }`
[INFO] running `Command { std: "docker" "create" "-v" "/var/lib/crater-agent-workspace/builds/worker-1-tc2/target:/opt/rustwide/target:rw,Z" "-v" "/var/lib/crater-agent-workspace/builds/worker-1-tc2/source:/opt/rustwide/workdir:ro,Z" "-v" "/var/lib/crater-agent-workspace/cargo-home:/opt/rustwide/cargo-home:ro,Z" "-v" "/var/lib/crater-agent-workspace/rustup-home:/opt/rustwide/rustup-home:ro,Z" "-e" "SOURCE_DIR=/opt/rustwide/workdir" "-e" "CARGO_TARGET_DIR=/opt/rustwide/target" "-e" "CARGO_HOME=/opt/rustwide/cargo-home" "-e" "RUSTUP_HOME=/opt/rustwide/rustup-home" "-w" "/opt/rustwide/workdir" "-m" "1610612736" "--user" "0:0" "--network" "none" "ghcr.io/rust-lang/crates-build-env/linux@sha256:2788e3201cd34a07e3172128adcd8b3090168a8e3bcc40d7c032b9dda1df7d1c" "/opt/rustwide/cargo-home/bin/cargo" "+beta-2023-12-22" "metadata" "--no-deps" "--format-version=1", kill_on_drop: false }`
[INFO] [stdout] ac9b9b4248c4fa5333922a1f67910b64338ee21b229fec21356056ea0bd40657
[INFO] running `Command { std: "docker" "start" "-a" "ac9b9b4248c4fa5333922a1f67910b64338ee21b229fec21356056ea0bd40657", kill_on_drop: false }`
[INFO] running `Command { std: "docker" "inspect" "ac9b9b4248c4fa5333922a1f67910b64338ee21b229fec21356056ea0bd40657", kill_on_drop: false }`
[INFO] running `Command { std: "docker" "rm" "-f" "ac9b9b4248c4fa5333922a1f67910b64338ee21b229fec21356056ea0bd40657", kill_on_drop: false }`
[INFO] [stdout] ac9b9b4248c4fa5333922a1f67910b64338ee21b229fec21356056ea0bd40657
[INFO] running `Command { std: "docker" "create" "-v" "/var/lib/crater-agent-workspace/builds/worker-1-tc2/target:/opt/rustwide/target:rw,Z" "-v" "/var/lib/crater-agent-workspace/builds/worker-1-tc2/source:/opt/rustwide/workdir:ro,Z" "-v" "/var/lib/crater-agent-workspace/cargo-home:/opt/rustwide/cargo-home:ro,Z" "-v" "/var/lib/crater-agent-workspace/rustup-home:/opt/rustwide/rustup-home:ro,Z" "-e" "SOURCE_DIR=/opt/rustwide/workdir" "-e" "CARGO_TARGET_DIR=/opt/rustwide/target" "-e" "CARGO_INCREMENTAL=0" "-e" "RUST_BACKTRACE=full" "-e" "RUSTFLAGS=--cap-lints=warn" "-e" "RUSTDOCFLAGS=--cap-lints=warn" "-e" "CARGO_HOME=/opt/rustwide/cargo-home" "-e" "RUSTUP_HOME=/opt/rustwide/rustup-home" "-w" "/opt/rustwide/workdir" "-m" "1610612736" "--user" "0:0" "--network" "none" "ghcr.io/rust-lang/crates-build-env/linux@sha256:2788e3201cd34a07e3172128adcd8b3090168a8e3bcc40d7c032b9dda1df7d1c" "/opt/rustwide/cargo-home/bin/cargo" "+beta-2023-12-22" "build" "--frozen" "--message-format=json", kill_on_drop: false }`
[INFO] [stdout] ad998562c7e72e266615b97a4a7be97b3d9fa965b7e2612b5f37a9f28dccfa9c
[INFO] running `Command { std: "docker" "start" "-a" "ad998562c7e72e266615b97a4a7be97b3d9fa965b7e2612b5f37a9f28dccfa9c", kill_on_drop: false }`
[INFO] [stderr]    Compiling libc v0.2.151
[INFO] [stderr]    Compiling proc-macro2 v1.0.75
[INFO] [stderr]    Compiling autocfg v1.1.0
[INFO] [stderr]    Compiling cfg-if v1.0.0
[INFO] [stderr]    Compiling itoa v1.0.10
[INFO] [stderr]    Compiling pin-project-lite v0.2.13
[INFO] [stderr]    Compiling bytes v1.5.0
[INFO] [stderr]    Compiling parking_lot_core v0.9.9
[INFO] [stderr]    Compiling once_cell v1.19.0
[INFO] [stderr]    Compiling version_check v0.9.4
[INFO] [stderr]    Compiling futures-core v0.3.30
[INFO] [stderr]    Compiling powerfmt v0.2.0
[INFO] [stderr]    Compiling num_threads v0.1.6
[INFO] [stderr]    Compiling smallvec v1.11.2
[INFO] [stderr]    Compiling memchr v2.7.1
[INFO] [stderr]    Compiling time-core v0.1.2
[INFO] [stderr]    Compiling scopeguard v1.2.0
[INFO] [stderr]    Compiling futures-sink v0.3.30
[INFO] [stderr]    Compiling pin-utils v0.1.0
[INFO] [stderr]    Compiling deranged v0.3.11
[INFO] [stderr]    Compiling futures-channel v0.3.30
[INFO] [stderr]    Compiling futures-io v0.3.30
[INFO] [stderr]    Compiling futures-task v0.3.30
[INFO] [stderr]    Compiling tracing-core v0.1.32
[INFO] [stderr]    Compiling vsimd v0.8.0
[INFO] [stderr]    Compiling outref v0.5.1
[INFO] [stderr]    Compiling percent-encoding v2.3.1
[INFO] [stderr]    Compiling ryu v1.0.16
[INFO] [stderr]    Compiling fnv v1.0.7
[INFO] [stderr]    Compiling semver v1.0.21
[INFO] [stderr]    Compiling httparse v1.8.0
[INFO] [stderr]    Compiling hashbrown v0.14.3
[INFO] [stderr]    Compiling equivalent v1.0.1
[INFO] [stderr]    Compiling typenum v1.17.0
[INFO] [stderr]    Compiling crc32fast v1.3.2
[INFO] [stderr]    Compiling try-lock v0.2.5
[INFO] [stderr]    Compiling tower-service v0.3.2
[INFO] [stderr]    Compiling lock_api v0.4.11
[INFO] [stderr]    Compiling slab v0.4.9
[INFO] [stderr]    Compiling num-traits v0.2.17
[INFO] [stderr]    Compiling num-integer v0.1.45
[INFO] [stderr]    Compiling http v0.2.11
[INFO] [stderr]    Compiling base64-simd v0.8.0
[INFO] [stderr]    Compiling want v0.3.1
[INFO] [stderr]    Compiling generic-array v0.14.7
[INFO] [stderr]    Compiling either v1.9.0
[INFO] [stderr]    Compiling rustc_version v0.4.0
[INFO] [stderr]    Compiling httpdate v1.0.3
[INFO] [stderr]    Compiling quote v1.0.35
[INFO] [stderr]    Compiling indexmap v2.1.0
[INFO] [stderr]    Compiling untrusted v0.9.0
[INFO] [stderr]    Compiling spin v0.9.8
[INFO] [stderr]    Compiling syn v2.0.48
[INFO] [stderr]    Compiling bytes-utils v0.1.4
[INFO] [stderr]    Compiling rustls v0.21.10
[INFO] [stderr]    Compiling http-body v0.4.6
[INFO] [stderr]    Compiling subtle v2.5.0
[INFO] [stderr]    Compiling base64 v0.21.5
[INFO] [stderr]    Compiling form_urlencoded v1.2.1
[INFO] [stderr]    Compiling tower-layer v0.3.2
[INFO] [stderr]    Compiling openssl-probe v0.1.5
[INFO] [stderr]    Compiling fastrand v2.0.1
[INFO] [stderr]    Compiling cpufeatures v0.2.12
[INFO] [stderr]    Compiling pkg-config v0.3.28
[INFO] [stderr]    Compiling lazy_static v1.4.0
[INFO] [stderr]    Compiling jobserver v0.1.27
[INFO] [stderr]    Compiling time v0.3.31
[INFO] [stderr]    Compiling mio v0.8.10
[INFO] [stderr]    Compiling socket2 v0.5.5
[INFO] [stderr]    Compiling num_cpus v1.16.0
[INFO] [stderr]    Compiling signal-hook-registry v1.4.1
[INFO] [stderr]    Compiling cc v1.0.83
[INFO] [stderr]    Compiling getrandom v0.2.11
[INFO] [stderr]    Compiling parking_lot v0.12.1
[INFO] [stderr]    Compiling rustls-pemfile v1.0.4
[INFO] [stderr]    Compiling rustls-native-certs v0.6.3
[INFO] [stderr]    Compiling aws-types v0.56.1
[INFO] [stderr]    Compiling aho-corasick v1.1.2
[INFO] [stderr]    Compiling tinyvec_macros v0.1.1
[INFO] [stderr]    Compiling syn v1.0.109
[INFO] [stderr]    Compiling vcpkg v0.2.15
[INFO] [stderr]    Compiling zeroize v1.7.0
[INFO] [stderr]    Compiling regex-syntax v0.8.2
[INFO] [stderr]    Compiling tinyvec v1.6.0
[INFO] [stderr]    Compiling hex v0.4.3
[INFO] [stderr]    Compiling proc-macro-error-attr v1.0.4
[INFO] [stderr]    Compiling anyhow v1.0.79
[INFO] [stderr]    Compiling block-buffer v0.10.4
[INFO] [stderr]    Compiling crypto-common v0.1.6
[INFO] [stderr]    Compiling rustversion v1.0.14
[INFO] [stderr]    Compiling unicode-bidi v0.3.14
[INFO] [stderr]    Compiling proc-macro-error v1.0.4
[INFO] [stderr]    Compiling digest v0.10.7
[INFO] [stderr]    Compiling uuid v1.6.1
[INFO] [stderr]    Compiling xmlparser v0.13.6
[INFO] [stderr]    Compiling sha2 v0.10.8
[INFO] [stderr]    Compiling hmac v0.12.1
[INFO] [stderr]    Compiling thiserror v1.0.56
[INFO] [stderr]    Compiling aws-smithy-xml v0.56.1
[INFO] [stderr]    Compiling crc32c v0.6.4
[INFO] [stderr]    Compiling bitflags v1.3.2
[INFO] [stderr]    Compiling rustix v0.38.28
[INFO] [stderr]    Compiling ring v0.17.7
[INFO] [stderr]    Compiling libz-sys v1.1.12
[INFO] [stderr]    Compiling libgit2-sys v0.14.2+1.5.1
[INFO] [stderr]    Compiling urlencoding v2.1.3
[INFO] [stderr]    Compiling ring v0.16.20
[INFO] [stderr]    Compiling sysinfo v0.27.8
[INFO] [stderr]    Compiling doc-comment v0.3.3
[INFO] [stderr]    Compiling serde v1.0.194
[INFO] [stderr]    Compiling unicode-normalization v0.1.22
[INFO] [stderr]    Compiling linux-raw-sys v0.4.12
[INFO] [stderr]    Compiling aws-smithy-types v0.56.1
[INFO] [stderr]    Compiling bitflags v2.4.1
[INFO] [stderr]    Compiling md-5 v0.10.6
[INFO] [stderr]    Compiling sha1 v0.10.6
[INFO] [stderr]    Compiling iana-time-zone v0.1.59
[INFO] [stderr]    Compiling async-trait v0.1.77
[INFO] [stderr]    Compiling spin v0.5.2
[INFO] [stderr]    Compiling untrusted v0.7.1
[INFO] [stderr]    Compiling heck v0.4.1
[INFO] [stderr]    Compiling idna v0.5.0
[INFO] [stderr]    Compiling chrono v0.4.31
[INFO] [stderr]    Compiling filetime v0.2.23
[INFO] [stderr]    Compiling aws-smithy-eventstream v0.56.1
[INFO] [stderr]    Compiling aws-smithy-json v0.56.1
[INFO] [stderr]    Compiling aws-smithy-query v0.56.1
[INFO] [stderr]    Compiling regex-automata v0.4.3
[INFO] [stderr]    Compiling utf8-width v0.1.7
[INFO] [stderr]    Compiling itertools v0.10.5
[INFO] [stderr]    Compiling dyn-clone v1.0.16
[INFO] [stderr]    Compiling glob v0.3.1
[INFO] [stderr]    Compiling url v2.5.0
[INFO] [stderr]    Compiling vergen v7.5.1
[INFO] [stderr]    Compiling aws-smithy-types-convert v0.56.1
[INFO] [stderr]    Compiling xattr v1.2.0
[INFO] [stderr]    Compiling tar v0.4.40
[INFO] [stderr]    Compiling regex v1.10.2
[INFO] [stderr]    Compiling getset v0.1.2
[INFO] [stderr]    Compiling snafu-derive v0.7.5
[INFO] [stderr]    Compiling tokio-macros v2.2.0
[INFO] [stderr]    Compiling futures-macro v0.3.30
[INFO] [stderr]    Compiling tracing-attributes v0.1.27
[INFO] [stderr]    Compiling pin-project-internal v1.1.3
[INFO] [stderr]    Compiling thiserror-impl v1.0.56
[INFO] [stderr]    Compiling enum-iterator-derive v1.2.1
[INFO] [stderr]    Compiling serde_derive v1.0.194
[INFO] [stderr]    Compiling tokio v1.35.1
[INFO] [stderr]    Compiling rustls-webpki v0.101.7
[INFO] [stderr]    Compiling futures-util v0.3.30
[INFO] [stderr]    Compiling sct v0.7.1
[INFO] [stderr]    Compiling enum-iterator v1.4.1
[INFO] [stderr]    Compiling pin-project v1.1.3
[INFO] [stderr]    Compiling tracing v0.1.40
[INFO] [stderr]    Compiling snafu v0.7.5
[INFO] [stderr]    Compiling futures-executor v0.3.30
[INFO] [stderr]    Compiling futures v0.3.30
[INFO] [stderr]    Compiling tokio-util v0.7.10
[INFO] [stderr]    Compiling tokio-stream v0.1.14
[INFO] [stderr]    Compiling tokio-rustls v0.24.1
[INFO] [stderr]    Compiling tower v0.4.13
[INFO] [stderr]    Compiling git2 v0.16.1
[INFO] [stderr]    Compiling byte-unit v4.0.19
[INFO] [stderr]    Compiling aws-smithy-async v0.56.1
[INFO] [stderr]    Compiling h2 v0.3.22
[INFO] [stderr]    Compiling aws-credential-types v0.56.1
[INFO] [stderr]    Compiling ssstar v0.7.1 (/opt/rustwide/workdir)
[INFO] [stderr] warning: ssstar@0.7.1: An Error occurred during processing of Git. VERGEN_GIT_* may be incomplete.
[INFO] [stderr]    Compiling hyper v0.14.28
[INFO] [stderr]    Compiling aws-smithy-http v0.56.1
[INFO] [stderr]    Compiling hyper-rustls v0.24.2
[INFO] [stderr]    Compiling aws-smithy-http-tower v0.56.1
[INFO] [stderr]    Compiling aws-smithy-runtime-api v0.56.1
[INFO] [stderr]    Compiling aws-sigv4 v0.56.1
[INFO] [stderr]    Compiling aws-smithy-checksums v0.56.1
[INFO] [stderr]    Compiling aws-smithy-client v0.56.1
[INFO] [stderr]    Compiling aws-smithy-runtime v0.56.1
[INFO] [stderr]    Compiling aws-http v0.56.1
[INFO] [stderr]    Compiling aws-runtime v0.56.1
[INFO] [stderr]    Compiling aws-sdk-sso v0.30.0
[INFO] [stderr]    Compiling aws-sdk-sts v0.30.0
[INFO] [stderr]    Compiling aws-sdk-sts v0.29.0
[INFO] [stderr]    Compiling aws-sdk-s3 v0.29.0
[INFO] [stderr]    Compiling aws-config v0.56.1
[INFO] [stderr] error: could not compile `aws-sdk-s3` (lib)
[INFO] [stderr] 
[INFO] [stderr] Caused by:
[INFO] [stderr]   process didn't exit successfully: `/opt/rustwide/rustup-home/toolchains/beta-2023-12-22-x86_64-unknown-linux-gnu/bin/rustc --crate-name aws_sdk_s3 --edition=2021 /opt/rustwide/cargo-home/registry/src/index.crates.io-6f17d22bba15001f/aws-sdk-s3-0.29.0/src/lib.rs --error-format=json --json=diagnostic-rendered-ansi,artifacts,future-incompat --crate-type lib --emit=dep-info,metadata,link -C embed-bitcode=no -C debuginfo=2 --cfg 'feature="default"' --cfg 'feature="rt-tokio"' --cfg 'feature="rustls"' -C metadata=d8e2c72fb248d54d -C extra-filename=-d8e2c72fb248d54d --out-dir /opt/rustwide/target/debug/deps -L dependency=/opt/rustwide/target/debug/deps --extern aws_credential_types=/opt/rustwide/target/debug/deps/libaws_credential_types-044f8ae70b861d35.rmeta --extern aws_http=/opt/rustwide/target/debug/deps/libaws_http-021390dcc8648d48.rmeta --extern aws_runtime=/opt/rustwide/target/debug/deps/libaws_runtime-c2bd016621772a17.rmeta --extern aws_sigv4=/opt/rustwide/target/debug/deps/libaws_sigv4-bde8833ce127e7ec.rmeta --extern aws_smithy_async=/opt/rustwide/target/debug/deps/libaws_smithy_async-9ffc7cdae4a41c08.rmeta --extern aws_smithy_checksums=/opt/rustwide/target/debug/deps/libaws_smithy_checksums-8ca112b50dd5c2ef.rmeta --extern aws_smithy_client=/opt/rustwide/target/debug/deps/libaws_smithy_client-3814a41fec9caea0.rmeta --extern aws_smithy_eventstream=/opt/rustwide/target/debug/deps/libaws_smithy_eventstream-0240663085cd71d3.rmeta --extern aws_smithy_http=/opt/rustwide/target/debug/deps/libaws_smithy_http-e44da10c97b6a7aa.rmeta --extern aws_smithy_json=/opt/rustwide/target/debug/deps/libaws_smithy_json-9e65ba857201c6d6.rmeta --extern aws_smithy_runtime=/opt/rustwide/target/debug/deps/libaws_smithy_runtime-43c1ad0e6e4a4512.rmeta --extern aws_smithy_runtime_api=/opt/rustwide/target/debug/deps/libaws_smithy_runtime_api-138b48e0ba7f76b7.rmeta --extern aws_smithy_types=/opt/rustwide/target/debug/deps/libaws_smithy_types-93d7d3a0c87f0aa1.rmeta --extern aws_smithy_xml=/opt/rustwide/target/debug/deps/libaws_smithy_xml-d259c5df7bea7a1b.rmeta --extern aws_types=/opt/rustwide/target/debug/deps/libaws_types-1371296c6582acc6.rmeta --extern bytes=/opt/rustwide/target/debug/deps/libbytes-d5ef6100ae69ca23.rmeta --extern http=/opt/rustwide/target/debug/deps/libhttp-fc2ed756fd650dd3.rmeta --extern http_body=/opt/rustwide/target/debug/deps/libhttp_body-72c2ae490c1bf76f.rmeta --extern once_cell=/opt/rustwide/target/debug/deps/libonce_cell-334d739f4e3a4961.rmeta --extern percent_encoding=/opt/rustwide/target/debug/deps/libpercent_encoding-9ca315f6c750067f.rmeta --extern regex=/opt/rustwide/target/debug/deps/libregex-6b2e15812834269a.rmeta --extern tokio_stream=/opt/rustwide/target/debug/deps/libtokio_stream-2338e72f6b071305.rmeta --extern tracing=/opt/rustwide/target/debug/deps/libtracing-885620f289bd282b.rmeta --extern url=/opt/rustwide/target/debug/deps/liburl-5bc26e3f04caa07a.rmeta --cap-lints allow --cap-lints=warn -L native=/opt/rustwide/target/debug/build/ring-1e01ed5b48ac8764/out` (signal: 9, SIGKILL: kill)
[INFO] [stderr] warning: build failed, waiting for other jobs to finish...
[INFO] running `Command { std: "docker" "inspect" "ad998562c7e72e266615b97a4a7be97b3d9fa965b7e2612b5f37a9f28dccfa9c", kill_on_drop: false }`
[INFO] running `Command { std: "docker" "rm" "-f" "ad998562c7e72e266615b97a4a7be97b3d9fa965b7e2612b5f37a9f28dccfa9c", kill_on_drop: false }`
[INFO] [stdout] ad998562c7e72e266615b97a4a7be97b3d9fa965b7e2612b5f37a9f28dccfa9c
