[INFO] fetching crate sspi-bobbobbio 0.10.1...
[INFO] testing sspi-bobbobbio-0.10.1 against 1.75.0 for beta-1.76-1
[INFO] extracting crate sspi-bobbobbio 0.10.1 into /workspace/builds/worker-7-tc1/source
[INFO] validating manifest of crates.io crate sspi-bobbobbio 0.10.1 on toolchain 1.75.0
[INFO] running `Command { std: CARGO_HOME="/workspace/cargo-home" RUSTUP_HOME="/workspace/rustup-home" "/workspace/cargo-home/bin/cargo" "+1.75.0" "metadata" "--manifest-path" "Cargo.toml" "--no-deps", kill_on_drop: false }`
[INFO] removed /workspace/builds/worker-7-tc1/source/rust-toolchain.toml
[INFO] started tweaking crates.io crate sspi-bobbobbio 0.10.1
[INFO] finished tweaking crates.io crate sspi-bobbobbio 0.10.1
[INFO] tweaked toml for crates.io crate sspi-bobbobbio 0.10.1 written to /workspace/builds/worker-7-tc1/source/Cargo.toml
[INFO] crate crates.io crate sspi-bobbobbio 0.10.1 already has a lockfile, it will not be regenerated
[INFO] running `Command { std: CARGO_HOME="/workspace/cargo-home" RUSTUP_HOME="/workspace/rustup-home" "/workspace/cargo-home/bin/cargo" "+1.75.0" "fetch" "--manifest-path" "Cargo.toml", kill_on_drop: false }`
[INFO] [stderr]     Updating crates.io index
[INFO] [stderr]  Downloading crates ...
[INFO] [stderr]   Downloaded oid v0.2.1
[INFO] [stderr]   Downloaded async-dnssd v0.5.0
[INFO] [stderr]   Downloaded pbkdf2 v0.12.2
[INFO] [stderr]   Downloaded portpicker v0.1.1
[INFO] [stderr]   Downloaded pcsc-sys v1.2.0
[INFO] [stderr]   Downloaded crypto v0.5.1
[INFO] [stderr]   Downloaded pcsc v2.8.0
[INFO] [stderr]   Downloaded num-derive v0.4.0
[INFO] [stderr]   Downloaded picky-asn1-der v0.4.1
[INFO] [stderr]   Downloaded picky-krb v0.8.0
[INFO] [stderr]   Downloaded picky v7.0.0-rc.8
[INFO] [stderr]   Downloaded picky-asn1-x509 v0.12.0
[INFO] [stderr]   Downloaded trust-dns-proto v0.23.0
[INFO] [stderr]   Downloaded trust-dns-resolver v0.23.0
[INFO] [stderr]   Downloaded picky-asn1 v0.8.0
[INFO] running `Command { std: "docker" "create" "-v" "/var/lib/crater-agent-workspace/builds/worker-7-tc1/target:/opt/rustwide/target:rw,Z" "-v" "/var/lib/crater-agent-workspace/builds/worker-7-tc1/source:/opt/rustwide/workdir:ro,Z" "-v" "/var/lib/crater-agent-workspace/cargo-home:/opt/rustwide/cargo-home:ro,Z" "-v" "/var/lib/crater-agent-workspace/rustup-home:/opt/rustwide/rustup-home:ro,Z" "-e" "SOURCE_DIR=/opt/rustwide/workdir" "-e" "CARGO_TARGET_DIR=/opt/rustwide/target" "-e" "CARGO_HOME=/opt/rustwide/cargo-home" "-e" "RUSTUP_HOME=/opt/rustwide/rustup-home" "-w" "/opt/rustwide/workdir" "-m" "1610612736" "--user" "0:0" "--network" "none" "ghcr.io/rust-lang/crates-build-env/linux@sha256:2788e3201cd34a07e3172128adcd8b3090168a8e3bcc40d7c032b9dda1df7d1c" "/opt/rustwide/cargo-home/bin/cargo" "+1.75.0" "metadata" "--no-deps" "--format-version=1", kill_on_drop: false }`
[INFO] [stdout] 3205cdcf920b584d2fb3c99181930c705753214cbfecfc554cf118e7dd120a70
[INFO] running `Command { std: "docker" "start" "-a" "3205cdcf920b584d2fb3c99181930c705753214cbfecfc554cf118e7dd120a70", kill_on_drop: false }`
[INFO] running `Command { std: "docker" "inspect" "3205cdcf920b584d2fb3c99181930c705753214cbfecfc554cf118e7dd120a70", kill_on_drop: false }`
[INFO] running `Command { std: "docker" "rm" "-f" "3205cdcf920b584d2fb3c99181930c705753214cbfecfc554cf118e7dd120a70", kill_on_drop: false }`
[INFO] [stdout] 3205cdcf920b584d2fb3c99181930c705753214cbfecfc554cf118e7dd120a70
[INFO] running `Command { std: "docker" "create" "-v" "/var/lib/crater-agent-workspace/builds/worker-7-tc1/target:/opt/rustwide/target:rw,Z" "-v" "/var/lib/crater-agent-workspace/builds/worker-7-tc1/source:/opt/rustwide/workdir:ro,Z" "-v" "/var/lib/crater-agent-workspace/cargo-home:/opt/rustwide/cargo-home:ro,Z" "-v" "/var/lib/crater-agent-workspace/rustup-home:/opt/rustwide/rustup-home:ro,Z" "-e" "SOURCE_DIR=/opt/rustwide/workdir" "-e" "CARGO_TARGET_DIR=/opt/rustwide/target" "-e" "CARGO_INCREMENTAL=0" "-e" "RUST_BACKTRACE=full" "-e" "RUSTFLAGS=--cap-lints=warn" "-e" "RUSTDOCFLAGS=--cap-lints=warn" "-e" "CARGO_HOME=/opt/rustwide/cargo-home" "-e" "RUSTUP_HOME=/opt/rustwide/rustup-home" "-w" "/opt/rustwide/workdir" "-m" "1610612736" "--user" "0:0" "--network" "none" "ghcr.io/rust-lang/crates-build-env/linux@sha256:2788e3201cd34a07e3172128adcd8b3090168a8e3bcc40d7c032b9dda1df7d1c" "/opt/rustwide/cargo-home/bin/cargo" "+1.75.0" "build" "--frozen" "--message-format=json", kill_on_drop: false }`
[INFO] [stdout] e033f478380218cf59dd78e5f37db6a608300aa1ed8a06d8ad1ae6a48a0b8f80
[INFO] running `Command { std: "docker" "start" "-a" "e033f478380218cf59dd78e5f37db6a608300aa1ed8a06d8ad1ae6a48a0b8f80", kill_on_drop: false }`
[INFO] [stderr]    Compiling proc-macro2 v1.0.66
[INFO] [stderr]    Compiling unicode-ident v1.0.11
[INFO] [stderr]    Compiling typenum v1.16.0
[INFO] [stderr]    Compiling const-oid v0.9.5
[INFO] [stderr]    Compiling libc v0.2.147
[INFO] [stderr]    Compiling autocfg v1.1.0
[INFO] [stderr]    Compiling base64ct v1.6.0
[INFO] [stderr]    Compiling serde v1.0.188
[INFO] [stderr]    Compiling cpufeatures v0.2.9
[INFO] [stderr]    Compiling libm v0.2.7
[INFO] [stderr]    Compiling semver v1.0.18
[INFO] [stderr]    Compiling base16ct v0.2.0
[INFO] [stderr]    Compiling ppv-lite86 v0.2.17
[INFO] [stderr]    Compiling generic-array v0.14.7
[INFO] [stderr]    Compiling platforms v3.1.2
[INFO] [stderr]    Compiling deranged v0.3.8
[INFO] [stderr]    Compiling time-core v0.1.1
[INFO] [stderr]    Compiling spin v0.5.2
[INFO] [stderr]    Compiling num-bigint-dig v0.8.4
[INFO] [stderr]    Compiling pem-rfc7468 v0.7.0
[INFO] [stderr]    Compiling lazy_static v1.4.0
[INFO] [stderr]    Compiling smallvec v1.11.0
[INFO] [stderr]    Compiling byteorder v1.4.3
[INFO] [stderr]    Compiling tinyvec_macros v0.1.1
[INFO] [stderr]    Compiling thiserror v1.0.48
[INFO] [stderr]    Compiling base64 v0.21.3
[INFO] [stderr]    Compiling widestring v1.0.2
[INFO] [stderr]    Compiling tinyvec v1.6.0
[INFO] [stderr]    Compiling keccak v0.1.4
[INFO] [stderr]    Compiling unicode-bidi v0.3.13
[INFO] [stderr]    Compiling num-traits v0.2.16
[INFO] [stderr]    Compiling num-integer v0.1.45
[INFO] [stderr]    Compiling num-iter v0.1.43
[INFO] [stderr]    Compiling rustc_version v0.4.0
[INFO] [stderr]    Compiling once_cell v1.18.0
[INFO] [stderr]    Compiling quote v1.0.33
[INFO] [stderr]    Compiling percent-encoding v2.3.0
[INFO] [stderr]    Compiling tracing-core v0.1.31
[INFO] [stderr]    Compiling pin-project-lite v0.2.13
[INFO] [stderr]    Compiling time v0.3.28
[INFO] [stderr]    Compiling form_urlencoded v1.2.0
[INFO] [stderr]    Compiling bitflags v2.4.0
[INFO] [stderr]    Compiling syn v2.0.31
[INFO] [stderr]    Compiling curve25519-dalek v4.1.0
[INFO] [stderr]    Compiling unicode-normalization v0.1.22
[INFO] [stderr]    Compiling getrandom v0.2.10
[INFO] [stderr]    Compiling rand_core v0.6.4
[INFO] [stderr]    Compiling ff v0.13.0
[INFO] [stderr]    Compiling rand_chacha v0.3.1
[INFO] [stderr]    Compiling group v0.13.0
[INFO] [stderr]    Compiling idna v0.4.0
[INFO] [stderr]    Compiling rand v0.8.5
[INFO] [stderr]    Compiling url v2.4.1
[INFO] [stderr]    Compiling zeroize_derive v1.4.2
[INFO] [stderr]    Compiling serde_derive v1.0.188
[INFO] [stderr]    Compiling curve25519-dalek-derive v0.1.0
[INFO] [stderr]    Compiling thiserror-impl v1.0.48
[INFO] [stderr]    Compiling tracing-attributes v0.1.26
[INFO] [stderr]    Compiling num-derive v0.4.0
[INFO] [stderr]    Compiling zeroize v1.6.0
[INFO] [stderr]    Compiling der v0.7.8
[INFO] [stderr]    Compiling tracing v0.1.37
[INFO] [stderr]    Compiling crypto-common v0.1.6
[INFO] [stderr]    Compiling block-buffer v0.10.4
[INFO] [stderr]    Compiling crypto-bigint v0.5.3
[INFO] [stderr]    Compiling block-padding v0.3.3
[INFO] [stderr]    Compiling crypto-mac v0.11.1
[INFO] [stderr]    Compiling crypto v0.5.1
[INFO] [stderr]    Compiling inout v0.1.3
[INFO] [stderr]    Compiling digest v0.10.7
[INFO] [stderr]    Compiling cipher v0.4.4
[INFO] [stderr]    Compiling hmac v0.12.1
[INFO] [stderr]    Compiling signature v2.1.0
[INFO] [stderr]    Compiling sha2 v0.10.7
[INFO] [stderr]    Compiling sha1 v0.10.5
[INFO] [stderr]    Compiling sha3 v0.10.8
[INFO] [stderr]    Compiling md-5 v0.10.5
[INFO] [stderr]    Compiling md4 v0.10.2
[INFO] [stderr]    Compiling ed25519 v2.2.2
[INFO] [stderr]    Compiling hkdf v0.12.3
[INFO] [stderr]    Compiling rfc6979 v0.4.0
[INFO] [stderr]    Compiling cbc v0.1.2
[INFO] [stderr]    Compiling aes v0.8.3
[INFO] [stderr]    Compiling des v0.8.1
[INFO] [stderr]    Compiling pbkdf2 v0.12.2
[INFO] [stderr]    Compiling spki v0.7.2
[INFO] [stderr]    Compiling pkcs8 v0.10.2
[INFO] [stderr]    Compiling sec1 v0.7.3
[INFO] [stderr]    Compiling pkcs1 v0.7.5
[INFO] [stderr]    Compiling x25519-dalek v2.0.0
[INFO] [stderr]    Compiling ed25519-dalek v2.0.0
[INFO] [stderr]    Compiling elliptic-curve v0.13.5
[INFO] [stderr]    Compiling ecdsa v0.16.8
[INFO] [stderr]    Compiling primeorder v0.13.2
[INFO] [stderr]    Compiling p384 v0.13.0
[INFO] [stderr]    Compiling p256 v0.13.2
[INFO] [stderr]    Compiling serde_bytes v0.11.12
[INFO] [stderr]    Compiling oid v0.2.1
[INFO] [stderr]    Compiling uuid v1.4.1
[INFO] [stderr]    Compiling picky-asn1 v0.8.0
[INFO] [stderr]    Compiling picky-asn1-der v0.4.1
[INFO] [stderr]    Compiling rsa v0.9.2
[INFO] [stderr]    Compiling picky-asn1-x509 v0.12.0
[INFO] [stderr]    Compiling picky-krb v0.8.0
[INFO] [stderr]    Compiling picky v7.0.0-rc.8
[INFO] [stderr]    Compiling sspi-bobbobbio v0.10.1 (/opt/rustwide/workdir)
[INFO] [stderr]     Finished dev [unoptimized + debuginfo] target(s) in 23.40s
[INFO] running `Command { std: "docker" "inspect" "e033f478380218cf59dd78e5f37db6a608300aa1ed8a06d8ad1ae6a48a0b8f80", kill_on_drop: false }`
[INFO] running `Command { std: "docker" "rm" "-f" "e033f478380218cf59dd78e5f37db6a608300aa1ed8a06d8ad1ae6a48a0b8f80", kill_on_drop: false }`
[INFO] [stdout] e033f478380218cf59dd78e5f37db6a608300aa1ed8a06d8ad1ae6a48a0b8f80
[INFO] running `Command { std: "docker" "create" "-v" "/var/lib/crater-agent-workspace/builds/worker-7-tc1/target:/opt/rustwide/target:rw,Z" "-v" "/var/lib/crater-agent-workspace/builds/worker-7-tc1/source:/opt/rustwide/workdir:ro,Z" "-v" "/var/lib/crater-agent-workspace/cargo-home:/opt/rustwide/cargo-home:ro,Z" "-v" "/var/lib/crater-agent-workspace/rustup-home:/opt/rustwide/rustup-home:ro,Z" "-e" "SOURCE_DIR=/opt/rustwide/workdir" "-e" "CARGO_TARGET_DIR=/opt/rustwide/target" "-e" "CARGO_INCREMENTAL=0" "-e" "RUST_BACKTRACE=full" "-e" "RUSTFLAGS=--cap-lints=warn" "-e" "RUSTDOCFLAGS=--cap-lints=warn" "-e" "CARGO_HOME=/opt/rustwide/cargo-home" "-e" "RUSTUP_HOME=/opt/rustwide/rustup-home" "-w" "/opt/rustwide/workdir" "-m" "1610612736" "--user" "0:0" "--network" "none" "ghcr.io/rust-lang/crates-build-env/linux@sha256:2788e3201cd34a07e3172128adcd8b3090168a8e3bcc40d7c032b9dda1df7d1c" "/opt/rustwide/cargo-home/bin/cargo" "+1.75.0" "test" "--frozen" "--no-run" "--message-format=json", kill_on_drop: false }`
[INFO] [stdout] 89068fca78756939ec79b1aecf632b298fe71af43647ce3bd7dc534418dd5906
[INFO] running `Command { std: "docker" "start" "-a" "89068fca78756939ec79b1aecf632b298fe71af43647ce3bd7dc534418dd5906", kill_on_drop: false }`
[INFO] [stderr]    Compiling serde_json v1.0.105
[INFO] [stderr]    Compiling itoa v1.0.9
[INFO] [stderr]    Compiling ryu v1.0.15
[INFO] [stderr]    Compiling bytes v1.5.0
[INFO] [stderr]    Compiling fnv v1.0.7
[INFO] [stderr]    Compiling static_assertions v1.1.0
[INFO] [stderr]    Compiling crypto-common v0.1.6
[INFO] [stderr]    Compiling whoami v1.4.1
[INFO] [stderr]    Compiling picky-asn1-x509 v0.12.0
[INFO] [stderr]    Compiling digest v0.10.7
[INFO] [stderr]    Compiling cipher v0.4.4
[INFO] [stderr]    Compiling universal-hash v0.5.1
[INFO] [stderr]    Compiling aead v0.5.2
[INFO] [stderr]    Compiling crypto v0.5.1
[INFO] [stderr]    Compiling polyval v0.6.1
[INFO] [stderr]    Compiling hmac v0.12.1
[INFO] [stderr]    Compiling signature v2.1.0
[INFO] [stderr]    Compiling sha2 v0.10.7
[INFO] [stderr]    Compiling curve25519-dalek v4.1.0
[INFO] [stderr]    Compiling sha1 v0.10.5
[INFO] [stderr]    Compiling sha3 v0.10.8
[INFO] [stderr]    Compiling md-5 v0.10.5
[INFO] [stderr]    Compiling md4 v0.10.2
[INFO] [stderr]    Compiling ghash v0.5.0
[INFO] [stderr]    Compiling ed25519 v2.2.2
[INFO] [stderr]    Compiling rsa v0.9.2
[INFO] [stderr]    Compiling hkdf v0.12.3
[INFO] [stderr]    Compiling rfc6979 v0.4.0
[INFO] [stderr]    Compiling aes v0.8.3
[INFO] [stderr]    Compiling des v0.8.1
[INFO] [stderr]    Compiling ctr v0.9.2
[INFO] [stderr]    Compiling cbc v0.1.2
[INFO] [stderr]    Compiling rc2 v0.8.1
[INFO] [stderr]    Compiling elliptic-curve v0.13.5
[INFO] [stderr]    Compiling pbkdf2 v0.12.2
[INFO] [stderr]    Compiling http v0.2.9
[INFO] [stderr]    Compiling primeorder v0.13.2
[INFO] [stderr]    Compiling ecdsa v0.16.8
[INFO] [stderr]    Compiling aes-gcm v0.10.2
[INFO] [stderr]    Compiling aes-kw v0.2.1
[INFO] [stderr]    Compiling p256 v0.13.2
[INFO] [stderr]    Compiling p384 v0.13.0
[INFO] [stderr]    Compiling ed25519-dalek v2.0.0
[INFO] [stderr]    Compiling x25519-dalek v2.0.0
[INFO] [stderr]    Compiling picky v7.0.0-rc.8
[INFO] [stderr]    Compiling picky-krb v0.8.0
[INFO] [stderr]    Compiling sspi-bobbobbio v0.10.1 (/opt/rustwide/workdir)
[INFO] [stdout] error[E0433]: failed to resolve: use of undeclared crate or module `sspi`
[INFO] [stdout]   --> examples/client.rs:11:5
[INFO] [stdout]    |
[INFO] [stdout] 11 | use sspi::builders::EmptyInitializeSecurityContext;
[INFO] [stdout]    |     ^^^^ use of undeclared crate or module `sspi`
[INFO] [stdout] 
[INFO] [stdout] 
[INFO] [stdout] error[E0433]: failed to resolve: use of undeclared crate or module `sspi`
[INFO] [stdout]  --> tests/common.rs:4:5
[INFO] [stdout]   |
[INFO] [stdout] 4 | use sspi::builders::EmptyInitializeSecurityContext;
[INFO] [stdout]   |     ^^^^ use of undeclared crate or module `sspi`
[INFO] [stdout] 
[INFO] [stdout] 
[INFO] [stdout] error[E0433]: failed to resolve: use of undeclared crate or module `sspi`
[INFO] [stdout]  --> tests/common.rs:4:5
[INFO] [stdout]   |
[INFO] [stdout] 4 | use sspi::builders::EmptyInitializeSecurityContext;
[INFO] [stdout]   |     ^^^^ use of undeclared crate or module `sspi`
[INFO] [stdout] 
[INFO] [stdout] 
[INFO] [stdout] error[E0432]: unresolved import `sspi`
[INFO] [stdout]  --> tests/common.rs:5:5
[INFO] [stdout]   |
[INFO] [stdout] 5 | use sspi::{
[INFO] [stdout]   |     ^^^^ use of undeclared crate or module `sspi`
[INFO] [stdout] 
[INFO] [stdout] 
[INFO] [stdout] error[E0432]: unresolved import `sspi`
[INFO] [stdout]  --> tests/ntlm.rs:8:5
[INFO] [stdout]   |
[INFO] [stdout] 8 | use sspi::Ntlm;
[INFO] [stdout]   |     ^^^^ use of undeclared crate or module `sspi`
[INFO] [stdout] 
[INFO] [stdout] 
[INFO] [stdout] error[E0432]: unresolved import `sspi`
[INFO] [stdout]   --> examples/client.rs:12:5
[INFO] [stdout]    |
[INFO] [stdout] 12 | use sspi::{
[INFO] [stdout]    |     ^^^^ use of undeclared crate or module `sspi`
[INFO] [stdout] 
[INFO] [stdout] 
[INFO] [stdout] error[E0432]: unresolved import `sspi`
[INFO] [stdout]  --> tests/common.rs:5:5
[INFO] [stdout]   |
[INFO] [stdout] 5 | use sspi::{
[INFO] [stdout]   |     ^^^^ use of undeclared crate or module `sspi`
[INFO] [stdout] 
[INFO] [stdout] 
[INFO] [stdout] error[E0432]: unresolved import `sspi`
[INFO] [stdout]   --> examples/server.rs:10:5
[INFO] [stdout]    |
[INFO] [stdout] 10 | use sspi::{
[INFO] [stdout]    |     ^^^^ use of undeclared crate or module `sspi`
[INFO] [stdout] 
[INFO] [stdout] 
[INFO] [stdout] error[E0433]: failed to resolve: use of undeclared crate or module `sspi`
[INFO] [stdout]   --> tests/common.rs:44:6
[INFO] [stdout]    |
[INFO] [stdout] 44 | ) -> sspi::Result<T::CredentialsHandle>
[INFO] [stdout]    |      ^^^^ use of undeclared crate or module `sspi`
[INFO] [stdout] 
[INFO] [stdout] 
[INFO] [stdout] error[E0433]: failed to resolve: use of undeclared crate or module `sspi`
[INFO] [stdout]   --> tests/common.rs:72:63
[INFO] [stdout]    |
[INFO] [stdout] 72 | pub fn create_server_credentials_handle<T>(server: &mut T) -> sspi::Result<T::CredentialsHandle>
[INFO] [stdout]    |                                                               ^^^^ use of undeclared crate or module `sspi`
[INFO] [stdout] 
[INFO] [stdout] 
[INFO] [stdout] error[E0433]: failed to resolve: use of undeclared crate or module `sspi`
[INFO] [stdout]   --> tests/common.rs:96:6
[INFO] [stdout]    |
[INFO] [stdout] 96 | ) -> sspi::Result<(SecurityStatus, SecurityStatus)>
[INFO] [stdout]    |      ^^^^ use of undeclared crate or module `sspi`
[INFO] [stdout] 
[INFO] [stdout] 
[INFO] [stdout] error[E0433]: failed to resolve: use of undeclared crate or module `sspi`
[INFO] [stdout]    --> tests/common.rs:140:94
[INFO] [stdout]     |
[INFO] [stdout] 140 | pub fn try_complete_authentication<T>(server: &mut T, auth_server_status: SecurityStatus) -> sspi::Result<()>
[INFO] [stdout]     |                                                                                              ^^^^ use of undeclared crate or module `sspi`
[INFO] [stdout] 
[INFO] [stdout] 
[INFO] [stdout] error[E0433]: failed to resolve: use of undeclared crate or module `sspi`
[INFO] [stdout]    --> tests/common.rs:157:6
[INFO] [stdout]     |
[INFO] [stdout] 157 | ) -> sspi::Result<()>
[INFO] [stdout]     |      ^^^^ use of undeclared crate or module `sspi`
[INFO] [stdout] 
[INFO] [stdout] 
[INFO] [stdout] error[E0433]: failed to resolve: use of undeclared crate or module `sspi`
[INFO] [stdout]    --> tests/common.rs:175:85
[INFO] [stdout]     |
[INFO] [stdout] 175 | pub fn check_messages_encryption(client: &mut impl Sspi, server: &mut impl Sspi) -> sspi::Result<()> {
[INFO] [stdout]     |                                                                                     ^^^^ use of undeclared crate or module `sspi`
[INFO] [stdout] 
[INFO] [stdout] 
[INFO] [stdout] error: aborting due to 9 previous errors
[INFO] [stdout] 
[INFO] [stdout] 
[INFO] [stdout] Some errors have detailed explanations: E0432, E0433.
[INFO] [stdout] 
[INFO] [stdout] For more information about an error, try `rustc --explain E0432`.
[INFO] [stdout] 
[INFO] [stderr] error: could not compile `sspi-bobbobbio` (test "ntlm") due to 10 previous errors
[INFO] [stderr] warning: build failed, waiting for other jobs to finish...
[INFO] [stdout] error[E0433]: failed to resolve: use of undeclared crate or module `sspi`
[INFO] [stdout]   --> tests/common.rs:44:6
[INFO] [stdout]    |
[INFO] [stdout] 44 | ) -> sspi::Result<T::CredentialsHandle>
[INFO] [stdout]    |      ^^^^ use of undeclared crate or module `sspi`
[INFO] [stdout] 
[INFO] [stdout] 
[INFO] [stdout] error: aborting due to 2 previous errors
[INFO] [stdout] 
[INFO] [stdout] 
[INFO] [stdout] Some errors have detailed explanations: E0432, E0433.
[INFO] [stdout] 
[INFO] [stdout] error[E0433]: failed to resolve: use of undeclared crate or module `sspi`
[INFO] [stdout]   --> tests/common.rs:72:63
[INFO] [stdout]    |
[INFO] [stdout] 72 | pub fn create_server_credentials_handle<T>(server: &mut T) -> sspi::Result<T::CredentialsHandle>
[INFO] [stdout]    |                                                               ^^^^ use of undeclared crate or module `sspi`
[INFO] [stdout] 
[INFO] [stdout] 
[INFO] [stdout] For more information about an error, try `rustc --explain E0432`.
[INFO] [stdout] 
[INFO] [stdout] error[E0433]: failed to resolve: use of undeclared crate or module `sspi`
[INFO] [stdout]   --> tests/common.rs:96:6
[INFO] [stdout]    |
[INFO] [stdout] 96 | ) -> sspi::Result<(SecurityStatus, SecurityStatus)>
[INFO] [stdout]    |      ^^^^ use of undeclared crate or module `sspi`
[INFO] [stdout] 
[INFO] [stdout] 
[INFO] [stdout] error[E0433]: failed to resolve: use of undeclared crate or module `sspi`
[INFO] [stdout]    --> tests/common.rs:140:94
[INFO] [stdout]     |
[INFO] [stdout] 140 | pub fn try_complete_authentication<T>(server: &mut T, auth_server_status: SecurityStatus) -> sspi::Result<()>
[INFO] [stdout]     |                                                                                              ^^^^ use of undeclared crate or module `sspi`
[INFO] [stdout] 
[INFO] [stdout] 
[INFO] [stdout] error[E0433]: failed to resolve: use of undeclared crate or module `sspi`
[INFO] [stdout]    --> tests/common.rs:157:6
[INFO] [stdout]     |
[INFO] [stdout] 157 | ) -> sspi::Result<()>
[INFO] [stdout]     |      ^^^^ use of undeclared crate or module `sspi`
[INFO] [stdout] 
[INFO] [stdout] 
[INFO] [stdout] error[E0433]: failed to resolve: use of undeclared crate or module `sspi`
[INFO] [stdout]    --> tests/common.rs:175:85
[INFO] [stdout]     |
[INFO] [stdout] 175 | pub fn check_messages_encryption(client: &mut impl Sspi, server: &mut impl Sspi) -> sspi::Result<()> {
[INFO] [stdout]     |                                                                                     ^^^^ use of undeclared crate or module `sspi`
[INFO] [stdout] 
[INFO] [stdout] 
[INFO] [stdout] error: aborting due to 8 previous errors
[INFO] [stdout] 
[INFO] [stdout] 
[INFO] [stdout] Some errors have detailed explanations: E0432, E0433.
[INFO] [stdout] 
[INFO] [stdout] For more information about an error, try `rustc --explain E0432`.
[INFO] [stdout] 
[INFO] [stderr] error: could not compile `sspi-bobbobbio` (test "common") due to 9 previous errors
[INFO] [stderr] error: could not compile `sspi-bobbobbio` (example "client") due to 3 previous errors
[INFO] [stdout] error[E0433]: failed to resolve: use of undeclared crate or module `sspi`
[INFO] [stdout]   --> examples/server.rs:71:106
[INFO] [stdout]    |
[INFO] [stdout] 71 | fn do_authentication(ntlm: &mut Ntlm, identity: &AuthIdentity, mut stream: &mut TcpStream) -> Result<(), sspi::Error> {
[INFO] [stdout]    |                                                                                                          ^^^^ use of undeclared crate or module `sspi`
[INFO] [stdout] 
[INFO] [stdout] 
[INFO] [stdout] error: aborting due to 2 previous errors
[INFO] [stdout] 
[INFO] [stdout] 
[INFO] [stdout] Some errors have detailed explanations: E0432, E0433.
[INFO] [stdout] 
[INFO] [stdout] For more information about an error, try `rustc --explain E0432`.
[INFO] [stdout] 
[INFO] [stderr] error: could not compile `sspi-bobbobbio` (example "server") due to 3 previous errors
[INFO] running `Command { std: "docker" "inspect" "89068fca78756939ec79b1aecf632b298fe71af43647ce3bd7dc534418dd5906", kill_on_drop: false }`
[INFO] running `Command { std: "docker" "rm" "-f" "89068fca78756939ec79b1aecf632b298fe71af43647ce3bd7dc534418dd5906", kill_on_drop: false }`
[INFO] [stdout] 89068fca78756939ec79b1aecf632b298fe71af43647ce3bd7dc534418dd5906
