[INFO] fetching crate ssi-vc 0.2.1...
[INFO] testing ssi-vc-0.2.1 against 1.75.0 for beta-1.76-1
[INFO] extracting crate ssi-vc 0.2.1 into /workspace/builds/worker-1-tc1/source
[INFO] validating manifest of crates.io crate ssi-vc 0.2.1 on toolchain 1.75.0
[INFO] running `Command { std: CARGO_HOME="/workspace/cargo-home" RUSTUP_HOME="/workspace/rustup-home" "/workspace/cargo-home/bin/cargo" "+1.75.0" "metadata" "--manifest-path" "Cargo.toml" "--no-deps", kill_on_drop: false }`
[INFO] started tweaking crates.io crate ssi-vc 0.2.1
[INFO] finished tweaking crates.io crate ssi-vc 0.2.1
[INFO] tweaked toml for crates.io crate ssi-vc 0.2.1 written to /workspace/builds/worker-1-tc1/source/Cargo.toml
[INFO] running `Command { std: CARGO_HOME="/workspace/cargo-home" RUSTUP_HOME="/workspace/rustup-home" "/workspace/cargo-home/bin/cargo" "+1.75.0" "generate-lockfile" "--manifest-path" "Cargo.toml", kill_on_drop: false }`
[INFO] [stderr]     Updating crates.io index
[INFO] running `Command { std: CARGO_HOME="/workspace/cargo-home" RUSTUP_HOME="/workspace/rustup-home" "/workspace/cargo-home/bin/cargo" "+1.75.0" "fetch" "--manifest-path" "Cargo.toml", kill_on_drop: false }`
[INFO] [stderr]  Downloading crates ...
[INFO] [stderr]   Downloaded keccak-hash v0.7.0
[INFO] [stderr]   Downloaded simple_asn1 v0.5.4
[INFO] [stderr]   Downloaded ssi-contexts v0.1.5
[INFO] [stderr]   Downloaded mown v0.2.2
[INFO] [stderr]   Downloaded locspan v0.7.16
[INFO] [stderr]   Downloaded serde_jcs v0.1.0
[INFO] [stderr]   Downloaded json-ld-core v0.12.1
[INFO] [stderr]   Downloaded primitive-types v0.9.1
[INFO] [stderr]   Downloaded json-ld v0.12.1
[INFO] [stderr]   Downloaded decoded-char v0.1.1
[INFO] [stderr]   Downloaded static-iref v2.0.0
[INFO] [stderr]   Downloaded contextual v0.1.6
[INFO] [stderr]   Downloaded ssi-jwk v0.1.2
[INFO] [stderr]   Downloaded ssi-ldp v0.3.2
[INFO] [stderr]   Downloaded siwe v0.5.2
[INFO] [stderr]   Downloaded josekit v0.8.4
[INFO] [stderr]   Downloaded iri-string v0.6.0
[INFO] [stderr]   Downloaded json-syntax v0.9.6
[INFO] [stderr]   Downloaded json-ld-syntax v0.12.1
[INFO] [stderr]   Downloaded cached v0.30.0
[INFO] [stderr]   Downloaded libipld v0.14.0
[INFO] [stderr]   Downloaded grdf v0.16.3
[INFO] [stderr]   Downloaded ryu_floating_decimal v0.1.0
[INFO] [stderr]   Downloaded ssi-json-ld v0.2.2
[INFO] [stderr]   Downloaded json-number v0.4.6
[INFO] [stderr]   Downloaded iref v2.2.3
[INFO] [stderr]   Downloaded siwe-recap v0.1.0
[INFO] [stderr]   Downloaded json-ld-expansion v0.12.1
[INFO] [stderr]   Downloaded ssi-jws v0.1.1
[INFO] [stderr]   Downloaded ssi-crypto v0.1.1
[INFO] [stderr]   Downloaded rdf-types v0.12.19
[INFO] [stderr]   Downloaded libipld-cbor v0.14.0
[INFO] [stderr]   Downloaded ssi-dids v0.1.1
[INFO] [stderr]   Downloaded json-ld-compaction v0.12.1
[INFO] [stderr]   Downloaded json-ld-context-processing v0.12.1
[INFO] [stderr]   Downloaded cacaos v0.5.1
[INFO] [stderr]   Downloaded libipld-cbor-derive v0.14.0
[INFO] [stderr]   Downloaded libipld-macro v0.14.0
[INFO] [stderr]   Downloaded ssi-jwt v0.1.1
[INFO] [stderr]   Downloaded ssi-caips v0.1.0
[INFO] [stderr]   Downloaded ssi-core v0.1.0
[INFO] [stderr]   Downloaded combination v0.1.5
[INFO] [stderr]   Downloaded pretty_dtoa v0.3.0
[INFO] [stderr]   Downloaded locspan-derive v0.6.0
[INFO] [stderr]   Downloaded langtag v0.3.4
[INFO] running `Command { std: "docker" "create" "-v" "/var/lib/crater-agent-workspace/builds/worker-1-tc1/target:/opt/rustwide/target:rw,Z" "-v" "/var/lib/crater-agent-workspace/builds/worker-1-tc1/source:/opt/rustwide/workdir:ro,Z" "-v" "/var/lib/crater-agent-workspace/cargo-home:/opt/rustwide/cargo-home:ro,Z" "-v" "/var/lib/crater-agent-workspace/rustup-home:/opt/rustwide/rustup-home:ro,Z" "-e" "SOURCE_DIR=/opt/rustwide/workdir" "-e" "CARGO_TARGET_DIR=/opt/rustwide/target" "-e" "CARGO_HOME=/opt/rustwide/cargo-home" "-e" "RUSTUP_HOME=/opt/rustwide/rustup-home" "-w" "/opt/rustwide/workdir" "-m" "1610612736" "--user" "0:0" "--network" "none" "ghcr.io/rust-lang/crates-build-env/linux@sha256:2788e3201cd34a07e3172128adcd8b3090168a8e3bcc40d7c032b9dda1df7d1c" "/opt/rustwide/cargo-home/bin/cargo" "+1.75.0" "metadata" "--no-deps" "--format-version=1", kill_on_drop: false }`
[INFO] [stdout] 915e1e894272a063b968b4cff14c5d6d313ddf4c0856c335bcc5e1e8a2280fa8
[INFO] running `Command { std: "docker" "start" "-a" "915e1e894272a063b968b4cff14c5d6d313ddf4c0856c335bcc5e1e8a2280fa8", kill_on_drop: false }`
[INFO] running `Command { std: "docker" "inspect" "915e1e894272a063b968b4cff14c5d6d313ddf4c0856c335bcc5e1e8a2280fa8", kill_on_drop: false }`
[INFO] running `Command { std: "docker" "rm" "-f" "915e1e894272a063b968b4cff14c5d6d313ddf4c0856c335bcc5e1e8a2280fa8", kill_on_drop: false }`
[INFO] [stdout] 915e1e894272a063b968b4cff14c5d6d313ddf4c0856c335bcc5e1e8a2280fa8
[INFO] running `Command { std: "docker" "create" "-v" "/var/lib/crater-agent-workspace/builds/worker-1-tc1/target:/opt/rustwide/target:rw,Z" "-v" "/var/lib/crater-agent-workspace/builds/worker-1-tc1/source:/opt/rustwide/workdir:ro,Z" "-v" "/var/lib/crater-agent-workspace/cargo-home:/opt/rustwide/cargo-home:ro,Z" "-v" "/var/lib/crater-agent-workspace/rustup-home:/opt/rustwide/rustup-home:ro,Z" "-e" "SOURCE_DIR=/opt/rustwide/workdir" "-e" "CARGO_TARGET_DIR=/opt/rustwide/target" "-e" "CARGO_INCREMENTAL=0" "-e" "RUST_BACKTRACE=full" "-e" "RUSTFLAGS=--cap-lints=warn" "-e" "RUSTDOCFLAGS=--cap-lints=warn" "-e" "CARGO_HOME=/opt/rustwide/cargo-home" "-e" "RUSTUP_HOME=/opt/rustwide/rustup-home" "-w" "/opt/rustwide/workdir" "-m" "1610612736" "--user" "0:0" "--network" "none" "ghcr.io/rust-lang/crates-build-env/linux@sha256:2788e3201cd34a07e3172128adcd8b3090168a8e3bcc40d7c032b9dda1df7d1c" "/opt/rustwide/cargo-home/bin/cargo" "+1.75.0" "build" "--frozen" "--message-format=json", kill_on_drop: false }`
[INFO] [stdout] ef6fdf8bece651f5e86710cee10058b5808e2531cf958cb3fae4eadb382f9a2c
[INFO] running `Command { std: "docker" "start" "-a" "ef6fdf8bece651f5e86710cee10058b5808e2531cf958cb3fae4eadb382f9a2c", kill_on_drop: false }`
[INFO] [stderr]    Compiling proc-macro2 v1.0.75
[INFO] [stderr]    Compiling subtle v2.5.0
[INFO] [stderr]    Compiling libc v0.2.151
[INFO] [stderr]    Compiling generic-array v0.14.7
[INFO] [stderr]    Compiling syn v1.0.109
[INFO] [stderr]    Compiling const-oid v0.9.6
[INFO] [stderr]    Compiling serde v1.0.194
[INFO] [stderr]    Compiling pin-project-lite v0.2.13
[INFO] [stderr]    Compiling base64ct v1.6.0
[INFO] [stderr]    Compiling futures-core v0.3.30
[INFO] [stderr]    Compiling proc-macro-error-attr v1.0.4
[INFO] [stderr]    Compiling futures-io v0.3.30
[INFO] [stderr]    Compiling proc-macro-error v1.0.4
[INFO] [stderr]    Compiling slab v0.4.9
[INFO] [stderr]    Compiling value-bag v1.4.3
[INFO] [stderr]    Compiling pem-rfc7468 v0.7.0
[INFO] [stderr]    Compiling lexical-util v0.8.5
[INFO] [stderr]    Compiling log v0.4.20
[INFO] [stderr]    Compiling ahash v0.8.7
[INFO] [stderr]    Compiling futures-sink v0.3.30
[INFO] [stderr]    Compiling quote v1.0.35
[INFO] [stderr]    Compiling getrandom v0.2.11
[INFO] [stderr]    Compiling byteorder v1.5.0
[INFO] [stderr]    Compiling data-encoding v2.5.0
[INFO] [stderr]    Compiling libm v0.2.8
[INFO] [stderr]    Compiling syn v2.0.48
[INFO] [stderr]    Compiling rand_core v0.6.4
[INFO] [stderr]    Compiling cc v1.0.83
[INFO] [stderr]    Compiling futures-channel v0.3.30
[INFO] [stderr]    Compiling num-traits v0.2.17
[INFO] [stderr]    Compiling futures-task v0.3.30
[INFO] [stderr]    Compiling parking v2.2.0
[INFO] [stderr]    Compiling utf8-decode v1.0.1
[INFO] [stderr]    Compiling pct-str v1.2.0
[INFO] [stderr]    Compiling lexical-write-integer v0.8.5
[INFO] [stderr]    Compiling lexical-parse-integer v0.8.6
[INFO] [stderr]    Compiling hashbrown v0.13.2
[INFO] [stderr]    Compiling concurrent-queue v2.4.0
[INFO] [stderr]    Compiling ff v0.13.0
[INFO] [stderr]    Compiling tracing-core v0.1.32
[INFO] [stderr]    Compiling base16ct v0.2.0
[INFO] [stderr]    Compiling base-x v0.2.11
[INFO] [stderr]    Compiling group v0.13.0
[INFO] [stderr]    Compiling lexical-parse-float v0.8.5
[INFO] [stderr]    Compiling lexical-write-float v0.8.5
[INFO] [stderr]    Compiling tracing v0.1.40
[INFO] [stderr]    Compiling contextual v0.1.6
[INFO] [stderr]    Compiling unsigned-varint v0.7.2
[INFO] [stderr]    Compiling rand_chacha v0.3.1
[INFO] [stderr]    Compiling lexical-core v0.8.5
[INFO] [stderr]    Compiling locspan v0.7.16
[INFO] [stderr]    Compiling ahash v0.7.7
[INFO] [stderr]    Compiling indexmap v1.9.3
[INFO] [stderr]    Compiling ryu-js v0.2.2
[INFO] [stderr]    Compiling bytes v1.5.0
[INFO] [stderr]    Compiling hashbrown v0.12.3
[INFO] [stderr]    Compiling lexical v6.1.1
[INFO] [stderr]    Compiling rand v0.8.5
[INFO] [stderr]    Compiling event-listener v4.0.2
[INFO] [stderr]    Compiling pem-rfc7468 v0.3.1
[INFO] [stderr]    Compiling num-integer v0.1.45
[INFO] [stderr]    Compiling const-oid v0.7.1
[INFO] [stderr]    Compiling tiny-keccak v2.0.2
[INFO] [stderr]    Compiling ryu_floating_decimal v0.1.0
[INFO] [stderr]    Compiling langtag v0.3.4
[INFO] [stderr]    Compiling event-listener-strategy v0.4.0
[INFO] [stderr]    Compiling uint v0.9.5
[INFO] [stderr]    Compiling fixed-hash v0.7.0
[INFO] [stderr]    Compiling smallstr v0.3.0
[INFO] [stderr]    Compiling num-iter v0.1.43
[INFO] [stderr]    Compiling platforms v3.3.0
[INFO] [stderr]    Compiling spin v0.5.2
[INFO] [stderr]    Compiling unicode-xid v0.2.4
[INFO] [stderr]    Compiling fastrand v2.0.1
[INFO] [stderr]    Compiling decoded-char v0.1.1
[INFO] [stderr]    Compiling lazy_static v1.4.0
[INFO] [stderr]    Compiling synstructure v0.12.6
[INFO] [stderr]    Compiling primitive-types v0.9.1
[INFO] [stderr]    Compiling curve25519-dalek v4.1.1
[INFO] [stderr]    Compiling ring v0.17.7
[INFO] [stderr]    Compiling blake3 v1.5.0
[INFO] [stderr]    Compiling iref v2.2.3
[INFO] [stderr]    Compiling rustix v0.38.28
[INFO] [stderr]    Compiling num-bigint-dig v0.8.4
[INFO] [stderr]    Compiling serde_json v1.0.111
[INFO] [stderr]    Compiling pretty_dtoa v0.3.0
[INFO] [stderr]    Compiling futures-lite v2.1.0
[INFO] [stderr]    Compiling static-iref v2.0.0
[INFO] [stderr]    Compiling keccak-hash v0.7.0
[INFO] [stderr]    Compiling async-lock v3.2.0
[INFO] [stderr]    Compiling http v0.2.11
[INFO] [stderr]    Compiling iana-time-zone v0.1.59
[INFO] [stderr]    Compiling mown v0.2.2
[INFO] [stderr]    Compiling bitflags v2.4.1
[INFO] [stderr]    Compiling permutohedron v0.2.4
[INFO] [stderr]    Compiling linux-raw-sys v0.4.12
[INFO] [stderr]    Compiling io-lifetimes v1.0.11
[INFO] [stderr]    Compiling num-bigint v0.4.4
[INFO] [stderr]    Compiling data-encoding-macro-internal v0.1.12
[INFO] [stderr]    Compiling locspan-derive v0.6.0
[INFO] [stderr]    Compiling derivative v2.2.0
[INFO] [stderr]    Compiling ff v0.12.1
[INFO] [stderr]    Compiling socket2 v0.5.5
[INFO] [stderr]    Compiling mio v0.8.10
[INFO] [stderr]    Compiling data-encoding-macro v0.1.14
[INFO] [stderr]    Compiling multibase v0.9.1
[INFO] [stderr]    Compiling zeroize_derive v1.4.2
[INFO] [stderr]    Compiling serde_derive v1.0.194
[INFO] [stderr]    Compiling thiserror-impl v1.0.56
[INFO] [stderr]    Compiling futures-macro v0.3.30
[INFO] [stderr]    Compiling curve25519-dalek-derive v0.1.1
[INFO] [stderr]    Compiling zeroize v1.7.0
[INFO] [stderr]    Compiling der v0.7.8
[INFO] [stderr]    Compiling block-buffer v0.10.4
[INFO] [stderr]    Compiling crypto-common v0.1.6
[INFO] [stderr]    Compiling thiserror v1.0.56
[INFO] [stderr]    Compiling crypto-bigint v0.5.5
[INFO] [stderr]    Compiling block-buffer v0.9.0
[INFO] [stderr]    Compiling digest v0.10.7
[INFO] [stderr]    Compiling crypto-bigint v0.3.2
[INFO] [stderr]    Compiling futures-util v0.3.30
[INFO] [stderr]    Compiling hmac v0.12.1
[INFO] [stderr]    Compiling sha2 v0.10.8
[INFO] [stderr]    Compiling spki v0.7.3
[INFO] [stderr]    Compiling signature v2.2.0
[INFO] [stderr]    Compiling pkcs8 v0.10.2
[INFO] [stderr]    Compiling rfc6979 v0.4.0
[INFO] [stderr]    Compiling digest v0.9.0
[INFO] [stderr]    Compiling sec1 v0.7.3
[INFO] [stderr]    Compiling der v0.5.1
[INFO] [stderr]    Compiling sha2 v0.9.9
[INFO] [stderr]    Compiling proc-macro-crate v1.1.3
[INFO] [stderr]    Compiling der v0.6.1
[INFO] [stderr]    Compiling bs58 v0.4.0
[INFO] [stderr]    Compiling ripemd160 v0.9.1
[INFO] [stderr]    Compiling multihash-derive v0.8.1
[INFO] [stderr]    Compiling elliptic-curve v0.13.8
[INFO] [stderr]    Compiling spki v0.5.4
[INFO] [stderr]    Compiling pkcs8 v0.8.0
[INFO] [stderr]    Compiling spki v0.6.0
[INFO] [stderr]    Compiling ecdsa v0.16.9
[INFO] [stderr]    Compiling pkcs8 v0.9.0
[INFO] [stderr]    Compiling pkcs1 v0.3.3
[INFO] [stderr]    Compiling primeorder v0.13.6
[INFO] [stderr]    Compiling k256 v0.13.2
[INFO] [stderr]    Compiling ed25519 v2.2.3
[INFO] [stderr]    Compiling sha3 v0.10.8
[INFO] [stderr]    Compiling crypto-bigint v0.4.9
[INFO] [stderr]    Compiling futures-executor v0.3.30
[INFO] [stderr]    Compiling futures v0.3.30
[INFO] [stderr]    Compiling ssi-crypto v0.1.1
[INFO] [stderr]    Compiling core2 v0.4.0
[INFO] [stderr]    Compiling polling v2.8.0
[INFO] [stderr]    Compiling strsim v0.9.3
[INFO] [stderr]    Compiling base64 v0.12.3
[INFO] [stderr]    Compiling async-trait v0.1.77
[INFO] [stderr]    Compiling rustix v0.37.27
[INFO] [stderr]    Compiling atomic-waker v1.1.2
[INFO] [stderr]    Compiling async-task v4.7.0
[INFO] [stderr]    Compiling spin v0.9.8
[INFO] [stderr]    Compiling base16ct v0.1.1
[INFO] [stderr]    Compiling untrusted v0.9.0
[INFO] [stderr]    Compiling form_urlencoded v1.2.1
[INFO] [stderr]    Compiling ed25519-dalek v2.1.0
[INFO] [stderr]    Compiling sec1 v0.3.0
[INFO] [stderr]    Compiling piper v0.2.1
[INFO] [stderr]    Compiling darling_core v0.10.2
[INFO] [stderr]    Compiling darling_core v0.20.3
[INFO] [stderr]    Compiling rsa v0.6.1
[INFO] [stderr]    Compiling multihash v0.16.3
[INFO] [stderr]    Compiling p256 v0.13.2
[INFO] [stderr]    Compiling polling v3.3.1
[INFO] [stderr]    Compiling tokio v1.35.1
[INFO] [stderr]    Compiling group v0.12.1
[INFO] [stderr]    Compiling num-derive v0.3.3
[INFO] [stderr]    Compiling async-channel v2.1.1
[INFO] [stderr]    Compiling waker-fn v1.1.1
[INFO] [stderr]    Compiling linux-raw-sys v0.3.8
[INFO] [stderr]    Compiling blocking v1.5.1
[INFO] [stderr]    Compiling futures-lite v1.13.0
[INFO] [stderr]    Compiling json-number v0.4.6
[INFO] [stderr]    Compiling chrono v0.4.31
[INFO] [stderr]    Compiling json-syntax v0.9.6
[INFO] [stderr]    Compiling rdf-types v0.12.19
[INFO] [stderr]    Compiling darling_macro v0.10.2
[INFO] [stderr]    Compiling darling_macro v0.20.3
[INFO] [stderr]    Compiling cid v0.8.6
[INFO] [stderr]    Compiling elliptic-curve v0.12.3
[INFO] [stderr]    Compiling json-ld-syntax v0.12.1
[INFO] [stderr]    Compiling async-io v2.2.2
[INFO] [stderr]    Compiling simple_asn1 v0.5.4
[INFO] [stderr]    Compiling async-executor v1.8.0
[INFO] [stderr]    Compiling async-lock v2.8.0
[INFO] [stderr]    Compiling json-ld-core v0.12.1
[INFO] [stderr]    Compiling ssi-jwk v0.1.2
[INFO] [stderr]    Compiling rfc6979 v0.3.1
[INFO] [stderr]    Compiling signature v1.6.4
[INFO] [stderr]    Compiling clear_on_drop v0.2.5
[INFO] [stderr]    Compiling socket2 v0.4.10
[INFO] [stderr]    Compiling hashbrown v0.14.3
[INFO] [stderr]    Compiling httparse v1.8.0
[INFO] [stderr]    Compiling equivalent v1.0.1
[INFO] [stderr]    Compiling powerfmt v0.2.0
[INFO] [stderr]    Compiling rustls v0.21.10
[INFO] [stderr]    Compiling deranged v0.3.11
[INFO] [stderr]    Compiling async-io v1.13.0
[INFO] [stderr]    Compiling ecdsa v0.14.8
[INFO] [stderr]    Compiling indexmap v2.1.0
[INFO] [stderr]    Compiling tokio-util v0.7.10
[INFO] [stderr]    Compiling async-global-executor v2.4.1
[INFO] [stderr]    Compiling darling v0.20.3
[INFO] [stderr]    Compiling darling v0.10.2
[INFO] [stderr]    Compiling unicode-normalization v0.1.22
[INFO] [stderr]    Compiling libipld-core v0.14.0
[INFO] [stderr]    Compiling rustls-webpki v0.101.7
[INFO] [stderr]    Compiling json-ld-context-processing v0.12.1
[INFO] [stderr]    Compiling sct v0.7.1
[INFO] [stderr]    Compiling async-channel v1.9.0
[INFO] [stderr]    Compiling async-attributes v1.1.2
[INFO] [stderr]    Compiling kv-log-macro v1.0.7
[INFO] [stderr]    Compiling derive_builder v0.9.0
[INFO] [stderr]    Compiling unicode-bidi v0.3.14
[INFO] [stderr]    Compiling time-core v0.1.2
[INFO] [stderr]    Compiling try-lock v0.2.5
[INFO] [stderr]    Compiling time v0.3.31
[INFO] [stderr]    Compiling want v0.3.1
[INFO] [stderr]    Compiling json-ld-expansion v0.12.1
[INFO] [stderr]    Compiling derive_builder_core v0.9.0
[INFO] [stderr]    Compiling serde_with_macros v2.3.3
[INFO] [stderr]    Compiling async-std v1.12.0
[INFO] [stderr]    Compiling idna v0.5.0
[INFO] [stderr]    Compiling h2 v0.3.22
[INFO] [stderr]    Compiling json-ld-compaction v0.12.1
[INFO] [stderr]    Compiling k256 v0.11.6
[INFO] [stderr]    Compiling json-ld v0.12.1
[INFO] [stderr]    Compiling parking_lot_core v0.9.9
[INFO] [stderr]    Compiling grdf v0.16.3
[INFO] [stderr]    Compiling serde_urlencoded v0.7.1
[INFO] [stderr]    Compiling iri-string v0.6.0
[INFO] [stderr]    Compiling blake2 v0.10.6
[INFO] [stderr]    Compiling http-body v0.4.6
[INFO] [stderr]    Compiling combination v0.1.5
[INFO] [stderr]    Compiling httpdate v1.0.3
[INFO] [stderr]    Compiling ssi-contexts v0.1.5
[INFO] [stderr]    Compiling tower-service v0.3.2
[INFO] [stderr]    Compiling radium v0.6.2
[INFO] [stderr]    Compiling ssi-json-ld v0.2.2
[INFO] [stderr]    Compiling crc32fast v1.3.2
[INFO] [stderr]    Compiling cached v0.30.0
[INFO] [stderr]    Compiling ssi-jws v0.1.1
[INFO] [stderr]    Compiling tokio-rustls v0.24.1
[INFO] [stderr]    Compiling parking_lot v0.12.1
[INFO] [stderr]    Compiling hyper v0.14.28
[INFO] [stderr]    Compiling siwe v0.5.2
[INFO] [stderr]    Compiling serde_with v2.3.3
[INFO] [stderr]    Compiling url v2.5.0
[INFO] [stderr]    Compiling libipld-cbor v0.14.0
[INFO] [stderr]    Compiling libipld-macro v0.14.0
[INFO] [stderr]    Compiling ssi-core v0.1.0
[INFO] [stderr]    Compiling ssi-caips v0.1.0
[INFO] [stderr]    Compiling libipld-cbor-derive v0.14.0
[INFO] [stderr]    Compiling multibase v0.8.0
[INFO] [stderr]    Compiling adler v1.0.2
[INFO] [stderr]    Compiling rustls-pemfile v1.0.4
[INFO] [stderr]    Compiling miniz_oxide v0.7.1
[INFO] [stderr]    Compiling serde_jcs v0.1.0
[INFO] [stderr]    Compiling ssi-dids v0.1.1
[INFO] [stderr]    Compiling hyper-rustls v0.24.2
[INFO] [stderr]    Compiling encoding_rs v0.8.33
[INFO] [stderr]    Compiling funty v1.1.0
[INFO] [stderr]    Compiling webpki-roots v0.25.3
[INFO] [stderr]    Compiling ipnet v2.9.0
[INFO] [stderr]    Compiling wyz v0.2.0
[INFO] [stderr]    Compiling tap v1.0.1
[INFO] [stderr]    Compiling flate2 v1.0.28
[INFO] [stderr]    Compiling bitvec v0.20.4
[INFO] [stderr]    Compiling libipld v0.14.0
[INFO] [stderr]    Compiling ssi-jwt v0.1.1
[INFO] [stderr]    Compiling cacaos v0.5.1
[INFO] [stderr]    Compiling siwe-recap v0.1.0
[INFO] [stderr]    Compiling ssi-ldp v0.3.2
[INFO] [stderr]    Compiling reqwest v0.11.23
[INFO] [stderr]    Compiling ssi-vc v0.2.1 (/opt/rustwide/workdir)
[INFO] [stderr]     Finished dev [unoptimized + debuginfo] target(s) in 2m 51s
[INFO] running `Command { std: "docker" "inspect" "ef6fdf8bece651f5e86710cee10058b5808e2531cf958cb3fae4eadb382f9a2c", kill_on_drop: false }`
[INFO] running `Command { std: "docker" "rm" "-f" "ef6fdf8bece651f5e86710cee10058b5808e2531cf958cb3fae4eadb382f9a2c", kill_on_drop: false }`
[INFO] [stdout] ef6fdf8bece651f5e86710cee10058b5808e2531cf958cb3fae4eadb382f9a2c
[INFO] running `Command { std: "docker" "create" "-v" "/var/lib/crater-agent-workspace/builds/worker-1-tc1/target:/opt/rustwide/target:rw,Z" "-v" "/var/lib/crater-agent-workspace/builds/worker-1-tc1/source:/opt/rustwide/workdir:ro,Z" "-v" "/var/lib/crater-agent-workspace/cargo-home:/opt/rustwide/cargo-home:ro,Z" "-v" "/var/lib/crater-agent-workspace/rustup-home:/opt/rustwide/rustup-home:ro,Z" "-e" "SOURCE_DIR=/opt/rustwide/workdir" "-e" "CARGO_TARGET_DIR=/opt/rustwide/target" "-e" "CARGO_INCREMENTAL=0" "-e" "RUST_BACKTRACE=full" "-e" "RUSTFLAGS=--cap-lints=warn" "-e" "RUSTDOCFLAGS=--cap-lints=warn" "-e" "CARGO_HOME=/opt/rustwide/cargo-home" "-e" "RUSTUP_HOME=/opt/rustwide/rustup-home" "-w" "/opt/rustwide/workdir" "-m" "1610612736" "--user" "0:0" "--network" "none" "ghcr.io/rust-lang/crates-build-env/linux@sha256:2788e3201cd34a07e3172128adcd8b3090168a8e3bcc40d7c032b9dda1df7d1c" "/opt/rustwide/cargo-home/bin/cargo" "+1.75.0" "test" "--frozen" "--no-run" "--message-format=json", kill_on_drop: false }`
[INFO] [stdout] 7b842d6f022cecb1aa89bde4aa5c01e60f837f3a3187f99c9e0f291a2ed979da
[INFO] running `Command { std: "docker" "start" "-a" "7b842d6f022cecb1aa89bde4aa5c01e60f837f3a3187f99c9e0f291a2ed979da", kill_on_drop: false }`
[INFO] [stderr]    Compiling syn v1.0.109
[INFO] [stderr]    Compiling serde_json v1.0.111
[INFO] [stderr]    Compiling openssl-sys v0.9.98
[INFO] [stderr]    Compiling rstest_macros v0.17.0
[INFO] [stderr]    Compiling regex-syntax v0.8.2
[INFO] [stderr]    Compiling openssl v0.10.62
[INFO] [stderr]    Compiling openssl-macros v0.1.1
[INFO] [stderr]    Compiling futures-timer v3.0.2
[INFO] [stderr]    Compiling serde_jcs v0.1.0
[INFO] [stderr]    Compiling siwe-recap v0.1.0
[INFO] [stderr]    Compiling reqwest v0.11.23
[INFO] [stderr]    Compiling regex-automata v0.4.3
[INFO] [stderr]    Compiling proc-macro-error v1.0.4
[INFO] [stderr]    Compiling synstructure v0.12.6
[INFO] [stderr]    Compiling darling_core v0.10.2
[INFO] [stderr]    Compiling regex v1.10.2
[INFO] [stderr]    Compiling data-encoding-macro-internal v0.1.12
[INFO] [stderr]    Compiling locspan-derive v0.6.0
[INFO] [stderr]    Compiling derivative v2.2.0
[INFO] [stderr]    Compiling multihash-derive v0.8.1
[INFO] [stderr]    Compiling num-derive v0.3.3
[INFO] [stderr]    Compiling darling_macro v0.10.2
[INFO] [stderr]    Compiling async-attributes v1.1.2
[INFO] [stderr]    Compiling data-encoding-macro v0.1.14
[INFO] [stderr]    Compiling multibase v0.9.1
[INFO] [stderr]    Compiling darling v0.10.2
[INFO] [stderr]    Compiling derive_builder_core v0.9.0
[INFO] [stderr]    Compiling multibase v0.8.0
[INFO] [stderr]    Compiling libipld-cbor-derive v0.14.0
[INFO] [stderr]    Compiling derive_builder v0.9.0
[INFO] [stderr]    Compiling multihash v0.16.3
[INFO] [stderr]    Compiling cid v0.8.6
[INFO] [stderr]    Compiling async-std v1.12.0
[INFO] [stderr]    Compiling rdf-types v0.12.19
[INFO] [stderr]    Compiling json-syntax v0.9.6
[INFO] [stderr]    Compiling ssi-jwk v0.1.2
[INFO] [stderr]    Compiling libipld-core v0.14.0
[INFO] [stderr]    Compiling libipld-cbor v0.14.0
[INFO] [stderr]    Compiling libipld-macro v0.14.0
[INFO] [stderr]    Compiling josekit v0.8.4
[INFO] [stderr]    Compiling ssi-jws v0.1.1
[INFO] [stderr]    Compiling ssi-caips v0.1.0
[INFO] [stderr]    Compiling json-ld-syntax v0.12.1
[INFO] [stderr]    Compiling grdf v0.16.3
[INFO] [stderr]    Compiling libipld v0.14.0
[INFO] [stderr]    Compiling ssi-jwt v0.1.1
[INFO] [stderr]    Compiling json-ld-core v0.12.1
[INFO] [stderr]    Compiling cacaos v0.5.1
[INFO] [stderr]    Compiling rstest v0.17.0
[INFO] [stderr]    Compiling json-ld-context-processing v0.12.1
[INFO] [stderr]    Compiling json-ld-expansion v0.12.1
[INFO] [stderr]    Compiling json-ld-compaction v0.12.1
[INFO] [stderr]    Compiling json-ld v0.12.1
[INFO] [stderr]    Compiling ssi-json-ld v0.2.2
[INFO] [stderr]    Compiling ssi-dids v0.1.1
[INFO] [stderr]    Compiling ssi-ldp v0.3.2
[INFO] [stderr]    Compiling ssi-vc v0.2.1 (/opt/rustwide/workdir)
[INFO] [stdout] error: couldn't read src/../../tests/rsa2048-2020-08-25.json: No such file or directory (os error 2)
[INFO] [stdout]    --> src/cacao.rs:129:32
[INFO] [stdout]     |
[INFO] [stdout] 129 |     const JWK_JSON_FOO: &str = include_str!("../../tests/rsa2048-2020-08-25.json");
[INFO] [stdout]     |                                ^^^^^^^^^^^^^^^^^^^^^^^^^^^^^^^^^^^^^^^^^^^^^^^^^^^
[INFO] [stdout]     |
[INFO] [stdout]     = note: this error originates in the macro `include_str` (in Nightly builds, run with -Z macro-backtrace for more info)
[INFO] [stdout] 
[INFO] [stdout] 
[INFO] [stdout] error: couldn't read src/../../tests/ed25519-2021-06-16.json: No such file or directory (os error 2)
[INFO] [stdout]    --> src/cacao.rs:133:32
[INFO] [stdout]     |
[INFO] [stdout] 133 |     const JWK_JSON_BAR: &str = include_str!("../../tests/ed25519-2021-06-16.json");
[INFO] [stdout]     |                                ^^^^^^^^^^^^^^^^^^^^^^^^^^^^^^^^^^^^^^^^^^^^^^^^^^^
[INFO] [stdout]     |
[INFO] [stdout]     = note: this error originates in the macro `include_str` (in Nightly builds, run with -Z macro-backtrace for more info)
[INFO] [stdout] 
[INFO] [stdout] 
[INFO] [stdout] error: couldn't read src/../../tests/revocationList.json: No such file or directory (os error 2)
[INFO] [stdout]     --> src/lib.rs:1926:9
[INFO] [stdout]      |
[INFO] [stdout] 1926 |         include_bytes!("../../tests/revocationList.json");
[INFO] [stdout]      |         ^^^^^^^^^^^^^^^^^^^^^^^^^^^^^^^^^^^^^^^^^^^^^^^^^
[INFO] [stdout]      |
[INFO] [stdout]      = note: this error originates in the macro `include_bytes` (in Nightly builds, run with -Z macro-backtrace for more info)
[INFO] [stdout] 
[INFO] [stdout] 
[INFO] [stdout] error: couldn't read src/../../tests/statusList.json: No such file or directory (os error 2)
[INFO] [stdout]     --> src/lib.rs:1929:49
[INFO] [stdout]      |
[INFO] [stdout] 1929 |     pub const EXAMPLE_STATUS_LIST_2021: &[u8] = include_bytes!("../../tests/statusList.json");
[INFO] [stdout]      |                                                 ^^^^^^^^^^^^^^^^^^^^^^^^^^^^^^^^^^^^^^^^^^^^^
[INFO] [stdout]      |
[INFO] [stdout]      = note: this error originates in the macro `include_bytes` (in Nightly builds, run with -Z macro-backtrace for more info)
[INFO] [stdout] 
[INFO] [stdout] 
[INFO] [stdout] error: couldn't read src/../../tests/rsa2048-2020-08-25.json: No such file or directory (os error 2)
[INFO] [stdout]     --> src/lib.rs:1931:28
[INFO] [stdout]      |
[INFO] [stdout] 1931 |     const JWK_JSON: &str = include_str!("../../tests/rsa2048-2020-08-25.json");
[INFO] [stdout]      |                            ^^^^^^^^^^^^^^^^^^^^^^^^^^^^^^^^^^^^^^^^^^^^^^^^^^^
[INFO] [stdout]      |
[INFO] [stdout]      = note: this error originates in the macro `include_str` (in Nightly builds, run with -Z macro-backtrace for more info)
[INFO] [stdout] 
[INFO] [stdout] 
[INFO] [stdout] error: couldn't read src/../../tests/ed25519-2021-06-16.json: No such file or directory (os error 2)
[INFO] [stdout]     --> src/lib.rs:1932:32
[INFO] [stdout]      |
[INFO] [stdout] 1932 |     const JWK_JSON_BAR: &str = include_str!("../../tests/ed25519-2021-06-16.json");
[INFO] [stdout]      |                                ^^^^^^^^^^^^^^^^^^^^^^^^^^^^^^^^^^^^^^^^^^^^^^^^^^^
[INFO] [stdout]      |
[INFO] [stdout]      = note: this error originates in the macro `include_str` (in Nightly builds, run with -Z macro-backtrace for more info)
[INFO] [stdout] 
[INFO] [stdout] 
[INFO] [stdout] error: couldn't read src/../../tests/ed25519-2020-10-18.json: No such file or directory (os error 2)
[INFO] [stdout]     --> src/lib.rs:2280:23
[INFO] [stdout]      |
[INFO] [stdout] 2280 |         let key_str = include_str!("../../tests/ed25519-2020-10-18.json");
[INFO] [stdout]      |                       ^^^^^^^^^^^^^^^^^^^^^^^^^^^^^^^^^^^^^^^^^^^^^^^^^^^
[INFO] [stdout]      |
[INFO] [stdout]      = note: this error originates in the macro `include_str` (in Nightly builds, run with -Z macro-backtrace for more info)
[INFO] [stdout] 
[INFO] [stdout] 
[INFO] [stdout] error: couldn't read src/../../examples/vc.jsonld: No such file or directory (os error 2)
[INFO] [stdout]     --> src/lib.rs:2507:13
[INFO] [stdout]      |
[INFO] [stdout] 2507 |             include_str!("../../examples/vc.jsonld"),
[INFO] [stdout]      |             ^^^^^^^^^^^^^^^^^^^^^^^^^^^^^^^^^^^^^^^^
[INFO] [stdout]      |
[INFO] [stdout]      = note: this error originates in the macro `include_str` (in Nightly builds, run with -Z macro-backtrace for more info)
[INFO] [stdout] 
[INFO] [stdout] 
[INFO] [stdout] error: couldn't read src/../../examples/vc.jwt: No such file or directory (os error 2)
[INFO] [stdout]     --> src/lib.rs:2512:22
[INFO] [stdout]      |
[INFO] [stdout] 2512 |         let vc_jwt = include_str!("../../examples/vc.jwt");
[INFO] [stdout]      |                      ^^^^^^^^^^^^^^^^^^^^^^^^^^^^^^^^^^^^^
[INFO] [stdout]      |
[INFO] [stdout]      = note: this error originates in the macro `include_str` (in Nightly builds, run with -Z macro-backtrace for more info)
[INFO] [stdout] 
[INFO] [stdout] 
[INFO] [stdout] error: couldn't read src/../../examples/vc-jws2020-inline-context.jsonld: No such file or directory (os error 2)
[INFO] [stdout]     --> src/lib.rs:2548:13
[INFO] [stdout]      |
[INFO] [stdout] 2548 |             include_str!("../../examples/vc-jws2020-inline-context.jsonld"),
[INFO] [stdout]      |             ^^^^^^^^^^^^^^^^^^^^^^^^^^^^^^^^^^^^^^^^^^^^^^^^^^^^^^^^^^^^^^^
[INFO] [stdout]      |
[INFO] [stdout]      = note: this error originates in the macro `include_str` (in Nightly builds, run with -Z macro-backtrace for more info)
[INFO] [stdout] 
[INFO] [stdout] 
[INFO] [stdout] error: couldn't read src/../../examples/vc-jws2020-bad-type.jsonld: No such file or directory (os error 2)
[INFO] [stdout]     --> src/lib.rs:2553:13
[INFO] [stdout]      |
[INFO] [stdout] 2553 |             include_str!("../../examples/vc-jws2020-bad-type.jsonld"),
[INFO] [stdout]      |             ^^^^^^^^^^^^^^^^^^^^^^^^^^^^^^^^^^^^^^^^^^^^^^^^^^^^^^^^^
[INFO] [stdout]      |
[INFO] [stdout]      = note: this error originates in the macro `include_str` (in Nightly builds, run with -Z macro-backtrace for more info)
[INFO] [stdout] 
[INFO] [stdout] 
[INFO] [stdout] error: couldn't read src/../../examples/vc-jws2020-bad-purpose.jsonld: No such file or directory (os error 2)
[INFO] [stdout]     --> src/lib.rs:2558:13
[INFO] [stdout]      |
[INFO] [stdout] 2558 |             include_str!("../../examples/vc-jws2020-bad-purpose.jsonld"),
[INFO] [stdout]      |             ^^^^^^^^^^^^^^^^^^^^^^^^^^^^^^^^^^^^^^^^^^^^^^^^^^^^^^^^^^^^
[INFO] [stdout]      |
[INFO] [stdout]      = note: this error originates in the macro `include_str` (in Nightly builds, run with -Z macro-backtrace for more info)
[INFO] [stdout] 
[INFO] [stdout] 
[INFO] [stdout] error: couldn't read src/../../examples/vc-jws2020-bad-method.jsonld: No such file or directory (os error 2)
[INFO] [stdout]     --> src/lib.rs:2563:13
[INFO] [stdout]      |
[INFO] [stdout] 2563 |             include_str!("../../examples/vc-jws2020-bad-method.jsonld"),
[INFO] [stdout]      |             ^^^^^^^^^^^^^^^^^^^^^^^^^^^^^^^^^^^^^^^^^^^^^^^^^^^^^^^^^^^
[INFO] [stdout]      |
[INFO] [stdout]      = note: this error originates in the macro `include_str` (in Nightly builds, run with -Z macro-backtrace for more info)
[INFO] [stdout] 
[INFO] [stdout] 
[INFO] [stdout] error: couldn't read src/../../examples/vc-jws2020-bad-type-json.jsonld: No such file or directory (os error 2)
[INFO] [stdout]     --> src/lib.rs:2568:13
[INFO] [stdout]      |
[INFO] [stdout] 2568 |             include_str!("../../examples/vc-jws2020-bad-type-json.jsonld"),
[INFO] [stdout]      |             ^^^^^^^^^^^^^^^^^^^^^^^^^^^^^^^^^^^^^^^^^^^^^^^^^^^^^^^^^^^^^^
[INFO] [stdout]      |
[INFO] [stdout]      = note: this error originates in the macro `include_str` (in Nightly builds, run with -Z macro-backtrace for more info)
[INFO] [stdout] 
[INFO] [stdout] 
[INFO] [stdout] error: couldn't read src/../../examples/vc-jws2020-bad-purpose-json.jsonld: No such file or directory (os error 2)
[INFO] [stdout]     --> src/lib.rs:2573:13
[INFO] [stdout]      |
[INFO] [stdout] 2573 |             include_str!("../../examples/vc-jws2020-bad-purpose-json.jsonld"),
[INFO] [stdout]      |             ^^^^^^^^^^^^^^^^^^^^^^^^^^^^^^^^^^^^^^^^^^^^^^^^^^^^^^^^^^^^^^^^^
[INFO] [stdout]      |
[INFO] [stdout]      = note: this error originates in the macro `include_str` (in Nightly builds, run with -Z macro-backtrace for more info)
[INFO] [stdout] 
[INFO] [stdout] 
[INFO] [stdout] error: couldn't read src/../../examples/vc-jws2020-bad-method-json.jsonld: No such file or directory (os error 2)
[INFO] [stdout]     --> src/lib.rs:2578:13
[INFO] [stdout]      |
[INFO] [stdout] 2578 |             include_str!("../../examples/vc-jws2020-bad-method-json.jsonld"),
[INFO] [stdout]      |             ^^^^^^^^^^^^^^^^^^^^^^^^^^^^^^^^^^^^^^^^^^^^^^^^^^^^^^^^^^^^^^^^
[INFO] [stdout]      |
[INFO] [stdout]      = note: this error originates in the macro `include_str` (in Nightly builds, run with -Z macro-backtrace for more info)
[INFO] [stdout] 
[INFO] [stdout] 
[INFO] [stdout] error: couldn't read src/../../examples/vc.jsonld: No such file or directory (os error 2)
[INFO] [stdout]     --> src/lib.rs:2587:22
[INFO] [stdout]      |
[INFO] [stdout] 2587 |         let vc_str = include_str!("../../examples/vc.jsonld");
[INFO] [stdout]      |                      ^^^^^^^^^^^^^^^^^^^^^^^^^^^^^^^^^^^^^^^^
[INFO] [stdout]      |
[INFO] [stdout]      = note: this error originates in the macro `include_str` (in Nightly builds, run with -Z macro-backtrace for more info)
[INFO] [stdout] 
[INFO] [stdout] 
[INFO] [stdout] error: couldn't read src/../../examples/vp.jsonld: No such file or directory (os error 2)
[INFO] [stdout]     --> src/lib.rs:2601:22
[INFO] [stdout]      |
[INFO] [stdout] 2601 |         let vp_str = include_str!("../../examples/vp.jsonld");
[INFO] [stdout]      |                      ^^^^^^^^^^^^^^^^^^^^^^^^^^^^^^^^^^^^^^^^
[INFO] [stdout]      |
[INFO] [stdout]      = note: this error originates in the macro `include_str` (in Nightly builds, run with -Z macro-backtrace for more info)
[INFO] [stdout] 
[INFO] [stdout] 
[INFO] [stdout] error: couldn't read src/../../examples/vp.jwt: No such file or directory (os error 2)
[INFO] [stdout]     --> src/lib.rs:2627:22
[INFO] [stdout]      |
[INFO] [stdout] 2627 |         let vp_jwt = include_str!("../../examples/vp.jwt");
[INFO] [stdout]      |                      ^^^^^^^^^^^^^^^^^^^^^^^^^^^^^^^^^^^^^
[INFO] [stdout]      |
[INFO] [stdout]      = note: this error originates in the macro `include_str` (in Nightly builds, run with -Z macro-backtrace for more info)
[INFO] [stdout] 
[INFO] [stdout] 
[INFO] [stdout] error: couldn't read src/../../examples/vp-jwtvc.jsonld: No such file or directory (os error 2)
[INFO] [stdout]     --> src/lib.rs:2648:22
[INFO] [stdout]      |
[INFO] [stdout] 2648 |         let vp_str = include_str!("../../examples/vp-jwtvc.jsonld");
[INFO] [stdout]      |                      ^^^^^^^^^^^^^^^^^^^^^^^^^^^^^^^^^^^^^^^^^^^^^^
[INFO] [stdout]      |
[INFO] [stdout]      = note: this error originates in the macro `include_str` (in Nightly builds, run with -Z macro-backtrace for more info)
[INFO] [stdout] 
[INFO] [stdout] 
[INFO] [stdout] error: couldn't read src/../../examples/vp-jwtvc.jwt: No such file or directory (os error 2)
[INFO] [stdout]     --> src/lib.rs:2669:22
[INFO] [stdout]      |
[INFO] [stdout] 2669 |         let vp_jwt = include_str!("../../examples/vp-jwtvc.jwt");
[INFO] [stdout]      |                      ^^^^^^^^^^^^^^^^^^^^^^^^^^^^^^^^^^^^^^^^^^^
[INFO] [stdout]      |
[INFO] [stdout]      = note: this error originates in the macro `include_str` (in Nightly builds, run with -Z macro-backtrace for more info)
[INFO] [stdout] 
[INFO] [stdout] 
[INFO] [stdout] error: couldn't read src/../../tests/esrs2020-did.jsonld: No such file or directory (os error 2)
[INFO] [stdout]     --> src/lib.rs:3191:40
[INFO] [stdout]      |
[INFO] [stdout] 3191 |         const EXAMPLE_123_JSON: &str = include_str!("../../tests/esrs2020-did.jsonld");
[INFO] [stdout]      |                                        ^^^^^^^^^^^^^^^^^^^^^^^^^^^^^^^^^^^^^^^^^^^^^^^
[INFO] [stdout]      |
[INFO] [stdout]      = note: this error originates in the macro `include_str` (in Nightly builds, run with -Z macro-backtrace for more info)
[INFO] [stdout] 
[INFO] [stdout] 
[INFO] [stdout] error: couldn't read src/../../tests/esrs2020-vc.jsonld: No such file or directory (os error 2)
[INFO] [stdout]     --> src/lib.rs:3254:22
[INFO] [stdout]      |
[INFO] [stdout] 3254 |         let vc_str = include_str!("../../tests/esrs2020-vc.jsonld");
[INFO] [stdout]      |                      ^^^^^^^^^^^^^^^^^^^^^^^^^^^^^^^^^^^^^^^^^^^^^^
[INFO] [stdout]      |
[INFO] [stdout]      = note: this error originates in the macro `include_str` (in Nightly builds, run with -Z macro-backtrace for more info)
[INFO] [stdout] 
[INFO] [stdout] 
[INFO] [stdout] error: couldn't read src/../../tests/lds-ed25519-2020-issuer0.jsonld: No such file or directory (os error 2)
[INFO] [stdout]     --> src/lib.rs:3309:18
[INFO] [stdout]      |
[INFO] [stdout] 3309 |         let is = include_str!("../../tests/lds-ed25519-2020-issuer0.jsonld");
[INFO] [stdout]      |                  ^^^^^^^^^^^^^^^^^^^^^^^^^^^^^^^^^^^^^^^^^^^^^^^^^^^^^^^^^^^
[INFO] [stdout]      |
[INFO] [stdout]      = note: this error originates in the macro `include_str` (in Nightly builds, run with -Z macro-backtrace for more info)
[INFO] [stdout] 
[INFO] [stdout] 
[INFO] [stdout] error: couldn't read src/../../tests/lds-ed25519-2020-vc0.jsonld: No such file or directory (os error 2)
[INFO] [stdout]     --> src/lib.rs:3315:22
[INFO] [stdout]      |
[INFO] [stdout] 3315 |         let vc_str = include_str!("../../tests/lds-ed25519-2020-vc0.jsonld");
[INFO] [stdout]      |                      ^^^^^^^^^^^^^^^^^^^^^^^^^^^^^^^^^^^^^^^^^^^^^^^^^^^^^^^
[INFO] [stdout]      |
[INFO] [stdout]      = note: this error originates in the macro `include_str` (in Nightly builds, run with -Z macro-backtrace for more info)
[INFO] [stdout] 
[INFO] [stdout] 
[INFO] [stdout] error: couldn't read src/../../tests/lds-ed25519-2020-vp0.jsonld: No such file or directory (os error 2)
[INFO] [stdout]     --> src/lib.rs:3317:22
[INFO] [stdout]      |
[INFO] [stdout] 3317 |         let vp_str = include_str!("../../tests/lds-ed25519-2020-vp0.jsonld");
[INFO] [stdout]      |                      ^^^^^^^^^^^^^^^^^^^^^^^^^^^^^^^^^^^^^^^^^^^^^^^^^^^^^^^
[INFO] [stdout]      |
[INFO] [stdout]      = note: this error originates in the macro `include_str` (in Nightly builds, run with -Z macro-backtrace for more info)
[INFO] [stdout] 
[INFO] [stdout] 
[INFO] [stdout] error: couldn't read src/../../tests/lds-aleo2021-issuer0.jsonld: No such file or directory (os error 2)
[INFO] [stdout]     --> src/lib.rs:3491:35
[INFO] [stdout]      |
[INFO] [stdout] 3491 |         const EXAMPLE_DOC: &str = include_str!("../../tests/lds-aleo2021-issuer0.jsonld");
[INFO] [stdout]      |                                   ^^^^^^^^^^^^^^^^^^^^^^^^^^^^^^^^^^^^^^^^^^^^^^^^^^^^^^^
[INFO] [stdout]      |
[INFO] [stdout]      = note: this error originates in the macro `include_str` (in Nightly builds, run with -Z macro-backtrace for more info)
[INFO] [stdout] 
[INFO] [stdout] 
[INFO] [stdout] error: couldn't read src/../../tests/aleotestnet1-2021-11-22.json: No such file or directory (os error 2)
[INFO] [stdout]     --> src/lib.rs:3529:34
[INFO] [stdout]      |
[INFO] [stdout] 3529 |             serde_json::from_str(include_str!("../../tests/aleotestnet1-2021-11-22.json")).unwrap();
[INFO] [stdout]      |                                  ^^^^^^^^^^^^^^^^^^^^^^^^^^^^^^^^^^^^^^^^^^^^^^^^^^^^^^^^
[INFO] [stdout]      |
[INFO] [stdout]      = note: this error originates in the macro `include_str` (in Nightly builds, run with -Z macro-backtrace for more info)
[INFO] [stdout] 
[INFO] [stdout] 
[INFO] [stdout] error: couldn't read src/../../tests/lds-aleo2021-vc0.jsonld: No such file or directory (os error 2)
[INFO] [stdout]     --> src/lib.rs:3531:22
[INFO] [stdout]      |
[INFO] [stdout] 3531 |         let vc_str = include_str!("../../tests/lds-aleo2021-vc0.jsonld");
[INFO] [stdout]      |                      ^^^^^^^^^^^^^^^^^^^^^^^^^^^^^^^^^^^^^^^^^^^^^^^^^^^
[INFO] [stdout]      |
[INFO] [stdout]      = note: this error originates in the macro `include_str` (in Nightly builds, run with -Z macro-backtrace for more info)
[INFO] [stdout] 
[INFO] [stdout] 
[INFO] [stdout] error[E0432]: unresolved import `ssi_ldp::eip712`
[INFO] [stdout]     --> src/lib.rs:3578:22
[INFO] [stdout]      |
[INFO] [stdout] 3578 |         use ssi_ldp::eip712::TypedData;
[INFO] [stdout]      |                      ^^^^^^ could not find `eip712` in `ssi_ldp`
[INFO] [stdout] 
[INFO] [stdout] 
[INFO] [stdout] error[E0433]: failed to resolve: use of undeclared crate or module `ssi_crypto`
[INFO] [stdout]    --> src/cacao.rs:189:17
[INFO] [stdout]     |
[INFO] [stdout] 189 |                 ssi_crypto::hashes::keccak::eip55_checksum_addr(
[INFO] [stdout]     |                 ^^^^^^^^^^ use of undeclared crate or module `ssi_crypto`
[INFO] [stdout] 
[INFO] [stdout] 
[INFO] [stdout] error[E0433]: failed to resolve: use of undeclared crate or module `ssi_crypto`
[INFO] [stdout]    --> src/cacao.rs:190:22
[INFO] [stdout]     |
[INFO] [stdout] 190 |                     &ssi_crypto::hashes::keccak::bytes_to_lowerhex(&pk_hash)
[INFO] [stdout]     |                      ^^^^^^^^^^ use of undeclared crate or module `ssi_crypto`
[INFO] [stdout] 
[INFO] [stdout] 
[INFO] [stdout] error[E0433]: failed to resolve: use of undeclared crate or module `ssi_crypto`
[INFO] [stdout]    --> src/cacao.rs:223:13
[INFO] [stdout]     |
[INFO] [stdout] 223 |             ssi_crypto::hashes::keccak::prefix_personal_message(&delegation_message.to_string());
[INFO] [stdout]     |             ^^^^^^^^^^ use of undeclared crate or module `ssi_crypto`
[INFO] [stdout] 
[INFO] [stdout] 
[INFO] [stdout] error[E0433]: failed to resolve: use of undeclared crate or module `ssi_crypto`
[INFO] [stdout]     --> src/lib.rs:3788:23
[INFO] [stdout]      |
[INFO] [stdout] 3788 |         let sig_hex = ssi_crypto::hashes::keccak::bytes_to_lowerhex(sig_bytes);
[INFO] [stdout]      |                       ^^^^^^^^^^ use of undeclared crate or module `ssi_crypto`
[INFO] [stdout] 
[INFO] [stdout] 
[INFO] [stdout] error: couldn't read tests/../../tests/vc-di-eddsa/TestVectors/unsigned.json: No such file or directory (os error 2)
[INFO] [stdout]    --> tests/di.rs:152:23
[INFO] [stdout]     |
[INFO] [stdout] 152 |     let unsigned_vc = include_str!("../../tests/vc-di-eddsa/TestVectors/unsigned.json");
[INFO] [stdout]     |                       ^^^^^^^^^^^^^^^^^^^^^^^^^^^^^^^^^^^^^^^^^^^^^^^^^^^^^^^^^^^^^^^^^
[INFO] [stdout]     |
[INFO] [stdout]     = note: this error originates in the macro `include_str` (in Nightly builds, run with -Z macro-backtrace for more info)
[INFO] [stdout] 
[INFO] [stdout] 
[INFO] [stdout] error: couldn't read tests/../../tests/vc-di-eddsa/TestVectors/keyPair.json: No such file or directory (os error 2)
[INFO] [stdout]    --> tests/di.rs:154:45
[INFO] [stdout]     |
[INFO] [stdout] 154 |       let key: KeyPair = serde_json::from_str(include_str!(
[INFO] [stdout]     |  _____________________________________________^
[INFO] [stdout] 155 | |         "../../tests/vc-di-eddsa/TestVectors/keyPair.json"
[INFO] [stdout] 156 | |     ))
[INFO] [stdout]     | |_____^
[INFO] [stdout]     |
[INFO] [stdout]     = note: this error originates in the macro `include_str` (in Nightly builds, run with -Z macro-backtrace for more info)
[INFO] [stdout] 
[INFO] [stdout] 
[INFO] [stdout] error: couldn't read tests/../../tests/vc-di-eddsa/TestVectors/eddsa-2022/signedDataInt.json: No such file or directory (os error 2)
[INFO] [stdout]    --> tests/di.rs:194:28
[INFO] [stdout]     |
[INFO] [stdout] 194 |                   signed_vc: include_str!(
[INFO] [stdout]     |  ____________________________^
[INFO] [stdout] 195 | |                     "../../tests/vc-di-eddsa/TestVectors/eddsa-2022/signedDataInt.json"
[INFO] [stdout] 196 | |                 )
[INFO] [stdout]     | |_________________^
[INFO] [stdout]     |
[INFO] [stdout]     = note: this error originates in the macro `include_str` (in Nightly builds, run with -Z macro-backtrace for more info)
[INFO] [stdout] 
[INFO] [stdout] 
[INFO] [stdout] error: couldn't read tests/../../tests/vc-di-eddsa/TestVectors/unsigned.json: No such file or directory (os error 2)
[INFO] [stdout]    --> tests/di.rs:198:30
[INFO] [stdout]     |
[INFO] [stdout] 198 |                 unsigned_vc: include_str!("../../tests/vc-di-eddsa/TestVectors/unsigned.json")
[INFO] [stdout]     |                              ^^^^^^^^^^^^^^^^^^^^^^^^^^^^^^^^^^^^^^^^^^^^^^^^^^^^^^^^^^^^^^^^^
[INFO] [stdout]     |
[INFO] [stdout]     = note: this error originates in the macro `include_str` (in Nightly builds, run with -Z macro-backtrace for more info)
[INFO] [stdout] 
[INFO] [stdout] 
[INFO] [stdout] error: couldn't read tests/../../tests/vc-di-eddsa/TestVectors/keyPair.json: No such file or directory (os error 2)
[INFO] [stdout]    --> tests/di.rs:200:26
[INFO] [stdout]     |
[INFO] [stdout] 200 |                 keypair: include_str!("../../tests/vc-di-eddsa/TestVectors/keyPair.json").into(),
[INFO] [stdout]     |                          ^^^^^^^^^^^^^^^^^^^^^^^^^^^^^^^^^^^^^^^^^^^^^^^^^^^^^^^^^^^^^^^^
[INFO] [stdout]     |
[INFO] [stdout]     = note: this error originates in the macro `include_str` (in Nightly builds, run with -Z macro-backtrace for more info)
[INFO] [stdout] 
[INFO] [stdout] 
[INFO] [stdout] error: couldn't read tests/../../tests/vc-di-eddsa/TestVectors/jcs-eddsa-2022/signedJCS.json: No such file or directory (os error 2)
[INFO] [stdout]    --> tests/di.rs:207:28
[INFO] [stdout]     |
[INFO] [stdout] 207 |                   signed_vc: include_str!(
[INFO] [stdout]     |  ____________________________^
[INFO] [stdout] 208 | |                                "../../tests/vc-di-eddsa/TestVectors/jcs-eddsa-2022/signedJCS.json"
[INFO] [stdout] 209 | |                                )
[INFO] [stdout]     | |________________________________^
[INFO] [stdout]     |
[INFO] [stdout]     = note: this error originates in the macro `include_str` (in Nightly builds, run with -Z macro-backtrace for more info)
[INFO] [stdout] 
[INFO] [stdout] 
[INFO] [stdout] error: couldn't read tests/../../tests/vc-di-eddsa/TestVectors/unsigned.json: No such file or directory (os error 2)
[INFO] [stdout]    --> tests/di.rs:211:34
[INFO] [stdout]     |
[INFO] [stdout] 211 |                     unsigned_vc: include_str!("../../tests/vc-di-eddsa/TestVectors/unsigned.json")
[INFO] [stdout]     |                                  ^^^^^^^^^^^^^^^^^^^^^^^^^^^^^^^^^^^^^^^^^^^^^^^^^^^^^^^^^^^^^^^^^
[INFO] [stdout]     |
[INFO] [stdout]     = note: this error originates in the macro `include_str` (in Nightly builds, run with -Z macro-backtrace for more info)
[INFO] [stdout] 
[INFO] [stdout] 
[INFO] [stdout] error: couldn't read tests/../../tests/vc-di-eddsa/TestVectors/keyPair.json: No such file or directory (os error 2)
[INFO] [stdout]    --> tests/di.rs:213:34
[INFO] [stdout]     |
[INFO] [stdout] 213 |                         keypair: include_str!("../../tests/vc-di-eddsa/TestVectors/keyPair.json").into(),
[INFO] [stdout]     |                                  ^^^^^^^^^^^^^^^^^^^^^^^^^^^^^^^^^^^^^^^^^^^^^^^^^^^^^^^^^^^^^^^^
[INFO] [stdout]     |
[INFO] [stdout]     = note: this error originates in the macro `include_str` (in Nightly builds, run with -Z macro-backtrace for more info)
[INFO] [stdout] 
[INFO] [stdout] 
[INFO] [stdout] error: couldn't read tests/../../tests/vc-di-ecdsa/TestVectors/ecdsa-2019-p256/signedECDSAP256.json: No such file or directory (os error 2)
[INFO] [stdout]    --> tests/di.rs:220:28
[INFO] [stdout]     |
[INFO] [stdout] 220 |                   signed_vc: include_str!(
[INFO] [stdout]     |  ____________________________^
[INFO] [stdout] 221 | |                     "../../tests/vc-di-ecdsa/TestVectors/ecdsa-2019-p256/signedECDSAP256.json"
[INFO] [stdout] 222 | |                 )
[INFO] [stdout]     | |_________________^
[INFO] [stdout]     |
[INFO] [stdout]     = note: this error originates in the macro `include_str` (in Nightly builds, run with -Z macro-backtrace for more info)
[INFO] [stdout] 
[INFO] [stdout] 
[INFO] [stdout] error: couldn't read tests/../../tests/vc-di-ecdsa/TestVectors/unsigned.json: No such file or directory (os error 2)
[INFO] [stdout]    --> tests/di.rs:224:30
[INFO] [stdout]     |
[INFO] [stdout] 224 |                 unsigned_vc: include_str!("../../tests/vc-di-ecdsa/TestVectors/unsigned.json")
[INFO] [stdout]     |                              ^^^^^^^^^^^^^^^^^^^^^^^^^^^^^^^^^^^^^^^^^^^^^^^^^^^^^^^^^^^^^^^^^
[INFO] [stdout]     |
[INFO] [stdout]     = note: this error originates in the macro `include_str` (in Nightly builds, run with -Z macro-backtrace for more info)
[INFO] [stdout] 
[INFO] [stdout] 
[INFO] [stdout] error: couldn't read tests/../../tests/vc-di-ecdsa/TestVectors/p256KeyPair.json: No such file or directory (os error 2)
[INFO] [stdout]    --> tests/di.rs:226:26
[INFO] [stdout]     |
[INFO] [stdout] 226 |                 keypair: include_str!("../../tests/vc-di-ecdsa/TestVectors/p256KeyPair.json")
[INFO] [stdout]     |                          ^^^^^^^^^^^^^^^^^^^^^^^^^^^^^^^^^^^^^^^^^^^^^^^^^^^^^^^^^^^^^^^^^^^^
[INFO] [stdout]     |
[INFO] [stdout]     = note: this error originates in the macro `include_str` (in Nightly builds, run with -Z macro-backtrace for more info)
[INFO] [stdout] 
[INFO] [stdout] 
[INFO] [stdout] error: couldn't read tests/../../tests/vc-di-ecdsa/TestVectors/jcs-ecdsa-2019-p256/signedJCSECDSAP256.json: No such file or directory (os error 2)
[INFO] [stdout]    --> tests/di.rs:234:28
[INFO] [stdout]     |
[INFO] [stdout] 234 |                   signed_vc: include_str!(
[INFO] [stdout]     |  ____________________________^
[INFO] [stdout] 235 | |                     "../../tests/vc-di-ecdsa/TestVectors/jcs-ecdsa-2019-p256/signedJCSECDSAP256.json"
[INFO] [stdout] 236 | |                 )
[INFO] [stdout]     | |_________________^
[INFO] [stdout]     |
[INFO] [stdout]     = note: this error originates in the macro `include_str` (in Nightly builds, run with -Z macro-backtrace for more info)
[INFO] [stdout] 
[INFO] [stdout] 
[INFO] [stdout] error: couldn't read tests/../../tests/vc-di-ecdsa/TestVectors/unsigned.json: No such file or directory (os error 2)
[INFO] [stdout]    --> tests/di.rs:238:30
[INFO] [stdout]     |
[INFO] [stdout] 238 |                 unsigned_vc: include_str!("../../tests/vc-di-ecdsa/TestVectors/unsigned.json")
[INFO] [stdout]     |                              ^^^^^^^^^^^^^^^^^^^^^^^^^^^^^^^^^^^^^^^^^^^^^^^^^^^^^^^^^^^^^^^^^
[INFO] [stdout]     |
[INFO] [stdout]     = note: this error originates in the macro `include_str` (in Nightly builds, run with -Z macro-backtrace for more info)
[INFO] [stdout] 
[INFO] [stdout] 
[INFO] [stdout] error: couldn't read tests/../../tests/vc-di-ecdsa/TestVectors/p256KeyPair.json: No such file or directory (os error 2)
[INFO] [stdout]    --> tests/di.rs:240:26
[INFO] [stdout]     |
[INFO] [stdout] 240 |                 keypair: include_str!("../../tests/vc-di-ecdsa/TestVectors/p256KeyPair.json")
[INFO] [stdout]     |                          ^^^^^^^^^^^^^^^^^^^^^^^^^^^^^^^^^^^^^^^^^^^^^^^^^^^^^^^^^^^^^^^^^^^^
[INFO] [stdout]     |
[INFO] [stdout]     = note: this error originates in the macro `include_str` (in Nightly builds, run with -Z macro-backtrace for more info)
[INFO] [stdout] 
[INFO] [stdout] 
[INFO] [stdout] error: couldn't read tests/../../tests/vc-di-ecdsa/TestVectors/ecdsa-2019-p384/signedECDSAP384.json: No such file or directory (os error 2)
[INFO] [stdout]    --> tests/di.rs:248:28
[INFO] [stdout]     |
[INFO] [stdout] 248 |                   signed_vc: include_str!(
[INFO] [stdout]     |  ____________________________^
[INFO] [stdout] 249 | |                     "../../tests/vc-di-ecdsa/TestVectors/ecdsa-2019-p384/signedECDSAP384.json"
[INFO] [stdout] 250 | |                 )
[INFO] [stdout]     | |_________________^
[INFO] [stdout]     |
[INFO] [stdout]     = note: this error originates in the macro `include_str` (in Nightly builds, run with -Z macro-backtrace for more info)
[INFO] [stdout] 
[INFO] [stdout] 
[INFO] [stdout] error: couldn't read tests/../../tests/vc-di-ecdsa/TestVectors/unsigned.json: No such file or directory (os error 2)
[INFO] [stdout]    --> tests/di.rs:252:30
[INFO] [stdout]     |
[INFO] [stdout] 252 |                 unsigned_vc: include_str!("../../tests/vc-di-ecdsa/TestVectors/unsigned.json")
[INFO] [stdout]     |                              ^^^^^^^^^^^^^^^^^^^^^^^^^^^^^^^^^^^^^^^^^^^^^^^^^^^^^^^^^^^^^^^^^
[INFO] [stdout]     |
[INFO] [stdout]     = note: this error originates in the macro `include_str` (in Nightly builds, run with -Z macro-backtrace for more info)
[INFO] [stdout] 
[INFO] [stdout] 
[INFO] [stdout] error: couldn't read tests/../../tests/vc-di-ecdsa/TestVectors/p384KeyPair.json: No such file or directory (os error 2)
[INFO] [stdout]    --> tests/di.rs:254:26
[INFO] [stdout]     |
[INFO] [stdout] 254 |                 keypair: include_str!("../../tests/vc-di-ecdsa/TestVectors/p384KeyPair.json")
[INFO] [stdout]     |                          ^^^^^^^^^^^^^^^^^^^^^^^^^^^^^^^^^^^^^^^^^^^^^^^^^^^^^^^^^^^^^^^^^^^^
[INFO] [stdout]     |
[INFO] [stdout]     = note: this error originates in the macro `include_str` (in Nightly builds, run with -Z macro-backtrace for more info)
[INFO] [stdout] 
[INFO] [stdout] 
[INFO] [stdout] error: couldn't read tests/../../tests/vc-di-ecdsa/TestVectors/jcs-ecdsa-2019-p384/signedJCSECDSAP384.json: No such file or directory (os error 2)
[INFO] [stdout]    --> tests/di.rs:262:28
[INFO] [stdout]     |
[INFO] [stdout] 262 |                   signed_vc: include_str!(
[INFO] [stdout]     |  ____________________________^
[INFO] [stdout] 263 | |                     "../../tests/vc-di-ecdsa/TestVectors/jcs-ecdsa-2019-p384/signedJCSECDSAP384.json"
[INFO] [stdout] 264 | |                 )
[INFO] [stdout]     | |_________________^
[INFO] [stdout]     |
[INFO] [stdout]     = note: this error originates in the macro `include_str` (in Nightly builds, run with -Z macro-backtrace for more info)
[INFO] [stdout] 
[INFO] [stdout] 
[INFO] [stdout] error: couldn't read tests/../../tests/vc-di-ecdsa/TestVectors/unsigned.json: No such file or directory (os error 2)
[INFO] [stdout]    --> tests/di.rs:266:30
[INFO] [stdout]     |
[INFO] [stdout] 266 |                 unsigned_vc: include_str!("../../tests/vc-di-ecdsa/TestVectors/unsigned.json")
[INFO] [stdout]     |                              ^^^^^^^^^^^^^^^^^^^^^^^^^^^^^^^^^^^^^^^^^^^^^^^^^^^^^^^^^^^^^^^^^
[INFO] [stdout]     |
[INFO] [stdout]     = note: this error originates in the macro `include_str` (in Nightly builds, run with -Z macro-backtrace for more info)
[INFO] [stdout] 
[INFO] [stdout] 
[INFO] [stdout] error: couldn't read tests/../../tests/vc-di-ecdsa/TestVectors/p384KeyPair.json: No such file or directory (os error 2)
[INFO] [stdout]    --> tests/di.rs:268:26
[INFO] [stdout]     |
[INFO] [stdout] 268 |                 keypair: include_str!("../../tests/vc-di-ecdsa/TestVectors/p384KeyPair.json")
[INFO] [stdout]     |                          ^^^^^^^^^^^^^^^^^^^^^^^^^^^^^^^^^^^^^^^^^^^^^^^^^^^^^^^^^^^^^^^^^^^^
[INFO] [stdout]     |
[INFO] [stdout]     = note: this error originates in the macro `include_str` (in Nightly builds, run with -Z macro-backtrace for more info)
[INFO] [stdout] 
[INFO] [stdout] 
[INFO] [stdout] error[E0599]: no variant or associated item named `Ed25519Signature2020` found for enum `ProofSuiteType` in the current scope
[INFO] [stdout]    --> tests/di.rs:163:45
[INFO] [stdout]     |
[INFO] [stdout] 163 |                 type_: Some(ProofSuiteType::Ed25519Signature2020),
[INFO] [stdout]     |                                             ^^^^^^^^^^^^^^^^^^^^ variant or associated item not found in `ProofSuiteType`
[INFO] [stdout]     |
[INFO] [stdout] note: if you're trying to build a new `ProofSuiteType`, consider using `ProofSuiteType::pick` which returns `Result<ProofSuiteType, ssi_ldp::Error>`
[INFO] [stdout]    --> /opt/rustwide/cargo-home/registry/src/index.crates.io-6f17d22bba15001f/ssi-ldp-0.3.2/src/suites/mod.rs:199:5
[INFO] [stdout]     |
[INFO] [stdout] 199 |     pub(crate) fn pick(jwk: &JWK, verification_method: Option<&URI>) -> Result<Self, Error> {
[INFO] [stdout]     |     ^^^^^^^^^^^^^^^^^^^^^^^^^^^^^^^^^^^^^^^^^^^^^^^^^^^^^^^^^^^^^^^^^^^^^^^^^^^^^^^^^^^^^^^
[INFO] [stdout] 
[INFO] [stdout] 
[INFO] [stdout] error[E0599]: no variant or associated item named `EcdsaSecp256k1RecoverySignature2020` found for enum `ProofSuiteType` in the current scope
[INFO] [stdout]     --> src/lib.rs:3261:44
[INFO] [stdout]      |
[INFO] [stdout] 3261 |             let warnings = ProofSuiteType::EcdsaSecp256k1RecoverySignature2020
[INFO] [stdout]      |                                            ^^^^^^^^^^^^^^^^^^^^^^^^^^^^^^^^^^^ variant or associated item not found in `ProofSuiteType`
[INFO] [stdout]      |
[INFO] [stdout] note: if you're trying to build a new `ProofSuiteType`, consider using `ProofSuiteType::pick` which returns `Result<ProofSuiteType, ssi_ldp::Error>`
[INFO] [stdout]     --> /opt/rustwide/cargo-home/registry/src/index.crates.io-6f17d22bba15001f/ssi-ldp-0.3.2/src/suites/mod.rs:199:5
[INFO] [stdout]      |
[INFO] [stdout] 199  |     pub(crate) fn pick(jwk: &JWK, verification_method: Option<&URI>) -> Result<Self, Error> {
[INFO] [stdout]      |     ^^^^^^^^^^^^^^^^^^^^^^^^^^^^^^^^^^^^^^^^^^^^^^^^^^^^^^^^^^^^^^^^^^^^^^^^^^^^^^^^^^^^^^^
[INFO] [stdout] 
[INFO] [stdout] 
[INFO] [stdout] error: aborting due to 21 previous errors
[INFO] [stdout] 
[INFO] [stdout] 
[INFO] [stdout] For more information about this error, try `rustc --explain E0599`.
[INFO] [stdout] 
[INFO] [stderr] error: could not compile `ssi-vc` (test "di") due to 22 previous errors
[INFO] [stderr] warning: build failed, waiting for other jobs to finish...
[INFO] [stdout] error[E0599]: no variant or associated item named `Ed25519Signature2020` found for enum `ProofSuiteType` in the current scope
[INFO] [stdout]     --> src/lib.rs:3393:41
[INFO] [stdout]      |
[INFO] [stdout] 3393 |         let new_proof = ProofSuiteType::Ed25519Signature2020
[INFO] [stdout]      |                                         ^^^^^^^^^^^^^^^^^^^^ variant or associated item not found in `ProofSuiteType`
[INFO] [stdout]      |
[INFO] [stdout] note: if you're trying to build a new `ProofSuiteType`, consider using `ProofSuiteType::pick` which returns `Result<ProofSuiteType, ssi_ldp::Error>`
[INFO] [stdout]     --> /opt/rustwide/cargo-home/registry/src/index.crates.io-6f17d22bba15001f/ssi-ldp-0.3.2/src/suites/mod.rs:199:5
[INFO] [stdout]      |
[INFO] [stdout] 199  |     pub(crate) fn pick(jwk: &JWK, verification_method: Option<&URI>) -> Result<Self, Error> {
[INFO] [stdout]      |     ^^^^^^^^^^^^^^^^^^^^^^^^^^^^^^^^^^^^^^^^^^^^^^^^^^^^^^^^^^^^^^^^^^^^^^^^^^^^^^^^^^^^^^^
[INFO] [stdout] 
[INFO] [stdout] 
[INFO] [stdout] error[E0599]: no variant or associated item named `Ed25519Signature2020` found for enum `ProofSuiteType` in the current scope
[INFO] [stdout]     --> src/lib.rs:3407:25
[INFO] [stdout]      |
[INFO] [stdout] 3407 |         ProofSuiteType::Ed25519Signature2020
[INFO] [stdout]      |                         ^^^^^^^^^^^^^^^^^^^^ variant or associated item not found in `ProofSuiteType`
[INFO] [stdout]      |
[INFO] [stdout] note: if you're trying to build a new `ProofSuiteType`, consider using `ProofSuiteType::pick` which returns `Result<ProofSuiteType, ssi_ldp::Error>`
[INFO] [stdout]     --> /opt/rustwide/cargo-home/registry/src/index.crates.io-6f17d22bba15001f/ssi-ldp-0.3.2/src/suites/mod.rs:199:5
[INFO] [stdout]      |
[INFO] [stdout] 199  |     pub(crate) fn pick(jwk: &JWK, verification_method: Option<&URI>) -> Result<Self, Error> {
[INFO] [stdout]      |     ^^^^^^^^^^^^^^^^^^^^^^^^^^^^^^^^^^^^^^^^^^^^^^^^^^^^^^^^^^^^^^^^^^^^^^^^^^^^^^^^^^^^^^^
[INFO] [stdout] 
[INFO] [stdout] 
[INFO] [stdout] error[E0599]: no variant or associated item named `Ed25519Signature2020` found for enum `ProofSuiteType` in the current scope
[INFO] [stdout]     --> src/lib.rs:3412:25
[INFO] [stdout]      |
[INFO] [stdout] 3412 |         ProofSuiteType::Ed25519Signature2020
[INFO] [stdout]      |                         ^^^^^^^^^^^^^^^^^^^^ variant or associated item not found in `ProofSuiteType`
[INFO] [stdout]      |
[INFO] [stdout] note: if you're trying to build a new `ProofSuiteType`, consider using `ProofSuiteType::pick` which returns `Result<ProofSuiteType, ssi_ldp::Error>`
[INFO] [stdout]     --> /opt/rustwide/cargo-home/registry/src/index.crates.io-6f17d22bba15001f/ssi-ldp-0.3.2/src/suites/mod.rs:199:5
[INFO] [stdout]      |
[INFO] [stdout] 199  |     pub(crate) fn pick(jwk: &JWK, verification_method: Option<&URI>) -> Result<Self, Error> {
[INFO] [stdout]      |     ^^^^^^^^^^^^^^^^^^^^^^^^^^^^^^^^^^^^^^^^^^^^^^^^^^^^^^^^^^^^^^^^^^^^^^^^^^^^^^^^^^^^^^^
[INFO] [stdout] 
[INFO] [stdout] 
[INFO] [stdout] error[E0599]: no variant or associated item named `Ed25519Signature2020` found for enum `ProofSuiteType` in the current scope
[INFO] [stdout]     --> src/lib.rs:3427:41
[INFO] [stdout]      |
[INFO] [stdout] 3427 |         let new_proof = ProofSuiteType::Ed25519Signature2020
[INFO] [stdout]      |                                         ^^^^^^^^^^^^^^^^^^^^ variant or associated item not found in `ProofSuiteType`
[INFO] [stdout]      |
[INFO] [stdout] note: if you're trying to build a new `ProofSuiteType`, consider using `ProofSuiteType::pick` which returns `Result<ProofSuiteType, ssi_ldp::Error>`
[INFO] [stdout]     --> /opt/rustwide/cargo-home/registry/src/index.crates.io-6f17d22bba15001f/ssi-ldp-0.3.2/src/suites/mod.rs:199:5
[INFO] [stdout]      |
[INFO] [stdout] 199  |     pub(crate) fn pick(jwk: &JWK, verification_method: Option<&URI>) -> Result<Self, Error> {
[INFO] [stdout]      |     ^^^^^^^^^^^^^^^^^^^^^^^^^^^^^^^^^^^^^^^^^^^^^^^^^^^^^^^^^^^^^^^^^^^^^^^^^^^^^^^^^^^^^^^
[INFO] [stdout] 
[INFO] [stdout] 
[INFO] [stdout] error[E0599]: no variant or associated item named `Ed25519Signature2020` found for enum `ProofSuiteType` in the current scope
[INFO] [stdout]     --> src/lib.rs:3441:25
[INFO] [stdout]      |
[INFO] [stdout] 3441 |         ProofSuiteType::Ed25519Signature2020
[INFO] [stdout]      |                         ^^^^^^^^^^^^^^^^^^^^ variant or associated item not found in `ProofSuiteType`
[INFO] [stdout]      |
[INFO] [stdout] note: if you're trying to build a new `ProofSuiteType`, consider using `ProofSuiteType::pick` which returns `Result<ProofSuiteType, ssi_ldp::Error>`
[INFO] [stdout]     --> /opt/rustwide/cargo-home/registry/src/index.crates.io-6f17d22bba15001f/ssi-ldp-0.3.2/src/suites/mod.rs:199:5
[INFO] [stdout]      |
[INFO] [stdout] 199  |     pub(crate) fn pick(jwk: &JWK, verification_method: Option<&URI>) -> Result<Self, Error> {
[INFO] [stdout]      |     ^^^^^^^^^^^^^^^^^^^^^^^^^^^^^^^^^^^^^^^^^^^^^^^^^^^^^^^^^^^^^^^^^^^^^^^^^^^^^^^^^^^^^^^
[INFO] [stdout] 
[INFO] [stdout] 
[INFO] [stdout] error[E0599]: no variant or associated item named `Ed25519Signature2020` found for enum `ProofSuiteType` in the current scope
[INFO] [stdout]     --> src/lib.rs:3446:25
[INFO] [stdout]      |
[INFO] [stdout] 3446 |         ProofSuiteType::Ed25519Signature2020
[INFO] [stdout]      |                         ^^^^^^^^^^^^^^^^^^^^ variant or associated item not found in `ProofSuiteType`
[INFO] [stdout]      |
[INFO] [stdout] note: if you're trying to build a new `ProofSuiteType`, consider using `ProofSuiteType::pick` which returns `Result<ProofSuiteType, ssi_ldp::Error>`
[INFO] [stdout]     --> /opt/rustwide/cargo-home/registry/src/index.crates.io-6f17d22bba15001f/ssi-ldp-0.3.2/src/suites/mod.rs:199:5
[INFO] [stdout]      |
[INFO] [stdout] 199  |     pub(crate) fn pick(jwk: &JWK, verification_method: Option<&URI>) -> Result<Self, Error> {
[INFO] [stdout]      |     ^^^^^^^^^^^^^^^^^^^^^^^^^^^^^^^^^^^^^^^^^^^^^^^^^^^^^^^^^^^^^^^^^^^^^^^^^^^^^^^^^^^^^^^
[INFO] [stdout] 
[INFO] [stdout] 
[INFO] [stdout] error[E0599]: no variant or associated item named `Ed25519Signature2020` found for enum `ProofSuiteType` in the current scope
[INFO] [stdout]     --> src/lib.rs:3453:36
[INFO] [stdout]      |
[INFO] [stdout] 3453 |         let prep = ProofSuiteType::Ed25519Signature2020
[INFO] [stdout]      |                                    ^^^^^^^^^^^^^^^^^^^^ variant or associated item not found in `ProofSuiteType`
[INFO] [stdout]      |
[INFO] [stdout] note: if you're trying to build a new `ProofSuiteType`, consider using `ProofSuiteType::pick` which returns `Result<ProofSuiteType, ssi_ldp::Error>`
[INFO] [stdout]     --> /opt/rustwide/cargo-home/registry/src/index.crates.io-6f17d22bba15001f/ssi-ldp-0.3.2/src/suites/mod.rs:199:5
[INFO] [stdout]      |
[INFO] [stdout] 199  |     pub(crate) fn pick(jwk: &JWK, verification_method: Option<&URI>) -> Result<Self, Error> {
[INFO] [stdout]      |     ^^^^^^^^^^^^^^^^^^^^^^^^^^^^^^^^^^^^^^^^^^^^^^^^^^^^^^^^^^^^^^^^^^^^^^^^^^^^^^^^^^^^^^^
[INFO] [stdout] 
[INFO] [stdout] 
[INFO] [stdout] error[E0599]: no variant or associated item named `Ed25519Signature2020` found for enum `ProofSuiteType` in the current scope
[INFO] [stdout]     --> src/lib.rs:3470:47
[INFO] [stdout]      |
[INFO] [stdout] 3470 |         let completed_proof = ProofSuiteType::Ed25519Signature2020
[INFO] [stdout]      |                                               ^^^^^^^^^^^^^^^^^^^^ variant or associated item not found in `ProofSuiteType`
[INFO] [stdout]      |
[INFO] [stdout] note: if you're trying to build a new `ProofSuiteType`, consider using `ProofSuiteType::pick` which returns `Result<ProofSuiteType, ssi_ldp::Error>`
[INFO] [stdout]     --> /opt/rustwide/cargo-home/registry/src/index.crates.io-6f17d22bba15001f/ssi-ldp-0.3.2/src/suites/mod.rs:199:5
[INFO] [stdout]      |
[INFO] [stdout] 199  |     pub(crate) fn pick(jwk: &JWK, verification_method: Option<&URI>) -> Result<Self, Error> {
[INFO] [stdout]      |     ^^^^^^^^^^^^^^^^^^^^^^^^^^^^^^^^^^^^^^^^^^^^^^^^^^^^^^^^^^^^^^^^^^^^^^^^^^^^^^^^^^^^^^^
[INFO] [stdout] 
[INFO] [stdout] 
[INFO] [stdout] error[E0599]: no variant or associated item named `Ed25519Signature2020` found for enum `ProofSuiteType` in the current scope
[INFO] [stdout]     --> src/lib.rs:3474:25
[INFO] [stdout]      |
[INFO] [stdout] 3474 |         ProofSuiteType::Ed25519Signature2020
[INFO] [stdout]      |                         ^^^^^^^^^^^^^^^^^^^^ variant or associated item not found in `ProofSuiteType`
[INFO] [stdout]      |
[INFO] [stdout] note: if you're trying to build a new `ProofSuiteType`, consider using `ProofSuiteType::pick` which returns `Result<ProofSuiteType, ssi_ldp::Error>`
[INFO] [stdout]     --> /opt/rustwide/cargo-home/registry/src/index.crates.io-6f17d22bba15001f/ssi-ldp-0.3.2/src/suites/mod.rs:199:5
[INFO] [stdout]      |
[INFO] [stdout] 199  |     pub(crate) fn pick(jwk: &JWK, verification_method: Option<&URI>) -> Result<Self, Error> {
[INFO] [stdout]      |     ^^^^^^^^^^^^^^^^^^^^^^^^^^^^^^^^^^^^^^^^^^^^^^^^^^^^^^^^^^^^^^^^^^^^^^^^^^^^^^^^^^^^^^^
[INFO] [stdout] 
[INFO] [stdout] 
[INFO] [stdout] error[E0599]: no variant or associated item named `AleoSignature2021` found for enum `ProofSuiteType` in the current scope
[INFO] [stdout]     --> src/lib.rs:3544:41
[INFO] [stdout]      |
[INFO] [stdout] 3544 |             let proof = ProofSuiteType::AleoSignature2021
[INFO] [stdout]      |                                         ^^^^^^^^^^^^^^^^^ variant or associated item not found in `ProofSuiteType`
[INFO] [stdout]      |
[INFO] [stdout] note: if you're trying to build a new `ProofSuiteType`, consider using `ProofSuiteType::pick` which returns `Result<ProofSuiteType, ssi_ldp::Error>`
[INFO] [stdout]     --> /opt/rustwide/cargo-home/registry/src/index.crates.io-6f17d22bba15001f/ssi-ldp-0.3.2/src/suites/mod.rs:199:5
[INFO] [stdout]      |
[INFO] [stdout] 199  |     pub(crate) fn pick(jwk: &JWK, verification_method: Option<&URI>) -> Result<Self, Error> {
[INFO] [stdout]      |     ^^^^^^^^^^^^^^^^^^^^^^^^^^^^^^^^^^^^^^^^^^^^^^^^^^^^^^^^^^^^^^^^^^^^^^^^^^^^^^^^^^^^^^^
[INFO] [stdout] 
[INFO] [stdout] 
[INFO] [stdout] error[E0599]: no variant or associated item named `AleoSignature2021` found for enum `ProofSuiteType` in the current scope
[INFO] [stdout]     --> src/lib.rs:3568:40
[INFO] [stdout]      |
[INFO] [stdout] 3568 |         let warnings = ProofSuiteType::AleoSignature2021
[INFO] [stdout]      |                                        ^^^^^^^^^^^^^^^^^ variant or associated item not found in `ProofSuiteType`
[INFO] [stdout]      |
[INFO] [stdout] note: if you're trying to build a new `ProofSuiteType`, consider using `ProofSuiteType::pick` which returns `Result<ProofSuiteType, ssi_ldp::Error>`
[INFO] [stdout]     --> /opt/rustwide/cargo-home/registry/src/index.crates.io-6f17d22bba15001f/ssi-ldp-0.3.2/src/suites/mod.rs:199:5
[INFO] [stdout]      |
[INFO] [stdout] 199  |     pub(crate) fn pick(jwk: &JWK, verification_method: Option<&URI>) -> Result<Self, Error> {
[INFO] [stdout]      |     ^^^^^^^^^^^^^^^^^^^^^^^^^^^^^^^^^^^^^^^^^^^^^^^^^^^^^^^^^^^^^^^^^^^^^^^^^^^^^^^^^^^^^^^
[INFO] [stdout] 
[INFO] [stdout] 
[INFO] [stdout] warning: unused import: `ProofSuite`
[INFO] [stdout]     --> src/lib.rs:3330:23
[INFO] [stdout]      |
[INFO] [stdout] 3330 |         use ssi_ldp::{ProofSuite, ProofSuiteType};
[INFO] [stdout]      |                       ^^^^^^^^^^
[INFO] [stdout]      |
[INFO] [stdout]      = note: `#[warn(unused_imports)]` on by default
[INFO] [stdout] 
[INFO] [stdout] 
[INFO] [stdout] error: aborting due to 46 previous errors; 1 warning emitted
[INFO] [stdout] 
[INFO] [stdout] 
[INFO] [stdout] Some errors have detailed explanations: E0432, E0433, E0599.
[INFO] [stdout] 
[INFO] [stdout] For more information about an error, try `rustc --explain E0432`.
[INFO] [stdout] 
[INFO] [stderr] error: could not compile `ssi-vc` (lib test) due to 47 previous errors; 1 warning emitted
[INFO] running `Command { std: "docker" "inspect" "7b842d6f022cecb1aa89bde4aa5c01e60f837f3a3187f99c9e0f291a2ed979da", kill_on_drop: false }`
[INFO] running `Command { std: "docker" "rm" "-f" "7b842d6f022cecb1aa89bde4aa5c01e60f837f3a3187f99c9e0f291a2ed979da", kill_on_drop: false }`
[INFO] [stdout] 7b842d6f022cecb1aa89bde4aa5c01e60f837f3a3187f99c9e0f291a2ed979da
