[INFO] fetching crate ssb-json-msg 0.1.3...
[INFO] testing ssb-json-msg-0.1.3 against 1.75.0 for beta-1.76-1
[INFO] extracting crate ssb-json-msg 0.1.3 into /workspace/builds/worker-3-tc1/source
[INFO] validating manifest of crates.io crate ssb-json-msg 0.1.3 on toolchain 1.75.0
[INFO] running `Command { std: CARGO_HOME="/workspace/cargo-home" RUSTUP_HOME="/workspace/rustup-home" "/workspace/cargo-home/bin/cargo" "+1.75.0" "metadata" "--manifest-path" "Cargo.toml" "--no-deps", kill_on_drop: false }`
[INFO] started tweaking crates.io crate ssb-json-msg 0.1.3
[INFO] finished tweaking crates.io crate ssb-json-msg 0.1.3
[INFO] tweaked toml for crates.io crate ssb-json-msg 0.1.3 written to /workspace/builds/worker-3-tc1/source/Cargo.toml
[INFO] running `Command { std: CARGO_HOME="/workspace/cargo-home" RUSTUP_HOME="/workspace/rustup-home" "/workspace/cargo-home/bin/cargo" "+1.75.0" "generate-lockfile" "--manifest-path" "Cargo.toml", kill_on_drop: false }`
[INFO] [stderr]     Updating crates.io index
[INFO] running `Command { std: CARGO_HOME="/workspace/cargo-home" RUSTUP_HOME="/workspace/rustup-home" "/workspace/cargo-home/bin/cargo" "+1.75.0" "fetch" "--manifest-path" "Cargo.toml", kill_on_drop: false }`
[INFO] [stderr]     Blocking waiting for file lock on package cache
[INFO] [stderr]  Downloading crates ...
[INFO] [stderr]   Downloaded ssb-crypto v0.1.4
[INFO] [stderr]   Downloaded ssb-multiformats v0.2.1
[INFO] [stderr]   Downloaded ryu-ecmascript v0.1.1
[INFO] [stderr]   Downloaded ssb-json-msg-data v0.1.2
[INFO] running `Command { std: "docker" "create" "-v" "/var/lib/crater-agent-workspace/builds/worker-3-tc1/target:/opt/rustwide/target:rw,Z" "-v" "/var/lib/crater-agent-workspace/builds/worker-3-tc1/source:/opt/rustwide/workdir:ro,Z" "-v" "/var/lib/crater-agent-workspace/cargo-home:/opt/rustwide/cargo-home:ro,Z" "-v" "/var/lib/crater-agent-workspace/rustup-home:/opt/rustwide/rustup-home:ro,Z" "-e" "SOURCE_DIR=/opt/rustwide/workdir" "-e" "CARGO_TARGET_DIR=/opt/rustwide/target" "-e" "CARGO_HOME=/opt/rustwide/cargo-home" "-e" "RUSTUP_HOME=/opt/rustwide/rustup-home" "-w" "/opt/rustwide/workdir" "-m" "1610612736" "--user" "0:0" "--network" "none" "ghcr.io/rust-lang/crates-build-env/linux@sha256:2788e3201cd34a07e3172128adcd8b3090168a8e3bcc40d7c032b9dda1df7d1c" "/opt/rustwide/cargo-home/bin/cargo" "+1.75.0" "metadata" "--no-deps" "--format-version=1", kill_on_drop: false }`
[INFO] [stdout] 0ca41d5a27539b495f24f9a809b68f5d33aaf40bfcc6fbcbdfb63ea0e080fee6
[INFO] running `Command { std: "docker" "start" "-a" "0ca41d5a27539b495f24f9a809b68f5d33aaf40bfcc6fbcbdfb63ea0e080fee6", kill_on_drop: false }`
[INFO] running `Command { std: "docker" "inspect" "0ca41d5a27539b495f24f9a809b68f5d33aaf40bfcc6fbcbdfb63ea0e080fee6", kill_on_drop: false }`
[INFO] running `Command { std: "docker" "rm" "-f" "0ca41d5a27539b495f24f9a809b68f5d33aaf40bfcc6fbcbdfb63ea0e080fee6", kill_on_drop: false }`
[INFO] [stdout] 0ca41d5a27539b495f24f9a809b68f5d33aaf40bfcc6fbcbdfb63ea0e080fee6
[INFO] running `Command { std: "docker" "create" "-v" "/var/lib/crater-agent-workspace/builds/worker-3-tc1/target:/opt/rustwide/target:rw,Z" "-v" "/var/lib/crater-agent-workspace/builds/worker-3-tc1/source:/opt/rustwide/workdir:ro,Z" "-v" "/var/lib/crater-agent-workspace/cargo-home:/opt/rustwide/cargo-home:ro,Z" "-v" "/var/lib/crater-agent-workspace/rustup-home:/opt/rustwide/rustup-home:ro,Z" "-e" "SOURCE_DIR=/opt/rustwide/workdir" "-e" "CARGO_TARGET_DIR=/opt/rustwide/target" "-e" "CARGO_INCREMENTAL=0" "-e" "RUST_BACKTRACE=full" "-e" "RUSTFLAGS=--cap-lints=warn" "-e" "RUSTDOCFLAGS=--cap-lints=warn" "-e" "CARGO_HOME=/opt/rustwide/cargo-home" "-e" "RUSTUP_HOME=/opt/rustwide/rustup-home" "-w" "/opt/rustwide/workdir" "-m" "1610612736" "--user" "0:0" "--network" "none" "ghcr.io/rust-lang/crates-build-env/linux@sha256:2788e3201cd34a07e3172128adcd8b3090168a8e3bcc40d7c032b9dda1df7d1c" "/opt/rustwide/cargo-home/bin/cargo" "+1.75.0" "build" "--frozen" "--message-format=json", kill_on_drop: false }`
[INFO] [stdout] 7c4bdb86a8512d933a260ff510826fc58e0ea9cc8aab5ae5e299f2e835fab33d
[INFO] running `Command { std: "docker" "start" "-a" "7c4bdb86a8512d933a260ff510826fc58e0ea9cc8aab5ae5e299f2e835fab33d", kill_on_drop: false }`
[INFO] [stderr]    Compiling same-file v1.0.6
[INFO] [stderr]    Compiling vcpkg v0.2.15
[INFO] [stderr]    Compiling signature v1.6.4
[INFO] [stderr]    Compiling ryu-ecmascript v0.1.1
[INFO] [stderr]    Compiling indexmap v1.9.3
[INFO] [stderr]    Compiling lexical-core v0.7.6
[INFO] [stderr]    Compiling openssl v0.10.62
[INFO] [stderr]    Compiling foreign-types-shared v0.1.1
[INFO] [stderr]    Compiling arrayvec v0.5.2
[INFO] [stderr]    Compiling once_cell v1.19.0
[INFO] [stderr]    Compiling bitflags v2.4.1
[INFO] [stderr]    Compiling cc v1.0.83
[INFO] [stderr]    Compiling static_assertions v1.1.0
[INFO] [stderr]    Compiling hex v0.3.2
[INFO] [stderr]    Compiling base64 v0.11.0
[INFO] [stderr]    Compiling syn v2.0.48
[INFO] [stderr]    Compiling ed25519 v1.5.3
[INFO] [stderr]    Compiling foreign-types v0.3.2
[INFO] [stderr]    Compiling base64 v0.12.3
[INFO] [stderr]    Compiling walkdir v2.4.0
[INFO] [stderr]    Compiling encode_unicode v0.3.6
[INFO] [stderr]    Compiling libsodium-sys v0.2.7
[INFO] [stderr]    Compiling openssl-sys v0.9.98
[INFO] [stderr]    Compiling serde_derive v1.0.194
[INFO] [stderr]    Compiling openssl-macros v0.1.1
[INFO] [stderr]    Compiling serde v1.0.194
[INFO] [stderr]    Compiling crypto-hash v0.3.4
[INFO] [stderr]    Compiling ssb-json-msg-data v0.1.2
[INFO] [stderr]    Compiling sodiumoxide v0.2.7
[INFO] [stderr]    Compiling ssb-crypto v0.1.4
[INFO] [stderr]    Compiling ssb-multiformats v0.2.1
[INFO] [stdout] error[E0608]: cannot index into a value of type `&Signature`
[INFO] [stdout]    --> /opt/rustwide/cargo-home/registry/src/index.crates.io-6f17d22bba15001f/ssb-multiformats-0.2.1/src/multikey.rs:245:87
[INFO] [stdout]     |
[INFO] [stdout] 245 |             _Multisig::Ed25519(ref data) => write!(f, "Ed25519 signature: {:?}", &data[..]),
[INFO] [stdout]     |                                                                                       ^^^^
[INFO] [stdout] 
[INFO] [stdout] 
[INFO] [stdout] error[E0608]: cannot index into a value of type `&Signature`
[INFO] [stdout]    --> /opt/rustwide/cargo-home/registry/src/index.crates.io-6f17d22bba15001f/ssb-multiformats-0.2.1/src/multikey.rs:253:73
[INFO] [stdout]     |
[INFO] [stdout] 253 |             (_Multisig::Ed25519(ref a), _Multisig::Ed25519(ref b)) => &a[..] == &b[..],
[INFO] [stdout]     |                                                                         ^^^^
[INFO] [stdout] 
[INFO] [stdout] 
[INFO] [stdout] error[E0608]: cannot index into a value of type `&Signature`
[INFO] [stdout]    --> /opt/rustwide/cargo-home/registry/src/index.crates.io-6f17d22bba15001f/ssb-multiformats-0.2.1/src/multikey.rs:253:83
[INFO] [stdout]     |
[INFO] [stdout] 253 |             (_Multisig::Ed25519(ref a), _Multisig::Ed25519(ref b)) => &a[..] == &b[..],
[INFO] [stdout]     |                                                                                   ^^^^
[INFO] [stdout] 
[INFO] [stdout] 
[INFO] [stdout] error[E0599]: the method `cmp` exists for reference `&Signature`, but its trait bounds were not satisfied
[INFO] [stdout]    --> /opt/rustwide/cargo-home/registry/src/index.crates.io-6f17d22bba15001f/ssb-multiformats-0.2.1/src/multikey.rs:269:73
[INFO] [stdout]     |
[INFO] [stdout] 269 |             (_Multisig::Ed25519(ref a), _Multisig::Ed25519(ref b)) => a.cmp(&b),
[INFO] [stdout]     |                                                                         ^^^ method cannot be called on `&Signature` due to unsatisfied trait bounds
[INFO] [stdout]     |
[INFO] [stdout]    ::: /opt/rustwide/cargo-home/registry/src/index.crates.io-6f17d22bba15001f/ed25519-1.5.3/src/lib.rs:284:1
[INFO] [stdout]     |
[INFO] [stdout] 284 | pub struct Signature([u8; Signature::BYTE_SIZE]);
[INFO] [stdout]     | --------------------
[INFO] [stdout]     | |
[INFO] [stdout]     | doesn't satisfy `Signature: Iterator`
[INFO] [stdout]     | doesn't satisfy `Signature: Ord`
[INFO] [stdout]     |
[INFO] [stdout]     = note: the following trait bounds were not satisfied:
[INFO] [stdout]             `Signature: Ord`
[INFO] [stdout]             which is required by `&Signature: Ord`
[INFO] [stdout]             `&Signature: Iterator`
[INFO] [stdout]             which is required by `&mut &Signature: Iterator`
[INFO] [stdout]             `Signature: Iterator`
[INFO] [stdout]             which is required by `&mut Signature: Iterator`
[INFO] [stdout] 
[INFO] [stdout] 
[INFO] [stdout] error[E0599]: no function or associated item named `from_slice` found for struct `Signature` in the current scope
[INFO] [stdout]    --> /opt/rustwide/cargo-home/registry/src/index.crates.io-6f17d22bba15001f/ssb-multiformats-0.2.1/src/multikey.rs:310:48
[INFO] [stdout]     |
[INFO] [stdout] 310 |         Multisig(_Multisig::Ed25519(Signature::from_slice(sig).unwrap()))
[INFO] [stdout]     |                                                ^^^^^^^^^^ function or associated item not found in `Signature`
[INFO] [stdout]     |
[INFO] [stdout] note: if you're trying to build a new `Signature` consider using one of the following associated functions:
[INFO] [stdout]       Signature::from_bytes
[INFO] [stdout]       Signature::new
[INFO] [stdout]    --> /opt/rustwide/cargo-home/registry/src/index.crates.io-6f17d22bba15001f/ed25519-1.5.3/src/lib.rs:291:5
[INFO] [stdout]     |
[INFO] [stdout] 291 |     pub fn from_bytes(bytes: &[u8]) -> signature::Result<Self> {
[INFO] [stdout]     |     ^^^^^^^^^^^^^^^^^^^^^^^^^^^^^^^^^^^^^^^^^^^^^^^^^^^^^^^^^^
[INFO] [stdout] ...
[INFO] [stdout] 330 |     pub fn new(bytes: [u8; Self::BYTE_SIZE]) -> Self {
[INFO] [stdout]     |     ^^^^^^^^^^^^^^^^^^^^^^^^^^^^^^^^^^^^^^^^^^^^^^^^
[INFO] [stdout] 
[INFO] [stdout] 
[INFO] [stdout] error[E0608]: cannot index into a value of type `&Signature`
[INFO] [stdout]    --> /opt/rustwide/cargo-home/registry/src/index.crates.io-6f17d22bba15001f/ssb-multiformats-0.2.1/src/multikey.rs:318:54
[INFO] [stdout]     |
[INFO] [stdout] 318 |                 let data = base64::encode_config(&sig[..], base64::STANDARD);
[INFO] [stdout]     |                                                      ^^^^
[INFO] [stdout] 
[INFO] [stdout] 
[INFO] [stdout] error: aborting due to 6 previous errors
[INFO] [stdout] 
[INFO] [stdout] 
[INFO] [stdout] Some errors have detailed explanations: E0599, E0608.
[INFO] [stdout] 
[INFO] [stdout] For more information about an error, try `rustc --explain E0599`.
[INFO] [stdout] 
[INFO] [stderr] error: could not compile `ssb-multiformats` (lib) due to 7 previous errors
[INFO] running `Command { std: "docker" "inspect" "7c4bdb86a8512d933a260ff510826fc58e0ea9cc8aab5ae5e299f2e835fab33d", kill_on_drop: false }`
[INFO] running `Command { std: "docker" "rm" "-f" "7c4bdb86a8512d933a260ff510826fc58e0ea9cc8aab5ae5e299f2e835fab33d", kill_on_drop: false }`
[INFO] [stdout] 7c4bdb86a8512d933a260ff510826fc58e0ea9cc8aab5ae5e299f2e835fab33d
