[INFO] fetching crate ssap 0.0.1...
[INFO] testing ssap-0.0.1 against 1.75.0 for beta-1.76-1
[INFO] extracting crate ssap 0.0.1 into /workspace/builds/worker-3-tc1/source
[INFO] validating manifest of crates.io crate ssap 0.0.1 on toolchain 1.75.0
[INFO] running `Command { std: CARGO_HOME="/workspace/cargo-home" RUSTUP_HOME="/workspace/rustup-home" "/workspace/cargo-home/bin/cargo" "+1.75.0" "metadata" "--manifest-path" "Cargo.toml" "--no-deps", kill_on_drop: false }`
[INFO] started tweaking crates.io crate ssap 0.0.1
[INFO] finished tweaking crates.io crate ssap 0.0.1
[INFO] tweaked toml for crates.io crate ssap 0.0.1 written to /workspace/builds/worker-3-tc1/source/Cargo.toml
[INFO] running `Command { std: CARGO_HOME="/workspace/cargo-home" RUSTUP_HOME="/workspace/rustup-home" "/workspace/cargo-home/bin/cargo" "+1.75.0" "generate-lockfile" "--manifest-path" "Cargo.toml", kill_on_drop: false }`
[INFO] running `Command { std: CARGO_HOME="/workspace/cargo-home" RUSTUP_HOME="/workspace/rustup-home" "/workspace/cargo-home/bin/cargo" "+1.75.0" "fetch" "--manifest-path" "Cargo.toml", kill_on_drop: false }`
[INFO] running `Command { std: "docker" "create" "-v" "/var/lib/crater-agent-workspace/builds/worker-3-tc1/target:/opt/rustwide/target:rw,Z" "-v" "/var/lib/crater-agent-workspace/builds/worker-3-tc1/source:/opt/rustwide/workdir:ro,Z" "-v" "/var/lib/crater-agent-workspace/cargo-home:/opt/rustwide/cargo-home:ro,Z" "-v" "/var/lib/crater-agent-workspace/rustup-home:/opt/rustwide/rustup-home:ro,Z" "-e" "SOURCE_DIR=/opt/rustwide/workdir" "-e" "CARGO_TARGET_DIR=/opt/rustwide/target" "-e" "CARGO_HOME=/opt/rustwide/cargo-home" "-e" "RUSTUP_HOME=/opt/rustwide/rustup-home" "-w" "/opt/rustwide/workdir" "-m" "1610612736" "--user" "0:0" "--network" "none" "ghcr.io/rust-lang/crates-build-env/linux@sha256:2788e3201cd34a07e3172128adcd8b3090168a8e3bcc40d7c032b9dda1df7d1c" "/opt/rustwide/cargo-home/bin/cargo" "+1.75.0" "metadata" "--no-deps" "--format-version=1", kill_on_drop: false }`
[INFO] [stdout] 4dda61904ce9750ef8bc5d05ed34348a54853973ce5338b064d33c67c5c2efc1
[INFO] running `Command { std: "docker" "start" "-a" "4dda61904ce9750ef8bc5d05ed34348a54853973ce5338b064d33c67c5c2efc1", kill_on_drop: false }`
[INFO] running `Command { std: "docker" "inspect" "4dda61904ce9750ef8bc5d05ed34348a54853973ce5338b064d33c67c5c2efc1", kill_on_drop: false }`
[INFO] running `Command { std: "docker" "rm" "-f" "4dda61904ce9750ef8bc5d05ed34348a54853973ce5338b064d33c67c5c2efc1", kill_on_drop: false }`
[INFO] [stdout] 4dda61904ce9750ef8bc5d05ed34348a54853973ce5338b064d33c67c5c2efc1
[INFO] running `Command { std: "docker" "create" "-v" "/var/lib/crater-agent-workspace/builds/worker-3-tc1/target:/opt/rustwide/target:rw,Z" "-v" "/var/lib/crater-agent-workspace/builds/worker-3-tc1/source:/opt/rustwide/workdir:ro,Z" "-v" "/var/lib/crater-agent-workspace/cargo-home:/opt/rustwide/cargo-home:ro,Z" "-v" "/var/lib/crater-agent-workspace/rustup-home:/opt/rustwide/rustup-home:ro,Z" "-e" "SOURCE_DIR=/opt/rustwide/workdir" "-e" "CARGO_TARGET_DIR=/opt/rustwide/target" "-e" "CARGO_INCREMENTAL=0" "-e" "RUST_BACKTRACE=full" "-e" "RUSTFLAGS=--cap-lints=warn" "-e" "RUSTDOCFLAGS=--cap-lints=warn" "-e" "CARGO_HOME=/opt/rustwide/cargo-home" "-e" "RUSTUP_HOME=/opt/rustwide/rustup-home" "-w" "/opt/rustwide/workdir" "-m" "1610612736" "--user" "0:0" "--network" "none" "ghcr.io/rust-lang/crates-build-env/linux@sha256:2788e3201cd34a07e3172128adcd8b3090168a8e3bcc40d7c032b9dda1df7d1c" "/opt/rustwide/cargo-home/bin/cargo" "+1.75.0" "build" "--frozen" "--message-format=json", kill_on_drop: false }`
[INFO] [stdout] caab6e6b6fccf167501e93748dd3bd63008d11d26be62601488464e09c47be9b
[INFO] running `Command { std: "docker" "start" "-a" "caab6e6b6fccf167501e93748dd3bd63008d11d26be62601488464e09c47be9b", kill_on_drop: false }`
[INFO] [stderr]    Compiling ssap v0.0.1 (/opt/rustwide/workdir)
[INFO] [stderr]     Finished dev [unoptimized + debuginfo] target(s) in 0.16s
[INFO] running `Command { std: "docker" "inspect" "caab6e6b6fccf167501e93748dd3bd63008d11d26be62601488464e09c47be9b", kill_on_drop: false }`
[INFO] running `Command { std: "docker" "rm" "-f" "caab6e6b6fccf167501e93748dd3bd63008d11d26be62601488464e09c47be9b", kill_on_drop: false }`
[INFO] [stdout] caab6e6b6fccf167501e93748dd3bd63008d11d26be62601488464e09c47be9b
[INFO] running `Command { std: "docker" "create" "-v" "/var/lib/crater-agent-workspace/builds/worker-3-tc1/target:/opt/rustwide/target:rw,Z" "-v" "/var/lib/crater-agent-workspace/builds/worker-3-tc1/source:/opt/rustwide/workdir:ro,Z" "-v" "/var/lib/crater-agent-workspace/cargo-home:/opt/rustwide/cargo-home:ro,Z" "-v" "/var/lib/crater-agent-workspace/rustup-home:/opt/rustwide/rustup-home:ro,Z" "-e" "SOURCE_DIR=/opt/rustwide/workdir" "-e" "CARGO_TARGET_DIR=/opt/rustwide/target" "-e" "CARGO_INCREMENTAL=0" "-e" "RUST_BACKTRACE=full" "-e" "RUSTFLAGS=--cap-lints=warn" "-e" "RUSTDOCFLAGS=--cap-lints=warn" "-e" "CARGO_HOME=/opt/rustwide/cargo-home" "-e" "RUSTUP_HOME=/opt/rustwide/rustup-home" "-w" "/opt/rustwide/workdir" "-m" "1610612736" "--user" "0:0" "--network" "none" "ghcr.io/rust-lang/crates-build-env/linux@sha256:2788e3201cd34a07e3172128adcd8b3090168a8e3bcc40d7c032b9dda1df7d1c" "/opt/rustwide/cargo-home/bin/cargo" "+1.75.0" "test" "--frozen" "--no-run" "--message-format=json", kill_on_drop: false }`
[INFO] [stdout] d57764266dfd53fdeaefa7e7920a30aee4fc0e367cad2bcae7d5752968b0ee0a
[INFO] running `Command { std: "docker" "start" "-a" "d57764266dfd53fdeaefa7e7920a30aee4fc0e367cad2bcae7d5752968b0ee0a", kill_on_drop: false }`
[INFO] [stderr]    Compiling ssap v0.0.1 (/opt/rustwide/workdir)
[INFO] [stdout] error[E0308]: mismatched types
[INFO] [stdout]   --> src/lib.rs:45:49
[INFO] [stdout]    |
[INFO] [stdout] 45 |     assert_eq!(vec![Elem::Value(b"foo")], parse(&vec![b"foo"]));
[INFO] [stdout]    |                                           ----- ^^^^^^^^^^^^^ expected `&[&[u8]]`, found `&Vec<&[u8; 3]>`
[INFO] [stdout]    |                                           |
[INFO] [stdout]    |                                           arguments to this function are incorrect
[INFO] [stdout]    |
[INFO] [stdout]    = note: expected reference `&[&[u8]]`
[INFO] [stdout]               found reference `&Vec<&[u8; 3]>`
[INFO] [stdout] note: function defined here
[INFO] [stdout]   --> src/lib.rs:9:8
[INFO] [stdout]    |
[INFO] [stdout] 9  | pub fn parse<'a>(data: &'a [&'a [u8]]) -> Vec<Elem<'a>>
[INFO] [stdout]    |        ^^^^^     --------------------
[INFO] [stdout] 
[INFO] [stdout] 
[INFO] [stdout] error[E0308]: mismatched types
[INFO] [stdout]   --> src/lib.rs:47:29
[INFO] [stdout]    |
[INFO] [stdout] 47 |         parse(&vec![b"foo", b"[", b"bar", b"]"]));
[INFO] [stdout]    |                             ^^^^ expected an array with a fixed size of 3 elements, found one with 1 element
[INFO] [stdout] 
[INFO] [stdout] 
[INFO] [stdout] error: aborting due to 2 previous errors
[INFO] [stdout] 
[INFO] [stdout] 
[INFO] [stdout] For more information about this error, try `rustc --explain E0308`.
[INFO] [stdout] 
[INFO] [stderr] error: could not compile `ssap` (lib test) due to 3 previous errors
[INFO] running `Command { std: "docker" "inspect" "d57764266dfd53fdeaefa7e7920a30aee4fc0e367cad2bcae7d5752968b0ee0a", kill_on_drop: false }`
[INFO] running `Command { std: "docker" "rm" "-f" "d57764266dfd53fdeaefa7e7920a30aee4fc0e367cad2bcae7d5752968b0ee0a", kill_on_drop: false }`
[INFO] [stdout] d57764266dfd53fdeaefa7e7920a30aee4fc0e367cad2bcae7d5752968b0ee0a
[INFO] testing ssap-0.0.1 against beta-2023-12-22 for beta-1.76-1
[INFO] extracting crate ssap 0.0.1 into /workspace/builds/worker-3-tc2/source
[INFO] validating manifest of crates.io crate ssap 0.0.1 on toolchain beta-2023-12-22
[INFO] running `Command { std: CARGO_HOME="/workspace/cargo-home" RUSTUP_HOME="/workspace/rustup-home" "/workspace/cargo-home/bin/cargo" "+beta-2023-12-22" "metadata" "--manifest-path" "Cargo.toml" "--no-deps", kill_on_drop: false }`
[INFO] started tweaking crates.io crate ssap 0.0.1
[INFO] finished tweaking crates.io crate ssap 0.0.1
[INFO] tweaked toml for crates.io crate ssap 0.0.1 written to /workspace/builds/worker-3-tc2/source/Cargo.toml
[INFO] running `Command { std: CARGO_HOME="/workspace/cargo-home" RUSTUP_HOME="/workspace/rustup-home" "/workspace/cargo-home/bin/cargo" "+beta-2023-12-22" "generate-lockfile" "--manifest-path" "Cargo.toml", kill_on_drop: false }`
[INFO] [stderr]     Blocking waiting for file lock on package cache
[INFO] running `Command { std: CARGO_HOME="/workspace/cargo-home" RUSTUP_HOME="/workspace/rustup-home" "/workspace/cargo-home/bin/cargo" "+beta-2023-12-22" "fetch" "--manifest-path" "Cargo.toml", kill_on_drop: false }`
[INFO] running `Command { std: "docker" "create" "-v" "/var/lib/crater-agent-workspace/builds/worker-3-tc2/target:/opt/rustwide/target:rw,Z" "-v" "/var/lib/crater-agent-workspace/builds/worker-3-tc2/source:/opt/rustwide/workdir:ro,Z" "-v" "/var/lib/crater-agent-workspace/cargo-home:/opt/rustwide/cargo-home:ro,Z" "-v" "/var/lib/crater-agent-workspace/rustup-home:/opt/rustwide/rustup-home:ro,Z" "-e" "SOURCE_DIR=/opt/rustwide/workdir" "-e" "CARGO_TARGET_DIR=/opt/rustwide/target" "-e" "CARGO_HOME=/opt/rustwide/cargo-home" "-e" "RUSTUP_HOME=/opt/rustwide/rustup-home" "-w" "/opt/rustwide/workdir" "-m" "1610612736" "--user" "0:0" "--network" "none" "ghcr.io/rust-lang/crates-build-env/linux@sha256:2788e3201cd34a07e3172128adcd8b3090168a8e3bcc40d7c032b9dda1df7d1c" "/opt/rustwide/cargo-home/bin/cargo" "+beta-2023-12-22" "metadata" "--no-deps" "--format-version=1", kill_on_drop: false }`
[INFO] [stdout] e46cfab03c8efb64962edcba6f871ead234d7076564f5fcd1f950809bd27bc4b
[INFO] running `Command { std: "docker" "start" "-a" "e46cfab03c8efb64962edcba6f871ead234d7076564f5fcd1f950809bd27bc4b", kill_on_drop: false }`
[INFO] running `Command { std: "docker" "inspect" "e46cfab03c8efb64962edcba6f871ead234d7076564f5fcd1f950809bd27bc4b", kill_on_drop: false }`
[INFO] running `Command { std: "docker" "rm" "-f" "e46cfab03c8efb64962edcba6f871ead234d7076564f5fcd1f950809bd27bc4b", kill_on_drop: false }`
[INFO] [stdout] e46cfab03c8efb64962edcba6f871ead234d7076564f5fcd1f950809bd27bc4b
[INFO] running `Command { std: "docker" "create" "-v" "/var/lib/crater-agent-workspace/builds/worker-3-tc2/target:/opt/rustwide/target:rw,Z" "-v" "/var/lib/crater-agent-workspace/builds/worker-3-tc2/source:/opt/rustwide/workdir:ro,Z" "-v" "/var/lib/crater-agent-workspace/cargo-home:/opt/rustwide/cargo-home:ro,Z" "-v" "/var/lib/crater-agent-workspace/rustup-home:/opt/rustwide/rustup-home:ro,Z" "-e" "SOURCE_DIR=/opt/rustwide/workdir" "-e" "CARGO_TARGET_DIR=/opt/rustwide/target" "-e" "CARGO_INCREMENTAL=0" "-e" "RUST_BACKTRACE=full" "-e" "RUSTFLAGS=--cap-lints=warn" "-e" "RUSTDOCFLAGS=--cap-lints=warn" "-e" "CARGO_HOME=/opt/rustwide/cargo-home" "-e" "RUSTUP_HOME=/opt/rustwide/rustup-home" "-w" "/opt/rustwide/workdir" "-m" "1610612736" "--user" "0:0" "--network" "none" "ghcr.io/rust-lang/crates-build-env/linux@sha256:2788e3201cd34a07e3172128adcd8b3090168a8e3bcc40d7c032b9dda1df7d1c" "/opt/rustwide/cargo-home/bin/cargo" "+beta-2023-12-22" "build" "--frozen" "--message-format=json", kill_on_drop: false }`
[INFO] [stdout] 21d34d3bfa62d13adaf4e7b0fa8295380e618d082e404ef7541aa9049c502c60
[INFO] running `Command { std: "docker" "start" "-a" "21d34d3bfa62d13adaf4e7b0fa8295380e618d082e404ef7541aa9049c502c60", kill_on_drop: false }`
[INFO] [stderr]    Compiling ssap v0.0.1 (/opt/rustwide/workdir)
[INFO] [stderr]     Finished dev [unoptimized + debuginfo] target(s) in 0.17s
[INFO] running `Command { std: "docker" "inspect" "21d34d3bfa62d13adaf4e7b0fa8295380e618d082e404ef7541aa9049c502c60", kill_on_drop: false }`
[INFO] running `Command { std: "docker" "rm" "-f" "21d34d3bfa62d13adaf4e7b0fa8295380e618d082e404ef7541aa9049c502c60", kill_on_drop: false }`
[INFO] [stdout] 21d34d3bfa62d13adaf4e7b0fa8295380e618d082e404ef7541aa9049c502c60
[INFO] running `Command { std: "docker" "create" "-v" "/var/lib/crater-agent-workspace/builds/worker-3-tc2/target:/opt/rustwide/target:rw,Z" "-v" "/var/lib/crater-agent-workspace/builds/worker-3-tc2/source:/opt/rustwide/workdir:ro,Z" "-v" "/var/lib/crater-agent-workspace/cargo-home:/opt/rustwide/cargo-home:ro,Z" "-v" "/var/lib/crater-agent-workspace/rustup-home:/opt/rustwide/rustup-home:ro,Z" "-e" "SOURCE_DIR=/opt/rustwide/workdir" "-e" "CARGO_TARGET_DIR=/opt/rustwide/target" "-e" "CARGO_INCREMENTAL=0" "-e" "RUST_BACKTRACE=full" "-e" "RUSTFLAGS=--cap-lints=warn" "-e" "RUSTDOCFLAGS=--cap-lints=warn" "-e" "CARGO_HOME=/opt/rustwide/cargo-home" "-e" "RUSTUP_HOME=/opt/rustwide/rustup-home" "-w" "/opt/rustwide/workdir" "-m" "1610612736" "--user" "0:0" "--network" "none" "ghcr.io/rust-lang/crates-build-env/linux@sha256:2788e3201cd34a07e3172128adcd8b3090168a8e3bcc40d7c032b9dda1df7d1c" "/opt/rustwide/cargo-home/bin/cargo" "+beta-2023-12-22" "test" "--frozen" "--no-run" "--message-format=json", kill_on_drop: false }`
[INFO] [stdout] 3ce8843d665bcaa2a324229de23f216fc8dab669347c27555bb7f4f5b4c65bbc
[INFO] running `Command { std: "docker" "start" "-a" "3ce8843d665bcaa2a324229de23f216fc8dab669347c27555bb7f4f5b4c65bbc", kill_on_drop: false }`
[INFO] [stderr]    Compiling ssap v0.0.1 (/opt/rustwide/workdir)
[INFO] [stdout] error[E0308]: mismatched types
[INFO] [stdout]   --> src/lib.rs:45:49
[INFO] [stdout]    |
[INFO] [stdout] 45 |     assert_eq!(vec![Elem::Value(b"foo")], parse(&vec![b"foo"]));
[INFO] [stdout]    |                                           ----- ^^^^^^^^^^^^^ expected `&[&[u8]]`, found `&Vec<&[u8; 3]>`
[INFO] [stdout]    |                                           |
[INFO] [stdout]    |                                           arguments to this function are incorrect
[INFO] [stdout]    |
[INFO] [stdout]    = note: expected reference `&[&[u8]]`
[INFO] [stdout]               found reference `&Vec<&[u8; 3]>`
[INFO] [stdout] note: function defined here
[INFO] [stdout]   --> src/lib.rs:9:8
[INFO] [stdout]    |
[INFO] [stdout] 9  | pub fn parse<'a>(data: &'a [&'a [u8]]) -> Vec<Elem<'a>>
[INFO] [stdout]    |        ^^^^^     --------------------
[INFO] [stdout] 
[INFO] [stdout] 
[INFO] [stdout] error[E0308]: mismatched types
[INFO] [stdout]   --> src/lib.rs:47:29
[INFO] [stdout]    |
[INFO] [stdout] 47 |         parse(&vec![b"foo", b"[", b"bar", b"]"]));
[INFO] [stdout]    |                             ^^^^ expected an array with a fixed size of 3 elements, found one with 1 element
[INFO] [stdout] 
[INFO] [stdout] 
[INFO] [stdout] error: aborting due to 2 previous errors
[INFO] [stdout] 
[INFO] [stdout] 
[INFO] [stdout] For more information about this error, try `rustc --explain E0308`.
[INFO] [stdout] 
[INFO] [stderr] error: could not compile `ssap` (lib test) due to 3 previous errors
[INFO] running `Command { std: "docker" "inspect" "3ce8843d665bcaa2a324229de23f216fc8dab669347c27555bb7f4f5b4c65bbc", kill_on_drop: false }`
[INFO] running `Command { std: "docker" "rm" "-f" "3ce8843d665bcaa2a324229de23f216fc8dab669347c27555bb7f4f5b4c65bbc", kill_on_drop: false }`
[INFO] [stdout] 3ce8843d665bcaa2a324229de23f216fc8dab669347c27555bb7f4f5b4c65bbc
