[INFO] fetching crate sqlx 0.7.3...
[INFO] testing sqlx-0.7.3 against 1.75.0 for beta-1.76-1
[INFO] extracting crate sqlx 0.7.3 into /workspace/builds/worker-3-tc1/source
[INFO] validating manifest of crates.io crate sqlx 0.7.3 on toolchain 1.75.0
[INFO] running `Command { std: CARGO_HOME="/workspace/cargo-home" RUSTUP_HOME="/workspace/rustup-home" "/workspace/cargo-home/bin/cargo" "+1.75.0" "metadata" "--manifest-path" "Cargo.toml" "--no-deps", kill_on_drop: false }`
[INFO] started tweaking crates.io crate sqlx 0.7.3
[INFO] removed 0 missing tests
[INFO] finished tweaking crates.io crate sqlx 0.7.3
[INFO] tweaked toml for crates.io crate sqlx 0.7.3 written to /workspace/builds/worker-3-tc1/source/Cargo.toml
[INFO] running `Command { std: CARGO_HOME="/workspace/cargo-home" RUSTUP_HOME="/workspace/rustup-home" "/workspace/cargo-home/bin/cargo" "+1.75.0" "generate-lockfile" "--manifest-path" "Cargo.toml", kill_on_drop: false }`
[INFO] [stderr]     Updating crates.io index
[INFO] running `Command { std: CARGO_HOME="/workspace/cargo-home" RUSTUP_HOME="/workspace/rustup-home" "/workspace/cargo-home/bin/cargo" "+1.75.0" "fetch" "--manifest-path" "Cargo.toml", kill_on_drop: false }`
[INFO] [stderr]  Downloading crates ...
[INFO] [stderr]   Downloaded atomic-write-file v0.1.2
[INFO] [stderr]   Downloaded ipnetwork v0.20.0
[INFO] running `Command { std: "docker" "create" "-v" "/var/lib/crater-agent-workspace/builds/worker-3-tc1/target:/opt/rustwide/target:rw,Z" "-v" "/var/lib/crater-agent-workspace/builds/worker-3-tc1/source:/opt/rustwide/workdir:ro,Z" "-v" "/var/lib/crater-agent-workspace/cargo-home:/opt/rustwide/cargo-home:ro,Z" "-v" "/var/lib/crater-agent-workspace/rustup-home:/opt/rustwide/rustup-home:ro,Z" "-e" "SOURCE_DIR=/opt/rustwide/workdir" "-e" "CARGO_TARGET_DIR=/opt/rustwide/target" "-e" "CARGO_HOME=/opt/rustwide/cargo-home" "-e" "RUSTUP_HOME=/opt/rustwide/rustup-home" "-w" "/opt/rustwide/workdir" "-m" "1610612736" "--user" "0:0" "--network" "none" "ghcr.io/rust-lang/crates-build-env/linux@sha256:2788e3201cd34a07e3172128adcd8b3090168a8e3bcc40d7c032b9dda1df7d1c" "/opt/rustwide/cargo-home/bin/cargo" "+1.75.0" "metadata" "--no-deps" "--format-version=1", kill_on_drop: false }`
[INFO] [stdout] c07454529d1031ecc5bceb255b70a578cbee1940ddb62fade793764cdbdd16fb
[INFO] running `Command { std: "docker" "start" "-a" "c07454529d1031ecc5bceb255b70a578cbee1940ddb62fade793764cdbdd16fb", kill_on_drop: false }`
[INFO] running `Command { std: "docker" "inspect" "c07454529d1031ecc5bceb255b70a578cbee1940ddb62fade793764cdbdd16fb", kill_on_drop: false }`
[INFO] running `Command { std: "docker" "rm" "-f" "c07454529d1031ecc5bceb255b70a578cbee1940ddb62fade793764cdbdd16fb", kill_on_drop: false }`
[INFO] [stdout] c07454529d1031ecc5bceb255b70a578cbee1940ddb62fade793764cdbdd16fb
[INFO] running `Command { std: "docker" "create" "-v" "/var/lib/crater-agent-workspace/builds/worker-3-tc1/target:/opt/rustwide/target:rw,Z" "-v" "/var/lib/crater-agent-workspace/builds/worker-3-tc1/source:/opt/rustwide/workdir:ro,Z" "-v" "/var/lib/crater-agent-workspace/cargo-home:/opt/rustwide/cargo-home:ro,Z" "-v" "/var/lib/crater-agent-workspace/rustup-home:/opt/rustwide/rustup-home:ro,Z" "-e" "SOURCE_DIR=/opt/rustwide/workdir" "-e" "CARGO_TARGET_DIR=/opt/rustwide/target" "-e" "CARGO_INCREMENTAL=0" "-e" "RUST_BACKTRACE=full" "-e" "RUSTFLAGS=--cap-lints=warn" "-e" "RUSTDOCFLAGS=--cap-lints=warn" "-e" "CARGO_HOME=/opt/rustwide/cargo-home" "-e" "RUSTUP_HOME=/opt/rustwide/rustup-home" "-w" "/opt/rustwide/workdir" "-m" "1610612736" "--user" "0:0" "--network" "none" "ghcr.io/rust-lang/crates-build-env/linux@sha256:2788e3201cd34a07e3172128adcd8b3090168a8e3bcc40d7c032b9dda1df7d1c" "/opt/rustwide/cargo-home/bin/cargo" "+1.75.0" "build" "--frozen" "--message-format=json", kill_on_drop: false }`
[INFO] [stdout] 3d99797942bc40250c421d6734d58e62ba02ef5c9aa972ea4cbb4c2aaff18b21
[INFO] running `Command { std: "docker" "start" "-a" "3d99797942bc40250c421d6734d58e62ba02ef5c9aa972ea4cbb4c2aaff18b21", kill_on_drop: false }`
[INFO] [stderr]    Compiling libc v0.2.151
[INFO] [stderr]    Compiling once_cell v1.19.0
[INFO] [stderr]    Compiling zerocopy v0.7.32
[INFO] [stderr]    Compiling ahash v0.8.7
[INFO] [stderr]    Compiling serde v1.0.194
[INFO] [stderr]    Compiling allocator-api2 v0.2.16
[INFO] [stderr]    Compiling tinyvec_macros v0.1.1
[INFO] [stderr]    Compiling futures-core v0.3.30
[INFO] [stderr]    Compiling slab v0.4.9
[INFO] [stderr]    Compiling num-traits v0.2.17
[INFO] [stderr]    Compiling memchr v2.7.1
[INFO] [stderr]    Compiling crossbeam-utils v0.8.18
[INFO] [stderr]    Compiling syn v2.0.48
[INFO] [stderr]    Compiling block-buffer v0.10.4
[INFO] [stderr]    Compiling paste v1.0.14
[INFO] [stderr]    Compiling unicode-bidi v0.3.14
[INFO] [stderr]    Compiling tinyvec v1.6.0
[INFO] [stderr]    Compiling percent-encoding v2.3.1
[INFO] [stderr]    Compiling pin-project-lite v0.2.13
[INFO] [stderr]    Compiling bitflags v2.4.1
[INFO] [stderr]    Compiling futures-sink v0.3.30
[INFO] [stderr]    Compiling form_urlencoded v1.2.1
[INFO] [stderr]    Compiling tracing-core v0.1.32
[INFO] [stderr]    Compiling crypto-common v0.1.6
[INFO] [stderr]    Compiling getrandom v0.2.11
[INFO] [stderr]    Compiling crc-catalog v2.4.0
[INFO] [stderr]    Compiling rustix v0.38.28
[INFO] [stderr]    Compiling pin-utils v0.1.0
[INFO] [stderr]    Compiling unicode_categories v0.1.1
[INFO] [stderr]    Compiling serde_json v1.0.111
[INFO] [stderr]    Compiling futures-task v0.3.30
[INFO] [stderr]    Compiling ppv-lite86 v0.2.17
[INFO] [stderr]    Compiling log v0.4.20
[INFO] [stderr]    Compiling futures-io v0.3.30
[INFO] [stderr]    Compiling crc v3.0.1
[INFO] [stderr]    Compiling nom v7.1.3
[INFO] [stderr]    Compiling futures-util v0.3.30
[INFO] [stderr]    Compiling digest v0.10.7
[INFO] [stderr]    Compiling futures-channel v0.3.30
[INFO] [stderr]    Compiling dotenvy v0.15.7
[INFO] [stderr]    Compiling itoa v1.0.10
[INFO] [stderr]    Compiling bytes v1.5.0
[INFO] [stderr]    Compiling linux-raw-sys v0.4.12
[INFO] [stderr]    Compiling unicode-normalization v0.1.22
[INFO] [stderr]    Compiling crossbeam-queue v0.3.10
[INFO] [stderr]    Compiling syn v1.0.109
[INFO] [stderr]    Compiling event-listener v2.5.3
[INFO] [stderr]    Compiling ryu v1.0.16
[INFO] [stderr]    Compiling hex v0.4.3
[INFO] [stderr]    Compiling hashbrown v0.14.3
[INFO] [stderr]    Compiling sha2 v0.10.8
[INFO] [stderr]    Compiling parking_lot_core v0.9.9
[INFO] [stderr]    Compiling unicode-segmentation v1.10.1
[INFO] [stderr]    Compiling fastrand v2.0.1
[INFO] [stderr]    Compiling idna v0.5.0
[INFO] [stderr]    Compiling parking_lot v0.12.1
[INFO] [stderr]    Compiling atoi v2.0.0
[INFO] [stderr]    Compiling heck v0.4.1
[INFO] [stderr]    Compiling futures-intrusive v0.5.0
[INFO] [stderr]    Compiling indexmap v2.1.0
[INFO] [stderr]    Compiling hashlink v0.8.4
[INFO] [stderr]    Compiling nix v0.27.1
[INFO] [stderr]    Compiling url v2.5.0
[INFO] [stderr]    Compiling rand_core v0.6.4
[INFO] [stderr]    Compiling rand_chacha v0.3.1
[INFO] [stderr]    Compiling rand v0.8.5
[INFO] [stderr]    Compiling tempfile v3.9.0
[INFO] [stderr]    Compiling atomic-write-file v0.1.2
[INFO] [stderr]    Compiling serde_derive v1.0.194
[INFO] [stderr]    Compiling thiserror-impl v1.0.56
[INFO] [stderr]    Compiling tracing-attributes v0.1.27
[INFO] [stderr]    Compiling thiserror v1.0.56
[INFO] [stderr]    Compiling tracing v0.1.40
[INFO] [stderr]    Compiling either v1.9.0
[INFO] [stderr]    Compiling itertools v0.12.0
[INFO] [stderr]    Compiling sqlformat v0.2.3
[INFO] [stderr]    Compiling sqlx-core v0.7.3
[INFO] [stderr]    Compiling sqlx-macros-core v0.7.3
[INFO] [stderr]    Compiling sqlx-macros v0.7.3
[INFO] [stderr]    Compiling sqlx v0.7.3 (/opt/rustwide/workdir)
[INFO] [stderr]     Finished dev [unoptimized + debuginfo] target(s) in 16.72s
[INFO] running `Command { std: "docker" "inspect" "3d99797942bc40250c421d6734d58e62ba02ef5c9aa972ea4cbb4c2aaff18b21", kill_on_drop: false }`
[INFO] running `Command { std: "docker" "rm" "-f" "3d99797942bc40250c421d6734d58e62ba02ef5c9aa972ea4cbb4c2aaff18b21", kill_on_drop: false }`
[INFO] [stdout] 3d99797942bc40250c421d6734d58e62ba02ef5c9aa972ea4cbb4c2aaff18b21
[INFO] running `Command { std: "docker" "create" "-v" "/var/lib/crater-agent-workspace/builds/worker-3-tc1/target:/opt/rustwide/target:rw,Z" "-v" "/var/lib/crater-agent-workspace/builds/worker-3-tc1/source:/opt/rustwide/workdir:ro,Z" "-v" "/var/lib/crater-agent-workspace/cargo-home:/opt/rustwide/cargo-home:ro,Z" "-v" "/var/lib/crater-agent-workspace/rustup-home:/opt/rustwide/rustup-home:ro,Z" "-e" "SOURCE_DIR=/opt/rustwide/workdir" "-e" "CARGO_TARGET_DIR=/opt/rustwide/target" "-e" "CARGO_INCREMENTAL=0" "-e" "RUST_BACKTRACE=full" "-e" "RUSTFLAGS=--cap-lints=warn" "-e" "RUSTDOCFLAGS=--cap-lints=warn" "-e" "CARGO_HOME=/opt/rustwide/cargo-home" "-e" "RUSTUP_HOME=/opt/rustwide/rustup-home" "-w" "/opt/rustwide/workdir" "-m" "1610612736" "--user" "0:0" "--network" "none" "ghcr.io/rust-lang/crates-build-env/linux@sha256:2788e3201cd34a07e3172128adcd8b3090168a8e3bcc40d7c032b9dda1df7d1c" "/opt/rustwide/cargo-home/bin/cargo" "+1.75.0" "test" "--frozen" "--no-run" "--message-format=json", kill_on_drop: false }`
[INFO] [stdout] 59c861100d72d2642a79d0832a7dc9cfc1889bbf06b823de5e54d69b39d41cc6
[INFO] running `Command { std: "docker" "start" "-a" "59c861100d72d2642a79d0832a7dc9cfc1889bbf06b823de5e54d69b39d41cc6", kill_on_drop: false }`
[INFO] [stderr]    Compiling crossbeam-utils v0.8.18
[INFO] [stderr]    Compiling futures-core v0.3.30
[INFO] [stderr]    Compiling serde v1.0.194
[INFO] [stderr]    Compiling value-bag v1.4.3
[INFO] [stderr]    Compiling parking v2.2.0
[INFO] [stderr]    Compiling bitflags v2.4.1
[INFO] [stderr]    Compiling fastrand v2.0.1
[INFO] [stderr]    Compiling getrandom v0.2.11
[INFO] [stderr]    Compiling itoa v1.0.10
[INFO] [stderr]    Compiling ryu v1.0.16
[INFO] [stderr]    Compiling num-traits v0.2.17
[INFO] [stderr]    Compiling syn v1.0.109
[INFO] [stderr]    Compiling futures-sink v0.3.30
[INFO] [stderr]    Compiling ahash v0.8.7
[INFO] [stderr]    Compiling futures-channel v0.3.30
[INFO] [stderr]    Compiling rand_core v0.6.4
[INFO] [stderr]    Compiling futures-macro v0.3.30
[INFO] [stderr]    Compiling rustix v0.38.28
[INFO] [stderr]    Compiling futures-lite v2.1.0
[INFO] [stderr]    Compiling log v0.4.20
[INFO] [stderr]    Compiling linux-raw-sys v0.4.12
[INFO] [stderr]    Compiling rand_chacha v0.3.1
[INFO] [stderr]    Compiling hashbrown v0.14.3
[INFO] [stderr]    Compiling serde_json v1.0.111
[INFO] [stderr]    Compiling tracing v0.1.40
[INFO] [stderr]    Compiling concurrent-queue v2.4.0
[INFO] [stderr]    Compiling io-lifetimes v1.0.11
[INFO] [stderr]    Compiling crossbeam-queue v0.3.10
[INFO] [stderr]    Compiling event-listener v4.0.2
[INFO] [stderr]    Compiling crossbeam-epoch v0.9.17
[INFO] [stderr]    Compiling rand v0.8.5
[INFO] [stderr]    Compiling indexmap v2.1.0
[INFO] [stderr]    Compiling hashlink v0.8.4
[INFO] [stderr]    Compiling event-listener-strategy v0.4.0
[INFO] [stderr]    Compiling futures-util v0.3.30
[INFO] [stderr]    Compiling async-lock v3.2.0
[INFO] [stderr]    Compiling futures-intrusive v0.5.0
[INFO] [stderr]    Compiling atoi v2.0.0
[INFO] [stderr]    Compiling nix v0.27.1
[INFO] [stderr]    Compiling url v2.5.0
[INFO] [stderr]    Compiling indexmap v1.9.3
[INFO] [stderr]    Compiling polling v2.8.0
[INFO] [stderr]    Compiling aho-corasick v1.1.2
[INFO] [stderr]    Compiling atomic-waker v1.1.2
[INFO] [stderr]    Compiling rustix v0.37.27
[INFO] [stderr]    Compiling regex-syntax v0.8.2
[INFO] [stderr]    Compiling rayon-core v1.12.0
[INFO] [stderr]    Compiling async-task v4.7.0
[INFO] [stderr]    Compiling piper v0.2.1
[INFO] [stderr]    Compiling async-channel v2.1.1
[INFO] [stderr]    Compiling crossbeam-deque v0.8.4
[INFO] [stderr]    Compiling cc v1.0.83
[INFO] [stderr]    Compiling async-io v1.13.0
[INFO] [stderr]    Compiling hashbrown v0.12.3
[INFO] [stderr]    Compiling fastrand v1.9.0
[INFO] [stderr]    Compiling os_str_bytes v6.6.1
[INFO] [stderr]    Compiling ciborium-io v0.2.1
[INFO] [stderr]    Compiling atomic-write-file v0.1.2
[INFO] [stderr]    Compiling plotters-backend v0.3.5
[INFO] [stderr]    Compiling linux-raw-sys v0.3.8
[INFO] [stderr]    Compiling waker-fn v1.1.1
[INFO] [stderr]    Compiling futures-lite v1.13.0
[INFO] [stderr]    Compiling clap_lex v0.2.4
[INFO] [stderr]    Compiling plotters-svg v0.3.5
[INFO] [stderr]    Compiling ciborium-ll v0.2.1
[INFO] [stderr]    Compiling regex-automata v0.4.3
[INFO] [stderr]    Compiling either v1.9.0
[INFO] [stderr]    Compiling tempfile v3.9.0
[INFO] [stderr]    Compiling itertools v0.12.0
[INFO] [stderr]    Compiling itertools v0.10.5
[INFO] [stderr]    Compiling blocking v1.5.1
[INFO] [stderr]    Compiling async-executor v1.8.0
[INFO] [stderr]    Compiling libsqlite3-sys v0.27.0
[INFO] [stderr]    Compiling sqlformat v0.2.3
[INFO] [stderr]    Compiling polling v3.3.1
[INFO] [stderr]    Compiling futures-executor v0.3.30
[INFO] [stderr]    Compiling tokio-macros v2.2.0
[INFO] [stderr]    Compiling async-lock v2.8.0
[INFO] [stderr]    Compiling num_cpus v1.16.0
[INFO] [stderr]    Compiling mio v0.8.10
[INFO] [stderr]    Compiling socket2 v0.4.10
[INFO] [stderr]    Compiling socket2 v0.5.5
[INFO] [stderr]    Compiling async-io v2.2.2
[INFO] [stderr]    Compiling atty v0.2.14
[INFO] [stderr]    Compiling signal-hook-registry v1.4.1
[INFO] [stderr]    Compiling termcolor v1.4.0
[INFO] [stderr]    Compiling regex v1.10.2
[INFO] [stderr]    Compiling anyhow v1.0.79
[INFO] [stderr]    Compiling cast v0.3.0
[INFO] [stderr]    Compiling trybuild v1.0.87
[INFO] [stderr]    Compiling textwrap v0.16.0
[INFO] [stderr]    Compiling walkdir v2.4.0
[INFO] [stderr]    Compiling criterion-plot v0.5.0
[INFO] [stderr]    Compiling deranged v0.3.11
[INFO] [stderr]    Compiling clap v3.2.25
[INFO] [stderr]    Compiling async-global-executor v2.4.1
[INFO] [stderr]    Compiling async-attributes v1.1.2
[INFO] [stderr]    Compiling sqlx-core v0.7.3
[INFO] [stderr]    Compiling tokio v1.35.1
[INFO] [stderr]    Compiling futures v0.3.30
[INFO] [stderr]    Compiling tinytemplate v1.2.1
[INFO] [stderr]    Compiling rayon v1.8.0
[INFO] [stderr]    Compiling ciborium v0.2.1
[INFO] [stderr]    Compiling basic-toml v0.1.8
[INFO] [stderr]    Compiling plotters v0.3.5
[INFO] [stderr]    Compiling async-channel v1.9.0
[INFO] [stderr]    Compiling kv-log-macro v1.0.7
[INFO] [stderr]    Compiling rand v0.4.6
[INFO] [stderr]    Compiling oorandom v11.1.3
[INFO] [stderr]    Compiling remove_dir_all v0.5.3
[INFO] [stderr]    Compiling glob v0.3.1
[INFO] [stderr]    Compiling anes v0.1.6
[INFO] [stderr]    Compiling env_logger v0.9.3
[INFO] [stderr]    Compiling time v0.3.31
[INFO] [stderr]    Compiling async-std v1.12.0
[INFO] [stderr]    Compiling tempdir v0.3.7
[INFO] [stderr]    Compiling rand_xoshiro v0.6.0
[INFO] [stderr]    Compiling sqlx-macros-core v0.7.3
[INFO] [stderr]    Compiling criterion v0.4.0
[INFO] [stderr]    Compiling sqlx-macros v0.7.3
[INFO] [stderr]    Compiling sqlx v0.7.3 (/opt/rustwide/workdir)
[INFO] [stdout] error: Not a directory (os error 20)
[INFO] [stdout]  --> tests/migrate/macro.rs:6:37
[INFO] [stdout]   |
[INFO] [stdout] 6 | static EMBEDDED_SYMLINK: Migrator = sqlx::migrate!("tests/migrate/migrations_symlink");
[INFO] [stdout]   |                                     ^^^^^^^^^^^^^^^^^^^^^^^^^^^^^^^^^^^^^^^^^^^^^^^^^^
[INFO] [stdout]   |
[INFO] [stdout]   = note: this error originates in the macro `$crate::sqlx_macros::migrate` which comes from the expansion of the macro `sqlx::migrate` (in Nightly builds, run with -Z macro-backtrace for more info)
[INFO] [stdout] 
[INFO] [stdout] 
[INFO] [stdout] error: aborting due to previous error
[INFO] [stdout] 
[INFO] [stdout] 
[INFO] [stderr] error: could not compile `sqlx` (test "migrate-macro") due to 2 previous errors
[INFO] [stderr] warning: build failed, waiting for other jobs to finish...
[INFO] [stdout] error[E0432]: unresolved import `sqlx_test`
[INFO] [stdout]  --> tests/any/any.rs:3:5
[INFO] [stdout]   |
[INFO] [stdout] 3 | use sqlx_test::new;
[INFO] [stdout]   |     ^^^^^^^^^ use of undeclared crate or module `sqlx_test`
[INFO] [stdout] 
[INFO] [stdout] 
[INFO] [stdout] error[E0433]: failed to resolve: use of undeclared crate or module `sqlx_test`
[INFO] [stdout]   --> tests/any/pool.rs:85:5
[INFO] [stdout]    |
[INFO] [stdout] 85 |     sqlx_test::setup_if_needed();
[INFO] [stdout]    |     ^^^^^^^^^ use of undeclared crate or module `sqlx_test`
[INFO] [stdout] 
[INFO] [stdout] 
[INFO] [stdout] error[E0433]: failed to resolve: use of undeclared crate or module `sqlx_test`
[INFO] [stdout]   --> tests/any/any.rs:38:16
[INFO] [stdout]    |
[INFO] [stdout] 38 |     let pool = sqlx_test::pool::<Any>().await?;
[INFO] [stdout]    |                ^^^^^^^^^ use of undeclared crate or module `sqlx_test`
[INFO] [stdout] 
[INFO] [stdout] 
[INFO] [stdout] error[E0433]: failed to resolve: use of undeclared crate or module `sqlx_test`
[INFO] [stdout]   --> tests/any/any.rs:54:16
[INFO] [stdout]    |
[INFO] [stdout] 54 |     let pool = sqlx_test::pool::<Any>().await?;
[INFO] [stdout]    |                ^^^^^^^^^ use of undeclared crate or module `sqlx_test`
[INFO] [stdout] 
[INFO] [stdout] 
[INFO] [stdout] error: aborting due to previous error
[INFO] [stdout] 
[INFO] [stdout] 
[INFO] [stdout] For more information about this error, try `rustc --explain E0433`.
[INFO] [stdout] 
[INFO] [stderr] error: could not compile `sqlx` (test "any-pool") due to 2 previous errors
[INFO] [stdout] error[E0433]: failed to resolve: use of undeclared crate or module `sqlx_test`
[INFO] [stdout]    --> tests/any/any.rs:123:16
[INFO] [stdout]     |
[INFO] [stdout] 123 |     let pool = sqlx_test::pool::<Any>().await?;
[INFO] [stdout]     |                ^^^^^^^^^ use of undeclared crate or module `sqlx_test`
[INFO] [stdout] 
[INFO] [stdout] 
[INFO] [stdout] warning: unused import: `Executor`
[INFO] [stdout]  --> tests/any/any.rs:2:29
[INFO] [stdout]   |
[INFO] [stdout] 2 | use sqlx::{Any, Connection, Executor, Row};
[INFO] [stdout]   |                             ^^^^^^^^
[INFO] [stdout]   |
[INFO] [stdout]   = note: `#[warn(unused_imports)]` on by default
[INFO] [stdout] 
[INFO] [stdout] 
[INFO] [stdout] error: aborting due to 4 previous errors; 1 warning emitted
[INFO] [stdout] 
[INFO] [stdout] 
[INFO] [stdout] Some errors have detailed explanations: E0432, E0433.
[INFO] [stdout] 
[INFO] [stdout] For more information about an error, try `rustc --explain E0432`.
[INFO] [stdout] 
[INFO] [stderr] error: could not compile `sqlx` (test "any") due to 5 previous errors; 1 warning emitted
[INFO] running `Command { std: "docker" "inspect" "59c861100d72d2642a79d0832a7dc9cfc1889bbf06b823de5e54d69b39d41cc6", kill_on_drop: false }`
[INFO] running `Command { std: "docker" "rm" "-f" "59c861100d72d2642a79d0832a7dc9cfc1889bbf06b823de5e54d69b39d41cc6", kill_on_drop: false }`
[INFO] [stdout] 59c861100d72d2642a79d0832a7dc9cfc1889bbf06b823de5e54d69b39d41cc6
[INFO] testing sqlx-0.7.3 against beta-2023-12-22 for beta-1.76-1
[INFO] extracting crate sqlx 0.7.3 into /workspace/builds/worker-3-tc2/source
[INFO] validating manifest of crates.io crate sqlx 0.7.3 on toolchain beta-2023-12-22
[INFO] running `Command { std: CARGO_HOME="/workspace/cargo-home" RUSTUP_HOME="/workspace/rustup-home" "/workspace/cargo-home/bin/cargo" "+beta-2023-12-22" "metadata" "--manifest-path" "Cargo.toml" "--no-deps", kill_on_drop: false }`
[INFO] started tweaking crates.io crate sqlx 0.7.3
[INFO] removed 0 missing tests
[INFO] finished tweaking crates.io crate sqlx 0.7.3
[INFO] tweaked toml for crates.io crate sqlx 0.7.3 written to /workspace/builds/worker-3-tc2/source/Cargo.toml
[INFO] running `Command { std: CARGO_HOME="/workspace/cargo-home" RUSTUP_HOME="/workspace/rustup-home" "/workspace/cargo-home/bin/cargo" "+beta-2023-12-22" "generate-lockfile" "--manifest-path" "Cargo.toml", kill_on_drop: false }`
[INFO] [stderr]     Updating crates.io index
[INFO] running `Command { std: CARGO_HOME="/workspace/cargo-home" RUSTUP_HOME="/workspace/rustup-home" "/workspace/cargo-home/bin/cargo" "+beta-2023-12-22" "fetch" "--manifest-path" "Cargo.toml", kill_on_drop: false }`
[INFO] running `Command { std: "docker" "create" "-v" "/var/lib/crater-agent-workspace/builds/worker-3-tc2/target:/opt/rustwide/target:rw,Z" "-v" "/var/lib/crater-agent-workspace/builds/worker-3-tc2/source:/opt/rustwide/workdir:ro,Z" "-v" "/var/lib/crater-agent-workspace/cargo-home:/opt/rustwide/cargo-home:ro,Z" "-v" "/var/lib/crater-agent-workspace/rustup-home:/opt/rustwide/rustup-home:ro,Z" "-e" "SOURCE_DIR=/opt/rustwide/workdir" "-e" "CARGO_TARGET_DIR=/opt/rustwide/target" "-e" "CARGO_HOME=/opt/rustwide/cargo-home" "-e" "RUSTUP_HOME=/opt/rustwide/rustup-home" "-w" "/opt/rustwide/workdir" "-m" "1610612736" "--user" "0:0" "--network" "none" "ghcr.io/rust-lang/crates-build-env/linux@sha256:2788e3201cd34a07e3172128adcd8b3090168a8e3bcc40d7c032b9dda1df7d1c" "/opt/rustwide/cargo-home/bin/cargo" "+beta-2023-12-22" "metadata" "--no-deps" "--format-version=1", kill_on_drop: false }`
[INFO] [stdout] 886df1551eff9750277be6ff72a39edc692e1eaaa51a4f5d240f3c30b8655468
[INFO] running `Command { std: "docker" "start" "-a" "886df1551eff9750277be6ff72a39edc692e1eaaa51a4f5d240f3c30b8655468", kill_on_drop: false }`
[INFO] running `Command { std: "docker" "inspect" "886df1551eff9750277be6ff72a39edc692e1eaaa51a4f5d240f3c30b8655468", kill_on_drop: false }`
[INFO] running `Command { std: "docker" "rm" "-f" "886df1551eff9750277be6ff72a39edc692e1eaaa51a4f5d240f3c30b8655468", kill_on_drop: false }`
[INFO] [stdout] 886df1551eff9750277be6ff72a39edc692e1eaaa51a4f5d240f3c30b8655468
[INFO] running `Command { std: "docker" "create" "-v" "/var/lib/crater-agent-workspace/builds/worker-3-tc2/target:/opt/rustwide/target:rw,Z" "-v" "/var/lib/crater-agent-workspace/builds/worker-3-tc2/source:/opt/rustwide/workdir:ro,Z" "-v" "/var/lib/crater-agent-workspace/cargo-home:/opt/rustwide/cargo-home:ro,Z" "-v" "/var/lib/crater-agent-workspace/rustup-home:/opt/rustwide/rustup-home:ro,Z" "-e" "SOURCE_DIR=/opt/rustwide/workdir" "-e" "CARGO_TARGET_DIR=/opt/rustwide/target" "-e" "CARGO_INCREMENTAL=0" "-e" "RUST_BACKTRACE=full" "-e" "RUSTFLAGS=--cap-lints=warn" "-e" "RUSTDOCFLAGS=--cap-lints=warn" "-e" "CARGO_HOME=/opt/rustwide/cargo-home" "-e" "RUSTUP_HOME=/opt/rustwide/rustup-home" "-w" "/opt/rustwide/workdir" "-m" "1610612736" "--user" "0:0" "--network" "none" "ghcr.io/rust-lang/crates-build-env/linux@sha256:2788e3201cd34a07e3172128adcd8b3090168a8e3bcc40d7c032b9dda1df7d1c" "/opt/rustwide/cargo-home/bin/cargo" "+beta-2023-12-22" "build" "--frozen" "--message-format=json", kill_on_drop: false }`
[INFO] [stdout] ae38f038d1ac544501b2a84f6876fa6be37e6e0db46350cc533b02beee4fe490
[INFO] running `Command { std: "docker" "start" "-a" "ae38f038d1ac544501b2a84f6876fa6be37e6e0db46350cc533b02beee4fe490", kill_on_drop: false }`
[INFO] [stderr]    Compiling libc v0.2.151
[INFO] [stderr]    Compiling once_cell v1.19.0
[INFO] [stderr]    Compiling zerocopy v0.7.32
[INFO] [stderr]    Compiling allocator-api2 v0.2.16
[INFO] [stderr]    Compiling serde v1.0.194
[INFO] [stderr]    Compiling tinyvec_macros v0.1.1
[INFO] [stderr]    Compiling futures-core v0.3.30
[INFO] [stderr]    Compiling ahash v0.8.7
[INFO] [stderr]    Compiling slab v0.4.9
[INFO] [stderr]    Compiling num-traits v0.2.17
[INFO] [stderr]    Compiling memchr v2.7.1
[INFO] [stderr]    Compiling crossbeam-utils v0.8.18
[INFO] [stderr]    Compiling pin-project-lite v0.2.13
[INFO] [stderr]    Compiling syn v2.0.48
[INFO] [stderr]    Compiling block-buffer v0.10.4
[INFO] [stderr]    Compiling unicode-bidi v0.3.14
[INFO] [stderr]    Compiling tinyvec v1.6.0
[INFO] [stderr]    Compiling paste v1.0.14
[INFO] [stderr]    Compiling bitflags v2.4.1
[INFO] [stderr]    Compiling percent-encoding v2.3.1
[INFO] [stderr]    Compiling futures-sink v0.3.30
[INFO] [stderr]    Compiling form_urlencoded v1.2.1
[INFO] [stderr]    Compiling tracing-core v0.1.32
[INFO] [stderr]    Compiling crypto-common v0.1.6
[INFO] [stderr]    Compiling getrandom v0.2.11
[INFO] [stderr]    Compiling futures-task v0.3.30
[INFO] [stderr]    Compiling log v0.4.20
[INFO] [stderr]    Compiling rustix v0.38.28
[INFO] [stderr]    Compiling crc-catalog v2.4.0
[INFO] [stderr]    Compiling pin-utils v0.1.0
[INFO] [stderr]    Compiling unicode_categories v0.1.1
[INFO] [stderr]    Compiling ppv-lite86 v0.2.17
[INFO] [stderr]    Compiling futures-io v0.3.30
[INFO] [stderr]    Compiling nom v7.1.3
[INFO] [stderr]    Compiling serde_json v1.0.111
[INFO] [stderr]    Compiling futures-util v0.3.30
[INFO] [stderr]    Compiling crc v3.0.1
[INFO] [stderr]    Compiling unicode-normalization v0.1.22
[INFO] [stderr]    Compiling crossbeam-queue v0.3.10
[INFO] [stderr]    Compiling digest v0.10.7
[INFO] [stderr]    Compiling futures-channel v0.3.30
[INFO] [stderr]    Compiling ryu v1.0.16
[INFO] [stderr]    Compiling linux-raw-sys v0.4.12
[INFO] [stderr]    Compiling syn v1.0.109
[INFO] [stderr]    Compiling itoa v1.0.10
[INFO] [stderr]    Compiling event-listener v2.5.3
[INFO] [stderr]    Compiling dotenvy v0.15.7
[INFO] [stderr]    Compiling bytes v1.5.0
[INFO] [stderr]    Compiling hex v0.4.3
[INFO] [stderr]    Compiling sha2 v0.10.8
[INFO] [stderr]    Compiling hashbrown v0.14.3
[INFO] [stderr]    Compiling parking_lot_core v0.9.9
[INFO] [stderr]    Compiling unicode-segmentation v1.10.1
[INFO] [stderr]    Compiling idna v0.5.0
[INFO] [stderr]    Compiling fastrand v2.0.1
[INFO] [stderr]    Compiling parking_lot v0.12.1
[INFO] [stderr]    Compiling heck v0.4.1
[INFO] [stderr]    Compiling futures-intrusive v0.5.0
[INFO] [stderr]    Compiling atoi v2.0.0
[INFO] [stderr]    Compiling rand_core v0.6.4
[INFO] [stderr]    Compiling url v2.5.0
[INFO] [stderr]    Compiling nix v0.27.1
[INFO] [stderr]    Compiling indexmap v2.1.0
[INFO] [stderr]    Compiling hashlink v0.8.4
[INFO] [stderr]    Compiling rand_chacha v0.3.1
[INFO] [stderr]    Compiling rand v0.8.5
[INFO] [stderr]    Compiling atomic-write-file v0.1.2
[INFO] [stderr]    Compiling tempfile v3.9.0
[INFO] [stderr]    Compiling serde_derive v1.0.194
[INFO] [stderr]    Compiling tracing-attributes v0.1.27
[INFO] [stderr]    Compiling thiserror-impl v1.0.56
[INFO] [stderr]    Compiling thiserror v1.0.56
[INFO] [stderr]    Compiling tracing v0.1.40
[INFO] [stderr]    Compiling either v1.9.0
[INFO] [stderr]    Compiling itertools v0.12.0
[INFO] [stderr]    Compiling sqlformat v0.2.3
[INFO] [stderr]    Compiling sqlx-core v0.7.3
[INFO] [stderr]    Compiling sqlx-macros-core v0.7.3
[INFO] [stderr]    Compiling sqlx-macros v0.7.3
[INFO] [stderr]    Compiling sqlx v0.7.3 (/opt/rustwide/workdir)
[INFO] [stderr]     Finished dev [unoptimized + debuginfo] target(s) in 16.08s
[INFO] running `Command { std: "docker" "inspect" "ae38f038d1ac544501b2a84f6876fa6be37e6e0db46350cc533b02beee4fe490", kill_on_drop: false }`
[INFO] running `Command { std: "docker" "rm" "-f" "ae38f038d1ac544501b2a84f6876fa6be37e6e0db46350cc533b02beee4fe490", kill_on_drop: false }`
[INFO] [stdout] ae38f038d1ac544501b2a84f6876fa6be37e6e0db46350cc533b02beee4fe490
[INFO] running `Command { std: "docker" "create" "-v" "/var/lib/crater-agent-workspace/builds/worker-3-tc2/target:/opt/rustwide/target:rw,Z" "-v" "/var/lib/crater-agent-workspace/builds/worker-3-tc2/source:/opt/rustwide/workdir:ro,Z" "-v" "/var/lib/crater-agent-workspace/cargo-home:/opt/rustwide/cargo-home:ro,Z" "-v" "/var/lib/crater-agent-workspace/rustup-home:/opt/rustwide/rustup-home:ro,Z" "-e" "SOURCE_DIR=/opt/rustwide/workdir" "-e" "CARGO_TARGET_DIR=/opt/rustwide/target" "-e" "CARGO_INCREMENTAL=0" "-e" "RUST_BACKTRACE=full" "-e" "RUSTFLAGS=--cap-lints=warn" "-e" "RUSTDOCFLAGS=--cap-lints=warn" "-e" "CARGO_HOME=/opt/rustwide/cargo-home" "-e" "RUSTUP_HOME=/opt/rustwide/rustup-home" "-w" "/opt/rustwide/workdir" "-m" "1610612736" "--user" "0:0" "--network" "none" "ghcr.io/rust-lang/crates-build-env/linux@sha256:2788e3201cd34a07e3172128adcd8b3090168a8e3bcc40d7c032b9dda1df7d1c" "/opt/rustwide/cargo-home/bin/cargo" "+beta-2023-12-22" "test" "--frozen" "--no-run" "--message-format=json", kill_on_drop: false }`
[INFO] [stdout] 774571b635a49d64a0b4b3d38b52f1c1e343dabdb6c9b2beaf6971687833da05
[INFO] running `Command { std: "docker" "start" "-a" "774571b635a49d64a0b4b3d38b52f1c1e343dabdb6c9b2beaf6971687833da05", kill_on_drop: false }`
[INFO] [stderr]    Compiling crossbeam-utils v0.8.18
[INFO] [stderr]    Compiling futures-core v0.3.30
[INFO] [stderr]    Compiling serde v1.0.194
[INFO] [stderr]    Compiling value-bag v1.4.3
[INFO] [stderr]    Compiling parking v2.2.0
[INFO] [stderr]    Compiling bitflags v2.4.1
[INFO] [stderr]    Compiling getrandom v0.2.11
[INFO] [stderr]    Compiling fastrand v2.0.1
[INFO] [stderr]    Compiling ryu v1.0.16
[INFO] [stderr]    Compiling itoa v1.0.10
[INFO] [stderr]    Compiling num-traits v0.2.17
[INFO] [stderr]    Compiling futures-sink v0.3.30
[INFO] [stderr]    Compiling syn v1.0.109
[INFO] [stderr]    Compiling futures-channel v0.3.30
[INFO] [stderr]    Compiling futures-macro v0.3.30
[INFO] [stderr]    Compiling log v0.4.20
[INFO] [stderr]    Compiling rustix v0.38.28
[INFO] [stderr]    Compiling ahash v0.8.7
[INFO] [stderr]    Compiling rand_core v0.6.4
[INFO] [stderr]    Compiling futures-lite v2.1.0
[INFO] [stderr]    Compiling io-lifetimes v1.0.11
[INFO] [stderr]    Compiling linux-raw-sys v0.4.12
[INFO] [stderr]    Compiling tracing v0.1.40
[INFO] [stderr]    Compiling hashbrown v0.14.3
[INFO] [stderr]    Compiling rand_chacha v0.3.1
[INFO] [stderr]    Compiling serde_json v1.0.111
[INFO] [stderr]    Compiling concurrent-queue v2.4.0
[INFO] [stderr]    Compiling crossbeam-epoch v0.9.17
[INFO] [stderr]    Compiling rand v0.8.5
[INFO] [stderr]    Compiling event-listener v4.0.2
[INFO] [stderr]    Compiling crossbeam-queue v0.3.10
[INFO] [stderr]    Compiling hashlink v0.8.4
[INFO] [stderr]    Compiling indexmap v2.1.0
[INFO] [stderr]    Compiling futures-intrusive v0.5.0
[INFO] [stderr]    Compiling futures-util v0.3.30
[INFO] [stderr]    Compiling event-listener-strategy v0.4.0
[INFO] [stderr]    Compiling nix v0.27.1
[INFO] [stderr]    Compiling async-lock v3.2.0
[INFO] [stderr]    Compiling url v2.5.0
[INFO] [stderr]    Compiling aho-corasick v1.1.2
[INFO] [stderr]    Compiling atoi v2.0.0
[INFO] [stderr]    Compiling indexmap v1.9.3
[INFO] [stderr]    Compiling polling v2.8.0
[INFO] [stderr]    Compiling async-task v4.7.0
[INFO] [stderr]    Compiling regex-syntax v0.8.2
[INFO] [stderr]    Compiling rustix v0.37.27
[INFO] [stderr]    Compiling rayon-core v1.12.0
[INFO] [stderr]    Compiling atomic-waker v1.1.2
[INFO] [stderr]    Compiling piper v0.2.1
[INFO] [stderr]    Compiling async-channel v2.1.1
[INFO] [stderr]    Compiling crossbeam-deque v0.8.4
[INFO] [stderr]    Compiling cc v1.0.83
[INFO] [stderr]    Compiling async-io v1.13.0
[INFO] [stderr]    Compiling os_str_bytes v6.6.1
[INFO] [stderr]    Compiling fastrand v1.9.0
[INFO] [stderr]    Compiling atomic-write-file v0.1.2
[INFO] [stderr]    Compiling hashbrown v0.12.3
[INFO] [stderr]    Compiling waker-fn v1.1.1
[INFO] [stderr]    Compiling ciborium-io v0.2.1
[INFO] [stderr]    Compiling linux-raw-sys v0.3.8
[INFO] [stderr]    Compiling plotters-backend v0.3.5
[INFO] [stderr]    Compiling futures-lite v1.13.0
[INFO] [stderr]    Compiling ciborium-ll v0.2.1
[INFO] [stderr]    Compiling tempfile v3.9.0
[INFO] [stderr]    Compiling regex-automata v0.4.3
[INFO] [stderr]    Compiling either v1.9.0
[INFO] [stderr]    Compiling itertools v0.12.0
[INFO] [stderr]    Compiling itertools v0.10.5
[INFO] [stderr]    Compiling plotters-svg v0.3.5
[INFO] [stderr]    Compiling libsqlite3-sys v0.27.0
[INFO] [stderr]    Compiling clap_lex v0.2.4
[INFO] [stderr]    Compiling blocking v1.5.1
[INFO] [stderr]    Compiling futures-executor v0.3.30
[INFO] [stderr]    Compiling sqlformat v0.2.3
[INFO] [stderr]    Compiling async-executor v1.8.0
[INFO] [stderr]    Compiling tokio-macros v2.2.0
[INFO] [stderr]    Compiling regex v1.10.2
[INFO] [stderr]    Compiling async-lock v2.8.0
[INFO] [stderr]    Compiling signal-hook-registry v1.4.1
[INFO] [stderr]    Compiling polling v3.3.1
[INFO] [stderr]    Compiling num_cpus v1.16.0
[INFO] [stderr]    Compiling mio v0.8.10
[INFO] [stderr]    Compiling atty v0.2.14
[INFO] [stderr]    Compiling socket2 v0.4.10
[INFO] [stderr]    Compiling socket2 v0.5.5
[INFO] [stderr]    Compiling async-io v2.2.2
[INFO] [stderr]    Compiling termcolor v1.4.0
[INFO] [stderr]    Compiling anyhow v1.0.79
[INFO] [stderr]    Compiling textwrap v0.16.0
[INFO] [stderr]    Compiling cast v0.3.0
[INFO] [stderr]    Compiling trybuild v1.0.87
[INFO] [stderr]    Compiling clap v3.2.25
[INFO] [stderr]    Compiling criterion-plot v0.5.0
[INFO] [stderr]    Compiling walkdir v2.4.0
[INFO] [stderr]    Compiling deranged v0.3.11
[INFO] [stderr]    Compiling sqlx-core v0.7.3
[INFO] [stderr]    Compiling async-attributes v1.1.2
[INFO] [stderr]    Compiling rayon v1.8.0
[INFO] [stderr]    Compiling tokio v1.35.1
[INFO] [stderr]    Compiling async-global-executor v2.4.1
[INFO] [stderr]    Compiling futures v0.3.30
[INFO] [stderr]    Compiling tinytemplate v1.2.1
[INFO] [stderr]    Compiling plotters v0.3.5
[INFO] [stderr]    Compiling basic-toml v0.1.8
[INFO] [stderr]    Compiling ciborium v0.2.1
[INFO] [stderr]    Compiling async-channel v1.9.0
[INFO] [stderr]    Compiling kv-log-macro v1.0.7
[INFO] [stderr]    Compiling rand v0.4.6
[INFO] [stderr]    Compiling remove_dir_all v0.5.3
[INFO] [stderr]    Compiling anes v0.1.6
[INFO] [stderr]    Compiling glob v0.3.1
[INFO] [stderr]    Compiling oorandom v11.1.3
[INFO] [stderr]    Compiling time v0.3.31
[INFO] [stderr]    Compiling env_logger v0.9.3
[INFO] [stderr]    Compiling async-std v1.12.0
[INFO] [stderr]    Compiling tempdir v0.3.7
[INFO] [stderr]    Compiling rand_xoshiro v0.6.0
[INFO] [stderr]    Compiling sqlx-macros-core v0.7.3
[INFO] [stderr]    Compiling sqlx-macros v0.7.3
[INFO] [stderr]    Compiling criterion v0.4.0
[INFO] [stderr]    Compiling sqlx v0.7.3 (/opt/rustwide/workdir)
[INFO] [stdout] error: Not a directory (os error 20)
[INFO] [stdout]  --> tests/migrate/macro.rs:6:37
[INFO] [stdout]   |
[INFO] [stdout] 6 | static EMBEDDED_SYMLINK: Migrator = sqlx::migrate!("tests/migrate/migrations_symlink");
[INFO] [stdout]   |                                     ^^^^^^^^^^^^^^^^^^^^^^^^^^^^^^^^^^^^^^^^^^^^^^^^^^
[INFO] [stdout]   |
[INFO] [stdout]   = note: this error originates in the macro `$crate::sqlx_macros::migrate` which comes from the expansion of the macro `sqlx::migrate` (in Nightly builds, run with -Z macro-backtrace for more info)
[INFO] [stdout] 
[INFO] [stdout] 
[INFO] [stdout] error: aborting due to 1 previous error
[INFO] [stdout] 
[INFO] [stdout] 
[INFO] [stderr] error: could not compile `sqlx` (test "migrate-macro") due to 2 previous errors
[INFO] [stderr] warning: build failed, waiting for other jobs to finish...
[INFO] [stdout] error[E0432]: unresolved import `sqlx_test`
[INFO] [stdout]  --> tests/any/any.rs:3:5
[INFO] [stdout]   |
[INFO] [stdout] 3 | use sqlx_test::new;
[INFO] [stdout]   |     ^^^^^^^^^ use of undeclared crate or module `sqlx_test`
[INFO] [stdout] 
[INFO] [stdout] 
[INFO] [stdout] error[E0433]: failed to resolve: use of undeclared crate or module `sqlx_test`
[INFO] [stdout]   --> tests/any/pool.rs:85:5
[INFO] [stdout]    |
[INFO] [stdout] 85 |     sqlx_test::setup_if_needed();
[INFO] [stdout]    |     ^^^^^^^^^ use of undeclared crate or module `sqlx_test`
[INFO] [stdout] 
[INFO] [stdout] 
[INFO] [stdout] error[E0433]: failed to resolve: use of undeclared crate or module `sqlx_test`
[INFO] [stdout]   --> tests/any/any.rs:38:16
[INFO] [stdout]    |
[INFO] [stdout] 38 |     let pool = sqlx_test::pool::<Any>().await?;
[INFO] [stdout]    |                ^^^^^^^^^ use of undeclared crate or module `sqlx_test`
[INFO] [stdout] 
[INFO] [stdout] 
[INFO] [stdout] error[E0433]: failed to resolve: use of undeclared crate or module `sqlx_test`
[INFO] [stdout]   --> tests/any/any.rs:54:16
[INFO] [stdout]    |
[INFO] [stdout] 54 |     let pool = sqlx_test::pool::<Any>().await?;
[INFO] [stdout]    |                ^^^^^^^^^ use of undeclared crate or module `sqlx_test`
[INFO] [stdout] 
[INFO] [stdout] 
[INFO] [stdout] error: aborting due to 1 previous error
[INFO] [stdout] 
[INFO] [stdout] 
[INFO] [stdout] For more information about this error, try `rustc --explain E0433`.
[INFO] [stdout] 
[INFO] [stdout] error[E0433]: failed to resolve: use of undeclared crate or module `sqlx_test`
[INFO] [stdout]    --> tests/any/any.rs:123:16
[INFO] [stdout]     |
[INFO] [stdout] 123 |     let pool = sqlx_test::pool::<Any>().await?;
[INFO] [stdout]     |                ^^^^^^^^^ use of undeclared crate or module `sqlx_test`
[INFO] [stdout] 
[INFO] [stdout] 
[INFO] [stdout] warning: unused import: `Executor`
[INFO] [stdout]  --> tests/any/any.rs:2:29
[INFO] [stdout]   |
[INFO] [stdout] 2 | use sqlx::{Any, Connection, Executor, Row};
[INFO] [stdout]   |                             ^^^^^^^^
[INFO] [stdout]   |
[INFO] [stdout]   = note: `#[warn(unused_imports)]` on by default
[INFO] [stdout] 
[INFO] [stdout] 
[INFO] [stderr] error: could not compile `sqlx` (test "any-pool") due to 2 previous errors
[INFO] [stdout] error: aborting due to 4 previous errors; 1 warning emitted
[INFO] [stdout] 
[INFO] [stdout] 
[INFO] [stdout] Some errors have detailed explanations: E0432, E0433.
[INFO] [stdout] 
[INFO] [stdout] For more information about an error, try `rustc --explain E0432`.
[INFO] [stdout] 
[INFO] [stderr] error: could not compile `sqlx` (test "any") due to 5 previous errors; 1 warning emitted
[INFO] running `Command { std: "docker" "inspect" "774571b635a49d64a0b4b3d38b52f1c1e343dabdb6c9b2beaf6971687833da05", kill_on_drop: false }`
[INFO] running `Command { std: "docker" "rm" "-f" "774571b635a49d64a0b4b3d38b52f1c1e343dabdb6c9b2beaf6971687833da05", kill_on_drop: false }`
[INFO] [stdout] 774571b635a49d64a0b4b3d38b52f1c1e343dabdb6c9b2beaf6971687833da05
