[INFO] fetching crate sqlx-sqlite 0.7.3...
[INFO] testing sqlx-sqlite-0.7.3 against 1.75.0 for beta-1.76-1
[INFO] extracting crate sqlx-sqlite 0.7.3 into /workspace/builds/worker-2-tc1/source
[INFO] validating manifest of crates.io crate sqlx-sqlite 0.7.3 on toolchain 1.75.0
[INFO] running `Command { std: CARGO_HOME="/workspace/cargo-home" RUSTUP_HOME="/workspace/rustup-home" "/workspace/cargo-home/bin/cargo" "+1.75.0" "metadata" "--manifest-path" "Cargo.toml" "--no-deps", kill_on_drop: false }`
[INFO] started tweaking crates.io crate sqlx-sqlite 0.7.3
[INFO] finished tweaking crates.io crate sqlx-sqlite 0.7.3
[INFO] tweaked toml for crates.io crate sqlx-sqlite 0.7.3 written to /workspace/builds/worker-2-tc1/source/Cargo.toml
[INFO] running `Command { std: CARGO_HOME="/workspace/cargo-home" RUSTUP_HOME="/workspace/rustup-home" "/workspace/cargo-home/bin/cargo" "+1.75.0" "generate-lockfile" "--manifest-path" "Cargo.toml", kill_on_drop: false }`
[INFO] [stderr]     Updating crates.io index
[INFO] running `Command { std: CARGO_HOME="/workspace/cargo-home" RUSTUP_HOME="/workspace/rustup-home" "/workspace/cargo-home/bin/cargo" "+1.75.0" "fetch" "--manifest-path" "Cargo.toml", kill_on_drop: false }`
[INFO] running `Command { std: "docker" "create" "-v" "/var/lib/crater-agent-workspace/builds/worker-2-tc1/target:/opt/rustwide/target:rw,Z" "-v" "/var/lib/crater-agent-workspace/builds/worker-2-tc1/source:/opt/rustwide/workdir:ro,Z" "-v" "/var/lib/crater-agent-workspace/cargo-home:/opt/rustwide/cargo-home:ro,Z" "-v" "/var/lib/crater-agent-workspace/rustup-home:/opt/rustwide/rustup-home:ro,Z" "-e" "SOURCE_DIR=/opt/rustwide/workdir" "-e" "CARGO_TARGET_DIR=/opt/rustwide/target" "-e" "CARGO_HOME=/opt/rustwide/cargo-home" "-e" "RUSTUP_HOME=/opt/rustwide/rustup-home" "-w" "/opt/rustwide/workdir" "-m" "1610612736" "--user" "0:0" "--network" "none" "ghcr.io/rust-lang/crates-build-env/linux@sha256:2788e3201cd34a07e3172128adcd8b3090168a8e3bcc40d7c032b9dda1df7d1c" "/opt/rustwide/cargo-home/bin/cargo" "+1.75.0" "metadata" "--no-deps" "--format-version=1", kill_on_drop: false }`
[INFO] [stdout] 1b531c9c0d0b8c9d6a9385dc632817a884939fdab28253464045c65277745867
[INFO] running `Command { std: "docker" "start" "-a" "1b531c9c0d0b8c9d6a9385dc632817a884939fdab28253464045c65277745867", kill_on_drop: false }`
[INFO] running `Command { std: "docker" "inspect" "1b531c9c0d0b8c9d6a9385dc632817a884939fdab28253464045c65277745867", kill_on_drop: false }`
[INFO] running `Command { std: "docker" "rm" "-f" "1b531c9c0d0b8c9d6a9385dc632817a884939fdab28253464045c65277745867", kill_on_drop: false }`
[INFO] [stdout] 1b531c9c0d0b8c9d6a9385dc632817a884939fdab28253464045c65277745867
[INFO] running `Command { std: "docker" "create" "-v" "/var/lib/crater-agent-workspace/builds/worker-2-tc1/target:/opt/rustwide/target:rw,Z" "-v" "/var/lib/crater-agent-workspace/builds/worker-2-tc1/source:/opt/rustwide/workdir:ro,Z" "-v" "/var/lib/crater-agent-workspace/cargo-home:/opt/rustwide/cargo-home:ro,Z" "-v" "/var/lib/crater-agent-workspace/rustup-home:/opt/rustwide/rustup-home:ro,Z" "-e" "SOURCE_DIR=/opt/rustwide/workdir" "-e" "CARGO_TARGET_DIR=/opt/rustwide/target" "-e" "CARGO_INCREMENTAL=0" "-e" "RUST_BACKTRACE=full" "-e" "RUSTFLAGS=--cap-lints=warn" "-e" "RUSTDOCFLAGS=--cap-lints=warn" "-e" "CARGO_HOME=/opt/rustwide/cargo-home" "-e" "RUSTUP_HOME=/opt/rustwide/rustup-home" "-w" "/opt/rustwide/workdir" "-m" "1610612736" "--user" "0:0" "--network" "none" "ghcr.io/rust-lang/crates-build-env/linux@sha256:2788e3201cd34a07e3172128adcd8b3090168a8e3bcc40d7c032b9dda1df7d1c" "/opt/rustwide/cargo-home/bin/cargo" "+1.75.0" "build" "--frozen" "--message-format=json", kill_on_drop: false }`
[INFO] [stdout] c960f1d45cf5083294f8924febdc3e01af6b5e83b579ba22db003e61adb54d03
[INFO] running `Command { std: "docker" "start" "-a" "c960f1d45cf5083294f8924febdc3e01af6b5e83b579ba22db003e61adb54d03", kill_on_drop: false }`
[INFO] [stderr]    Compiling autocfg v1.1.0
[INFO] [stderr]    Compiling cfg-if v1.0.0
[INFO] [stderr]    Compiling libc v0.2.151
[INFO] [stderr]    Compiling version_check v0.9.4
[INFO] [stderr]    Compiling once_cell v1.19.0
[INFO] [stderr]    Compiling futures-core v0.3.30
[INFO] [stderr]    Compiling scopeguard v1.2.0
[INFO] [stderr]    Compiling syn v2.0.48
[INFO] [stderr]    Compiling zerocopy v0.7.32
[INFO] [stderr]    Compiling futures-sink v0.3.30
[INFO] [stderr]    Compiling parking_lot_core v0.9.9
[INFO] [stderr]    Compiling memchr v2.7.1
[INFO] [stderr]    Compiling lock_api v0.4.11
[INFO] [stderr]    Compiling ahash v0.8.7
[INFO] [stderr]    Compiling slab v0.4.9
[INFO] [stderr]    Compiling tinyvec_macros v0.1.1
[INFO] [stderr]    Compiling tinyvec v1.6.0
[INFO] [stderr]    Compiling num-traits v0.2.17
[INFO] [stderr]    Compiling smallvec v1.11.2
[INFO] [stderr]    Compiling crossbeam-utils v0.8.18
[INFO] [stderr]    Compiling allocator-api2 v0.2.16
[INFO] [stderr]    Compiling pin-project-lite v0.2.13
[INFO] [stderr]    Compiling unicode-normalization v0.1.22
[INFO] [stderr]    Compiling getrandom v0.2.11
[INFO] [stderr]    Compiling cc v1.0.83
[INFO] [stderr]    Compiling either v1.9.0
[INFO] [stderr]    Compiling pin-utils v0.1.0
[INFO] [stderr]    Compiling hashbrown v0.14.3
[INFO] [stderr]    Compiling futures-io v0.3.30
[INFO] [stderr]    Compiling minimal-lexical v0.2.1
[INFO] [stderr]    Compiling vcpkg v0.2.15
[INFO] [stderr]    Compiling unicode-bidi v0.3.14
[INFO] [stderr]    Compiling thiserror v1.0.56
[INFO] [stderr]    Compiling percent-encoding v2.3.1
[INFO] [stderr]    Compiling paste v1.0.14
[INFO] [stderr]    Compiling pkg-config v0.3.28
[INFO] [stderr]    Compiling futures-task v0.3.30
[INFO] [stderr]    Compiling idna v0.5.0
[INFO] [stderr]    Compiling futures-util v0.3.30
[INFO] [stderr]    Compiling form_urlencoded v1.2.1
[INFO] [stderr]    Compiling nom v7.1.3
[INFO] [stderr]    Compiling parking_lot v0.12.1
[INFO] [stderr]    Compiling itertools v0.12.0
[INFO] [stderr]    Compiling libsqlite3-sys v0.27.0
[INFO] [stderr]    Compiling tracing-core v0.1.32
[INFO] [stderr]    Compiling log v0.4.20
[INFO] [stderr]    Compiling equivalent v1.0.1
[INFO] [stderr]    Compiling unicode_categories v0.1.1
[INFO] [stderr]    Compiling atoi v2.0.0
[INFO] [stderr]    Compiling indexmap v2.1.0
[INFO] [stderr]    Compiling crossbeam-queue v0.3.10
[INFO] [stderr]    Compiling futures-intrusive v0.5.0
[INFO] [stderr]    Compiling url v2.5.0
[INFO] [stderr]    Compiling sqlformat v0.2.3
[INFO] [stderr]    Compiling hashlink v0.8.4
[INFO] [stderr]    Compiling spin v0.9.8
[INFO] [stderr]    Compiling futures-channel v0.3.30
[INFO] [stderr]    Compiling event-listener v2.5.3
[INFO] [stderr]    Compiling byteorder v1.5.0
[INFO] [stderr]    Compiling dotenvy v0.15.7
[INFO] [stderr]    Compiling hex v0.4.3
[INFO] [stderr]    Compiling bytes v1.5.0
[INFO] [stderr]    Compiling flume v0.11.0
[INFO] [stderr]    Compiling urlencoding v2.1.3
[INFO] [stderr]    Compiling futures-executor v0.3.30
[INFO] [stderr]    Compiling tracing-attributes v0.1.27
[INFO] [stderr]    Compiling thiserror-impl v1.0.56
[INFO] [stderr]    Compiling tracing v0.1.40
[INFO] [stderr]    Compiling sqlx-core v0.7.3
[INFO] [stderr]    Compiling sqlx-sqlite v0.7.3 (/opt/rustwide/workdir)
[INFO] [stderr]     Finished dev [unoptimized + debuginfo] target(s) in 29.72s
[INFO] running `Command { std: "docker" "inspect" "c960f1d45cf5083294f8924febdc3e01af6b5e83b579ba22db003e61adb54d03", kill_on_drop: false }`
[INFO] running `Command { std: "docker" "rm" "-f" "c960f1d45cf5083294f8924febdc3e01af6b5e83b579ba22db003e61adb54d03", kill_on_drop: false }`
[INFO] [stdout] c960f1d45cf5083294f8924febdc3e01af6b5e83b579ba22db003e61adb54d03
[INFO] running `Command { std: "docker" "create" "-v" "/var/lib/crater-agent-workspace/builds/worker-2-tc1/target:/opt/rustwide/target:rw,Z" "-v" "/var/lib/crater-agent-workspace/builds/worker-2-tc1/source:/opt/rustwide/workdir:ro,Z" "-v" "/var/lib/crater-agent-workspace/cargo-home:/opt/rustwide/cargo-home:ro,Z" "-v" "/var/lib/crater-agent-workspace/rustup-home:/opt/rustwide/rustup-home:ro,Z" "-e" "SOURCE_DIR=/opt/rustwide/workdir" "-e" "CARGO_TARGET_DIR=/opt/rustwide/target" "-e" "CARGO_INCREMENTAL=0" "-e" "RUST_BACKTRACE=full" "-e" "RUSTFLAGS=--cap-lints=warn" "-e" "RUSTDOCFLAGS=--cap-lints=warn" "-e" "CARGO_HOME=/opt/rustwide/cargo-home" "-e" "RUSTUP_HOME=/opt/rustwide/rustup-home" "-w" "/opt/rustwide/workdir" "-m" "1610612736" "--user" "0:0" "--network" "none" "ghcr.io/rust-lang/crates-build-env/linux@sha256:2788e3201cd34a07e3172128adcd8b3090168a8e3bcc40d7c032b9dda1df7d1c" "/opt/rustwide/cargo-home/bin/cargo" "+1.75.0" "test" "--frozen" "--no-run" "--message-format=json", kill_on_drop: false }`
[INFO] [stdout] 8740cfc885dd88ffce2bc3c8fee0b5ed399e630a21bd8862bcffc06c6053e38e
[INFO] running `Command { std: "docker" "start" "-a" "8740cfc885dd88ffce2bc3c8fee0b5ed399e630a21bd8862bcffc06c6053e38e", kill_on_drop: false }`
[INFO] [stderr]    Compiling libc v0.2.151
[INFO] [stderr]    Compiling typenum v1.17.0
[INFO] [stderr]    Compiling generic-array v0.14.7
[INFO] [stderr]    Compiling futures-core v0.3.30
[INFO] [stderr]    Compiling serde v1.0.194
[INFO] [stderr]    Compiling serde_derive v1.0.194
[INFO] [stderr]    Compiling cpufeatures v0.2.12
[INFO] [stderr]    Compiling bitflags v2.4.1
[INFO] [stderr]    Compiling futures-util v0.3.30
[INFO] [stderr]    Compiling futures-channel v0.3.30
[INFO] [stderr]    Compiling rustix v0.38.28
[INFO] [stderr]    Compiling ppv-lite86 v0.2.17
[INFO] [stderr]    Compiling mio v0.8.10
[INFO] [stderr]    Compiling socket2 v0.5.5
[INFO] [stderr]    Compiling serde_json v1.0.111
[INFO] [stderr]    Compiling syn v1.0.109
[INFO] [stderr]    Compiling linux-raw-sys v0.4.12
[INFO] [stderr]    Compiling tokio v1.35.1
[INFO] [stderr]    Compiling ryu v1.0.16
[INFO] [stderr]    Compiling itoa v1.0.10
[INFO] [stderr]    Compiling fastrand v2.0.1
[INFO] [stderr]    Compiling unicode-segmentation v1.10.1
[INFO] [stderr]    Compiling crc-catalog v2.4.0
[INFO] [stderr]    Compiling crc v3.0.1
[INFO] [stderr]    Compiling getrandom v0.2.11
[INFO] [stderr]    Compiling parking_lot_core v0.9.9
[INFO] [stderr]    Compiling ahash v0.8.7
[INFO] [stderr]    Compiling block-buffer v0.10.4
[INFO] [stderr]    Compiling rand_core v0.6.4
[INFO] [stderr]    Compiling hashbrown v0.14.3
[INFO] [stderr]    Compiling rand_chacha v0.3.1
[INFO] [stderr]    Compiling crypto-common v0.1.6
[INFO] [stderr]    Compiling parking_lot v0.12.1
[INFO] [stderr]    Compiling digest v0.10.7
[INFO] [stderr]    Compiling indexmap v2.1.0
[INFO] [stderr]    Compiling hashlink v0.8.4
[INFO] [stderr]    Compiling futures-intrusive v0.5.0
[INFO] [stderr]    Compiling rand v0.8.5
[INFO] [stderr]    Compiling nix v0.27.1
[INFO] [stderr]    Compiling cc v1.0.83
[INFO] [stderr]    Compiling sha2 v0.10.8
[INFO] [stderr]    Compiling tempfile v3.9.0
[INFO] [stderr]    Compiling tokio-stream v0.1.14
[INFO] [stderr]    Compiling heck v0.4.1
[INFO] [stderr]    Compiling flume v0.11.0
[INFO] [stderr]    Compiling libsqlite3-sys v0.27.0
[INFO] [stderr]    Compiling atomic-write-file v0.1.2
[INFO] [stderr]    Compiling futures-executor v0.3.30
[INFO] [stderr]    Compiling either v1.9.0
[INFO] [stderr]    Compiling itertools v0.12.0
[INFO] [stderr]    Compiling sqlformat v0.2.3
[INFO] [stderr]    Compiling sqlx-core v0.7.3
[INFO] [stderr]    Compiling sqlx-macros-core v0.7.3
[INFO] [stderr]    Compiling sqlx-macros v0.7.3
[INFO] [stderr]    Compiling sqlx-sqlite v0.7.3 (/opt/rustwide/workdir)
[INFO] [stderr]    Compiling sqlx v0.7.3
[INFO] [stdout] error[E0608]: cannot index into a value of type `IntMap<ColumnType>`
[INFO] [stdout]     --> src/connection/explain.rs:1477:45
[INFO] [stdout]      |
[INFO] [stdout] 1477 |             root_block_cols[&table_db_block][&0]
[INFO] [stdout]      |                                             ^^^^
[INFO] [stdout] 
[INFO] [stdout] 
[INFO] [stdout] error[E0608]: cannot index into a value of type `IntMap<ColumnType>`
[INFO] [stdout]     --> src/connection/explain.rs:1484:45
[INFO] [stdout]      |
[INFO] [stdout] 1484 |             root_block_cols[&table_db_block][&1]
[INFO] [stdout]      |                                             ^^^^
[INFO] [stdout] 
[INFO] [stdout] 
[INFO] [stdout] error[E0608]: cannot index into a value of type `IntMap<ColumnType>`
[INFO] [stdout]     --> src/connection/explain.rs:1491:45
[INFO] [stdout]      |
[INFO] [stdout] 1491 |             root_block_cols[&table_db_block][&2]
[INFO] [stdout]      |                                             ^^^^
[INFO] [stdout] 
[INFO] [stdout] 
[INFO] [stdout] error[E0608]: cannot index into a value of type `IntMap<ColumnType>`
[INFO] [stdout]     --> src/connection/explain.rs:1502:45
[INFO] [stdout]      |
[INFO] [stdout] 1502 |             root_block_cols[&table_db_block][&0]
[INFO] [stdout]      |                                             ^^^^
[INFO] [stdout] 
[INFO] [stdout] 
[INFO] [stdout] error[E0608]: cannot index into a value of type `IntMap<ColumnType>`
[INFO] [stdout]     --> src/connection/explain.rs:1509:45
[INFO] [stdout]      |
[INFO] [stdout] 1509 |             root_block_cols[&table_db_block][&1]
[INFO] [stdout]      |                                             ^^^^
[INFO] [stdout] 
[INFO] [stdout] 
[INFO] [stdout] error[E0608]: cannot index into a value of type `IntMap<ColumnType>`
[INFO] [stdout]     --> src/connection/explain.rs:1520:45
[INFO] [stdout]      |
[INFO] [stdout] 1520 |             root_block_cols[&table_db_block][&0]
[INFO] [stdout]      |                                             ^^^^
[INFO] [stdout] 
[INFO] [stdout] 
[INFO] [stdout] error[E0608]: cannot index into a value of type `IntMap<ColumnType>`
[INFO] [stdout]     --> src/connection/explain.rs:1527:45
[INFO] [stdout]      |
[INFO] [stdout] 1527 |             root_block_cols[&table_db_block][&1]
[INFO] [stdout]      |                                             ^^^^
[INFO] [stdout] 
[INFO] [stdout] 
[INFO] [stdout] error[E0608]: cannot index into a value of type `IntMap<ColumnType>`
[INFO] [stdout]     --> src/connection/explain.rs:1538:45
[INFO] [stdout]      |
[INFO] [stdout] 1538 |             root_block_cols[&table_db_block][&0]
[INFO] [stdout]      |                                             ^^^^
[INFO] [stdout] 
[INFO] [stdout] 
[INFO] [stdout] error[E0608]: cannot index into a value of type `IntMap<ColumnType>`
[INFO] [stdout]     --> src/connection/explain.rs:1545:45
[INFO] [stdout]      |
[INFO] [stdout] 1545 |             root_block_cols[&table_db_block][&1]
[INFO] [stdout]      |                                             ^^^^
[INFO] [stdout] 
[INFO] [stdout] 
[INFO] [stdout] error[E0608]: cannot index into a value of type `IntMap<ColumnType>`
[INFO] [stdout]     --> src/connection/explain.rs:1552:45
[INFO] [stdout]      |
[INFO] [stdout] 1552 |             root_block_cols[&table_db_block][&2]
[INFO] [stdout]      |                                             ^^^^
[INFO] [stdout] 
[INFO] [stdout] 
[INFO] [stdout] error[E0608]: cannot index into a value of type `IntMap<ColumnType>`
[INFO] [stdout]     --> src/connection/explain.rs:1563:45
[INFO] [stdout]      |
[INFO] [stdout] 1563 |             root_block_cols[&table_db_block][&0]
[INFO] [stdout]      |                                             ^^^^
[INFO] [stdout] 
[INFO] [stdout] 
[INFO] [stdout] error[E0608]: cannot index into a value of type `IntMap<ColumnType>`
[INFO] [stdout]     --> src/connection/explain.rs:1570:45
[INFO] [stdout]      |
[INFO] [stdout] 1570 |             root_block_cols[&table_db_block][&1]
[INFO] [stdout]      |                                             ^^^^
[INFO] [stdout] 
[INFO] [stdout] 
[INFO] [stdout] error[E0608]: cannot index into a value of type `IntMap<ColumnType>`
[INFO] [stdout]     --> src/connection/explain.rs:1581:45
[INFO] [stdout]      |
[INFO] [stdout] 1581 |             root_block_cols[&table_db_block][&0]
[INFO] [stdout]      |                                             ^^^^
[INFO] [stdout] 
[INFO] [stdout] 
[INFO] [stdout] error[E0608]: cannot index into a value of type `IntMap<ColumnType>`
[INFO] [stdout]     --> src/connection/explain.rs:1588:45
[INFO] [stdout]      |
[INFO] [stdout] 1588 |             root_block_cols[&table_db_block][&1]
[INFO] [stdout]      |                                             ^^^^
[INFO] [stdout] 
[INFO] [stdout] 
[INFO] [stdout] error[E0608]: cannot index into a value of type `IntMap<ColumnType>`
[INFO] [stdout]     --> src/connection/explain.rs:1599:45
[INFO] [stdout]      |
[INFO] [stdout] 1599 |             root_block_cols[&table_db_block][&0]
[INFO] [stdout]      |                                             ^^^^
[INFO] [stdout] 
[INFO] [stdout] 
[INFO] [stdout] error[E0608]: cannot index into a value of type `IntMap<ColumnType>`
[INFO] [stdout]     --> src/connection/explain.rs:1606:45
[INFO] [stdout]      |
[INFO] [stdout] 1606 |             root_block_cols[&table_db_block][&1]
[INFO] [stdout]      |                                             ^^^^
[INFO] [stdout] 
[INFO] [stdout] 
[INFO] [stdout] error[E0608]: cannot index into a value of type `IntMap<ColumnType>`
[INFO] [stdout]     --> src/connection/explain.rs:1613:45
[INFO] [stdout]      |
[INFO] [stdout] 1613 |             root_block_cols[&table_db_block][&2]
[INFO] [stdout]      |                                             ^^^^
[INFO] [stdout] 
[INFO] [stdout] 
[INFO] [stdout] error: aborting due to 17 previous errors
[INFO] [stdout] 
[INFO] [stdout] 
[INFO] [stdout] For more information about this error, try `rustc --explain E0608`.
[INFO] [stdout] 
[INFO] [stderr] error: could not compile `sqlx-sqlite` (lib test) due to 18 previous errors
[INFO] [stderr] warning: build failed, waiting for other jobs to finish...
[INFO] running `Command { std: "docker" "inspect" "8740cfc885dd88ffce2bc3c8fee0b5ed399e630a21bd8862bcffc06c6053e38e", kill_on_drop: false }`
[INFO] running `Command { std: "docker" "rm" "-f" "8740cfc885dd88ffce2bc3c8fee0b5ed399e630a21bd8862bcffc06c6053e38e", kill_on_drop: false }`
[INFO] [stdout] 8740cfc885dd88ffce2bc3c8fee0b5ed399e630a21bd8862bcffc06c6053e38e
[INFO] testing sqlx-sqlite-0.7.3 against beta-2023-12-22 for beta-1.76-1
[INFO] extracting crate sqlx-sqlite 0.7.3 into /workspace/builds/worker-2-tc2/source
[INFO] validating manifest of crates.io crate sqlx-sqlite 0.7.3 on toolchain beta-2023-12-22
[INFO] running `Command { std: CARGO_HOME="/workspace/cargo-home" RUSTUP_HOME="/workspace/rustup-home" "/workspace/cargo-home/bin/cargo" "+beta-2023-12-22" "metadata" "--manifest-path" "Cargo.toml" "--no-deps", kill_on_drop: false }`
[INFO] started tweaking crates.io crate sqlx-sqlite 0.7.3
[INFO] finished tweaking crates.io crate sqlx-sqlite 0.7.3
[INFO] tweaked toml for crates.io crate sqlx-sqlite 0.7.3 written to /workspace/builds/worker-2-tc2/source/Cargo.toml
[INFO] running `Command { std: CARGO_HOME="/workspace/cargo-home" RUSTUP_HOME="/workspace/rustup-home" "/workspace/cargo-home/bin/cargo" "+beta-2023-12-22" "generate-lockfile" "--manifest-path" "Cargo.toml", kill_on_drop: false }`
[INFO] [stderr]     Updating crates.io index
[INFO] running `Command { std: CARGO_HOME="/workspace/cargo-home" RUSTUP_HOME="/workspace/rustup-home" "/workspace/cargo-home/bin/cargo" "+beta-2023-12-22" "fetch" "--manifest-path" "Cargo.toml", kill_on_drop: false }`
[INFO] running `Command { std: "docker" "create" "-v" "/var/lib/crater-agent-workspace/builds/worker-2-tc2/target:/opt/rustwide/target:rw,Z" "-v" "/var/lib/crater-agent-workspace/builds/worker-2-tc2/source:/opt/rustwide/workdir:ro,Z" "-v" "/var/lib/crater-agent-workspace/cargo-home:/opt/rustwide/cargo-home:ro,Z" "-v" "/var/lib/crater-agent-workspace/rustup-home:/opt/rustwide/rustup-home:ro,Z" "-e" "SOURCE_DIR=/opt/rustwide/workdir" "-e" "CARGO_TARGET_DIR=/opt/rustwide/target" "-e" "CARGO_HOME=/opt/rustwide/cargo-home" "-e" "RUSTUP_HOME=/opt/rustwide/rustup-home" "-w" "/opt/rustwide/workdir" "-m" "1610612736" "--user" "0:0" "--network" "none" "ghcr.io/rust-lang/crates-build-env/linux@sha256:2788e3201cd34a07e3172128adcd8b3090168a8e3bcc40d7c032b9dda1df7d1c" "/opt/rustwide/cargo-home/bin/cargo" "+beta-2023-12-22" "metadata" "--no-deps" "--format-version=1", kill_on_drop: false }`
[INFO] [stdout] b4a8828e40411d884019a4b2fefb16ef90154922ba0ec82fd7cca3c874e52556
[INFO] running `Command { std: "docker" "start" "-a" "b4a8828e40411d884019a4b2fefb16ef90154922ba0ec82fd7cca3c874e52556", kill_on_drop: false }`
[INFO] running `Command { std: "docker" "inspect" "b4a8828e40411d884019a4b2fefb16ef90154922ba0ec82fd7cca3c874e52556", kill_on_drop: false }`
[INFO] running `Command { std: "docker" "rm" "-f" "b4a8828e40411d884019a4b2fefb16ef90154922ba0ec82fd7cca3c874e52556", kill_on_drop: false }`
[INFO] [stdout] b4a8828e40411d884019a4b2fefb16ef90154922ba0ec82fd7cca3c874e52556
[INFO] running `Command { std: "docker" "create" "-v" "/var/lib/crater-agent-workspace/builds/worker-2-tc2/target:/opt/rustwide/target:rw,Z" "-v" "/var/lib/crater-agent-workspace/builds/worker-2-tc2/source:/opt/rustwide/workdir:ro,Z" "-v" "/var/lib/crater-agent-workspace/cargo-home:/opt/rustwide/cargo-home:ro,Z" "-v" "/var/lib/crater-agent-workspace/rustup-home:/opt/rustwide/rustup-home:ro,Z" "-e" "SOURCE_DIR=/opt/rustwide/workdir" "-e" "CARGO_TARGET_DIR=/opt/rustwide/target" "-e" "CARGO_INCREMENTAL=0" "-e" "RUST_BACKTRACE=full" "-e" "RUSTFLAGS=--cap-lints=warn" "-e" "RUSTDOCFLAGS=--cap-lints=warn" "-e" "CARGO_HOME=/opt/rustwide/cargo-home" "-e" "RUSTUP_HOME=/opt/rustwide/rustup-home" "-w" "/opt/rustwide/workdir" "-m" "1610612736" "--user" "0:0" "--network" "none" "ghcr.io/rust-lang/crates-build-env/linux@sha256:2788e3201cd34a07e3172128adcd8b3090168a8e3bcc40d7c032b9dda1df7d1c" "/opt/rustwide/cargo-home/bin/cargo" "+beta-2023-12-22" "build" "--frozen" "--message-format=json", kill_on_drop: false }`
[INFO] [stdout] aac0ac624e944d62c85795522100fa04b2b05634f1603eeaec7f5e5d71d1a087
[INFO] running `Command { std: "docker" "start" "-a" "aac0ac624e944d62c85795522100fa04b2b05634f1603eeaec7f5e5d71d1a087", kill_on_drop: false }`
[INFO] [stderr]    Compiling autocfg v1.1.0
[INFO] [stderr]    Compiling cfg-if v1.0.0
[INFO] [stderr]    Compiling libc v0.2.151
[INFO] [stderr]    Compiling once_cell v1.19.0
[INFO] [stderr]    Compiling version_check v0.9.4
[INFO] [stderr]    Compiling scopeguard v1.2.0
[INFO] [stderr]    Compiling futures-core v0.3.30
[INFO] [stderr]    Compiling syn v2.0.48
[INFO] [stderr]    Compiling futures-sink v0.3.30
[INFO] [stderr]    Compiling zerocopy v0.7.32
[INFO] [stderr]    Compiling tinyvec_macros v0.1.1
[INFO] [stderr]    Compiling memchr v2.7.1
[INFO] [stderr]    Compiling parking_lot_core v0.9.9
[INFO] [stderr]    Compiling ahash v0.8.7
[INFO] [stderr]    Compiling lock_api v0.4.11
[INFO] [stderr]    Compiling slab v0.4.9
[INFO] [stderr]    Compiling num-traits v0.2.17
[INFO] [stderr]    Compiling tinyvec v1.6.0
[INFO] [stderr]    Compiling allocator-api2 v0.2.16
[INFO] [stderr]    Compiling crossbeam-utils v0.8.18
[INFO] [stderr]    Compiling smallvec v1.11.2
[INFO] [stderr]    Compiling pin-project-lite v0.2.13
[INFO] [stderr]    Compiling getrandom v0.2.11
[INFO] [stderr]    Compiling cc v1.0.83
[INFO] [stderr]    Compiling pkg-config v0.3.28
[INFO] [stderr]    Compiling futures-task v0.3.30
[INFO] [stderr]    Compiling minimal-lexical v0.2.1
[INFO] [stderr]    Compiling hashbrown v0.14.3
[INFO] [stderr]    Compiling unicode-bidi v0.3.14
[INFO] [stderr]    Compiling unicode-normalization v0.1.22
[INFO] [stderr]    Compiling thiserror v1.0.56
[INFO] [stderr]    Compiling pin-utils v0.1.0
[INFO] [stderr]    Compiling vcpkg v0.2.15
[INFO] [stderr]    Compiling percent-encoding v2.3.1
[INFO] [stderr]    Compiling paste v1.0.14
[INFO] [stderr]    Compiling either v1.9.0
[INFO] [stderr]    Compiling futures-io v0.3.30
[INFO] [stderr]    Compiling itertools v0.12.0
[INFO] [stderr]    Compiling futures-util v0.3.30
[INFO] [stderr]    Compiling idna v0.5.0
[INFO] [stderr]    Compiling form_urlencoded v1.2.1
[INFO] [stderr]    Compiling nom v7.1.3
[INFO] [stderr]    Compiling parking_lot v0.12.1
[INFO] [stderr]    Compiling libsqlite3-sys v0.27.0
[INFO] [stderr]    Compiling tracing-core v0.1.32
[INFO] [stderr]    Compiling equivalent v1.0.1
[INFO] [stderr]    Compiling unicode_categories v0.1.1
[INFO] [stderr]    Compiling log v0.4.20
[INFO] [stderr]    Compiling crossbeam-queue v0.3.10
[INFO] [stderr]    Compiling atoi v2.0.0
[INFO] [stderr]    Compiling indexmap v2.1.0
[INFO] [stderr]    Compiling futures-intrusive v0.5.0
[INFO] [stderr]    Compiling url v2.5.0
[INFO] [stderr]    Compiling hashlink v0.8.4
[INFO] [stderr]    Compiling sqlformat v0.2.3
[INFO] [stderr]    Compiling spin v0.9.8
[INFO] [stderr]    Compiling futures-channel v0.3.30
[INFO] [stderr]    Compiling dotenvy v0.15.7
[INFO] [stderr]    Compiling bytes v1.5.0
[INFO] [stderr]    Compiling event-listener v2.5.3
[INFO] [stderr]    Compiling byteorder v1.5.0
[INFO] [stderr]    Compiling hex v0.4.3
[INFO] [stderr]    Compiling flume v0.11.0
[INFO] [stderr]    Compiling urlencoding v2.1.3
[INFO] [stderr]    Compiling futures-executor v0.3.30
[INFO] [stderr]    Compiling thiserror-impl v1.0.56
[INFO] [stderr]    Compiling tracing-attributes v0.1.27
[INFO] [stderr]    Compiling tracing v0.1.40
[INFO] [stderr]    Compiling sqlx-core v0.7.3
[INFO] [stderr]    Compiling sqlx-sqlite v0.7.3 (/opt/rustwide/workdir)
[INFO] [stderr]     Finished dev [unoptimized + debuginfo] target(s) in 34.76s
[INFO] running `Command { std: "docker" "inspect" "aac0ac624e944d62c85795522100fa04b2b05634f1603eeaec7f5e5d71d1a087", kill_on_drop: false }`
[INFO] running `Command { std: "docker" "rm" "-f" "aac0ac624e944d62c85795522100fa04b2b05634f1603eeaec7f5e5d71d1a087", kill_on_drop: false }`
[INFO] [stdout] aac0ac624e944d62c85795522100fa04b2b05634f1603eeaec7f5e5d71d1a087
[INFO] running `Command { std: "docker" "create" "-v" "/var/lib/crater-agent-workspace/builds/worker-2-tc2/target:/opt/rustwide/target:rw,Z" "-v" "/var/lib/crater-agent-workspace/builds/worker-2-tc2/source:/opt/rustwide/workdir:ro,Z" "-v" "/var/lib/crater-agent-workspace/cargo-home:/opt/rustwide/cargo-home:ro,Z" "-v" "/var/lib/crater-agent-workspace/rustup-home:/opt/rustwide/rustup-home:ro,Z" "-e" "SOURCE_DIR=/opt/rustwide/workdir" "-e" "CARGO_TARGET_DIR=/opt/rustwide/target" "-e" "CARGO_INCREMENTAL=0" "-e" "RUST_BACKTRACE=full" "-e" "RUSTFLAGS=--cap-lints=warn" "-e" "RUSTDOCFLAGS=--cap-lints=warn" "-e" "CARGO_HOME=/opt/rustwide/cargo-home" "-e" "RUSTUP_HOME=/opt/rustwide/rustup-home" "-w" "/opt/rustwide/workdir" "-m" "1610612736" "--user" "0:0" "--network" "none" "ghcr.io/rust-lang/crates-build-env/linux@sha256:2788e3201cd34a07e3172128adcd8b3090168a8e3bcc40d7c032b9dda1df7d1c" "/opt/rustwide/cargo-home/bin/cargo" "+beta-2023-12-22" "test" "--frozen" "--no-run" "--message-format=json", kill_on_drop: false }`
[INFO] [stdout] 50d02ff91bc94074656af22610dbefc9c1d767f16b4ae673445c6a91ce2d0cfa
[INFO] running `Command { std: "docker" "start" "-a" "50d02ff91bc94074656af22610dbefc9c1d767f16b4ae673445c6a91ce2d0cfa", kill_on_drop: false }`
[INFO] [stderr]    Compiling libc v0.2.151
[INFO] [stderr]    Compiling typenum v1.17.0
[INFO] [stderr]    Compiling generic-array v0.14.7
[INFO] [stderr]    Compiling futures-core v0.3.30
[INFO] [stderr]    Compiling serde v1.0.194
[INFO] [stderr]    Compiling serde_derive v1.0.194
[INFO] [stderr]    Compiling cpufeatures v0.2.12
[INFO] [stderr]    Compiling bitflags v2.4.1
[INFO] [stderr]    Compiling ppv-lite86 v0.2.17
[INFO] [stderr]    Compiling futures-util v0.3.30
[INFO] [stderr]    Compiling futures-channel v0.3.30
[INFO] [stderr]    Compiling rustix v0.38.28
[INFO] [stderr]    Compiling mio v0.8.10
[INFO] [stderr]    Compiling socket2 v0.5.5
[INFO] [stderr]    Compiling linux-raw-sys v0.4.12
[INFO] [stderr]    Compiling serde_json v1.0.111
[INFO] [stderr]    Compiling syn v1.0.109
[INFO] [stderr]    Compiling tokio v1.35.1
[INFO] [stderr]    Compiling itoa v1.0.10
[INFO] [stderr]    Compiling ryu v1.0.16
[INFO] [stderr]    Compiling unicode-segmentation v1.10.1
[INFO] [stderr]    Compiling crc-catalog v2.4.0
[INFO] [stderr]    Compiling fastrand v2.0.1
[INFO] [stderr]    Compiling getrandom v0.2.11
[INFO] [stderr]    Compiling parking_lot_core v0.9.9
[INFO] [stderr]    Compiling ahash v0.8.7
[INFO] [stderr]    Compiling rand_core v0.6.4
[INFO] [stderr]    Compiling hashbrown v0.14.3
[INFO] [stderr]    Compiling block-buffer v0.10.4
[INFO] [stderr]    Compiling crypto-common v0.1.6
[INFO] [stderr]    Compiling rand_chacha v0.3.1
[INFO] [stderr]    Compiling parking_lot v0.12.1
[INFO] [stderr]    Compiling futures-intrusive v0.5.0
[INFO] [stderr]    Compiling indexmap v2.1.0
[INFO] [stderr]    Compiling hashlink v0.8.4
[INFO] [stderr]    Compiling rand v0.8.5
[INFO] [stderr]    Compiling digest v0.10.7
[INFO] [stderr]    Compiling cc v1.0.83
[INFO] [stderr]    Compiling nix v0.27.1
[INFO] [stderr]    Compiling sha2 v0.10.8
[INFO] [stderr]    Compiling tempfile v3.9.0
[INFO] [stderr]    Compiling heck v0.4.1
[INFO] [stderr]    Compiling crc v3.0.1
[INFO] [stderr]    Compiling flume v0.11.0
[INFO] [stderr]    Compiling futures-executor v0.3.30
[INFO] [stderr]    Compiling atomic-write-file v0.1.2
[INFO] [stderr]    Compiling libsqlite3-sys v0.27.0
[INFO] [stderr]    Compiling tokio-stream v0.1.14
[INFO] [stderr]    Compiling either v1.9.0
[INFO] [stderr]    Compiling itertools v0.12.0
[INFO] [stderr]    Compiling sqlformat v0.2.3
[INFO] [stderr]    Compiling sqlx-core v0.7.3
[INFO] [stderr]    Compiling sqlx-macros-core v0.7.3
[INFO] [stderr]    Compiling sqlx-macros v0.7.3
[INFO] [stderr]    Compiling sqlx-sqlite v0.7.3 (/opt/rustwide/workdir)
[INFO] [stderr]    Compiling sqlx v0.7.3
[INFO] [stdout] error[E0608]: cannot index into a value of type `IntMap<ColumnType>`
[INFO] [stdout]     --> src/connection/explain.rs:1477:45
[INFO] [stdout]      |
[INFO] [stdout] 1477 |             root_block_cols[&table_db_block][&0]
[INFO] [stdout]      |                                             ^^^^
[INFO] [stdout] 
[INFO] [stdout] 
[INFO] [stdout] error[E0608]: cannot index into a value of type `IntMap<ColumnType>`
[INFO] [stdout]     --> src/connection/explain.rs:1484:45
[INFO] [stdout]      |
[INFO] [stdout] 1484 |             root_block_cols[&table_db_block][&1]
[INFO] [stdout]      |                                             ^^^^
[INFO] [stdout] 
[INFO] [stdout] 
[INFO] [stdout] error[E0608]: cannot index into a value of type `IntMap<ColumnType>`
[INFO] [stdout]     --> src/connection/explain.rs:1491:45
[INFO] [stdout]      |
[INFO] [stdout] 1491 |             root_block_cols[&table_db_block][&2]
[INFO] [stdout]      |                                             ^^^^
[INFO] [stdout] 
[INFO] [stdout] 
[INFO] [stdout] error[E0608]: cannot index into a value of type `IntMap<ColumnType>`
[INFO] [stdout]     --> src/connection/explain.rs:1502:45
[INFO] [stdout]      |
[INFO] [stdout] 1502 |             root_block_cols[&table_db_block][&0]
[INFO] [stdout]      |                                             ^^^^
[INFO] [stdout] 
[INFO] [stdout] 
[INFO] [stdout] error[E0608]: cannot index into a value of type `IntMap<ColumnType>`
[INFO] [stdout]     --> src/connection/explain.rs:1509:45
[INFO] [stdout]      |
[INFO] [stdout] 1509 |             root_block_cols[&table_db_block][&1]
[INFO] [stdout]      |                                             ^^^^
[INFO] [stdout] 
[INFO] [stdout] 
[INFO] [stdout] error[E0608]: cannot index into a value of type `IntMap<ColumnType>`
[INFO] [stdout]     --> src/connection/explain.rs:1520:45
[INFO] [stdout]      |
[INFO] [stdout] 1520 |             root_block_cols[&table_db_block][&0]
[INFO] [stdout]      |                                             ^^^^
[INFO] [stdout] 
[INFO] [stdout] 
[INFO] [stdout] error[E0608]: cannot index into a value of type `IntMap<ColumnType>`
[INFO] [stdout]     --> src/connection/explain.rs:1527:45
[INFO] [stdout]      |
[INFO] [stdout] 1527 |             root_block_cols[&table_db_block][&1]
[INFO] [stdout]      |                                             ^^^^
[INFO] [stdout] 
[INFO] [stdout] 
[INFO] [stdout] error[E0608]: cannot index into a value of type `IntMap<ColumnType>`
[INFO] [stdout]     --> src/connection/explain.rs:1538:45
[INFO] [stdout]      |
[INFO] [stdout] 1538 |             root_block_cols[&table_db_block][&0]
[INFO] [stdout]      |                                             ^^^^
[INFO] [stdout] 
[INFO] [stdout] 
[INFO] [stdout] error[E0608]: cannot index into a value of type `IntMap<ColumnType>`
[INFO] [stdout]     --> src/connection/explain.rs:1545:45
[INFO] [stdout]      |
[INFO] [stdout] 1545 |             root_block_cols[&table_db_block][&1]
[INFO] [stdout]      |                                             ^^^^
[INFO] [stdout] 
[INFO] [stdout] 
[INFO] [stdout] error[E0608]: cannot index into a value of type `IntMap<ColumnType>`
[INFO] [stdout]     --> src/connection/explain.rs:1552:45
[INFO] [stdout]      |
[INFO] [stdout] 1552 |             root_block_cols[&table_db_block][&2]
[INFO] [stdout]      |                                             ^^^^
[INFO] [stdout] 
[INFO] [stdout] 
[INFO] [stdout] error[E0608]: cannot index into a value of type `IntMap<ColumnType>`
[INFO] [stdout]     --> src/connection/explain.rs:1563:45
[INFO] [stdout]      |
[INFO] [stdout] 1563 |             root_block_cols[&table_db_block][&0]
[INFO] [stdout]      |                                             ^^^^
[INFO] [stdout] 
[INFO] [stdout] 
[INFO] [stdout] error[E0608]: cannot index into a value of type `IntMap<ColumnType>`
[INFO] [stdout]     --> src/connection/explain.rs:1570:45
[INFO] [stdout]      |
[INFO] [stdout] 1570 |             root_block_cols[&table_db_block][&1]
[INFO] [stdout]      |                                             ^^^^
[INFO] [stdout] 
[INFO] [stdout] 
[INFO] [stdout] error[E0608]: cannot index into a value of type `IntMap<ColumnType>`
[INFO] [stdout]     --> src/connection/explain.rs:1581:45
[INFO] [stdout]      |
[INFO] [stdout] 1581 |             root_block_cols[&table_db_block][&0]
[INFO] [stdout]      |                                             ^^^^
[INFO] [stdout] 
[INFO] [stdout] 
[INFO] [stdout] error[E0608]: cannot index into a value of type `IntMap<ColumnType>`
[INFO] [stdout]     --> src/connection/explain.rs:1588:45
[INFO] [stdout]      |
[INFO] [stdout] 1588 |             root_block_cols[&table_db_block][&1]
[INFO] [stdout]      |                                             ^^^^
[INFO] [stdout] 
[INFO] [stdout] 
[INFO] [stdout] error[E0608]: cannot index into a value of type `IntMap<ColumnType>`
[INFO] [stdout]     --> src/connection/explain.rs:1599:45
[INFO] [stdout]      |
[INFO] [stdout] 1599 |             root_block_cols[&table_db_block][&0]
[INFO] [stdout]      |                                             ^^^^
[INFO] [stdout] 
[INFO] [stdout] 
[INFO] [stdout] error[E0608]: cannot index into a value of type `IntMap<ColumnType>`
[INFO] [stdout]     --> src/connection/explain.rs:1606:45
[INFO] [stdout]      |
[INFO] [stdout] 1606 |             root_block_cols[&table_db_block][&1]
[INFO] [stdout]      |                                             ^^^^
[INFO] [stdout] 
[INFO] [stdout] 
[INFO] [stdout] error[E0608]: cannot index into a value of type `IntMap<ColumnType>`
[INFO] [stdout]     --> src/connection/explain.rs:1613:45
[INFO] [stdout]      |
[INFO] [stdout] 1613 |             root_block_cols[&table_db_block][&2]
[INFO] [stdout]      |                                             ^^^^
[INFO] [stdout] 
[INFO] [stdout] 
[INFO] [stdout] error: aborting due to 17 previous errors
[INFO] [stdout] 
[INFO] [stdout] 
[INFO] [stdout] For more information about this error, try `rustc --explain E0608`.
[INFO] [stdout] 
[INFO] [stderr] error: could not compile `sqlx-sqlite` (lib test) due to 18 previous errors
[INFO] [stderr] warning: build failed, waiting for other jobs to finish...
[INFO] running `Command { std: "docker" "inspect" "50d02ff91bc94074656af22610dbefc9c1d767f16b4ae673445c6a91ce2d0cfa", kill_on_drop: false }`
[INFO] running `Command { std: "docker" "rm" "-f" "50d02ff91bc94074656af22610dbefc9c1d767f16b4ae673445c6a91ce2d0cfa", kill_on_drop: false }`
[INFO] [stdout] 50d02ff91bc94074656af22610dbefc9c1d767f16b4ae673445c6a91ce2d0cfa
