[INFO] fetching crate sqa-bounded-spsc-queue 0.2.1...
[INFO] testing sqa-bounded-spsc-queue-0.2.1 against 1.75.0 for beta-1.76-1
[INFO] extracting crate sqa-bounded-spsc-queue 0.2.1 into /workspace/builds/worker-6-tc1/source
[INFO] validating manifest of crates.io crate sqa-bounded-spsc-queue 0.2.1 on toolchain 1.75.0
[INFO] running `Command { std: CARGO_HOME="/workspace/cargo-home" RUSTUP_HOME="/workspace/rustup-home" "/workspace/cargo-home/bin/cargo" "+1.75.0" "metadata" "--manifest-path" "Cargo.toml" "--no-deps", kill_on_drop: false }`
[INFO] started tweaking crates.io crate sqa-bounded-spsc-queue 0.2.1
[INFO] finished tweaking crates.io crate sqa-bounded-spsc-queue 0.2.1
[INFO] tweaked toml for crates.io crate sqa-bounded-spsc-queue 0.2.1 written to /workspace/builds/worker-6-tc1/source/Cargo.toml
[INFO] running `Command { std: CARGO_HOME="/workspace/cargo-home" RUSTUP_HOME="/workspace/rustup-home" "/workspace/cargo-home/bin/cargo" "+1.75.0" "generate-lockfile" "--manifest-path" "Cargo.toml", kill_on_drop: false }`
[INFO] running `Command { std: CARGO_HOME="/workspace/cargo-home" RUSTUP_HOME="/workspace/rustup-home" "/workspace/cargo-home/bin/cargo" "+1.75.0" "fetch" "--manifest-path" "Cargo.toml", kill_on_drop: false }`
[INFO] running `Command { std: "docker" "create" "-v" "/var/lib/crater-agent-workspace/builds/worker-6-tc1/target:/opt/rustwide/target:rw,Z" "-v" "/var/lib/crater-agent-workspace/builds/worker-6-tc1/source:/opt/rustwide/workdir:ro,Z" "-v" "/var/lib/crater-agent-workspace/cargo-home:/opt/rustwide/cargo-home:ro,Z" "-v" "/var/lib/crater-agent-workspace/rustup-home:/opt/rustwide/rustup-home:ro,Z" "-e" "SOURCE_DIR=/opt/rustwide/workdir" "-e" "CARGO_TARGET_DIR=/opt/rustwide/target" "-e" "CARGO_HOME=/opt/rustwide/cargo-home" "-e" "RUSTUP_HOME=/opt/rustwide/rustup-home" "-w" "/opt/rustwide/workdir" "-m" "1610612736" "--user" "0:0" "--network" "none" "ghcr.io/rust-lang/crates-build-env/linux@sha256:2788e3201cd34a07e3172128adcd8b3090168a8e3bcc40d7c032b9dda1df7d1c" "/opt/rustwide/cargo-home/bin/cargo" "+1.75.0" "metadata" "--no-deps" "--format-version=1", kill_on_drop: false }`
[INFO] [stdout] ab641d56ec4a5fdd5d8c2ef81b0884d04ec8d96b4fa5029bc51c02a81d5f197f
[INFO] running `Command { std: "docker" "start" "-a" "ab641d56ec4a5fdd5d8c2ef81b0884d04ec8d96b4fa5029bc51c02a81d5f197f", kill_on_drop: false }`
[INFO] running `Command { std: "docker" "inspect" "ab641d56ec4a5fdd5d8c2ef81b0884d04ec8d96b4fa5029bc51c02a81d5f197f", kill_on_drop: false }`
[INFO] running `Command { std: "docker" "rm" "-f" "ab641d56ec4a5fdd5d8c2ef81b0884d04ec8d96b4fa5029bc51c02a81d5f197f", kill_on_drop: false }`
[INFO] [stdout] ab641d56ec4a5fdd5d8c2ef81b0884d04ec8d96b4fa5029bc51c02a81d5f197f
[INFO] running `Command { std: "docker" "create" "-v" "/var/lib/crater-agent-workspace/builds/worker-6-tc1/target:/opt/rustwide/target:rw,Z" "-v" "/var/lib/crater-agent-workspace/builds/worker-6-tc1/source:/opt/rustwide/workdir:ro,Z" "-v" "/var/lib/crater-agent-workspace/cargo-home:/opt/rustwide/cargo-home:ro,Z" "-v" "/var/lib/crater-agent-workspace/rustup-home:/opt/rustwide/rustup-home:ro,Z" "-e" "SOURCE_DIR=/opt/rustwide/workdir" "-e" "CARGO_TARGET_DIR=/opt/rustwide/target" "-e" "CARGO_INCREMENTAL=0" "-e" "RUST_BACKTRACE=full" "-e" "RUSTFLAGS=--cap-lints=warn" "-e" "RUSTDOCFLAGS=--cap-lints=warn" "-e" "CARGO_HOME=/opt/rustwide/cargo-home" "-e" "RUSTUP_HOME=/opt/rustwide/rustup-home" "-w" "/opt/rustwide/workdir" "-m" "1610612736" "--user" "0:0" "--network" "none" "ghcr.io/rust-lang/crates-build-env/linux@sha256:2788e3201cd34a07e3172128adcd8b3090168a8e3bcc40d7c032b9dda1df7d1c" "/opt/rustwide/cargo-home/bin/cargo" "+1.75.0" "build" "--frozen" "--message-format=json", kill_on_drop: false }`
[INFO] [stdout] 0fd0eb954cb582939c2ddb4631a0ed956c72b654df8f045751d067c169b53e3e
[INFO] running `Command { std: "docker" "start" "-a" "0fd0eb954cb582939c2ddb4631a0ed956c72b654df8f045751d067c169b53e3e", kill_on_drop: false }`
[INFO] [stderr]    Compiling sqa-bounded-spsc-queue v0.2.1 (/opt/rustwide/workdir)
[INFO] [stdout] error[E0557]: feature has been removed
[INFO] [stdout]  --> src/lib.rs:1:34
[INFO] [stdout]   |
[INFO] [stdout] 1 | #![feature(allocator_api, alloc, box_syntax, optin_builtin_traits)]
[INFO] [stdout]   |                                  ^^^^^^^^^^ feature has been removed
[INFO] [stdout]   |
[INFO] [stdout]   = note: replaced with `#[rustc_box]`
[INFO] [stdout] 
[INFO] [stdout] 
[INFO] [stdout] error[E0557]: feature has been removed
[INFO] [stdout]  --> src/lib.rs:1:46
[INFO] [stdout]   |
[INFO] [stdout] 1 | #![feature(allocator_api, alloc, box_syntax, optin_builtin_traits)]
[INFO] [stdout]   |                                              ^^^^^^^^^^^^^^^^^^^^ feature has been removed
[INFO] [stdout]   |
[INFO] [stdout]   = note: renamed to `auto_traits`
[INFO] [stdout] 
[INFO] [stdout] 
[INFO] [stdout] error[E0432]: unresolved import `alloc::allocator`
[INFO] [stdout]  --> src/lib.rs:9:12
[INFO] [stdout]   |
[INFO] [stdout] 9 | use alloc::allocator::{Layout, Alloc};
[INFO] [stdout]   |            ^^^^^^^^^ could not find `allocator` in `alloc`
[INFO] [stdout] 
[INFO] [stdout] 
[INFO] [stdout] error[E0432]: unresolved import `alloc::heap`
[INFO] [stdout]   --> src/lib.rs:10:12
[INFO] [stdout]    |
[INFO] [stdout] 10 | use alloc::heap::Heap;
[INFO] [stdout]    |            ^^^^ could not find `heap` in `alloc`
[INFO] [stdout] 
[INFO] [stdout] 
[INFO] [stdout] error[E0658]: negative trait bounds are not yet fully implemented; use marker types for now
[INFO] [stdout]   --> src/lib.rs:81:9
[INFO] [stdout]    |
[INFO] [stdout] 81 | impl<T> !Sync for Consumer<T> {}
[INFO] [stdout]    |         ^^^^^
[INFO] [stdout]    |
[INFO] [stdout]    = note: see issue #68318 <https://github.com/rust-lang/rust/issues/68318> for more information
[INFO] [stdout] 
[INFO] [stdout] 
[INFO] [stdout] error[E0658]: negative trait bounds are not yet fully implemented; use marker types for now
[INFO] [stdout]   --> src/lib.rs:82:9
[INFO] [stdout]    |
[INFO] [stdout] 82 | impl<T> !Sync for Producer<T> {}
[INFO] [stdout]    |         ^^^^^
[INFO] [stdout]    |
[INFO] [stdout]    = note: see issue #68318 <https://github.com/rust-lang/rust/issues/68318> for more information
[INFO] [stdout] 
[INFO] [stdout] 
[INFO] [stdout] error[E0554]: `#![feature]` may not be used on the stable release channel
[INFO] [stdout]  --> src/lib.rs:1:12
[INFO] [stdout]   |
[INFO] [stdout] 1 | #![feature(allocator_api, alloc, box_syntax, optin_builtin_traits)]
[INFO] [stdout]   |            ^^^^^^^^^^^^^
[INFO] [stdout] 
[INFO] [stdout] 
[INFO] [stdout] error[E0554]: `#![feature]` may not be used on the stable release channel
[INFO] [stdout]  --> src/lib.rs:1:27
[INFO] [stdout]   |
[INFO] [stdout] 1 | #![feature(allocator_api, alloc, box_syntax, optin_builtin_traits)]
[INFO] [stdout]   |                           ^^^^^
[INFO] [stdout] 
[INFO] [stdout] 
[INFO] [stdout] warning: the feature `alloc` has been stable since 1.36.0 and no longer requires an attribute to enable
[INFO] [stdout]  --> src/lib.rs:1:27
[INFO] [stdout]   |
[INFO] [stdout] 1 | #![feature(allocator_api, alloc, box_syntax, optin_builtin_traits)]
[INFO] [stdout]   |                           ^^^^^
[INFO] [stdout]   |
[INFO] [stdout]   = note: `#[warn(stable_features)]` on by default
[INFO] [stdout] 
[INFO] [stdout] 
[INFO] [stdout] error: aborting due to 8 previous errors; 1 warning emitted
[INFO] [stdout] 
[INFO] [stdout] 
[INFO] [stdout] Some errors have detailed explanations: E0432, E0554, E0557, E0658.
[INFO] [stdout] 
[INFO] [stdout] For more information about an error, try `rustc --explain E0432`.
[INFO] [stdout] 
[INFO] [stderr] error: could not compile `sqa-bounded-spsc-queue` (lib) due to 9 previous errors; 1 warning emitted
[INFO] running `Command { std: "docker" "inspect" "0fd0eb954cb582939c2ddb4631a0ed956c72b654df8f045751d067c169b53e3e", kill_on_drop: false }`
[INFO] running `Command { std: "docker" "rm" "-f" "0fd0eb954cb582939c2ddb4631a0ed956c72b654df8f045751d067c169b53e3e", kill_on_drop: false }`
[INFO] [stdout] 0fd0eb954cb582939c2ddb4631a0ed956c72b654df8f045751d067c169b53e3e
[INFO] testing sqa-bounded-spsc-queue-0.2.1 against beta-2023-12-22 for beta-1.76-1
[INFO] extracting crate sqa-bounded-spsc-queue 0.2.1 into /workspace/builds/worker-6-tc2/source
[INFO] validating manifest of crates.io crate sqa-bounded-spsc-queue 0.2.1 on toolchain beta-2023-12-22
[INFO] running `Command { std: CARGO_HOME="/workspace/cargo-home" RUSTUP_HOME="/workspace/rustup-home" "/workspace/cargo-home/bin/cargo" "+beta-2023-12-22" "metadata" "--manifest-path" "Cargo.toml" "--no-deps", kill_on_drop: false }`
[INFO] started tweaking crates.io crate sqa-bounded-spsc-queue 0.2.1
[INFO] finished tweaking crates.io crate sqa-bounded-spsc-queue 0.2.1
[INFO] tweaked toml for crates.io crate sqa-bounded-spsc-queue 0.2.1 written to /workspace/builds/worker-6-tc2/source/Cargo.toml
[INFO] running `Command { std: CARGO_HOME="/workspace/cargo-home" RUSTUP_HOME="/workspace/rustup-home" "/workspace/cargo-home/bin/cargo" "+beta-2023-12-22" "generate-lockfile" "--manifest-path" "Cargo.toml", kill_on_drop: false }`
[INFO] running `Command { std: CARGO_HOME="/workspace/cargo-home" RUSTUP_HOME="/workspace/rustup-home" "/workspace/cargo-home/bin/cargo" "+beta-2023-12-22" "fetch" "--manifest-path" "Cargo.toml", kill_on_drop: false }`
[INFO] running `Command { std: "docker" "create" "-v" "/var/lib/crater-agent-workspace/builds/worker-6-tc2/target:/opt/rustwide/target:rw,Z" "-v" "/var/lib/crater-agent-workspace/builds/worker-6-tc2/source:/opt/rustwide/workdir:ro,Z" "-v" "/var/lib/crater-agent-workspace/cargo-home:/opt/rustwide/cargo-home:ro,Z" "-v" "/var/lib/crater-agent-workspace/rustup-home:/opt/rustwide/rustup-home:ro,Z" "-e" "SOURCE_DIR=/opt/rustwide/workdir" "-e" "CARGO_TARGET_DIR=/opt/rustwide/target" "-e" "CARGO_HOME=/opt/rustwide/cargo-home" "-e" "RUSTUP_HOME=/opt/rustwide/rustup-home" "-w" "/opt/rustwide/workdir" "-m" "1610612736" "--user" "0:0" "--network" "none" "ghcr.io/rust-lang/crates-build-env/linux@sha256:2788e3201cd34a07e3172128adcd8b3090168a8e3bcc40d7c032b9dda1df7d1c" "/opt/rustwide/cargo-home/bin/cargo" "+beta-2023-12-22" "metadata" "--no-deps" "--format-version=1", kill_on_drop: false }`
[INFO] [stdout] eba4b58eae5049fcbcbba5481bf12be59e341cf672259ec93b90292ce6bc3b1f
[INFO] running `Command { std: "docker" "start" "-a" "eba4b58eae5049fcbcbba5481bf12be59e341cf672259ec93b90292ce6bc3b1f", kill_on_drop: false }`
[INFO] running `Command { std: "docker" "inspect" "eba4b58eae5049fcbcbba5481bf12be59e341cf672259ec93b90292ce6bc3b1f", kill_on_drop: false }`
[INFO] running `Command { std: "docker" "rm" "-f" "eba4b58eae5049fcbcbba5481bf12be59e341cf672259ec93b90292ce6bc3b1f", kill_on_drop: false }`
[INFO] [stdout] eba4b58eae5049fcbcbba5481bf12be59e341cf672259ec93b90292ce6bc3b1f
[INFO] running `Command { std: "docker" "create" "-v" "/var/lib/crater-agent-workspace/builds/worker-6-tc2/target:/opt/rustwide/target:rw,Z" "-v" "/var/lib/crater-agent-workspace/builds/worker-6-tc2/source:/opt/rustwide/workdir:ro,Z" "-v" "/var/lib/crater-agent-workspace/cargo-home:/opt/rustwide/cargo-home:ro,Z" "-v" "/var/lib/crater-agent-workspace/rustup-home:/opt/rustwide/rustup-home:ro,Z" "-e" "SOURCE_DIR=/opt/rustwide/workdir" "-e" "CARGO_TARGET_DIR=/opt/rustwide/target" "-e" "CARGO_INCREMENTAL=0" "-e" "RUST_BACKTRACE=full" "-e" "RUSTFLAGS=--cap-lints=warn" "-e" "RUSTDOCFLAGS=--cap-lints=warn" "-e" "CARGO_HOME=/opt/rustwide/cargo-home" "-e" "RUSTUP_HOME=/opt/rustwide/rustup-home" "-w" "/opt/rustwide/workdir" "-m" "1610612736" "--user" "0:0" "--network" "none" "ghcr.io/rust-lang/crates-build-env/linux@sha256:2788e3201cd34a07e3172128adcd8b3090168a8e3bcc40d7c032b9dda1df7d1c" "/opt/rustwide/cargo-home/bin/cargo" "+beta-2023-12-22" "build" "--frozen" "--message-format=json", kill_on_drop: false }`
[INFO] [stdout] 4748f0da1edfd7a2269daa5f33cbe2f36e938341767b0e86c2182372050b9fc5
[INFO] running `Command { std: "docker" "start" "-a" "4748f0da1edfd7a2269daa5f33cbe2f36e938341767b0e86c2182372050b9fc5", kill_on_drop: false }`
[INFO] [stderr]    Compiling sqa-bounded-spsc-queue v0.2.1 (/opt/rustwide/workdir)
[INFO] [stdout] error[E0557]: feature has been removed
[INFO] [stdout]  --> src/lib.rs:1:34
[INFO] [stdout]   |
[INFO] [stdout] 1 | #![feature(allocator_api, alloc, box_syntax, optin_builtin_traits)]
[INFO] [stdout]   |                                  ^^^^^^^^^^ feature has been removed
[INFO] [stdout]   |
[INFO] [stdout]   = note: replaced with `#[rustc_box]`
[INFO] [stdout] 
[INFO] [stdout] 
[INFO] [stdout] error[E0557]: feature has been removed
[INFO] [stdout]  --> src/lib.rs:1:46
[INFO] [stdout]   |
[INFO] [stdout] 1 | #![feature(allocator_api, alloc, box_syntax, optin_builtin_traits)]
[INFO] [stdout]   |                                              ^^^^^^^^^^^^^^^^^^^^ feature has been removed
[INFO] [stdout]   |
[INFO] [stdout]   = note: renamed to `auto_traits`
[INFO] [stdout] 
[INFO] [stdout] 
[INFO] [stdout] error[E0432]: unresolved import `alloc::allocator`
[INFO] [stdout]  --> src/lib.rs:9:12
[INFO] [stdout]   |
[INFO] [stdout] 9 | use alloc::allocator::{Layout, Alloc};
[INFO] [stdout]   |            ^^^^^^^^^ could not find `allocator` in `alloc`
[INFO] [stdout] 
[INFO] [stdout] 
[INFO] [stdout] error[E0432]: unresolved import `alloc::heap`
[INFO] [stdout]   --> src/lib.rs:10:12
[INFO] [stdout]    |
[INFO] [stdout] 10 | use alloc::heap::Heap;
[INFO] [stdout]    |            ^^^^ could not find `heap` in `alloc`
[INFO] [stdout] 
[INFO] [stdout] 
[INFO] [stdout] error[E0658]: negative trait bounds are not yet fully implemented; use marker types for now
[INFO] [stdout]   --> src/lib.rs:81:9
[INFO] [stdout]    |
[INFO] [stdout] 81 | impl<T> !Sync for Consumer<T> {}
[INFO] [stdout]    |         ^^^^^
[INFO] [stdout]    |
[INFO] [stdout]    = note: see issue #68318 <https://github.com/rust-lang/rust/issues/68318> for more information
[INFO] [stdout] 
[INFO] [stdout] 
[INFO] [stdout] error[E0658]: negative trait bounds are not yet fully implemented; use marker types for now
[INFO] [stdout]   --> src/lib.rs:82:9
[INFO] [stdout]    |
[INFO] [stdout] 82 | impl<T> !Sync for Producer<T> {}
[INFO] [stdout]    |         ^^^^^
[INFO] [stdout]    |
[INFO] [stdout]    = note: see issue #68318 <https://github.com/rust-lang/rust/issues/68318> for more information
[INFO] [stdout] 
[INFO] [stdout] 
[INFO] [stdout] error[E0554]: `#![feature]` may not be used on the beta release channel
[INFO] [stdout]  --> src/lib.rs:1:12
[INFO] [stdout]   |
[INFO] [stdout] 1 | #![feature(allocator_api, alloc, box_syntax, optin_builtin_traits)]
[INFO] [stdout]   |            ^^^^^^^^^^^^^
[INFO] [stdout] 
[INFO] [stdout] 
[INFO] [stdout] error[E0554]: `#![feature]` may not be used on the beta release channel
[INFO] [stdout]  --> src/lib.rs:1:27
[INFO] [stdout]   |
[INFO] [stdout] 1 | #![feature(allocator_api, alloc, box_syntax, optin_builtin_traits)]
[INFO] [stdout]   |                           ^^^^^
[INFO] [stdout] 
[INFO] [stdout] 
[INFO] [stdout] warning: the feature `alloc` has been stable since 1.36.0 and no longer requires an attribute to enable
[INFO] [stdout]  --> src/lib.rs:1:27
[INFO] [stdout]   |
[INFO] [stdout] 1 | #![feature(allocator_api, alloc, box_syntax, optin_builtin_traits)]
[INFO] [stdout]   |                           ^^^^^
[INFO] [stdout]   |
[INFO] [stdout]   = note: `#[warn(stable_features)]` on by default
[INFO] [stdout] 
[INFO] [stdout] 
[INFO] [stdout] error: aborting due to 8 previous errors; 1 warning emitted
[INFO] [stdout] 
[INFO] [stdout] 
[INFO] [stdout] Some errors have detailed explanations: E0432, E0554, E0557, E0658.
[INFO] [stdout] 
[INFO] [stdout] For more information about an error, try `rustc --explain E0432`.
[INFO] [stdout] 
[INFO] [stderr] error: could not compile `sqa-bounded-spsc-queue` (lib) due to 9 previous errors; 1 warning emitted
[INFO] running `Command { std: "docker" "inspect" "4748f0da1edfd7a2269daa5f33cbe2f36e938341767b0e86c2182372050b9fc5", kill_on_drop: false }`
[INFO] running `Command { std: "docker" "rm" "-f" "4748f0da1edfd7a2269daa5f33cbe2f36e938341767b0e86c2182372050b9fc5", kill_on_drop: false }`
[INFO] [stdout] 4748f0da1edfd7a2269daa5f33cbe2f36e938341767b0e86c2182372050b9fc5
