[INFO] fetching crate springql-core 0.18.1...
[INFO] testing springql-core-0.18.1 against 1.75.0 for beta-1.76-1
[INFO] extracting crate springql-core 0.18.1 into /workspace/builds/worker-4-tc1/source
[INFO] validating manifest of crates.io crate springql-core 0.18.1 on toolchain 1.75.0
[INFO] running `Command { std: CARGO_HOME="/workspace/cargo-home" RUSTUP_HOME="/workspace/rustup-home" "/workspace/cargo-home/bin/cargo" "+1.75.0" "metadata" "--manifest-path" "Cargo.toml" "--no-deps", kill_on_drop: false }`
[INFO] started tweaking crates.io crate springql-core 0.18.1
[INFO] finished tweaking crates.io crate springql-core 0.18.1
[INFO] tweaked toml for crates.io crate springql-core 0.18.1 written to /workspace/builds/worker-4-tc1/source/Cargo.toml
[INFO] running `Command { std: CARGO_HOME="/workspace/cargo-home" RUSTUP_HOME="/workspace/rustup-home" "/workspace/cargo-home/bin/cargo" "+1.75.0" "generate-lockfile" "--manifest-path" "Cargo.toml", kill_on_drop: false }`
[INFO] [stderr]     Updating crates.io index
[INFO] running `Command { std: CARGO_HOME="/workspace/cargo-home" RUSTUP_HOME="/workspace/rustup-home" "/workspace/cargo-home/bin/cargo" "+1.75.0" "fetch" "--manifest-path" "Cargo.toml", kill_on_drop: false }`
[INFO] [stderr]  Downloading crates ...
[INFO] [stderr]   Downloaded itertools v0.4.19
[INFO] [stderr]   Downloaded socketcan v1.7.0
[INFO] [stderr]   Downloaded try_from v0.2.2
[INFO] running `Command { std: "docker" "create" "-v" "/var/lib/crater-agent-workspace/builds/worker-4-tc1/target:/opt/rustwide/target:rw,Z" "-v" "/var/lib/crater-agent-workspace/builds/worker-4-tc1/source:/opt/rustwide/workdir:ro,Z" "-v" "/var/lib/crater-agent-workspace/cargo-home:/opt/rustwide/cargo-home:ro,Z" "-v" "/var/lib/crater-agent-workspace/rustup-home:/opt/rustwide/rustup-home:ro,Z" "-e" "SOURCE_DIR=/opt/rustwide/workdir" "-e" "CARGO_TARGET_DIR=/opt/rustwide/target" "-e" "CARGO_HOME=/opt/rustwide/cargo-home" "-e" "RUSTUP_HOME=/opt/rustwide/rustup-home" "-w" "/opt/rustwide/workdir" "-m" "1610612736" "--user" "0:0" "--network" "none" "ghcr.io/rust-lang/crates-build-env/linux@sha256:2788e3201cd34a07e3172128adcd8b3090168a8e3bcc40d7c032b9dda1df7d1c" "/opt/rustwide/cargo-home/bin/cargo" "+1.75.0" "metadata" "--no-deps" "--format-version=1", kill_on_drop: false }`
[INFO] [stdout] 8604642b05feccd542c49872a54a4d4766bdafb6b2f6fbb2bb7d00c8a862830a
[INFO] running `Command { std: "docker" "start" "-a" "8604642b05feccd542c49872a54a4d4766bdafb6b2f6fbb2bb7d00c8a862830a", kill_on_drop: false }`
[INFO] running `Command { std: "docker" "inspect" "8604642b05feccd542c49872a54a4d4766bdafb6b2f6fbb2bb7d00c8a862830a", kill_on_drop: false }`
[INFO] running `Command { std: "docker" "rm" "-f" "8604642b05feccd542c49872a54a4d4766bdafb6b2f6fbb2bb7d00c8a862830a", kill_on_drop: false }`
[INFO] [stdout] 8604642b05feccd542c49872a54a4d4766bdafb6b2f6fbb2bb7d00c8a862830a
[INFO] running `Command { std: "docker" "create" "-v" "/var/lib/crater-agent-workspace/builds/worker-4-tc1/target:/opt/rustwide/target:rw,Z" "-v" "/var/lib/crater-agent-workspace/builds/worker-4-tc1/source:/opt/rustwide/workdir:ro,Z" "-v" "/var/lib/crater-agent-workspace/cargo-home:/opt/rustwide/cargo-home:ro,Z" "-v" "/var/lib/crater-agent-workspace/rustup-home:/opt/rustwide/rustup-home:ro,Z" "-e" "SOURCE_DIR=/opt/rustwide/workdir" "-e" "CARGO_TARGET_DIR=/opt/rustwide/target" "-e" "CARGO_INCREMENTAL=0" "-e" "RUST_BACKTRACE=full" "-e" "RUSTFLAGS=--cap-lints=warn" "-e" "RUSTDOCFLAGS=--cap-lints=warn" "-e" "CARGO_HOME=/opt/rustwide/cargo-home" "-e" "RUSTUP_HOME=/opt/rustwide/rustup-home" "-w" "/opt/rustwide/workdir" "-m" "1610612736" "--user" "0:0" "--network" "none" "ghcr.io/rust-lang/crates-build-env/linux@sha256:2788e3201cd34a07e3172128adcd8b3090168a8e3bcc40d7c032b9dda1df7d1c" "/opt/rustwide/cargo-home/bin/cargo" "+1.75.0" "build" "--frozen" "--message-format=json", kill_on_drop: false }`
[INFO] [stdout] 1ac80426d8f43bc6a6e84d8ab1b16060e041112773162f5e743c86733e82a505
[INFO] running `Command { std: "docker" "start" "-a" "1ac80426d8f43bc6a6e84d8ab1b16060e041112773162f5e743c86733e82a505", kill_on_drop: false }`
[INFO] [stderr]    Compiling libc v0.2.151
[INFO] [stderr]    Compiling serde v1.0.194
[INFO] [stderr]    Compiling thiserror v1.0.56
[INFO] [stderr]    Compiling tinyvec_macros v0.1.1
[INFO] [stderr]    Compiling futures-task v0.3.30
[INFO] [stderr]    Compiling futures-io v0.3.30
[INFO] [stderr]    Compiling ucd-trie v0.1.6
[INFO] [stderr]    Compiling tracing v0.1.40
[INFO] [stderr]    Compiling form_urlencoded v1.2.1
[INFO] [stderr]    Compiling num-traits v0.2.17
[INFO] [stderr]    Compiling lock_api v0.4.11
[INFO] [stderr]    Compiling serde_json v1.0.111
[INFO] [stderr]    Compiling parking_lot_core v0.9.9
[INFO] [stderr]    Compiling syn v2.0.48
[INFO] [stderr]    Compiling adler v1.0.2
[INFO] [stderr]    Compiling ryu v1.0.16
[INFO] [stderr]    Compiling tinyvec v1.6.0
[INFO] [stderr]    Compiling syn v1.0.109
[INFO] [stderr]    Compiling futures-util v0.3.30
[INFO] [stderr]    Compiling gimli v0.28.1
[INFO] [stderr]    Compiling unicode-bidi v0.3.14
[INFO] [stderr]    Compiling miniz_oxide v0.7.1
[INFO] [stderr]    Compiling object v0.32.2
[INFO] [stderr]    Compiling time-core v0.1.2
[INFO] [stderr]    Compiling rustc-demangle v0.1.23
[INFO] [stderr]    Compiling powerfmt v0.2.0
[INFO] [stderr]    Compiling smallvec v1.11.2
[INFO] [stderr]    Compiling minimal-lexical v0.2.1
[INFO] [stderr]    Compiling bitflags v0.4.0
[INFO] [stderr]    Compiling deranged v0.3.11
[INFO] [stderr]    Compiling time-macros v0.2.16
[INFO] [stderr]    Compiling anyhow v1.0.79
[INFO] [stderr]    Compiling nom v7.1.3
[INFO] [stderr]    Compiling encoding_rs v0.8.33
[INFO] [stderr]    Compiling lazy_static v1.4.0
[INFO] [stderr]    Compiling base64 v0.21.5
[INFO] [stderr]    Compiling pathdiff v0.2.1
[INFO] [stderr]    Compiling termcolor v1.4.0
[INFO] [stderr]    Compiling unicode-normalization v0.1.22
[INFO] [stderr]    Compiling fixedbitset v0.4.2
[INFO] [stderr]    Compiling hex v0.2.0
[INFO] [stderr]    Compiling itertools v0.4.19
[INFO] [stderr]    Compiling try_from v0.2.2
[INFO] [stderr]    Compiling humantime v2.1.0
[INFO] [stderr]    Compiling ipnet v2.9.0
[INFO] [stderr]    Compiling idna v0.5.0
[INFO] [stderr]    Compiling petgraph v0.6.4
[INFO] [stderr]    Compiling fastrand v1.9.0
[INFO] [stderr]    Compiling ordered-float v3.9.2
[INFO] [stderr]    Compiling mio v0.8.10
[INFO] [stderr]    Compiling socket2 v0.5.5
[INFO] [stderr]    Compiling num_cpus v1.16.0
[INFO] [stderr]    Compiling cc v1.0.83
[INFO] [stderr]    Compiling getrandom v0.2.11
[INFO] [stderr]    Compiling atty v0.2.14
[INFO] [stderr]    Compiling rand_core v0.6.4
[INFO] [stderr]    Compiling nix v0.5.1
[INFO] [stderr]    Compiling tokio v1.35.1
[INFO] [stderr]    Compiling addr2line v0.21.0
[INFO] [stderr]    Compiling rand_chacha v0.3.1
[INFO] [stderr]    Compiling url v2.5.0
[INFO] [stderr]    Compiling rand v0.8.5
[INFO] [stderr]    Compiling parking_lot v0.12.1
[INFO] [stderr]    Compiling time v0.3.31
[INFO] [stderr]    Compiling env_logger v0.9.3
[INFO] [stderr]    Compiling derive-new v0.5.9
[INFO] [stderr]    Compiling backtrace v0.3.69
[INFO] [stderr]    Compiling socketcan v1.7.0
[INFO] [stderr]    Compiling serde_derive v1.0.194
[INFO] [stderr]    Compiling thiserror-impl v1.0.56
[INFO] [stderr]    Compiling async-trait v0.1.77
[INFO] [stderr]    Compiling log-panics v2.1.0
[INFO] [stderr]    Compiling pest v2.7.6
[INFO] [stderr]    Compiling tokio-util v0.7.10
[INFO] [stderr]    Compiling pest_meta v2.7.6
[INFO] [stderr]    Compiling h2 v0.3.22
[INFO] [stderr]    Compiling pest_generator v2.7.6
[INFO] [stderr]    Compiling pest_derive v2.7.6
[INFO] [stderr]    Compiling hyper v0.14.28
[INFO] [stderr]    Compiling toml v0.5.11
[INFO] [stderr]    Compiling serde_urlencoded v0.7.1
[INFO] [stderr]    Compiling config v0.13.4
[INFO] [stderr]    Compiling reqwest v0.11.23
[INFO] [stderr]    Compiling springql-core v0.18.1 (/opt/rustwide/workdir)
[INFO] [stdout] warning: unused imports: `ColumnConstraintSyntax`, `DurationFunction`, `FromItemSyntax`, `GroupingElementSyntax`, `OptionSyntax`, `PestParserImpl`, `SubFromItemSyntax`
[INFO] [stdout]  --> src/sql_processor.rs:7:5
[INFO] [stdout]   |
[INFO] [stdout] 7 |     ColumnConstraintSyntax, CreatePump, DurationFunction, FromItemSyntax, GroupingElementSyntax,
[INFO] [stdout]   |     ^^^^^^^^^^^^^^^^^^^^^^              ^^^^^^^^^^^^^^^^  ^^^^^^^^^^^^^^  ^^^^^^^^^^^^^^^^^^^^^
[INFO] [stdout] 8 |     OptionSyntax, ParseSuccess, PestParserImpl, SelectFieldSyntax, SelectStreamSyntax, SqlParser,
[INFO] [stdout]   |     ^^^^^^^^^^^^                ^^^^^^^^^^^^^^
[INFO] [stdout] 9 |     SubFromItemSyntax,
[INFO] [stdout]   |     ^^^^^^^^^^^^^^^^^
[INFO] [stdout]   |
[INFO] [stdout]   = note: `#[warn(unused_imports)]` on by default
[INFO] [stdout] 
[INFO] [stdout] 
[INFO] [stdout] warning: unused import: `PurgerWorkerLoopState`
[INFO] [stdout]  --> src/stream_engine/autonomous_executor/purger_worker.rs:5:32
[INFO] [stdout]   |
[INFO] [stdout] 5 | pub use purger_worker_thread::{PurgerWorkerLoopState, PurgerWorkerThread, PurgerWorkerThreadArg};
[INFO] [stdout]   |                                ^^^^^^^^^^^^^^^^^^^^^
[INFO] [stdout] 
[INFO] [stdout] 
[INFO] [stdout] warning: unused import: `row_queue::RowQueue`
[INFO] [stdout]  --> src/stream_engine/autonomous_executor/queue.rs:8:9
[INFO] [stdout]   |
[INFO] [stdout] 8 | pub use row_queue::RowQueue;
[INFO] [stdout]   |         ^^^^^^^^^^^^^^^^^^^
[INFO] [stdout] 
[INFO] [stdout] 
[INFO] [stdout] warning: unused import: `window_queue::WindowQueue`
[INFO] [stdout]   --> src/stream_engine/autonomous_executor/queue.rs:10:9
[INFO] [stdout]    |
[INFO] [stdout] 10 | pub use window_queue::WindowQueue;
[INFO] [stdout]    |         ^^^^^^^^^^^^^^^^^^^^^^^^^
[INFO] [stdout] 
[INFO] [stdout] 
[INFO] [stdout] warning: unused import: `InsertSubtaskOut`
[INFO] [stdout]  --> src/stream_engine/autonomous_executor/task/pump_task/pump_subtask.rs:6:41
[INFO] [stdout]   |
[INFO] [stdout] 6 | pub use insert_subtask::{InsertSubtask, InsertSubtaskOut};
[INFO] [stdout]   |                                         ^^^^^^^^^^^^^^^^
[INFO] [stdout] 
[INFO] [stdout] 
[INFO] [stdout] warning: unused import: `NetSinkWriter`
[INFO] [stdout]  --> src/stream_engine/autonomous_executor/task/sink_task.rs:5:23
[INFO] [stdout]   |
[INFO] [stdout] 5 | pub use sink_writer::{NetSinkWriter, SinkWriter, SinkWriterRepository};
[INFO] [stdout]   |                       ^^^^^^^^^^^^^
[INFO] [stdout] 
[INFO] [stdout] 
[INFO] [stdout] warning: unused import: `AggrPaneInner`
[INFO] [stdout]  --> src/stream_engine/autonomous_executor/task/window/panes.rs:5:26
[INFO] [stdout]   |
[INFO] [stdout] 5 | pub use pane::{AggrPane, AggrPaneInner, GroupByValues, JoinDir, JoinPane, Pane};
[INFO] [stdout]   |                          ^^^^^^^^^^^^^
[INFO] [stdout] 
[INFO] [stdout] 
[INFO] [stdout] warning: unused imports: `AggrPane`, `GroupByValues`, `JoinPane`
[INFO] [stdout]   --> src/stream_engine/autonomous_executor/task/window.rs:11:17
[INFO] [stdout]    |
[INFO] [stdout] 11 | pub use panes::{AggrPane, GroupByValues, JoinDir, JoinPane, Pane, Panes};
[INFO] [stdout]    |                 ^^^^^^^^  ^^^^^^^^^^^^^           ^^^^^^^^
[INFO] [stdout] 
[INFO] [stdout] 
[INFO] [stdout] warning: unused imports: `TaskExecutionBarrierGuard`, `TaskExecutionLockGuard`, `TaskExecutorLockToken`
[INFO] [stdout]   --> src/stream_engine/autonomous_executor/task_executor.rs:10:5
[INFO] [stdout]    |
[INFO] [stdout] 10 |     TaskExecutionBarrierGuard, TaskExecutionLockGuard, TaskExecutorLock, TaskExecutorLockToken,
[INFO] [stdout]    |     ^^^^^^^^^^^^^^^^^^^^^^^^^  ^^^^^^^^^^^^^^^^^^^^^^                    ^^^^^^^^^^^^^^^^^^^^^
[INFO] [stdout] 
[INFO] [stdout] 
[INFO] [stdout] warning: unused import: `SqlValueHashKey`
[INFO] [stdout]   --> src/stream_engine/autonomous_executor.rs:26:15
[INFO] [stdout]    |
[INFO] [stdout] 26 |     SqlValue, SqlValueHashKey, StreamColumns, StreamRow,
[INFO] [stdout]    |               ^^^^^^^^^^^^^^^
[INFO] [stdout] 
[INFO] [stdout] 
[INFO] [stdout] warning: unused imports: `NetClientSourceReader`, `NetServerSourceReader`, `SinkWriterRepository`, `SourceReaderRepository`, `SourceTask`, `TaskContext`, `Task`, `Window`
[INFO] [stdout]   --> src/stream_engine/autonomous_executor.rs:29:5
[INFO] [stdout]    |
[INFO] [stdout] 29 |     NetClientSourceReader, NetServerSourceReader, SinkWriterRepository, SourceReader,
[INFO] [stdout]    |     ^^^^^^^^^^^^^^^^^^^^^  ^^^^^^^^^^^^^^^^^^^^^  ^^^^^^^^^^^^^^^^^^^^
[INFO] [stdout] 30 |     SourceReaderRepository, SourceTask, Task, TaskContext, Tuple, Window,
[INFO] [stdout]    |     ^^^^^^^^^^^^^^^^^^^^^^  ^^^^^^^^^^  ^^^^  ^^^^^^^^^^^         ^^^^^^
[INFO] [stdout] 
[INFO] [stdout] 
[INFO] [stdout] warning: 11 warnings emitted
[INFO] [stdout] 
[INFO] [stdout] 
[INFO] [stderr]     Finished dev [unoptimized + debuginfo] target(s) in 16.64s
[INFO] running `Command { std: "docker" "inspect" "1ac80426d8f43bc6a6e84d8ab1b16060e041112773162f5e743c86733e82a505", kill_on_drop: false }`
[INFO] running `Command { std: "docker" "rm" "-f" "1ac80426d8f43bc6a6e84d8ab1b16060e041112773162f5e743c86733e82a505", kill_on_drop: false }`
[INFO] [stdout] 1ac80426d8f43bc6a6e84d8ab1b16060e041112773162f5e743c86733e82a505
[INFO] running `Command { std: "docker" "create" "-v" "/var/lib/crater-agent-workspace/builds/worker-4-tc1/target:/opt/rustwide/target:rw,Z" "-v" "/var/lib/crater-agent-workspace/builds/worker-4-tc1/source:/opt/rustwide/workdir:ro,Z" "-v" "/var/lib/crater-agent-workspace/cargo-home:/opt/rustwide/cargo-home:ro,Z" "-v" "/var/lib/crater-agent-workspace/rustup-home:/opt/rustwide/rustup-home:ro,Z" "-e" "SOURCE_DIR=/opt/rustwide/workdir" "-e" "CARGO_TARGET_DIR=/opt/rustwide/target" "-e" "CARGO_INCREMENTAL=0" "-e" "RUST_BACKTRACE=full" "-e" "RUSTFLAGS=--cap-lints=warn" "-e" "RUSTDOCFLAGS=--cap-lints=warn" "-e" "CARGO_HOME=/opt/rustwide/cargo-home" "-e" "RUSTUP_HOME=/opt/rustwide/rustup-home" "-w" "/opt/rustwide/workdir" "-m" "1610612736" "--user" "0:0" "--network" "none" "ghcr.io/rust-lang/crates-build-env/linux@sha256:2788e3201cd34a07e3172128adcd8b3090168a8e3bcc40d7c032b9dda1df7d1c" "/opt/rustwide/cargo-home/bin/cargo" "+1.75.0" "test" "--frozen" "--no-run" "--message-format=json", kill_on_drop: false }`
[INFO] [stdout] e69917c751b4d90d0e29c6344772ce0ee4652e3b2ce2658b5c7058b84f7b11cb
[INFO] running `Command { std: "docker" "start" "-a" "e69917c751b4d90d0e29c6344772ce0ee4652e3b2ce2658b5c7058b84f7b11cb", kill_on_drop: false }`
[INFO] [stderr]    Compiling rustix v0.38.28
[INFO] [stderr]    Compiling bitflags v2.4.1
[INFO] [stderr]    Compiling linux-raw-sys v0.4.12
[INFO] [stderr]    Compiling yansi v0.5.1
[INFO] [stderr]    Compiling diff v0.1.13
[INFO] [stderr]    Compiling fastrand v2.0.1
[INFO] [stderr]    Compiling float-cmp v0.9.0
[INFO] [stdout] warning: unused imports: `ColumnConstraintSyntax`, `DurationFunction`, `FromItemSyntax`, `GroupingElementSyntax`, `OptionSyntax`, `PestParserImpl`, `SubFromItemSyntax`
[INFO] [stdout]  --> src/sql_processor.rs:7:5
[INFO] [stdout]   |
[INFO] [stdout] 7 |     ColumnConstraintSyntax, CreatePump, DurationFunction, FromItemSyntax, GroupingElementSyntax,
[INFO] [stdout]   |     ^^^^^^^^^^^^^^^^^^^^^^              ^^^^^^^^^^^^^^^^  ^^^^^^^^^^^^^^  ^^^^^^^^^^^^^^^^^^^^^
[INFO] [stdout] 8 |     OptionSyntax, ParseSuccess, PestParserImpl, SelectFieldSyntax, SelectStreamSyntax, SqlParser,
[INFO] [stdout]   |     ^^^^^^^^^^^^                ^^^^^^^^^^^^^^
[INFO] [stdout] 9 |     SubFromItemSyntax,
[INFO] [stdout]   |     ^^^^^^^^^^^^^^^^^
[INFO] [stdout]   |
[INFO] [stdout]   = note: `#[warn(unused_imports)]` on by default
[INFO] [stdout] 
[INFO] [stdout] 
[INFO] [stdout] warning: unused import: `PurgerWorkerLoopState`
[INFO] [stdout]  --> src/stream_engine/autonomous_executor/purger_worker.rs:5:32
[INFO] [stdout]   |
[INFO] [stdout] 5 | pub use purger_worker_thread::{PurgerWorkerLoopState, PurgerWorkerThread, PurgerWorkerThreadArg};
[INFO] [stdout]   |                                ^^^^^^^^^^^^^^^^^^^^^
[INFO] [stdout] 
[INFO] [stdout] 
[INFO] [stdout] warning: unused import: `row_queue::RowQueue`
[INFO] [stdout]  --> src/stream_engine/autonomous_executor/queue.rs:8:9
[INFO] [stdout]   |
[INFO] [stdout] 8 | pub use row_queue::RowQueue;
[INFO] [stdout]   |         ^^^^^^^^^^^^^^^^^^^
[INFO] [stdout] 
[INFO] [stdout] 
[INFO] [stdout] warning: unused import: `window_queue::WindowQueue`
[INFO] [stdout]   --> src/stream_engine/autonomous_executor/queue.rs:10:9
[INFO] [stdout]    |
[INFO] [stdout] 10 | pub use window_queue::WindowQueue;
[INFO] [stdout]    |         ^^^^^^^^^^^^^^^^^^^^^^^^^
[INFO] [stdout] 
[INFO] [stdout] 
[INFO] [stdout] warning: unused import: `InsertSubtaskOut`
[INFO] [stdout]  --> src/stream_engine/autonomous_executor/task/pump_task/pump_subtask.rs:6:41
[INFO] [stdout]   |
[INFO] [stdout] 6 | pub use insert_subtask::{InsertSubtask, InsertSubtaskOut};
[INFO] [stdout]   |                                         ^^^^^^^^^^^^^^^^
[INFO] [stdout] 
[INFO] [stdout] 
[INFO] [stdout] warning: unused import: `NetSinkWriter`
[INFO] [stdout]  --> src/stream_engine/autonomous_executor/task/sink_task.rs:5:23
[INFO] [stdout]   |
[INFO] [stdout] 5 | pub use sink_writer::{NetSinkWriter, SinkWriter, SinkWriterRepository};
[INFO] [stdout]   |                       ^^^^^^^^^^^^^
[INFO] [stdout] 
[INFO] [stdout] 
[INFO] [stdout] warning: unused import: `AggrPaneInner`
[INFO] [stdout]  --> src/stream_engine/autonomous_executor/task/window/panes.rs:5:26
[INFO] [stdout]   |
[INFO] [stdout] 5 | pub use pane::{AggrPane, AggrPaneInner, GroupByValues, JoinDir, JoinPane, Pane};
[INFO] [stdout]   |                          ^^^^^^^^^^^^^
[INFO] [stdout] 
[INFO] [stdout] 
[INFO] [stdout] warning: unused imports: `AggrPane`, `GroupByValues`, `JoinPane`
[INFO] [stdout]   --> src/stream_engine/autonomous_executor/task/window.rs:11:17
[INFO] [stdout]    |
[INFO] [stdout] 11 | pub use panes::{AggrPane, GroupByValues, JoinDir, JoinPane, Pane, Panes};
[INFO] [stdout]    |                 ^^^^^^^^  ^^^^^^^^^^^^^           ^^^^^^^^
[INFO] [stdout] 
[INFO] [stdout] 
[INFO] [stdout] warning: unused imports: `TaskExecutionBarrierGuard`, `TaskExecutionLockGuard`, `TaskExecutorLockToken`
[INFO] [stdout]   --> src/stream_engine/autonomous_executor/task_executor.rs:10:5
[INFO] [stdout]    |
[INFO] [stdout] 10 |     TaskExecutionBarrierGuard, TaskExecutionLockGuard, TaskExecutorLock, TaskExecutorLockToken,
[INFO] [stdout]    |     ^^^^^^^^^^^^^^^^^^^^^^^^^  ^^^^^^^^^^^^^^^^^^^^^^                    ^^^^^^^^^^^^^^^^^^^^^
[INFO] [stdout] 
[INFO] [stdout] 
[INFO] [stdout] warning: unused import: `SqlValueHashKey`
[INFO] [stdout]   --> src/stream_engine/autonomous_executor.rs:26:15
[INFO] [stdout]    |
[INFO] [stdout] 26 |     SqlValue, SqlValueHashKey, StreamColumns, StreamRow,
[INFO] [stdout]    |               ^^^^^^^^^^^^^^^
[INFO] [stdout] 
[INFO] [stdout] 
[INFO] [stdout] warning: unused imports: `NetClientSourceReader`, `NetServerSourceReader`, `SinkWriterRepository`, `SourceReaderRepository`, `SourceTask`, `TaskContext`, `Task`, `Window`
[INFO] [stdout]   --> src/stream_engine/autonomous_executor.rs:29:5
[INFO] [stdout]    |
[INFO] [stdout] 29 |     NetClientSourceReader, NetServerSourceReader, SinkWriterRepository, SourceReader,
[INFO] [stdout]    |     ^^^^^^^^^^^^^^^^^^^^^  ^^^^^^^^^^^^^^^^^^^^^  ^^^^^^^^^^^^^^^^^^^^
[INFO] [stdout] 30 |     SourceReaderRepository, SourceTask, Task, TaskContext, Tuple, Window,
[INFO] [stdout]    |     ^^^^^^^^^^^^^^^^^^^^^^  ^^^^^^^^^^  ^^^^  ^^^^^^^^^^^         ^^^^^^
[INFO] [stdout] 
[INFO] [stdout] 
[INFO] [stdout] warning: 11 warnings emitted
[INFO] [stdout] 
[INFO] [stdout] 
[INFO] [stderr]    Compiling pretty_assertions v1.4.0
[INFO] [stderr]    Compiling tempfile v3.9.0
[INFO] [stderr]    Compiling springql-core v0.18.1 (/opt/rustwide/workdir)
[INFO] [stdout] error[E0433]: failed to resolve: use of undeclared crate or module `springql_foreign_service`
[INFO] [stdout]  --> src/stream_engine/autonomous_executor/test_support/factory.rs:5:5
[INFO] [stdout]   |
[INFO] [stdout] 5 | use springql_foreign_service::source::{ForeignSource, ForeignSourceInput};
[INFO] [stdout]   |     ^^^^^^^^^^^^^^^^^^^^^^^^ use of undeclared crate or module `springql_foreign_service`
[INFO] [stdout] 
[INFO] [stdout] 
[INFO] [stdout] error[E0433]: failed to resolve: use of undeclared crate or module `springql_foreign_service`
[INFO] [stdout]   --> src/stream_engine/autonomous_executor/task/sink_task/sink_writer/net.rs:97:9
[INFO] [stdout]    |
[INFO] [stdout] 97 |     use springql_foreign_service::sink::ForeignSink;
[INFO] [stdout]    |         ^^^^^^^^^^^^^^^^^^^^^^^^ use of undeclared crate or module `springql_foreign_service`
[INFO] [stdout] 
[INFO] [stdout] 
[INFO] [stdout] error[E0433]: failed to resolve: use of undeclared crate or module `springql_foreign_service`
[INFO] [stdout]   --> src/stream_engine/autonomous_executor/task/source_task/source_reader/net_client.rs:98:9
[INFO] [stdout]    |
[INFO] [stdout] 98 |     use springql_foreign_service::source::ForeignSource;
[INFO] [stdout]    |         ^^^^^^^^^^^^^^^^^^^^^^^^ use of undeclared crate or module `springql_foreign_service`
[INFO] [stdout] 
[INFO] [stdout] 
[INFO] [stdout] error[E0433]: failed to resolve: use of undeclared crate or module `springql_foreign_service`
[INFO] [stdout]   --> src/stream_engine/autonomous_executor/task/source_task/source_reader/net_client.rs:99:9
[INFO] [stdout]    |
[INFO] [stdout] 99 |     use springql_foreign_service::source::ForeignSourceInput;
[INFO] [stdout]    |         ^^^^^^^^^^^^^^^^^^^^^^^^ use of undeclared crate or module `springql_foreign_service`
[INFO] [stdout] 
[INFO] [stdout] 
[INFO] [stdout] error[E0432]: unresolved import `springql_test_logger`
[INFO] [stdout]   --> src/stream_engine/autonomous_executor/performance_monitor_worker/web_console_reporter.rs:62:9
[INFO] [stdout]    |
[INFO] [stdout] 62 |     use springql_test_logger::setup_test_logger;
[INFO] [stdout]    |         ^^^^^^^^^^^^^^^^^^^^ use of undeclared crate or module `springql_test_logger`
[INFO] [stdout] 
[INFO] [stdout] 
[INFO] [stdout] error[E0432]: unresolved import `springql_test_logger`
[INFO] [stdout]    --> src/stream_engine/autonomous_executor/task/window/aggregate.rs:104:9
[INFO] [stdout]     |
[INFO] [stdout] 104 |     use springql_test_logger::setup_test_logger;
[INFO] [stdout]     |         ^^^^^^^^^^^^^^^^^^^^ use of undeclared crate or module `springql_test_logger`
[INFO] [stdout] 
[INFO] [stdout] 
[INFO] [stdout] error[E0432]: unresolved import `springql_test_logger`
[INFO] [stdout]   --> src/stream_engine/autonomous_executor/task/window/join_window.rs:56:9
[INFO] [stdout]    |
[INFO] [stdout] 56 |     use springql_test_logger::setup_test_logger;
[INFO] [stdout]    |         ^^^^^^^^^^^^^^^^^^^^ use of undeclared crate or module `springql_test_logger`
[INFO] [stdout] 
[INFO] [stdout] 
[INFO] [stdout] error[E0432]: unresolved import `springql_test_logger`
[INFO] [stdout]    --> src/stream_engine/autonomous_executor/task_executor/scheduler/flow_efficient_scheduler.rs:199:9
[INFO] [stdout]     |
[INFO] [stdout] 199 |     use springql_test_logger::setup_test_logger;
[INFO] [stdout]     |         ^^^^^^^^^^^^^^^^^^^^ use of undeclared crate or module `springql_test_logger`
[INFO] [stdout] 
[INFO] [stdout] 
[INFO] [stdout] error[E0432]: unresolved import `springql_test_logger`
[INFO] [stdout]    --> src/stream_engine/autonomous_executor/task_executor/scheduler/memory_reducing_scheduler.rs:118:9
[INFO] [stdout]     |
[INFO] [stdout] 118 |     use springql_test_logger::setup_test_logger;
[INFO] [stdout]     |         ^^^^^^^^^^^^^^^^^^^^ use of undeclared crate or module `springql_test_logger`
[INFO] [stdout] 
[INFO] [stdout] 
[INFO] [stdout] error[E0432]: unresolved import `springql_test_logger`
[INFO] [stdout]   --> src/stream_engine/autonomous_executor/task_executor/scheduler/source_scheduler.rs:43:9
[INFO] [stdout]    |
[INFO] [stdout] 43 |     use springql_test_logger::setup_test_logger;
[INFO] [stdout]    |         ^^^^^^^^^^^^^^^^^^^^ use of undeclared crate or module `springql_test_logger`
[INFO] [stdout] 
[INFO] [stdout] 
[INFO] [stdout] warning: unused imports: `ColumnConstraintSyntax`, `DurationFunction`, `FromItemSyntax`, `GroupingElementSyntax`, `OptionSyntax`, `PestParserImpl`, `SubFromItemSyntax`
[INFO] [stdout]  --> src/sql_processor.rs:7:5
[INFO] [stdout]   |
[INFO] [stdout] 7 |     ColumnConstraintSyntax, CreatePump, DurationFunction, FromItemSyntax, GroupingElementSyntax,
[INFO] [stdout]   |     ^^^^^^^^^^^^^^^^^^^^^^              ^^^^^^^^^^^^^^^^  ^^^^^^^^^^^^^^  ^^^^^^^^^^^^^^^^^^^^^
[INFO] [stdout] 8 |     OptionSyntax, ParseSuccess, PestParserImpl, SelectFieldSyntax, SelectStreamSyntax, SqlParser,
[INFO] [stdout]   |     ^^^^^^^^^^^^                ^^^^^^^^^^^^^^
[INFO] [stdout] 9 |     SubFromItemSyntax,
[INFO] [stdout]   |     ^^^^^^^^^^^^^^^^^
[INFO] [stdout]   |
[INFO] [stdout]   = note: `#[warn(unused_imports)]` on by default
[INFO] [stdout] 
[INFO] [stdout] 
[INFO] [stdout] warning: unused import: `PurgerWorkerLoopState`
[INFO] [stdout]  --> src/stream_engine/autonomous_executor/purger_worker.rs:5:32
[INFO] [stdout]   |
[INFO] [stdout] 5 | pub use purger_worker_thread::{PurgerWorkerLoopState, PurgerWorkerThread, PurgerWorkerThreadArg};
[INFO] [stdout]   |                                ^^^^^^^^^^^^^^^^^^^^^
[INFO] [stdout] 
[INFO] [stdout] 
[INFO] [stdout] warning: unused import: `row_queue::RowQueue`
[INFO] [stdout]  --> src/stream_engine/autonomous_executor/queue.rs:8:9
[INFO] [stdout]   |
[INFO] [stdout] 8 | pub use row_queue::RowQueue;
[INFO] [stdout]   |         ^^^^^^^^^^^^^^^^^^^
[INFO] [stdout] 
[INFO] [stdout] 
[INFO] [stdout] warning: unused import: `window_queue::WindowQueue`
[INFO] [stdout]   --> src/stream_engine/autonomous_executor/queue.rs:10:9
[INFO] [stdout]    |
[INFO] [stdout] 10 | pub use window_queue::WindowQueue;
[INFO] [stdout]    |         ^^^^^^^^^^^^^^^^^^^^^^^^^
[INFO] [stdout] 
[INFO] [stdout] 
[INFO] [stdout] warning: unused import: `InsertSubtaskOut`
[INFO] [stdout]  --> src/stream_engine/autonomous_executor/task/pump_task/pump_subtask.rs:6:41
[INFO] [stdout]   |
[INFO] [stdout] 6 | pub use insert_subtask::{InsertSubtask, InsertSubtaskOut};
[INFO] [stdout]   |                                         ^^^^^^^^^^^^^^^^
[INFO] [stdout] 
[INFO] [stdout] 
[INFO] [stdout] warning: unused import: `AggrPaneInner`
[INFO] [stdout]  --> src/stream_engine/autonomous_executor/task/window/panes.rs:5:26
[INFO] [stdout]   |
[INFO] [stdout] 5 | pub use pane::{AggrPane, AggrPaneInner, GroupByValues, JoinDir, JoinPane, Pane};
[INFO] [stdout]   |                          ^^^^^^^^^^^^^
[INFO] [stdout] 
[INFO] [stdout] 
[INFO] [stdout] warning: unused imports: `AggrPane`, `GroupByValues`, `JoinPane`
[INFO] [stdout]   --> src/stream_engine/autonomous_executor/task/window.rs:11:17
[INFO] [stdout]    |
[INFO] [stdout] 11 | pub use panes::{AggrPane, GroupByValues, JoinDir, JoinPane, Pane, Panes};
[INFO] [stdout]    |                 ^^^^^^^^  ^^^^^^^^^^^^^           ^^^^^^^^
[INFO] [stdout] 
[INFO] [stdout] 
[INFO] [stdout] warning: unused imports: `TaskExecutionBarrierGuard`, `TaskExecutionLockGuard`, `TaskExecutorLockToken`
[INFO] [stdout]   --> src/stream_engine/autonomous_executor/task_executor.rs:10:5
[INFO] [stdout]    |
[INFO] [stdout] 10 |     TaskExecutionBarrierGuard, TaskExecutionLockGuard, TaskExecutorLock, TaskExecutorLockToken,
[INFO] [stdout]    |     ^^^^^^^^^^^^^^^^^^^^^^^^^  ^^^^^^^^^^^^^^^^^^^^^^                    ^^^^^^^^^^^^^^^^^^^^^
[INFO] [stdout] 
[INFO] [stdout] 
[INFO] [stdout] warning: unused import: `SqlValueHashKey`
[INFO] [stdout]   --> src/stream_engine/autonomous_executor.rs:26:15
[INFO] [stdout]    |
[INFO] [stdout] 26 |     SqlValue, SqlValueHashKey, StreamColumns, StreamRow,
[INFO] [stdout]    |               ^^^^^^^^^^^^^^^
[INFO] [stdout] 
[INFO] [stdout] 
[INFO] [stdout] warning: unused imports: `NetClientSourceReader`, `NetServerSourceReader`, `SinkWriterRepository`, `SourceReaderRepository`, `SourceTask`, `TaskContext`, `Task`, `Window`
[INFO] [stdout]   --> src/stream_engine/autonomous_executor.rs:29:5
[INFO] [stdout]    |
[INFO] [stdout] 29 |     NetClientSourceReader, NetServerSourceReader, SinkWriterRepository, SourceReader,
[INFO] [stdout]    |     ^^^^^^^^^^^^^^^^^^^^^  ^^^^^^^^^^^^^^^^^^^^^  ^^^^^^^^^^^^^^^^^^^^
[INFO] [stdout] 30 |     SourceReaderRepository, SourceTask, Task, TaskContext, Tuple, Window,
[INFO] [stdout]    |     ^^^^^^^^^^^^^^^^^^^^^^  ^^^^^^^^^^  ^^^^  ^^^^^^^^^^^         ^^^^^^
[INFO] [stdout] 
[INFO] [stdout] 
[INFO] [stdout] error: aborting due to 10 previous errors; 10 warnings emitted
[INFO] [stdout] 
[INFO] [stdout] 
[INFO] [stdout] Some errors have detailed explanations: E0432, E0433.
[INFO] [stdout] 
[INFO] [stdout] For more information about an error, try `rustc --explain E0432`.
[INFO] [stdout] 
[INFO] [stderr] error: could not compile `springql-core` (lib test) due to 11 previous errors; 10 warnings emitted
[INFO] running `Command { std: "docker" "inspect" "e69917c751b4d90d0e29c6344772ce0ee4652e3b2ce2658b5c7058b84f7b11cb", kill_on_drop: false }`
[INFO] running `Command { std: "docker" "rm" "-f" "e69917c751b4d90d0e29c6344772ce0ee4652e3b2ce2658b5c7058b84f7b11cb", kill_on_drop: false }`
[INFO] [stdout] e69917c751b4d90d0e29c6344772ce0ee4652e3b2ce2658b5c7058b84f7b11cb
