[INFO] fetching crate spmc_buffer 0.5.1...
[INFO] testing spmc_buffer-0.5.1 against 1.75.0 for beta-1.76-1
[INFO] extracting crate spmc_buffer 0.5.1 into /workspace/builds/worker-1-tc1/source
[INFO] validating manifest of crates.io crate spmc_buffer 0.5.1 on toolchain 1.75.0
[INFO] running `Command { std: CARGO_HOME="/workspace/cargo-home" RUSTUP_HOME="/workspace/rustup-home" "/workspace/cargo-home/bin/cargo" "+1.75.0" "metadata" "--manifest-path" "Cargo.toml" "--no-deps", kill_on_drop: false }`
[INFO] started tweaking crates.io crate spmc_buffer 0.5.1
[INFO] finished tweaking crates.io crate spmc_buffer 0.5.1
[INFO] tweaked toml for crates.io crate spmc_buffer 0.5.1 written to /workspace/builds/worker-1-tc1/source/Cargo.toml
[INFO] running `Command { std: CARGO_HOME="/workspace/cargo-home" RUSTUP_HOME="/workspace/rustup-home" "/workspace/cargo-home/bin/cargo" "+1.75.0" "generate-lockfile" "--manifest-path" "Cargo.toml", kill_on_drop: false }`
[INFO] [stderr]     Updating crates.io index
[INFO] running `Command { std: CARGO_HOME="/workspace/cargo-home" RUSTUP_HOME="/workspace/rustup-home" "/workspace/cargo-home/bin/cargo" "+1.75.0" "fetch" "--manifest-path" "Cargo.toml", kill_on_drop: false }`
[INFO] [stderr]  Downloading crates ...
[INFO] [stderr]   Downloaded testbench v0.9.0
[INFO] running `Command { std: "docker" "create" "-v" "/var/lib/crater-agent-workspace/builds/worker-1-tc1/target:/opt/rustwide/target:rw,Z" "-v" "/var/lib/crater-agent-workspace/builds/worker-1-tc1/source:/opt/rustwide/workdir:ro,Z" "-v" "/var/lib/crater-agent-workspace/cargo-home:/opt/rustwide/cargo-home:ro,Z" "-v" "/var/lib/crater-agent-workspace/rustup-home:/opt/rustwide/rustup-home:ro,Z" "-e" "SOURCE_DIR=/opt/rustwide/workdir" "-e" "CARGO_TARGET_DIR=/opt/rustwide/target" "-e" "CARGO_HOME=/opt/rustwide/cargo-home" "-e" "RUSTUP_HOME=/opt/rustwide/rustup-home" "-w" "/opt/rustwide/workdir" "-m" "1610612736" "--user" "0:0" "--network" "none" "ghcr.io/rust-lang/crates-build-env/linux@sha256:2788e3201cd34a07e3172128adcd8b3090168a8e3bcc40d7c032b9dda1df7d1c" "/opt/rustwide/cargo-home/bin/cargo" "+1.75.0" "metadata" "--no-deps" "--format-version=1", kill_on_drop: false }`
[INFO] [stdout] df35518354a19274426ad739292579eb81eafb1276fba7e5942be192587416b5
[INFO] running `Command { std: "docker" "start" "-a" "df35518354a19274426ad739292579eb81eafb1276fba7e5942be192587416b5", kill_on_drop: false }`
[INFO] running `Command { std: "docker" "inspect" "df35518354a19274426ad739292579eb81eafb1276fba7e5942be192587416b5", kill_on_drop: false }`
[INFO] running `Command { std: "docker" "rm" "-f" "df35518354a19274426ad739292579eb81eafb1276fba7e5942be192587416b5", kill_on_drop: false }`
[INFO] [stdout] df35518354a19274426ad739292579eb81eafb1276fba7e5942be192587416b5
[INFO] running `Command { std: "docker" "create" "-v" "/var/lib/crater-agent-workspace/builds/worker-1-tc1/target:/opt/rustwide/target:rw,Z" "-v" "/var/lib/crater-agent-workspace/builds/worker-1-tc1/source:/opt/rustwide/workdir:ro,Z" "-v" "/var/lib/crater-agent-workspace/cargo-home:/opt/rustwide/cargo-home:ro,Z" "-v" "/var/lib/crater-agent-workspace/rustup-home:/opt/rustwide/rustup-home:ro,Z" "-e" "SOURCE_DIR=/opt/rustwide/workdir" "-e" "CARGO_TARGET_DIR=/opt/rustwide/target" "-e" "CARGO_INCREMENTAL=0" "-e" "RUST_BACKTRACE=full" "-e" "RUSTFLAGS=--cap-lints=warn" "-e" "RUSTDOCFLAGS=--cap-lints=warn" "-e" "CARGO_HOME=/opt/rustwide/cargo-home" "-e" "RUSTUP_HOME=/opt/rustwide/rustup-home" "-w" "/opt/rustwide/workdir" "-m" "1610612736" "--user" "0:0" "--network" "none" "ghcr.io/rust-lang/crates-build-env/linux@sha256:2788e3201cd34a07e3172128adcd8b3090168a8e3bcc40d7c032b9dda1df7d1c" "/opt/rustwide/cargo-home/bin/cargo" "+1.75.0" "build" "--frozen" "--message-format=json", kill_on_drop: false }`
[INFO] [stdout] 35c5ab96e18323957fce4bfae0a2e94ef04c1f17613e441ffb1dafb2465f6b4d
[INFO] running `Command { std: "docker" "start" "-a" "35c5ab96e18323957fce4bfae0a2e94ef04c1f17613e441ffb1dafb2465f6b4d", kill_on_drop: false }`
[INFO] [stderr]    Compiling crossbeam-utils v0.8.18
[INFO] [stderr]    Compiling cfg-if v1.0.0
[INFO] [stderr]    Compiling testbench v0.9.0
[INFO] [stderr]    Compiling spmc_buffer v0.5.1 (/opt/rustwide/workdir)
[INFO] [stderr]     Finished dev [unoptimized + debuginfo] target(s) in 1.26s
[INFO] running `Command { std: "docker" "inspect" "35c5ab96e18323957fce4bfae0a2e94ef04c1f17613e441ffb1dafb2465f6b4d", kill_on_drop: false }`
[INFO] running `Command { std: "docker" "rm" "-f" "35c5ab96e18323957fce4bfae0a2e94ef04c1f17613e441ffb1dafb2465f6b4d", kill_on_drop: false }`
[INFO] [stdout] 35c5ab96e18323957fce4bfae0a2e94ef04c1f17613e441ffb1dafb2465f6b4d
[INFO] running `Command { std: "docker" "create" "-v" "/var/lib/crater-agent-workspace/builds/worker-1-tc1/target:/opt/rustwide/target:rw,Z" "-v" "/var/lib/crater-agent-workspace/builds/worker-1-tc1/source:/opt/rustwide/workdir:ro,Z" "-v" "/var/lib/crater-agent-workspace/cargo-home:/opt/rustwide/cargo-home:ro,Z" "-v" "/var/lib/crater-agent-workspace/rustup-home:/opt/rustwide/rustup-home:ro,Z" "-e" "SOURCE_DIR=/opt/rustwide/workdir" "-e" "CARGO_TARGET_DIR=/opt/rustwide/target" "-e" "CARGO_INCREMENTAL=0" "-e" "RUST_BACKTRACE=full" "-e" "RUSTFLAGS=--cap-lints=warn" "-e" "RUSTDOCFLAGS=--cap-lints=warn" "-e" "CARGO_HOME=/opt/rustwide/cargo-home" "-e" "RUSTUP_HOME=/opt/rustwide/rustup-home" "-w" "/opt/rustwide/workdir" "-m" "1610612736" "--user" "0:0" "--network" "none" "ghcr.io/rust-lang/crates-build-env/linux@sha256:2788e3201cd34a07e3172128adcd8b3090168a8e3bcc40d7c032b9dda1df7d1c" "/opt/rustwide/cargo-home/bin/cargo" "+1.75.0" "test" "--frozen" "--no-run" "--message-format=json", kill_on_drop: false }`
[INFO] [stdout] 4ca8d4e67339b8dc43f5d809a66d2159db838222011c789df559fe4f51fa34ef
[INFO] running `Command { std: "docker" "start" "-a" "4ca8d4e67339b8dc43f5d809a66d2159db838222011c789df559fe4f51fa34ef", kill_on_drop: false }`
[INFO] [stderr]    Compiling spmc_buffer v0.5.1 (/opt/rustwide/workdir)
[INFO] [stdout] error[E0432]: unresolved import `testbench::race_cell::UsizeRaceCell`
[INFO] [stdout]    --> src/lib.rs:541:39
[INFO] [stdout]     |
[INFO] [stdout] 541 |     use testbench::race_cell::{Racey, UsizeRaceCell};
[INFO] [stdout]     |                                       ^^^^^^^^^^^^^ no `UsizeRaceCell` in `race_cell`
[INFO] [stdout] 
[INFO] [stdout] 
[INFO] [stdout] error[E0425]: cannot find function `benchmark` in crate `testbench`
[INFO] [stdout]     --> src/lib.rs:1008:20
[INFO] [stdout]      |
[INFO] [stdout] 1008 |         testbench::benchmark(3_000_000_000u32, || {
[INFO] [stdout]      |                    ^^^^^^^^^ not found in `testbench`
[INFO] [stdout]      |
[INFO] [stdout] help: consider importing this function
[INFO] [stdout]      |
[INFO] [stdout] 998  +     use benchmarks::test::bench::benchmark;
[INFO] [stdout]      |
[INFO] [stdout] help: if you import `benchmark`, refer to it directly
[INFO] [stdout]      |
[INFO] [stdout] 1008 -         testbench::benchmark(3_000_000_000u32, || {
[INFO] [stdout] 1008 +         benchmark(3_000_000_000u32, || {
[INFO] [stdout]      |
[INFO] [stdout] 
[INFO] [stdout] 
[INFO] [stdout] error[E0425]: cannot find function `benchmark` in crate `testbench`
[INFO] [stdout]     --> src/lib.rs:1023:20
[INFO] [stdout]      |
[INFO] [stdout] 1023 |         testbench::benchmark(300_000_000u32, || {
[INFO] [stdout]      |                    ^^^^^^^^^ not found in `testbench`
[INFO] [stdout]      |
[INFO] [stdout] help: consider importing this function
[INFO] [stdout]      |
[INFO] [stdout] 998  +     use benchmarks::test::bench::benchmark;
[INFO] [stdout]      |
[INFO] [stdout] help: if you import `benchmark`, refer to it directly
[INFO] [stdout]      |
[INFO] [stdout] 1023 -         testbench::benchmark(300_000_000u32, || {
[INFO] [stdout] 1023 +         benchmark(300_000_000u32, || {
[INFO] [stdout]      |
[INFO] [stdout] 
[INFO] [stdout] 
[INFO] [stdout] error[E0425]: cannot find function `benchmark` in crate `testbench`
[INFO] [stdout]     --> src/lib.rs:1038:20
[INFO] [stdout]      |
[INFO] [stdout] 1038 |         testbench::benchmark(140_000_000u32, || {
[INFO] [stdout]      |                    ^^^^^^^^^ not found in `testbench`
[INFO] [stdout]      |
[INFO] [stdout] help: consider importing this function
[INFO] [stdout]      |
[INFO] [stdout] 998  +     use benchmarks::test::bench::benchmark;
[INFO] [stdout]      |
[INFO] [stdout] help: if you import `benchmark`, refer to it directly
[INFO] [stdout]      |
[INFO] [stdout] 1038 -         testbench::benchmark(140_000_000u32, || {
[INFO] [stdout] 1038 +         benchmark(140_000_000u32, || {
[INFO] [stdout]      |
[INFO] [stdout] 
[INFO] [stdout] 
[INFO] [stdout] error[E0425]: cannot find function `concurrent_benchmark` in crate `testbench`
[INFO] [stdout]     --> src/lib.rs:1056:20
[INFO] [stdout]      |
[INFO] [stdout] 1056 |         testbench::concurrent_benchmark(
[INFO] [stdout]      |                    ^^^^^^^^^^^^^^^^^^^^ not found in `testbench`
[INFO] [stdout] 
[INFO] [stdout] 
[INFO] [stdout] error[E0425]: cannot find function `concurrent_benchmark` in crate `testbench`
[INFO] [stdout]     --> src/lib.rs:1079:20
[INFO] [stdout]      |
[INFO] [stdout] 1079 |         testbench::concurrent_benchmark(
[INFO] [stdout]      |                    ^^^^^^^^^^^^^^^^^^^^ not found in `testbench`
[INFO] [stdout] 
[INFO] [stdout] 
[INFO] [stdout] error: aborting due to 6 previous errors
[INFO] [stdout] 
[INFO] [stdout] 
[INFO] [stderr] error: could not compile `spmc_buffer` (lib test) due to 7 previous errors
[INFO] [stdout] Some errors have detailed explanations: E0425, E0432.
[INFO] [stdout] 
[INFO] [stdout] For more information about an error, try `rustc --explain E0425`.
[INFO] [stdout] 
[INFO] running `Command { std: "docker" "inspect" "4ca8d4e67339b8dc43f5d809a66d2159db838222011c789df559fe4f51fa34ef", kill_on_drop: false }`
[INFO] running `Command { std: "docker" "rm" "-f" "4ca8d4e67339b8dc43f5d809a66d2159db838222011c789df559fe4f51fa34ef", kill_on_drop: false }`
[INFO] [stdout] 4ca8d4e67339b8dc43f5d809a66d2159db838222011c789df559fe4f51fa34ef
