[INFO] fetching crate spl-stake-pool 0.6.4...
[INFO] testing spl-stake-pool-0.6.4 against 1.75.0 for beta-1.76-1
[INFO] extracting crate spl-stake-pool 0.6.4 into /workspace/builds/worker-3-tc1/source
[INFO] validating manifest of crates.io crate spl-stake-pool 0.6.4 on toolchain 1.75.0
[INFO] running `Command { std: CARGO_HOME="/workspace/cargo-home" RUSTUP_HOME="/workspace/rustup-home" "/workspace/cargo-home/bin/cargo" "+1.75.0" "metadata" "--manifest-path" "Cargo.toml" "--no-deps", kill_on_drop: false }`
[INFO] started tweaking crates.io crate spl-stake-pool 0.6.4
[INFO] finished tweaking crates.io crate spl-stake-pool 0.6.4
[INFO] tweaked toml for crates.io crate spl-stake-pool 0.6.4 written to /workspace/builds/worker-3-tc1/source/Cargo.toml
[INFO] running `Command { std: CARGO_HOME="/workspace/cargo-home" RUSTUP_HOME="/workspace/rustup-home" "/workspace/cargo-home/bin/cargo" "+1.75.0" "generate-lockfile" "--manifest-path" "Cargo.toml", kill_on_drop: false }`
[INFO] [stderr]     Updating crates.io index
[INFO] running `Command { std: CARGO_HOME="/workspace/cargo-home" RUSTUP_HOME="/workspace/rustup-home" "/workspace/cargo-home/bin/cargo" "+1.75.0" "fetch" "--manifest-path" "Cargo.toml", kill_on_drop: false }`
[INFO] [stderr]  Downloading crates ...
[INFO] [stderr]   Downloaded borsh-derive v0.7.2
[INFO] [stderr]   Downloaded borsh-schema-derive-internal v0.7.2
[INFO] [stderr]   Downloaded spl-math v0.1.0
[INFO] [stderr]   Downloaded uint v0.8.5
[INFO] [stderr]   Downloaded borsh-derive-internal v0.7.2
[INFO] [stderr]   Downloaded borsh v0.7.2
[INFO] running `Command { std: "docker" "create" "-v" "/var/lib/crater-agent-workspace/builds/worker-3-tc1/target:/opt/rustwide/target:rw,Z" "-v" "/var/lib/crater-agent-workspace/builds/worker-3-tc1/source:/opt/rustwide/workdir:ro,Z" "-v" "/var/lib/crater-agent-workspace/cargo-home:/opt/rustwide/cargo-home:ro,Z" "-v" "/var/lib/crater-agent-workspace/rustup-home:/opt/rustwide/rustup-home:ro,Z" "-e" "SOURCE_DIR=/opt/rustwide/workdir" "-e" "CARGO_TARGET_DIR=/opt/rustwide/target" "-e" "CARGO_HOME=/opt/rustwide/cargo-home" "-e" "RUSTUP_HOME=/opt/rustwide/rustup-home" "-w" "/opt/rustwide/workdir" "-m" "1610612736" "--user" "0:0" "--network" "none" "ghcr.io/rust-lang/crates-build-env/linux@sha256:2788e3201cd34a07e3172128adcd8b3090168a8e3bcc40d7c032b9dda1df7d1c" "/opt/rustwide/cargo-home/bin/cargo" "+1.75.0" "metadata" "--no-deps" "--format-version=1", kill_on_drop: false }`
[INFO] [stdout] cc8e8fb90177af14a188705a77891c5fbc3971956538d68eb9e6f8fde38b09b3
[INFO] running `Command { std: "docker" "start" "-a" "cc8e8fb90177af14a188705a77891c5fbc3971956538d68eb9e6f8fde38b09b3", kill_on_drop: false }`
[INFO] running `Command { std: "docker" "inspect" "cc8e8fb90177af14a188705a77891c5fbc3971956538d68eb9e6f8fde38b09b3", kill_on_drop: false }`
[INFO] running `Command { std: "docker" "rm" "-f" "cc8e8fb90177af14a188705a77891c5fbc3971956538d68eb9e6f8fde38b09b3", kill_on_drop: false }`
[INFO] [stdout] cc8e8fb90177af14a188705a77891c5fbc3971956538d68eb9e6f8fde38b09b3
[INFO] running `Command { std: "docker" "create" "-v" "/var/lib/crater-agent-workspace/builds/worker-3-tc1/target:/opt/rustwide/target:rw,Z" "-v" "/var/lib/crater-agent-workspace/builds/worker-3-tc1/source:/opt/rustwide/workdir:ro,Z" "-v" "/var/lib/crater-agent-workspace/cargo-home:/opt/rustwide/cargo-home:ro,Z" "-v" "/var/lib/crater-agent-workspace/rustup-home:/opt/rustwide/rustup-home:ro,Z" "-e" "SOURCE_DIR=/opt/rustwide/workdir" "-e" "CARGO_TARGET_DIR=/opt/rustwide/target" "-e" "CARGO_INCREMENTAL=0" "-e" "RUST_BACKTRACE=full" "-e" "RUSTFLAGS=--cap-lints=warn" "-e" "RUSTDOCFLAGS=--cap-lints=warn" "-e" "CARGO_HOME=/opt/rustwide/cargo-home" "-e" "RUSTUP_HOME=/opt/rustwide/rustup-home" "-w" "/opt/rustwide/workdir" "-m" "1610612736" "--user" "0:0" "--network" "none" "ghcr.io/rust-lang/crates-build-env/linux@sha256:2788e3201cd34a07e3172128adcd8b3090168a8e3bcc40d7c032b9dda1df7d1c" "/opt/rustwide/cargo-home/bin/cargo" "+1.75.0" "build" "--frozen" "--message-format=json", kill_on_drop: false }`
[INFO] [stdout] 50f37ffe33c40c5529ab028d8e2b85b9bf5eec4f545005fe7783b54f89b88c01
[INFO] running `Command { std: "docker" "start" "-a" "50f37ffe33c40c5529ab028d8e2b85b9bf5eec4f545005fe7783b54f89b88c01", kill_on_drop: false }`
[INFO] [stderr]    Compiling serde v1.0.194
[INFO] [stderr]    Compiling syn v1.0.109
[INFO] [stderr]    Compiling subtle v2.4.1
[INFO] [stderr]    Compiling libm v0.2.8
[INFO] [stderr]    Compiling semver v1.0.21
[INFO] [stderr]    Compiling crunchy v0.2.2
[INFO] [stderr]    Compiling either v1.9.0
[INFO] [stderr]    Compiling generic-array v0.14.7
[INFO] [stderr]    Compiling num-traits v0.2.17
[INFO] [stderr]    Compiling ahash v0.8.7
[INFO] [stderr]    Compiling getrandom v0.1.16
[INFO] [stderr]    Compiling syn v2.0.48
[INFO] [stderr]    Compiling getrandom v0.2.11
[INFO] [stderr]    Compiling jobserver v0.1.27
[INFO] [stderr]    Compiling wasm-bindgen-shared v0.2.89
[INFO] [stderr]    Compiling ahash v0.7.7
[INFO] [stderr]    Compiling block-padding v0.2.1
[INFO] [stderr]    Compiling rand_core v0.6.4
[INFO] [stderr]    Compiling itertools v0.10.5
[INFO] [stderr]    Compiling cc v1.0.83
[INFO] [stderr]    Compiling feature-probe v0.1.1
[INFO] [stderr]    Compiling rand_chacha v0.3.1
[INFO] [stderr]    Compiling bumpalo v3.14.0
[INFO] [stderr]    Compiling bitmaps v2.1.0
[INFO] [stderr]    Compiling rustc_version v0.4.0
[INFO] [stderr]    Compiling im v15.1.0
[INFO] [stderr]    Compiling rand_core v0.5.1
[INFO] [stderr]    Compiling rand v0.8.5
[INFO] [stderr]    Compiling bv v0.11.1
[INFO] [stderr]    Compiling hashbrown v0.13.2
[INFO] [stderr]    Compiling hashbrown v0.14.3
[INFO] [stderr]    Compiling rustversion v1.0.14
[INFO] [stderr]    Compiling equivalent v1.0.1
[INFO] [stderr]    Compiling rand_chacha v0.2.2
[INFO] [stderr]    Compiling solana-frozen-abi-macro v1.17.14
[INFO] [stderr]    Compiling solana-frozen-abi v1.17.14
[INFO] [stderr]    Compiling rand v0.7.3
[INFO] [stderr]    Compiling rayon v1.8.0
[INFO] [stderr]    Compiling rand_xoshiro v0.6.0
[INFO] [stderr]    Compiling memoffset v0.9.0
[INFO] [stderr]    Compiling winnow v0.5.32
[INFO] [stderr]    Compiling bs58 v0.4.0
[INFO] [stderr]    Compiling wasm-bindgen v0.2.89
[INFO] [stderr]    Compiling toml_datetime v0.6.5
[INFO] [stderr]    Compiling sized-chunks v0.6.5
[INFO] [stderr]    Compiling hashbrown v0.11.2
[INFO] [stderr]    Compiling memmap2 v0.5.10
[INFO] [stderr]    Compiling base64 v0.12.3
[INFO] [stderr]    Compiling indexmap v2.1.0
[INFO] [stderr]    Compiling rustc-hex v2.1.0
[INFO] [stderr]    Compiling uint v0.8.5
[INFO] [stderr]    Compiling num-integer v0.1.45
[INFO] [stderr]    Compiling ark-std v0.4.0
[INFO] [stderr]    Compiling num-bigint v0.4.4
[INFO] [stderr]    Compiling blake3 v1.5.0
[INFO] [stderr]    Compiling solana-program v1.17.14
[INFO] [stderr]    Compiling toml_edit v0.19.15
[INFO] [stderr]    Compiling wasm-bindgen-backend v0.2.89
[INFO] [stderr]    Compiling proc-macro-crate v1.3.1
[INFO] [stderr]    Compiling borsh-schema-derive-internal v0.9.3
[INFO] [stderr]    Compiling borsh-derive-internal v0.10.3
[INFO] [stderr]    Compiling borsh-derive-internal v0.9.3
[INFO] [stderr]    Compiling borsh-schema-derive-internal v0.10.3
[INFO] [stderr]    Compiling borsh-schema-derive-internal v0.7.2
[INFO] [stderr]    Compiling borsh-derive-internal v0.7.2
[INFO] [stderr]    Compiling borsh-derive-internal v0.8.2
[INFO] [stderr]    Compiling borsh-schema-derive-internal v0.8.2
[INFO] [stderr]    Compiling serde_derive v1.0.194
[INFO] [stderr]    Compiling zeroize_derive v1.4.2
[INFO] [stderr]    Compiling thiserror-impl v1.0.56
[INFO] [stderr]    Compiling wasm-bindgen-macro-support v0.2.89
[INFO] [stderr]    Compiling bytemuck_derive v1.5.0
[INFO] [stderr]    Compiling solana-sdk-macro v1.17.14
[INFO] [stderr]    Compiling wasm-bindgen-macro v0.2.89
[INFO] [stderr]    Compiling ark-serialize-derive v0.4.2
[INFO] [stderr]    Compiling ark-ff-asm v0.4.2
[INFO] [stderr]    Compiling derivative v2.2.0
[INFO] [stderr]    Compiling ark-ff-macros v0.4.2
[INFO] [stderr]    Compiling num-derive v0.3.3
[INFO] [stderr]    Compiling borsh-derive v0.7.2
[INFO] [stderr]    Compiling num_enum_derive v0.5.11
[INFO] [stderr]    Compiling zeroize v1.3.0
[INFO] [stderr]    Compiling bytemuck v1.14.0
[INFO] [stderr]    Compiling thiserror v1.0.56
[INFO] [stderr]    Compiling borsh v0.7.2
[INFO] [stderr]    Compiling num_enum v0.5.11
[INFO] [stderr]    Compiling toml v0.5.11
[INFO] [stderr]    Compiling serde_json v1.0.111
[INFO] [stderr]    Compiling serde_bytes v0.11.14
[INFO] [stderr]    Compiling bitflags v2.4.1
[INFO] [stderr]    Compiling bincode v1.3.3
[INFO] [stderr]    Compiling block-buffer v0.10.4
[INFO] [stderr]    Compiling crypto-common v0.1.6
[INFO] [stderr]    Compiling digest v0.9.0
[INFO] [stderr]    Compiling crypto-mac v0.8.0
[INFO] [stderr]    Compiling block-buffer v0.9.0
[INFO] [stderr]    Compiling pbkdf2 v0.4.0
[INFO] [stderr]    Compiling libsecp256k1-core v0.2.2
[INFO] [stderr]    Compiling hmac v0.8.1
[INFO] [stderr]    Compiling sha2 v0.9.9
[INFO] [stderr]    Compiling curve25519-dalek v3.2.1
[INFO] [stderr]    Compiling digest v0.10.7
[INFO] [stderr]    Compiling hmac-drbg v0.3.0
[INFO] [stderr]    Compiling ark-serialize v0.4.2
[INFO] [stderr]    Compiling sha2 v0.10.8
[INFO] [stderr]    Compiling sha3 v0.10.8
[INFO] [stderr]    Compiling tiny-bip39 v0.8.2
[INFO] [stderr]    Compiling proc-macro-crate v0.1.5
[INFO] [stderr]    Compiling ark-ff v0.4.2
[INFO] [stderr]    Compiling libsecp256k1-gen-ecmult v0.2.1
[INFO] [stderr]    Compiling libsecp256k1-gen-genmult v0.2.1
[INFO] [stderr]    Compiling borsh-derive v0.10.3
[INFO] [stderr]    Compiling borsh-derive v0.9.3
[INFO] [stderr]    Compiling borsh-derive v0.8.2
[INFO] [stderr]    Compiling libsecp256k1 v0.6.0
[INFO] [stderr]    Compiling borsh v0.10.3
[INFO] [stderr]    Compiling borsh v0.9.3
[INFO] [stderr]    Compiling ark-poly v0.4.2
[INFO] [stderr]    Compiling ark-ec v0.4.2
[INFO] [stderr]    Compiling ark-bn254 v0.4.0
[INFO] [stderr]    Compiling light-poseidon v0.2.0
[INFO] [stderr]    Compiling spl-math v0.1.0
[INFO] [stderr]    Compiling spl-token v3.5.0
[INFO] [stderr]    Compiling spl-stake-pool v0.6.4 (/opt/rustwide/workdir)
[INFO] [stdout] warning: use of deprecated function `solana_program::stake::config::id`
[INFO] [stdout]    --> src/instruction.rs:448:50
[INFO] [stdout]     |
[INFO] [stdout] 448 |         AccountMeta::new_readonly(stake::config::id(), false),
[INFO] [stdout]     |                                                  ^^
[INFO] [stdout]     |
[INFO] [stdout]     = note: `#[warn(deprecated)]` on by default
[INFO] [stdout] 
[INFO] [stdout] 
[INFO] [stdout] warning: use of deprecated function `solana_program::stake::config::id`
[INFO] [stdout]    --> src/instruction.rs:556:50
[INFO] [stdout]     |
[INFO] [stdout] 556 |         AccountMeta::new_readonly(stake::config::id(), false),
[INFO] [stdout]     |                                                  ^^
[INFO] [stdout] 
[INFO] [stdout] 
[INFO] [stdout] warning: use of deprecated function `solana_program::borsh::try_from_slice_unchecked`: Please use `borsh0_10::try_from_slice_unchecked` instead
[INFO] [stdout]   --> src/processor.rs:20:16
[INFO] [stdout]    |
[INFO] [stdout] 20 |         borsh::try_from_slice_unchecked,
[INFO] [stdout]    |                ^^^^^^^^^^^^^^^^^^^^^^^^
[INFO] [stdout] 
[INFO] [stdout] 
[INFO] [stdout] warning: use of deprecated function `solana_program::borsh::try_from_slice_unchecked`: Please use `borsh0_10::try_from_slice_unchecked` instead
[INFO] [stdout]   --> src/processor.rs:42:9
[INFO] [stdout]    |
[INFO] [stdout] 42 |         try_from_slice_unchecked::<stake::state::StakeState>(&stake_account_info.data.borrow())?;
[INFO] [stdout]    |         ^^^^^^^^^^^^^^^^^^^^^^^^
[INFO] [stdout] 
[INFO] [stdout] 
[INFO] [stdout] warning: use of deprecated enum `solana_program::stake::state::StakeState`: Please use `StakeStateV2` instead, and match the third `StakeFlags` field when matching `StakeStateV2::Stake` to resolve any breakage. For example, `if let StakeState::Stake(meta, stake)` becomes `if let StakeStateV2::Stake(meta, stake, _stake_flags)`.
[INFO] [stdout]   --> src/processor.rs:42:50
[INFO] [stdout]    |
[INFO] [stdout] 42 |         try_from_slice_unchecked::<stake::state::StakeState>(&stake_account_info.data.borrow())?;
[INFO] [stdout]    |                                                  ^^^^^^^^^^
[INFO] [stdout] 
[INFO] [stdout] 
[INFO] [stdout] warning: use of deprecated tuple variant `solana_program::stake::state::StakeState::Stake`: Please use `StakeStateV2` instead, and match the third `StakeFlags` field when matching `StakeStateV2::Stake` to resolve any breakage. For example, `if let StakeState::Stake(meta, stake)` becomes `if let StakeStateV2::Stake(meta, stake, _stake_flags)`.
[INFO] [stdout]   --> src/processor.rs:44:35
[INFO] [stdout]    |
[INFO] [stdout] 44 |         stake::state::StakeState::Stake(meta, stake) => Ok((meta, stake)),
[INFO] [stdout]    |                                   ^^^^^
[INFO] [stdout] 
[INFO] [stdout] 
[INFO] [stdout] warning: use of deprecated enum `solana_program::stake::state::StakeState`: Please use `StakeStateV2` instead, and match the third `StakeFlags` field when matching `StakeStateV2::Stake` to resolve any breakage. For example, `if let StakeState::Stake(meta, stake)` becomes `if let StakeStateV2::Stake(meta, stake, _stake_flags)`.
[INFO] [stdout]    --> src/processor.rs:148:47
[INFO] [stdout]     |
[INFO] [stdout] 148 |             std::mem::size_of::<stake::state::StakeState>() as u64,
[INFO] [stdout]     |                                               ^^^^^^^^^^
[INFO] [stdout] 
[INFO] [stdout] 
[INFO] [stdout] warning: use of deprecated function `solana_program::borsh::try_from_slice_unchecked`: Please use `borsh0_10::try_from_slice_unchecked` instead
[INFO] [stdout]    --> src/processor.rs:576:30
[INFO] [stdout]     |
[INFO] [stdout] 576 |         let mut stake_pool = try_from_slice_unchecked::<StakePool>(&stake_pool_info.data.borrow())?;
[INFO] [stdout]     |                              ^^^^^^^^^^^^^^^^^^^^^^^^
[INFO] [stdout] 
[INFO] [stdout] 
[INFO] [stdout] warning: use of deprecated function `solana_program::borsh::try_from_slice_unchecked`: Please use `borsh0_10::try_from_slice_unchecked` instead
[INFO] [stdout]    --> src/processor.rs:584:13
[INFO] [stdout]     |
[INFO] [stdout] 584 |             try_from_slice_unchecked::<ValidatorList>(&validator_list_info.data.borrow())?;
[INFO] [stdout]     |             ^^^^^^^^^^^^^^^^^^^^^^^^
[INFO] [stdout] 
[INFO] [stdout] 
[INFO] [stdout] warning: use of deprecated function `solana_program::borsh::try_from_slice_unchecked`: Please use `borsh0_10::try_from_slice_unchecked` instead
[INFO] [stdout]    --> src/processor.rs:689:27
[INFO] [stdout]     |
[INFO] [stdout] 689 |         let stake_state = try_from_slice_unchecked::<stake::state::StakeState>(
[INFO] [stdout]     |                           ^^^^^^^^^^^^^^^^^^^^^^^^
[INFO] [stdout] 
[INFO] [stdout] 
[INFO] [stdout] warning: use of deprecated enum `solana_program::stake::state::StakeState`: Please use `StakeStateV2` instead, and match the third `StakeFlags` field when matching `StakeStateV2::Stake` to resolve any breakage. For example, `if let StakeState::Stake(meta, stake)` becomes `if let StakeStateV2::Stake(meta, stake, _stake_flags)`.
[INFO] [stdout]    --> src/processor.rs:689:68
[INFO] [stdout]     |
[INFO] [stdout] 689 |         let stake_state = try_from_slice_unchecked::<stake::state::StakeState>(
[INFO] [stdout]     |                                                                    ^^^^^^^^^^
[INFO] [stdout] 
[INFO] [stdout] 
[INFO] [stdout] warning: use of deprecated tuple variant `solana_program::stake::state::StakeState::Initialized`: Please use `StakeStateV2` instead, and match the third `StakeFlags` field when matching `StakeStateV2::Stake` to resolve any breakage. For example, `if let StakeState::Stake(meta, stake)` becomes `if let StakeStateV2::Stake(meta, stake, _stake_flags)`.
[INFO] [stdout]    --> src/processor.rs:692:63
[INFO] [stdout]     |
[INFO] [stdout] 692 |         let total_lamports = if let stake::state::StakeState::Initialized(meta) = stake_state {
[INFO] [stdout]     |                                                               ^^^^^^^^^^^
[INFO] [stdout] 
[INFO] [stdout] 
[INFO] [stdout] warning: use of deprecated function `solana_program::borsh::try_from_slice_unchecked`: Please use `borsh0_10::try_from_slice_unchecked` instead
[INFO] [stdout]    --> src/processor.rs:802:26
[INFO] [stdout]     |
[INFO] [stdout] 802 |         let stake_pool = try_from_slice_unchecked::<StakePool>(&stake_pool_info.data.borrow())?;
[INFO] [stdout]     |                          ^^^^^^^^^^^^^^^^^^^^^^^^
[INFO] [stdout] 
[INFO] [stdout] 
[INFO] [stdout] warning: use of deprecated enum `solana_program::stake::state::StakeState`: Please use `StakeStateV2` instead, and match the third `StakeFlags` field when matching `StakeStateV2::Stake` to resolve any breakage. For example, `if let StakeState::Stake(meta, stake)` becomes `if let StakeStateV2::Stake(meta, stake, _stake_flags)`.
[INFO] [stdout]    --> src/processor.rs:854:55
[INFO] [stdout]     |
[INFO] [stdout] 854 |         let space = std::mem::size_of::<stake::state::StakeState>();
[INFO] [stdout]     |                                                       ^^^^^^^^^^
[INFO] [stdout] 
[INFO] [stdout] 
[INFO] [stdout] warning: use of deprecated function `solana_program::borsh::try_from_slice_unchecked`: Please use `borsh0_10::try_from_slice_unchecked` instead
[INFO] [stdout]    --> src/processor.rs:930:30
[INFO] [stdout]     |
[INFO] [stdout] 930 |         let mut stake_pool = try_from_slice_unchecked::<StakePool>(&stake_pool_info.data.borrow())?;
[INFO] [stdout]     |                              ^^^^^^^^^^^^^^^^^^^^^^^^
[INFO] [stdout] 
[INFO] [stdout] 
[INFO] [stdout] warning: use of deprecated function `solana_program::borsh::try_from_slice_unchecked`: Please use `borsh0_10::try_from_slice_unchecked` instead
[INFO] [stdout]     --> src/processor.rs:1092:26
[INFO] [stdout]      |
[INFO] [stdout] 1092 |         let stake_pool = try_from_slice_unchecked::<StakePool>(&stake_pool_info.data.borrow())?;
[INFO] [stdout]      |                          ^^^^^^^^^^^^^^^^^^^^^^^^
[INFO] [stdout] 
[INFO] [stdout] 
[INFO] [stdout] warning: use of deprecated enum `solana_program::stake::state::StakeState`: Please use `StakeStateV2` instead, and match the third `StakeFlags` field when matching `StakeStateV2::Stake` to resolve any breakage. For example, `if let StakeState::Stake(meta, stake)` becomes `if let StakeStateV2::Stake(meta, stake, _stake_flags)`.
[INFO] [stdout]     --> src/processor.rs:1158:81
[INFO] [stdout]      |
[INFO] [stdout] 1158 |         let stake_rent = rent.minimum_balance(std::mem::size_of::<stake::state::StakeState>());
[INFO] [stdout]      |                                                                                 ^^^^^^^^^^
[INFO] [stdout] 
[INFO] [stdout] 
[INFO] [stdout] warning: use of deprecated function `solana_program::borsh::try_from_slice_unchecked`: Please use `borsh0_10::try_from_slice_unchecked` instead
[INFO] [stdout]     --> src/processor.rs:1248:26
[INFO] [stdout]      |
[INFO] [stdout] 1248 |         let stake_pool = try_from_slice_unchecked::<StakePool>(&stake_pool_info.data.borrow())?;
[INFO] [stdout]      |                          ^^^^^^^^^^^^^^^^^^^^^^^^
[INFO] [stdout] 
[INFO] [stdout] 
[INFO] [stdout] warning: use of deprecated enum `solana_program::stake::state::StakeState`: Please use `StakeStateV2` instead, and match the third `StakeFlags` field when matching `StakeStateV2::Stake` to resolve any breakage. For example, `if let StakeState::Stake(meta, stake)` becomes `if let StakeStateV2::Stake(meta, stake, _stake_flags)`.
[INFO] [stdout]     --> src/processor.rs:1314:81
[INFO] [stdout]      |
[INFO] [stdout] 1314 |         let stake_rent = rent.minimum_balance(std::mem::size_of::<stake::state::StakeState>());
[INFO] [stdout]      |                                                                                 ^^^^^^^^^^
[INFO] [stdout] 
[INFO] [stdout] 
[INFO] [stdout] warning: use of deprecated function `solana_program::borsh::try_from_slice_unchecked`: Please use `borsh0_10::try_from_slice_unchecked` instead
[INFO] [stdout]     --> src/processor.rs:1395:30
[INFO] [stdout]      |
[INFO] [stdout] 1395 |         let mut stake_pool = try_from_slice_unchecked::<StakePool>(&stake_pool_info.data.borrow())?;
[INFO] [stdout]      |                              ^^^^^^^^^^^^^^^^^^^^^^^^
[INFO] [stdout] 
[INFO] [stdout] 
[INFO] [stdout] warning: use of deprecated function `solana_program::borsh::try_from_slice_unchecked`: Please use `borsh0_10::try_from_slice_unchecked` instead
[INFO] [stdout]     --> src/processor.rs:1462:26
[INFO] [stdout]      |
[INFO] [stdout] 1462 |         let stake_pool = try_from_slice_unchecked::<StakePool>(&stake_pool_info.data.borrow())?;
[INFO] [stdout]      |                          ^^^^^^^^^^^^^^^^^^^^^^^^
[INFO] [stdout] 
[INFO] [stdout] 
[INFO] [stdout] warning: use of deprecated function `solana_program::borsh::try_from_slice_unchecked`: Please use `borsh0_10::try_from_slice_unchecked` instead
[INFO] [stdout]     --> src/processor.rs:1529:41
[INFO] [stdout]      |
[INFO] [stdout] 1529 |             let validator_stake_state = try_from_slice_unchecked::<stake::state::StakeState>(
[INFO] [stdout]      |                                         ^^^^^^^^^^^^^^^^^^^^^^^^
[INFO] [stdout] 
[INFO] [stdout] 
[INFO] [stdout] warning: use of deprecated enum `solana_program::stake::state::StakeState`: Please use `StakeStateV2` instead, and match the third `StakeFlags` field when matching `StakeStateV2::Stake` to resolve any breakage. For example, `if let StakeState::Stake(meta, stake)` becomes `if let StakeStateV2::Stake(meta, stake, _stake_flags)`.
[INFO] [stdout]     --> src/processor.rs:1529:82
[INFO] [stdout]      |
[INFO] [stdout] 1529 |             let validator_stake_state = try_from_slice_unchecked::<stake::state::StakeState>(
[INFO] [stdout]      |                                                                                  ^^^^^^^^^^
[INFO] [stdout] 
[INFO] [stdout] 
[INFO] [stdout] warning: use of deprecated function `solana_program::borsh::try_from_slice_unchecked`: Please use `borsh0_10::try_from_slice_unchecked` instead
[INFO] [stdout]     --> src/processor.rs:1533:41
[INFO] [stdout]      |
[INFO] [stdout] 1533 |             let transient_stake_state = try_from_slice_unchecked::<stake::state::StakeState>(
[INFO] [stdout]      |                                         ^^^^^^^^^^^^^^^^^^^^^^^^
[INFO] [stdout] 
[INFO] [stdout] 
[INFO] [stdout] warning: use of deprecated enum `solana_program::stake::state::StakeState`: Please use `StakeStateV2` instead, and match the third `StakeFlags` field when matching `StakeStateV2::Stake` to resolve any breakage. For example, `if let StakeState::Stake(meta, stake)` becomes `if let StakeStateV2::Stake(meta, stake, _stake_flags)`.
[INFO] [stdout]     --> src/processor.rs:1533:82
[INFO] [stdout]      |
[INFO] [stdout] 1533 |             let transient_stake_state = try_from_slice_unchecked::<stake::state::StakeState>(
[INFO] [stdout]      |                                                                                  ^^^^^^^^^^
[INFO] [stdout] 
[INFO] [stdout] 
[INFO] [stdout] warning: use of deprecated tuple variant `solana_program::stake::state::StakeState::Initialized`: Please use `StakeStateV2` instead, and match the third `StakeFlags` field when matching `StakeStateV2::Stake` to resolve any breakage. For example, `if let StakeState::Stake(meta, stake)` becomes `if let StakeStateV2::Stake(meta, stake, _stake_flags)`.
[INFO] [stdout]     --> src/processor.rs:1545:48
[INFO] [stdout]      |
[INFO] [stdout] 1545 |                 Some(stake::state::StakeState::Initialized(meta)) => {
[INFO] [stdout]      |                                                ^^^^^^^^^^^
[INFO] [stdout] 
[INFO] [stdout] 
[INFO] [stdout] warning: use of deprecated tuple variant `solana_program::stake::state::StakeState::Stake`: Please use `StakeStateV2` instead, and match the third `StakeFlags` field when matching `StakeStateV2::Stake` to resolve any breakage. For example, `if let StakeState::Stake(meta, stake)` becomes `if let StakeStateV2::Stake(meta, stake, _stake_flags)`.
[INFO] [stdout]     --> src/processor.rs:1573:48
[INFO] [stdout]      |
[INFO] [stdout] 1573 |                 Some(stake::state::StakeState::Stake(meta, stake)) => {
[INFO] [stdout]      |                                                ^^^^^
[INFO] [stdout] 
[INFO] [stdout] 
[INFO] [stdout] warning: use of deprecated tuple variant `solana_program::stake::state::StakeState::Stake`: Please use `StakeStateV2` instead, and match the third `StakeFlags` field when matching `StakeStateV2::Stake` to resolve any breakage. For example, `if let StakeState::Stake(meta, stake)` becomes `if let StakeStateV2::Stake(meta, stake, _stake_flags)`.
[INFO] [stdout]     --> src/processor.rs:1602:67
[INFO] [stdout]      |
[INFO] [stdout] 1602 | ...                   if let Some(stake::state::StakeState::Stake(_, validator_stake)) =
[INFO] [stdout]      |                                                             ^^^^^
[INFO] [stdout] 
[INFO] [stdout] 
[INFO] [stdout] warning: use of deprecated unit variant `solana_program::stake::state::StakeState::Uninitialized`: Please use `StakeStateV2` instead, and match the third `StakeFlags` field when matching `StakeStateV2::Stake` to resolve any breakage. For example, `if let StakeState::Stake(meta, stake)` becomes `if let StakeStateV2::Stake(meta, stake, _stake_flags)`.
[INFO] [stdout]     --> src/processor.rs:1652:50
[INFO] [stdout]      |
[INFO] [stdout] 1652 |                 | Some(stake::state::StakeState::Uninitialized)
[INFO] [stdout]      |                                                  ^^^^^^^^^^^^^
[INFO] [stdout] 
[INFO] [stdout] 
[INFO] [stdout] warning: use of deprecated unit variant `solana_program::stake::state::StakeState::RewardsPool`: Please use `StakeStateV2` instead, and match the third `StakeFlags` field when matching `StakeStateV2::Stake` to resolve any breakage. For example, `if let StakeState::Stake(meta, stake)` becomes `if let StakeStateV2::Stake(meta, stake, _stake_flags)`.
[INFO] [stdout]     --> src/processor.rs:1653:50
[INFO] [stdout]      |
[INFO] [stdout] 1653 |                 | Some(stake::state::StakeState::RewardsPool) => {} // do nothing
[INFO] [stdout]      |                                                  ^^^^^^^^^^^
[INFO] [stdout] 
[INFO] [stdout] 
[INFO] [stdout] warning: use of deprecated function `solana_program::borsh::try_from_slice_unchecked`: Please use `borsh0_10::try_from_slice_unchecked` instead
[INFO] [stdout]     --> src/processor.rs:1659:41
[INFO] [stdout]      |
[INFO] [stdout] 1659 |             let validator_stake_state = try_from_slice_unchecked::<stake::state::StakeState>(
[INFO] [stdout]      |                                         ^^^^^^^^^^^^^^^^^^^^^^^^
[INFO] [stdout] 
[INFO] [stdout] 
[INFO] [stdout] warning: use of deprecated enum `solana_program::stake::state::StakeState`: Please use `StakeStateV2` instead, and match the third `StakeFlags` field when matching `StakeStateV2::Stake` to resolve any breakage. For example, `if let StakeState::Stake(meta, stake)` becomes `if let StakeStateV2::Stake(meta, stake, _stake_flags)`.
[INFO] [stdout]     --> src/processor.rs:1659:82
[INFO] [stdout]      |
[INFO] [stdout] 1659 |             let validator_stake_state = try_from_slice_unchecked::<stake::state::StakeState>(
[INFO] [stdout]      |                                                                                  ^^^^^^^^^^
[INFO] [stdout] 
[INFO] [stdout] 
[INFO] [stdout] warning: use of deprecated tuple variant `solana_program::stake::state::StakeState::Stake`: Please use `StakeStateV2` instead, and match the third `StakeFlags` field when matching `StakeStateV2::Stake` to resolve any breakage. For example, `if let StakeState::Stake(meta, stake)` becomes `if let StakeStateV2::Stake(meta, stake, _stake_flags)`.
[INFO] [stdout]     --> src/processor.rs:1664:48
[INFO] [stdout]      |
[INFO] [stdout] 1664 |                 Some(stake::state::StakeState::Stake(_, stake)) => {
[INFO] [stdout]      |                                                ^^^^^
[INFO] [stdout] 
[INFO] [stdout] 
[INFO] [stdout] warning: use of deprecated tuple variant `solana_program::stake::state::StakeState::Initialized`: Please use `StakeStateV2` instead, and match the third `StakeFlags` field when matching `StakeStateV2::Stake` to resolve any breakage. For example, `if let StakeState::Stake(meta, stake)` becomes `if let StakeStateV2::Stake(meta, stake, _stake_flags)`.
[INFO] [stdout]     --> src/processor.rs:1675:48
[INFO] [stdout]      |
[INFO] [stdout] 1675 |                 Some(stake::state::StakeState::Initialized(_))
[INFO] [stdout]      |                                                ^^^^^^^^^^^
[INFO] [stdout] 
[INFO] [stdout] 
[INFO] [stdout] warning: use of deprecated unit variant `solana_program::stake::state::StakeState::Uninitialized`: Please use `StakeStateV2` instead, and match the third `StakeFlags` field when matching `StakeStateV2::Stake` to resolve any breakage. For example, `if let StakeState::Stake(meta, stake)` becomes `if let StakeStateV2::Stake(meta, stake, _stake_flags)`.
[INFO] [stdout]     --> src/processor.rs:1676:50
[INFO] [stdout]      |
[INFO] [stdout] 1676 |                 | Some(stake::state::StakeState::Uninitialized)
[INFO] [stdout]      |                                                  ^^^^^^^^^^^^^
[INFO] [stdout] 
[INFO] [stdout] 
[INFO] [stdout] warning: use of deprecated unit variant `solana_program::stake::state::StakeState::RewardsPool`: Please use `StakeStateV2` instead, and match the third `StakeFlags` field when matching `StakeStateV2::Stake` to resolve any breakage. For example, `if let StakeState::Stake(meta, stake)` becomes `if let StakeStateV2::Stake(meta, stake, _stake_flags)`.
[INFO] [stdout]     --> src/processor.rs:1677:50
[INFO] [stdout]      |
[INFO] [stdout] 1677 |                 | Some(stake::state::StakeState::RewardsPool)
[INFO] [stdout]      |                                                  ^^^^^^^^^^^
[INFO] [stdout] 
[INFO] [stdout] 
[INFO] [stdout] warning: use of deprecated function `solana_program::borsh::try_from_slice_unchecked`: Please use `borsh0_10::try_from_slice_unchecked` instead
[INFO] [stdout]     --> src/processor.rs:1708:30
[INFO] [stdout]      |
[INFO] [stdout] 1708 |         let mut stake_pool = try_from_slice_unchecked::<StakePool>(&stake_pool_info.data.borrow())?;
[INFO] [stdout]      |                              ^^^^^^^^^^^^^^^^^^^^^^^^
[INFO] [stdout] 
[INFO] [stdout] 
[INFO] [stdout] warning: use of deprecated function `solana_program::borsh::try_from_slice_unchecked`: Please use `borsh0_10::try_from_slice_unchecked` instead
[INFO] [stdout]     --> src/processor.rs:1736:29
[INFO] [stdout]      |
[INFO] [stdout] 1736 |         let reserve_stake = try_from_slice_unchecked::<stake::state::StakeState>(
[INFO] [stdout]      |                             ^^^^^^^^^^^^^^^^^^^^^^^^
[INFO] [stdout] 
[INFO] [stdout] 
[INFO] [stdout] warning: use of deprecated enum `solana_program::stake::state::StakeState`: Please use `StakeStateV2` instead, and match the third `StakeFlags` field when matching `StakeStateV2::Stake` to resolve any breakage. For example, `if let StakeState::Stake(meta, stake)` becomes `if let StakeStateV2::Stake(meta, stake, _stake_flags)`.
[INFO] [stdout]     --> src/processor.rs:1736:70
[INFO] [stdout]      |
[INFO] [stdout] 1736 |         let reserve_stake = try_from_slice_unchecked::<stake::state::StakeState>(
[INFO] [stdout]      |                                                                      ^^^^^^^^^^
[INFO] [stdout] 
[INFO] [stdout] 
[INFO] [stdout] warning: use of deprecated tuple variant `solana_program::stake::state::StakeState::Initialized`: Please use `StakeStateV2` instead, and match the third `StakeFlags` field when matching `StakeStateV2::Stake` to resolve any breakage. For example, `if let StakeState::Stake(meta, stake)` becomes `if let StakeStateV2::Stake(meta, stake, _stake_flags)`.
[INFO] [stdout]     --> src/processor.rs:1739:67
[INFO] [stdout]      |
[INFO] [stdout] 1739 |         let mut total_lamports = if let stake::state::StakeState::Initialized(meta) = reserve_stake
[INFO] [stdout]      |                                                                   ^^^^^^^^^^^
[INFO] [stdout] 
[INFO] [stdout] 
[INFO] [stdout] warning: use of deprecated function `solana_program::borsh::try_from_slice_unchecked`: Please use `borsh0_10::try_from_slice_unchecked` instead
[INFO] [stdout]     --> src/processor.rs:1820:26
[INFO] [stdout]      |
[INFO] [stdout] 1820 |         let stake_pool = try_from_slice_unchecked::<StakePool>(&stake_pool_info.data.borrow())?;
[INFO] [stdout]      |                          ^^^^^^^^^^^^^^^^^^^^^^^^
[INFO] [stdout] 
[INFO] [stdout] 
[INFO] [stdout] warning: use of deprecated function `solana_program::borsh::try_from_slice_unchecked`: Please use `borsh0_10::try_from_slice_unchecked` instead
[INFO] [stdout]     --> src/processor.rs:1863:30
[INFO] [stdout]      |
[INFO] [stdout] 1863 |         let mut stake_pool = try_from_slice_unchecked::<StakePool>(&stake_pool_info.data.borrow())?;
[INFO] [stdout]      |                              ^^^^^^^^^^^^^^^^^^^^^^^^
[INFO] [stdout] 
[INFO] [stdout] 
[INFO] [stdout] warning: use of deprecated function `solana_program::borsh::try_from_slice_unchecked`: Please use `borsh0_10::try_from_slice_unchecked` instead
[INFO] [stdout]     --> src/processor.rs:2122:30
[INFO] [stdout]      |
[INFO] [stdout] 2122 |         let mut stake_pool = try_from_slice_unchecked::<StakePool>(&stake_pool_info.data.borrow())?;
[INFO] [stdout]      |                              ^^^^^^^^^^^^^^^^^^^^^^^^
[INFO] [stdout] 
[INFO] [stdout] 
[INFO] [stdout] warning: use of deprecated function `solana_program::borsh::try_from_slice_unchecked`: Please use `borsh0_10::try_from_slice_unchecked` instead
[INFO] [stdout]     --> src/processor.rs:2263:30
[INFO] [stdout]      |
[INFO] [stdout] 2263 |         let mut stake_pool = try_from_slice_unchecked::<StakePool>(&stake_pool_info.data.borrow())?;
[INFO] [stdout]      |                              ^^^^^^^^^^^^^^^^^^^^^^^^
[INFO] [stdout] 
[INFO] [stdout] 
[INFO] [stdout] warning: use of deprecated function `solana_program::borsh::try_from_slice_unchecked`: Please use `borsh0_10::try_from_slice_unchecked` instead
[INFO] [stdout]     --> src/processor.rs:2339:31
[INFO] [stdout]      |
[INFO] [stdout] 2339 |             let stake_state = try_from_slice_unchecked::<stake::state::StakeState>(
[INFO] [stdout]      |                               ^^^^^^^^^^^^^^^^^^^^^^^^
[INFO] [stdout] 
[INFO] [stdout] 
[INFO] [stdout] warning: use of deprecated enum `solana_program::stake::state::StakeState`: Please use `StakeStateV2` instead, and match the third `StakeFlags` field when matching `StakeStateV2::Stake` to resolve any breakage. For example, `if let StakeState::Stake(meta, stake)` becomes `if let StakeStateV2::Stake(meta, stake, _stake_flags)`.
[INFO] [stdout]     --> src/processor.rs:2339:72
[INFO] [stdout]      |
[INFO] [stdout] 2339 |             let stake_state = try_from_slice_unchecked::<stake::state::StakeState>(
[INFO] [stdout]      |                                                                        ^^^^^^^^^^
[INFO] [stdout] 
[INFO] [stdout] 
[INFO] [stdout] warning: use of deprecated function `solana_program::borsh::try_from_slice_unchecked`: Please use `borsh0_10::try_from_slice_unchecked` instead
[INFO] [stdout]     --> src/processor.rs:2501:30
[INFO] [stdout]      |
[INFO] [stdout] 2501 |         let mut stake_pool = try_from_slice_unchecked::<StakePool>(&stake_pool_info.data.borrow())?;
[INFO] [stdout]      |                              ^^^^^^^^^^^^^^^^^^^^^^^^
[INFO] [stdout] 
[INFO] [stdout] 
[INFO] [stdout] warning: use of deprecated function `solana_program::borsh::try_from_slice_unchecked`: Please use `borsh0_10::try_from_slice_unchecked` instead
[INFO] [stdout]     --> src/processor.rs:2556:27
[INFO] [stdout]      |
[INFO] [stdout] 2556 |         let stake_state = try_from_slice_unchecked::<stake::state::StakeState>(
[INFO] [stdout]      |                           ^^^^^^^^^^^^^^^^^^^^^^^^
[INFO] [stdout] 
[INFO] [stdout] 
[INFO] [stdout] warning: use of deprecated enum `solana_program::stake::state::StakeState`: Please use `StakeStateV2` instead, and match the third `StakeFlags` field when matching `StakeStateV2::Stake` to resolve any breakage. For example, `if let StakeState::Stake(meta, stake)` becomes `if let StakeStateV2::Stake(meta, stake, _stake_flags)`.
[INFO] [stdout]     --> src/processor.rs:2556:68
[INFO] [stdout]      |
[INFO] [stdout] 2556 |         let stake_state = try_from_slice_unchecked::<stake::state::StakeState>(
[INFO] [stdout]      |                                                                    ^^^^^^^^^^
[INFO] [stdout] 
[INFO] [stdout] 
[INFO] [stdout] warning: use of deprecated tuple variant `solana_program::stake::state::StakeState::Initialized`: Please use `StakeStateV2` instead, and match the third `StakeFlags` field when matching `StakeStateV2::Stake` to resolve any breakage. For example, `if let StakeState::Stake(meta, stake)` becomes `if let StakeStateV2::Stake(meta, stake, _stake_flags)`.
[INFO] [stdout]     --> src/processor.rs:2559:42
[INFO] [stdout]      |
[INFO] [stdout] 2559 |         if let stake::state::StakeState::Initialized(meta) = stake_state {
[INFO] [stdout]      |                                          ^^^^^^^^^^^
[INFO] [stdout] 
[INFO] [stdout] 
[INFO] [stdout] warning: use of deprecated function `solana_program::borsh::try_from_slice_unchecked`: Please use `borsh0_10::try_from_slice_unchecked` instead
[INFO] [stdout]     --> src/processor.rs:2627:30
[INFO] [stdout]      |
[INFO] [stdout] 2627 |         let mut stake_pool = try_from_slice_unchecked::<StakePool>(&stake_pool_info.data.borrow())?;
[INFO] [stdout]      |                              ^^^^^^^^^^^^^^^^^^^^^^^^
[INFO] [stdout] 
[INFO] [stdout] 
[INFO] [stdout] warning: use of deprecated function `solana_program::borsh::try_from_slice_unchecked`: Please use `borsh0_10::try_from_slice_unchecked` instead
[INFO] [stdout]     --> src/processor.rs:2665:30
[INFO] [stdout]      |
[INFO] [stdout] 2665 |         let mut stake_pool = try_from_slice_unchecked::<StakePool>(&stake_pool_info.data.borrow())?;
[INFO] [stdout]      |                              ^^^^^^^^^^^^^^^^^^^^^^^^
[INFO] [stdout] 
[INFO] [stdout] 
[INFO] [stdout] warning: use of deprecated function `solana_program::borsh::try_from_slice_unchecked`: Please use `borsh0_10::try_from_slice_unchecked` instead
[INFO] [stdout]     --> src/processor.rs:2690:30
[INFO] [stdout]      |
[INFO] [stdout] 2690 |         let mut stake_pool = try_from_slice_unchecked::<StakePool>(&stake_pool_info.data.borrow())?;
[INFO] [stdout]      |                              ^^^^^^^^^^^^^^^^^^^^^^^^
[INFO] [stdout] 
[INFO] [stdout] 
[INFO] [stdout] warning: use of deprecated function `solana_program::borsh::try_from_slice_unchecked`: Please use `borsh0_10::try_from_slice_unchecked` instead
[INFO] [stdout]     --> src/processor.rs:2721:30
[INFO] [stdout]      |
[INFO] [stdout] 2721 |         let mut stake_pool = try_from_slice_unchecked::<StakePool>(&stake_pool_info.data.borrow())?;
[INFO] [stdout]      |                              ^^^^^^^^^^^^^^^^^^^^^^^^
[INFO] [stdout] 
[INFO] [stdout] 
[INFO] [stdout] warning: use of deprecated function `solana_program::borsh::get_instance_packed_len`: Please use `borsh0_10::get_instance_packed_len` instead
[INFO] [stdout]   --> src/state.rs:14:16
[INFO] [stdout]    |
[INFO] [stdout] 14 |         borsh::get_instance_packed_len,
[INFO] [stdout]    |                ^^^^^^^^^^^^^^^^^^^^^^^
[INFO] [stdout] 
[INFO] [stdout] 
[INFO] [stdout] warning: use of deprecated function `solana_program::borsh::get_instance_packed_len`: Please use `borsh0_10::get_instance_packed_len` instead
[INFO] [stdout]    --> src/state.rs:689:22
[INFO] [stdout]     |
[INFO] [stdout] 689 |         let length = get_instance_packed_len(&header)?;
[INFO] [stdout]     |                      ^^^^^^^^^^^^^^^^^^^^^^^
[INFO] [stdout] 
[INFO] [stdout] 
[INFO] [stdout] error[E0277]: the trait bound `Lockup: BorshDeserialize` is not satisfied
[INFO] [stdout]   --> src/state.rs:45:44
[INFO] [stdout]    |
[INFO] [stdout] 45 | #[derive(Clone, Debug, Default, PartialEq, BorshDeserialize, BorshSerialize, BorshSchema)]
[INFO] [stdout]    |                                            ^^^^^^^^^^^^^^^^ the trait `BorshDeserialize` is not implemented for `Lockup`
[INFO] [stdout]    |
[INFO] [stdout]    = help: the following other types implement trait `BorshDeserialize`:
[INFO] [stdout]              bool
[INFO] [stdout]              i8
[INFO] [stdout]              i16
[INFO] [stdout]              i32
[INFO] [stdout]              i64
[INFO] [stdout]              i128
[INFO] [stdout]              usize
[INFO] [stdout]              u8
[INFO] [stdout]            and 111 others
[INFO] [stdout]    = help: see issue #48214
[INFO] [stdout]    = note: this error originates in the derive macro `BorshDeserialize` (in Nightly builds, run with -Z macro-backtrace for more info)
[INFO] [stdout] 
[INFO] [stdout] 
[INFO] [stdout] error[E0277]: the trait bound `Lockup: BorshSerialize` is not satisfied
[INFO] [stdout]   --> src/state.rs:45:62
[INFO] [stdout]    |
[INFO] [stdout] 45 | #[derive(Clone, Debug, Default, PartialEq, BorshDeserialize, BorshSerialize, BorshSchema)]
[INFO] [stdout]    |                                                              ^^^^^^^^^^^^^^ the trait `BorshSerialize` is not implemented for `Lockup`
[INFO] [stdout]    |
[INFO] [stdout]    = help: the following other types implement trait `BorshSerialize`:
[INFO] [stdout]              bool
[INFO] [stdout]              i8
[INFO] [stdout]              i16
[INFO] [stdout]              i32
[INFO] [stdout]              i64
[INFO] [stdout]              i128
[INFO] [stdout]              usize
[INFO] [stdout]              u8
[INFO] [stdout]            and 114 others
[INFO] [stdout]    = help: see issue #48214
[INFO] [stdout]    = note: this error originates in the derive macro `BorshSerialize` (in Nightly builds, run with -Z macro-backtrace for more info)
[INFO] [stdout] 
[INFO] [stdout] 
[INFO] [stdout] error[E0277]: the trait bound `Lockup: BorshSchema` is not satisfied
[INFO] [stdout]   --> src/state.rs:45:78
[INFO] [stdout]    |
[INFO] [stdout] 45 | #[derive(Clone, Debug, Default, PartialEq, BorshDeserialize, BorshSerialize, BorshSchema)]
[INFO] [stdout]    |                                                                              ^^^^^^^^^^^ the trait `BorshSchema` is not implemented for `Lockup`
[INFO] [stdout]    |
[INFO] [stdout]    = help: the following other types implement trait `BorshSchema`:
[INFO] [stdout]              bool
[INFO] [stdout]              char
[INFO] [stdout]              i8
[INFO] [stdout]              i16
[INFO] [stdout]              i32
[INFO] [stdout]              i64
[INFO] [stdout]              i128
[INFO] [stdout]              u8
[INFO] [stdout]            and 103 others
[INFO] [stdout]    = help: see issue #48214
[INFO] [stdout]    = note: this error originates in the derive macro `BorshSchema` (in Nightly builds, run with -Z macro-backtrace for more info)
[INFO] [stdout] 
[INFO] [stdout] 
[INFO] [stdout] error: aborting due to 3 previous errors; 56 warnings emitted
[INFO] [stdout] 
[INFO] [stdout] 
[INFO] [stdout] For more information about this error, try `rustc --explain E0277`.
[INFO] [stdout] 
[INFO] [stderr] error: could not compile `spl-stake-pool` (lib) due to 4 previous errors; 56 warnings emitted
[INFO] running `Command { std: "docker" "inspect" "50f37ffe33c40c5529ab028d8e2b85b9bf5eec4f545005fe7783b54f89b88c01", kill_on_drop: false }`
[INFO] running `Command { std: "docker" "rm" "-f" "50f37ffe33c40c5529ab028d8e2b85b9bf5eec4f545005fe7783b54f89b88c01", kill_on_drop: false }`
[INFO] [stdout] 50f37ffe33c40c5529ab028d8e2b85b9bf5eec4f545005fe7783b54f89b88c01
[INFO] testing spl-stake-pool-0.6.4 against beta-2023-12-22 for beta-1.76-1
[INFO] extracting crate spl-stake-pool 0.6.4 into /workspace/builds/worker-3-tc2/source
[INFO] validating manifest of crates.io crate spl-stake-pool 0.6.4 on toolchain beta-2023-12-22
[INFO] running `Command { std: CARGO_HOME="/workspace/cargo-home" RUSTUP_HOME="/workspace/rustup-home" "/workspace/cargo-home/bin/cargo" "+beta-2023-12-22" "metadata" "--manifest-path" "Cargo.toml" "--no-deps", kill_on_drop: false }`
[INFO] started tweaking crates.io crate spl-stake-pool 0.6.4
[INFO] finished tweaking crates.io crate spl-stake-pool 0.6.4
[INFO] tweaked toml for crates.io crate spl-stake-pool 0.6.4 written to /workspace/builds/worker-3-tc2/source/Cargo.toml
[INFO] running `Command { std: CARGO_HOME="/workspace/cargo-home" RUSTUP_HOME="/workspace/rustup-home" "/workspace/cargo-home/bin/cargo" "+beta-2023-12-22" "generate-lockfile" "--manifest-path" "Cargo.toml", kill_on_drop: false }`
[INFO] [stderr]     Updating crates.io index
[INFO] running `Command { std: CARGO_HOME="/workspace/cargo-home" RUSTUP_HOME="/workspace/rustup-home" "/workspace/cargo-home/bin/cargo" "+beta-2023-12-22" "fetch" "--manifest-path" "Cargo.toml", kill_on_drop: false }`
[INFO] running `Command { std: "docker" "create" "-v" "/var/lib/crater-agent-workspace/builds/worker-3-tc2/target:/opt/rustwide/target:rw,Z" "-v" "/var/lib/crater-agent-workspace/builds/worker-3-tc2/source:/opt/rustwide/workdir:ro,Z" "-v" "/var/lib/crater-agent-workspace/cargo-home:/opt/rustwide/cargo-home:ro,Z" "-v" "/var/lib/crater-agent-workspace/rustup-home:/opt/rustwide/rustup-home:ro,Z" "-e" "SOURCE_DIR=/opt/rustwide/workdir" "-e" "CARGO_TARGET_DIR=/opt/rustwide/target" "-e" "CARGO_HOME=/opt/rustwide/cargo-home" "-e" "RUSTUP_HOME=/opt/rustwide/rustup-home" "-w" "/opt/rustwide/workdir" "-m" "1610612736" "--user" "0:0" "--network" "none" "ghcr.io/rust-lang/crates-build-env/linux@sha256:2788e3201cd34a07e3172128adcd8b3090168a8e3bcc40d7c032b9dda1df7d1c" "/opt/rustwide/cargo-home/bin/cargo" "+beta-2023-12-22" "metadata" "--no-deps" "--format-version=1", kill_on_drop: false }`
[INFO] [stdout] 0542bc87151426140a3a60283dedbf6fb16cd1c284a7842780b2224d5f3372b5
[INFO] running `Command { std: "docker" "start" "-a" "0542bc87151426140a3a60283dedbf6fb16cd1c284a7842780b2224d5f3372b5", kill_on_drop: false }`
[INFO] running `Command { std: "docker" "inspect" "0542bc87151426140a3a60283dedbf6fb16cd1c284a7842780b2224d5f3372b5", kill_on_drop: false }`
[INFO] running `Command { std: "docker" "rm" "-f" "0542bc87151426140a3a60283dedbf6fb16cd1c284a7842780b2224d5f3372b5", kill_on_drop: false }`
[INFO] [stdout] 0542bc87151426140a3a60283dedbf6fb16cd1c284a7842780b2224d5f3372b5
[INFO] running `Command { std: "docker" "create" "-v" "/var/lib/crater-agent-workspace/builds/worker-3-tc2/target:/opt/rustwide/target:rw,Z" "-v" "/var/lib/crater-agent-workspace/builds/worker-3-tc2/source:/opt/rustwide/workdir:ro,Z" "-v" "/var/lib/crater-agent-workspace/cargo-home:/opt/rustwide/cargo-home:ro,Z" "-v" "/var/lib/crater-agent-workspace/rustup-home:/opt/rustwide/rustup-home:ro,Z" "-e" "SOURCE_DIR=/opt/rustwide/workdir" "-e" "CARGO_TARGET_DIR=/opt/rustwide/target" "-e" "CARGO_INCREMENTAL=0" "-e" "RUST_BACKTRACE=full" "-e" "RUSTFLAGS=--cap-lints=warn" "-e" "RUSTDOCFLAGS=--cap-lints=warn" "-e" "CARGO_HOME=/opt/rustwide/cargo-home" "-e" "RUSTUP_HOME=/opt/rustwide/rustup-home" "-w" "/opt/rustwide/workdir" "-m" "1610612736" "--user" "0:0" "--network" "none" "ghcr.io/rust-lang/crates-build-env/linux@sha256:2788e3201cd34a07e3172128adcd8b3090168a8e3bcc40d7c032b9dda1df7d1c" "/opt/rustwide/cargo-home/bin/cargo" "+beta-2023-12-22" "build" "--frozen" "--message-format=json", kill_on_drop: false }`
[INFO] [stdout] b743b1017cbe9c5524cac5347a96e9f508a571ad1dfea8d68aeb55dd40c2e676
[INFO] running `Command { std: "docker" "start" "-a" "b743b1017cbe9c5524cac5347a96e9f508a571ad1dfea8d68aeb55dd40c2e676", kill_on_drop: false }`
[INFO] [stderr]    Compiling serde v1.0.194
[INFO] [stderr]    Compiling syn v1.0.109
[INFO] [stderr]    Compiling subtle v2.4.1
[INFO] [stderr]    Compiling libm v0.2.8
[INFO] [stderr]    Compiling semver v1.0.21
[INFO] [stderr]    Compiling crunchy v0.2.2
[INFO] [stderr]    Compiling either v1.9.0
[INFO] [stderr]    Compiling generic-array v0.14.7
[INFO] [stderr]    Compiling num-traits v0.2.17
[INFO] [stderr]    Compiling ahash v0.8.7
[INFO] [stderr]    Compiling getrandom v0.1.16
[INFO] [stderr]    Compiling getrandom v0.2.11
[INFO] [stderr]    Compiling jobserver v0.1.27
[INFO] [stderr]    Compiling serde_derive v1.0.194
[INFO] [stderr]    Compiling zeroize_derive v1.4.2
[INFO] [stderr]    Compiling wasm-bindgen-shared v0.2.89
[INFO] [stderr]    Compiling thiserror-impl v1.0.56
[INFO] [stderr]    Compiling rand_core v0.6.4
[INFO] [stderr]    Compiling cc v1.0.83
[INFO] [stderr]    Compiling itertools v0.10.5
[INFO] [stderr]    Compiling rand_chacha v0.3.1
[INFO] [stderr]    Compiling ahash v0.7.7
[INFO] [stderr]    Compiling feature-probe v0.1.1
[INFO] [stderr]    Compiling block-padding v0.2.1
[INFO] [stderr]    Compiling rand v0.8.5
[INFO] [stderr]    Compiling rand_core v0.5.1
[INFO] [stderr]    Compiling bumpalo v3.14.0
[INFO] [stderr]    Compiling rustc_version v0.4.0
[INFO] [stderr]    Compiling bv v0.11.1
[INFO] [stderr]    Compiling bitmaps v2.1.0
[INFO] [stderr]    Compiling hashbrown v0.13.2
[INFO] [stderr]    Compiling im v15.1.0
[INFO] [stderr]    Compiling rand_chacha v0.2.2
[INFO] [stderr]    Compiling wasm-bindgen-backend v0.2.89
[INFO] [stderr]    Compiling solana-frozen-abi-macro v1.17.14
[INFO] [stderr]    Compiling hashbrown v0.14.3
[INFO] [stderr]    Compiling equivalent v1.0.1
[INFO] [stderr]    Compiling rustversion v1.0.14
[INFO] [stderr]    Compiling sized-chunks v0.6.5
[INFO] [stderr]    Compiling solana-frozen-abi v1.17.14
[INFO] [stderr]    Compiling rand v0.7.3
[INFO] [stderr]    Compiling rayon v1.8.0
[INFO] [stderr]    Compiling rand_xoshiro v0.6.0
[INFO] [stderr]    Compiling memoffset v0.9.0
[INFO] [stderr]    Compiling toml_datetime v0.6.5
[INFO] [stderr]    Compiling zeroize v1.3.0
[INFO] [stderr]    Compiling wasm-bindgen v0.2.89
[INFO] [stderr]    Compiling indexmap v2.1.0
[INFO] [stderr]    Compiling winnow v0.5.32
[INFO] [stderr]    Compiling num-integer v0.1.45
[INFO] [stderr]    Compiling ark-std v0.4.0
[INFO] [stderr]    Compiling bs58 v0.4.0
[INFO] [stderr]    Compiling thiserror v1.0.56
[INFO] [stderr]    Compiling hashbrown v0.11.2
[INFO] [stderr]    Compiling bytemuck_derive v1.5.0
[INFO] [stderr]    Compiling memmap2 v0.5.10
[INFO] [stderr]    Compiling num-bigint v0.4.4
[INFO] [stderr]    Compiling base64 v0.12.3
[INFO] [stderr]    Compiling wasm-bindgen-macro-support v0.2.89
[INFO] [stderr]    Compiling rustc-hex v2.1.0
[INFO] [stderr]    Compiling uint v0.8.5
[INFO] [stderr]    Compiling blake3 v1.5.0
[INFO] [stderr]    Compiling solana-program v1.17.14
[INFO] [stderr]    Compiling solana-sdk-macro v1.17.14
[INFO] [stderr]    Compiling wasm-bindgen-macro v0.2.89
[INFO] [stderr]    Compiling bytemuck v1.14.0
[INFO] [stderr]    Compiling toml_edit v0.19.15
[INFO] [stderr]    Compiling borsh-schema-derive-internal v0.10.3
[INFO] [stderr]    Compiling borsh-derive-internal v0.9.3
[INFO] [stderr]    Compiling borsh-derive-internal v0.10.3
[INFO] [stderr]    Compiling borsh-schema-derive-internal v0.9.3
[INFO] [stderr]    Compiling borsh-derive-internal v0.7.2
[INFO] [stderr]    Compiling borsh-schema-derive-internal v0.7.2
[INFO] [stderr]    Compiling borsh-derive-internal v0.8.2
[INFO] [stderr]    Compiling borsh-schema-derive-internal v0.8.2
[INFO] [stderr]    Compiling proc-macro-crate v1.3.1
[INFO] [stderr]    Compiling ark-serialize-derive v0.4.2
[INFO] [stderr]    Compiling ark-ff-macros v0.4.2
[INFO] [stderr]    Compiling ark-ff-asm v0.4.2
[INFO] [stderr]    Compiling derivative v2.2.0
[INFO] [stderr]    Compiling num-derive v0.3.3
[INFO] [stderr]    Compiling borsh-derive v0.7.2
[INFO] [stderr]    Compiling num_enum_derive v0.5.11
[INFO] [stderr]    Compiling borsh v0.7.2
[INFO] [stderr]    Compiling num_enum v0.5.11
[INFO] [stderr]    Compiling toml v0.5.11
[INFO] [stderr]    Compiling serde_json v1.0.111
[INFO] [stderr]    Compiling serde_bytes v0.11.14
[INFO] [stderr]    Compiling bincode v1.3.3
[INFO] [stderr]    Compiling bitflags v2.4.1
[INFO] [stderr]    Compiling block-buffer v0.10.4
[INFO] [stderr]    Compiling crypto-common v0.1.6
[INFO] [stderr]    Compiling digest v0.9.0
[INFO] [stderr]    Compiling crypto-mac v0.8.0
[INFO] [stderr]    Compiling block-buffer v0.9.0
[INFO] [stderr]    Compiling pbkdf2 v0.4.0
[INFO] [stderr]    Compiling libsecp256k1-core v0.2.2
[INFO] [stderr]    Compiling hmac v0.8.1
[INFO] [stderr]    Compiling sha2 v0.9.9
[INFO] [stderr]    Compiling curve25519-dalek v3.2.1
[INFO] [stderr]    Compiling digest v0.10.7
[INFO] [stderr]    Compiling hmac-drbg v0.3.0
[INFO] [stderr]    Compiling proc-macro-crate v0.1.5
[INFO] [stderr]    Compiling ark-serialize v0.4.2
[INFO] [stderr]    Compiling sha2 v0.10.8
[INFO] [stderr]    Compiling sha3 v0.10.8
[INFO] [stderr]    Compiling tiny-bip39 v0.8.2
[INFO] [stderr]    Compiling ark-ff v0.4.2
[INFO] [stderr]    Compiling borsh-derive v0.10.3
[INFO] [stderr]    Compiling borsh-derive v0.9.3
[INFO] [stderr]    Compiling borsh-derive v0.8.2
[INFO] [stderr]    Compiling libsecp256k1-gen-ecmult v0.2.1
[INFO] [stderr]    Compiling libsecp256k1-gen-genmult v0.2.1
[INFO] [stderr]    Compiling libsecp256k1 v0.6.0
[INFO] [stderr]    Compiling borsh v0.9.3
[INFO] [stderr]    Compiling borsh v0.10.3
[INFO] [stderr]    Compiling ark-poly v0.4.2
[INFO] [stderr]    Compiling ark-ec v0.4.2
[INFO] [stderr]    Compiling ark-bn254 v0.4.0
[INFO] [stderr]    Compiling light-poseidon v0.2.0
[INFO] [stderr]    Compiling spl-math v0.1.0
[INFO] [stderr]    Compiling spl-token v3.5.0
[INFO] [stderr]    Compiling spl-stake-pool v0.6.4 (/opt/rustwide/workdir)
[INFO] [stdout] warning: use of deprecated function `solana_program::stake::config::id`
[INFO] [stdout]    --> src/instruction.rs:448:50
[INFO] [stdout]     |
[INFO] [stdout] 448 |         AccountMeta::new_readonly(stake::config::id(), false),
[INFO] [stdout]     |                                                  ^^
[INFO] [stdout]     |
[INFO] [stdout]     = note: `#[warn(deprecated)]` on by default
[INFO] [stdout] 
[INFO] [stdout] 
[INFO] [stdout] warning: use of deprecated function `solana_program::stake::config::id`
[INFO] [stdout]    --> src/instruction.rs:556:50
[INFO] [stdout]     |
[INFO] [stdout] 556 |         AccountMeta::new_readonly(stake::config::id(), false),
[INFO] [stdout]     |                                                  ^^
[INFO] [stdout] 
[INFO] [stdout] 
[INFO] [stdout] warning: use of deprecated function `solana_program::borsh::try_from_slice_unchecked`: Please use `borsh0_10::try_from_slice_unchecked` instead
[INFO] [stdout]   --> src/processor.rs:20:16
[INFO] [stdout]    |
[INFO] [stdout] 20 |         borsh::try_from_slice_unchecked,
[INFO] [stdout]    |                ^^^^^^^^^^^^^^^^^^^^^^^^
[INFO] [stdout] 
[INFO] [stdout] 
[INFO] [stdout] warning: use of deprecated function `solana_program::borsh::try_from_slice_unchecked`: Please use `borsh0_10::try_from_slice_unchecked` instead
[INFO] [stdout]   --> src/processor.rs:42:9
[INFO] [stdout]    |
[INFO] [stdout] 42 |         try_from_slice_unchecked::<stake::state::StakeState>(&stake_account_info.data.borrow())?;
[INFO] [stdout]    |         ^^^^^^^^^^^^^^^^^^^^^^^^
[INFO] [stdout] 
[INFO] [stdout] 
[INFO] [stdout] warning: use of deprecated enum `solana_program::stake::state::StakeState`: Please use `StakeStateV2` instead, and match the third `StakeFlags` field when matching `StakeStateV2::Stake` to resolve any breakage. For example, `if let StakeState::Stake(meta, stake)` becomes `if let StakeStateV2::Stake(meta, stake, _stake_flags)`.
[INFO] [stdout]   --> src/processor.rs:42:50
[INFO] [stdout]    |
[INFO] [stdout] 42 |         try_from_slice_unchecked::<stake::state::StakeState>(&stake_account_info.data.borrow())?;
[INFO] [stdout]    |                                                  ^^^^^^^^^^
[INFO] [stdout] 
[INFO] [stdout] 
[INFO] [stdout] warning: use of deprecated tuple variant `solana_program::stake::state::StakeState::Stake`: Please use `StakeStateV2` instead, and match the third `StakeFlags` field when matching `StakeStateV2::Stake` to resolve any breakage. For example, `if let StakeState::Stake(meta, stake)` becomes `if let StakeStateV2::Stake(meta, stake, _stake_flags)`.
[INFO] [stdout]   --> src/processor.rs:44:35
[INFO] [stdout]    |
[INFO] [stdout] 44 |         stake::state::StakeState::Stake(meta, stake) => Ok((meta, stake)),
[INFO] [stdout]    |                                   ^^^^^
[INFO] [stdout] 
[INFO] [stdout] 
[INFO] [stdout] warning: use of deprecated enum `solana_program::stake::state::StakeState`: Please use `StakeStateV2` instead, and match the third `StakeFlags` field when matching `StakeStateV2::Stake` to resolve any breakage. For example, `if let StakeState::Stake(meta, stake)` becomes `if let StakeStateV2::Stake(meta, stake, _stake_flags)`.
[INFO] [stdout]    --> src/processor.rs:148:47
[INFO] [stdout]     |
[INFO] [stdout] 148 |             std::mem::size_of::<stake::state::StakeState>() as u64,
[INFO] [stdout]     |                                               ^^^^^^^^^^
[INFO] [stdout] 
[INFO] [stdout] 
[INFO] [stdout] warning: use of deprecated function `solana_program::borsh::try_from_slice_unchecked`: Please use `borsh0_10::try_from_slice_unchecked` instead
[INFO] [stdout]    --> src/processor.rs:576:30
[INFO] [stdout]     |
[INFO] [stdout] 576 |         let mut stake_pool = try_from_slice_unchecked::<StakePool>(&stake_pool_info.data.borrow())?;
[INFO] [stdout]     |                              ^^^^^^^^^^^^^^^^^^^^^^^^
[INFO] [stdout] 
[INFO] [stdout] 
[INFO] [stdout] warning: use of deprecated function `solana_program::borsh::try_from_slice_unchecked`: Please use `borsh0_10::try_from_slice_unchecked` instead
[INFO] [stdout]    --> src/processor.rs:584:13
[INFO] [stdout]     |
[INFO] [stdout] 584 |             try_from_slice_unchecked::<ValidatorList>(&validator_list_info.data.borrow())?;
[INFO] [stdout]     |             ^^^^^^^^^^^^^^^^^^^^^^^^
[INFO] [stdout] 
[INFO] [stdout] 
[INFO] [stdout] warning: use of deprecated function `solana_program::borsh::try_from_slice_unchecked`: Please use `borsh0_10::try_from_slice_unchecked` instead
[INFO] [stdout]    --> src/processor.rs:689:27
[INFO] [stdout]     |
[INFO] [stdout] 689 |         let stake_state = try_from_slice_unchecked::<stake::state::StakeState>(
[INFO] [stdout]     |                           ^^^^^^^^^^^^^^^^^^^^^^^^
[INFO] [stdout] 
[INFO] [stdout] 
[INFO] [stdout] warning: use of deprecated enum `solana_program::stake::state::StakeState`: Please use `StakeStateV2` instead, and match the third `StakeFlags` field when matching `StakeStateV2::Stake` to resolve any breakage. For example, `if let StakeState::Stake(meta, stake)` becomes `if let StakeStateV2::Stake(meta, stake, _stake_flags)`.
[INFO] [stdout]    --> src/processor.rs:689:68
[INFO] [stdout]     |
[INFO] [stdout] 689 |         let stake_state = try_from_slice_unchecked::<stake::state::StakeState>(
[INFO] [stdout]     |                                                                    ^^^^^^^^^^
[INFO] [stdout] 
[INFO] [stdout] 
[INFO] [stdout] warning: use of deprecated tuple variant `solana_program::stake::state::StakeState::Initialized`: Please use `StakeStateV2` instead, and match the third `StakeFlags` field when matching `StakeStateV2::Stake` to resolve any breakage. For example, `if let StakeState::Stake(meta, stake)` becomes `if let StakeStateV2::Stake(meta, stake, _stake_flags)`.
[INFO] [stdout]    --> src/processor.rs:692:63
[INFO] [stdout]     |
[INFO] [stdout] 692 |         let total_lamports = if let stake::state::StakeState::Initialized(meta) = stake_state {
[INFO] [stdout]     |                                                               ^^^^^^^^^^^
[INFO] [stdout] 
[INFO] [stdout] 
[INFO] [stdout] warning: use of deprecated function `solana_program::borsh::try_from_slice_unchecked`: Please use `borsh0_10::try_from_slice_unchecked` instead
[INFO] [stdout]    --> src/processor.rs:802:26
[INFO] [stdout]     |
[INFO] [stdout] 802 |         let stake_pool = try_from_slice_unchecked::<StakePool>(&stake_pool_info.data.borrow())?;
[INFO] [stdout]     |                          ^^^^^^^^^^^^^^^^^^^^^^^^
[INFO] [stdout] 
[INFO] [stdout] 
[INFO] [stdout] warning: use of deprecated enum `solana_program::stake::state::StakeState`: Please use `StakeStateV2` instead, and match the third `StakeFlags` field when matching `StakeStateV2::Stake` to resolve any breakage. For example, `if let StakeState::Stake(meta, stake)` becomes `if let StakeStateV2::Stake(meta, stake, _stake_flags)`.
[INFO] [stdout]    --> src/processor.rs:854:55
[INFO] [stdout]     |
[INFO] [stdout] 854 |         let space = std::mem::size_of::<stake::state::StakeState>();
[INFO] [stdout]     |                                                       ^^^^^^^^^^
[INFO] [stdout] 
[INFO] [stdout] 
[INFO] [stdout] warning: use of deprecated function `solana_program::borsh::try_from_slice_unchecked`: Please use `borsh0_10::try_from_slice_unchecked` instead
[INFO] [stdout]    --> src/processor.rs:930:30
[INFO] [stdout]     |
[INFO] [stdout] 930 |         let mut stake_pool = try_from_slice_unchecked::<StakePool>(&stake_pool_info.data.borrow())?;
[INFO] [stdout]     |                              ^^^^^^^^^^^^^^^^^^^^^^^^
[INFO] [stdout] 
[INFO] [stdout] 
[INFO] [stdout] warning: use of deprecated function `solana_program::borsh::try_from_slice_unchecked`: Please use `borsh0_10::try_from_slice_unchecked` instead
[INFO] [stdout]     --> src/processor.rs:1092:26
[INFO] [stdout]      |
[INFO] [stdout] 1092 |         let stake_pool = try_from_slice_unchecked::<StakePool>(&stake_pool_info.data.borrow())?;
[INFO] [stdout]      |                          ^^^^^^^^^^^^^^^^^^^^^^^^
[INFO] [stdout] 
[INFO] [stdout] 
[INFO] [stdout] warning: use of deprecated enum `solana_program::stake::state::StakeState`: Please use `StakeStateV2` instead, and match the third `StakeFlags` field when matching `StakeStateV2::Stake` to resolve any breakage. For example, `if let StakeState::Stake(meta, stake)` becomes `if let StakeStateV2::Stake(meta, stake, _stake_flags)`.
[INFO] [stdout]     --> src/processor.rs:1158:81
[INFO] [stdout]      |
[INFO] [stdout] 1158 |         let stake_rent = rent.minimum_balance(std::mem::size_of::<stake::state::StakeState>());
[INFO] [stdout]      |                                                                                 ^^^^^^^^^^
[INFO] [stdout] 
[INFO] [stdout] 
[INFO] [stdout] warning: use of deprecated function `solana_program::borsh::try_from_slice_unchecked`: Please use `borsh0_10::try_from_slice_unchecked` instead
[INFO] [stdout]     --> src/processor.rs:1248:26
[INFO] [stdout]      |
[INFO] [stdout] 1248 |         let stake_pool = try_from_slice_unchecked::<StakePool>(&stake_pool_info.data.borrow())?;
[INFO] [stdout]      |                          ^^^^^^^^^^^^^^^^^^^^^^^^
[INFO] [stdout] 
[INFO] [stdout] 
[INFO] [stdout] warning: use of deprecated enum `solana_program::stake::state::StakeState`: Please use `StakeStateV2` instead, and match the third `StakeFlags` field when matching `StakeStateV2::Stake` to resolve any breakage. For example, `if let StakeState::Stake(meta, stake)` becomes `if let StakeStateV2::Stake(meta, stake, _stake_flags)`.
[INFO] [stdout]     --> src/processor.rs:1314:81
[INFO] [stdout]      |
[INFO] [stdout] 1314 |         let stake_rent = rent.minimum_balance(std::mem::size_of::<stake::state::StakeState>());
[INFO] [stdout]      |                                                                                 ^^^^^^^^^^
[INFO] [stdout] 
[INFO] [stdout] 
[INFO] [stdout] warning: use of deprecated function `solana_program::borsh::try_from_slice_unchecked`: Please use `borsh0_10::try_from_slice_unchecked` instead
[INFO] [stdout]     --> src/processor.rs:1395:30
[INFO] [stdout]      |
[INFO] [stdout] 1395 |         let mut stake_pool = try_from_slice_unchecked::<StakePool>(&stake_pool_info.data.borrow())?;
[INFO] [stdout]      |                              ^^^^^^^^^^^^^^^^^^^^^^^^
[INFO] [stdout] 
[INFO] [stdout] 
[INFO] [stdout] warning: use of deprecated function `solana_program::borsh::try_from_slice_unchecked`: Please use `borsh0_10::try_from_slice_unchecked` instead
[INFO] [stdout]     --> src/processor.rs:1462:26
[INFO] [stdout]      |
[INFO] [stdout] 1462 |         let stake_pool = try_from_slice_unchecked::<StakePool>(&stake_pool_info.data.borrow())?;
[INFO] [stdout]      |                          ^^^^^^^^^^^^^^^^^^^^^^^^
[INFO] [stdout] 
[INFO] [stdout] 
[INFO] [stdout] warning: use of deprecated function `solana_program::borsh::try_from_slice_unchecked`: Please use `borsh0_10::try_from_slice_unchecked` instead
[INFO] [stdout]     --> src/processor.rs:1529:41
[INFO] [stdout]      |
[INFO] [stdout] 1529 |             let validator_stake_state = try_from_slice_unchecked::<stake::state::StakeState>(
[INFO] [stdout]      |                                         ^^^^^^^^^^^^^^^^^^^^^^^^
[INFO] [stdout] 
[INFO] [stdout] 
[INFO] [stdout] warning: use of deprecated enum `solana_program::stake::state::StakeState`: Please use `StakeStateV2` instead, and match the third `StakeFlags` field when matching `StakeStateV2::Stake` to resolve any breakage. For example, `if let StakeState::Stake(meta, stake)` becomes `if let StakeStateV2::Stake(meta, stake, _stake_flags)`.
[INFO] [stdout]     --> src/processor.rs:1529:82
[INFO] [stdout]      |
[INFO] [stdout] 1529 |             let validator_stake_state = try_from_slice_unchecked::<stake::state::StakeState>(
[INFO] [stdout]      |                                                                                  ^^^^^^^^^^
[INFO] [stdout] 
[INFO] [stdout] 
[INFO] [stdout] warning: use of deprecated function `solana_program::borsh::try_from_slice_unchecked`: Please use `borsh0_10::try_from_slice_unchecked` instead
[INFO] [stdout]     --> src/processor.rs:1533:41
[INFO] [stdout]      |
[INFO] [stdout] 1533 |             let transient_stake_state = try_from_slice_unchecked::<stake::state::StakeState>(
[INFO] [stdout]      |                                         ^^^^^^^^^^^^^^^^^^^^^^^^
[INFO] [stdout] 
[INFO] [stdout] 
[INFO] [stdout] warning: use of deprecated enum `solana_program::stake::state::StakeState`: Please use `StakeStateV2` instead, and match the third `StakeFlags` field when matching `StakeStateV2::Stake` to resolve any breakage. For example, `if let StakeState::Stake(meta, stake)` becomes `if let StakeStateV2::Stake(meta, stake, _stake_flags)`.
[INFO] [stdout]     --> src/processor.rs:1533:82
[INFO] [stdout]      |
[INFO] [stdout] 1533 |             let transient_stake_state = try_from_slice_unchecked::<stake::state::StakeState>(
[INFO] [stdout]      |                                                                                  ^^^^^^^^^^
[INFO] [stdout] 
[INFO] [stdout] 
[INFO] [stdout] warning: use of deprecated tuple variant `solana_program::stake::state::StakeState::Initialized`: Please use `StakeStateV2` instead, and match the third `StakeFlags` field when matching `StakeStateV2::Stake` to resolve any breakage. For example, `if let StakeState::Stake(meta, stake)` becomes `if let StakeStateV2::Stake(meta, stake, _stake_flags)`.
[INFO] [stdout]     --> src/processor.rs:1545:48
[INFO] [stdout]      |
[INFO] [stdout] 1545 |                 Some(stake::state::StakeState::Initialized(meta)) => {
[INFO] [stdout]      |                                                ^^^^^^^^^^^
[INFO] [stdout] 
[INFO] [stdout] 
[INFO] [stdout] warning: use of deprecated tuple variant `solana_program::stake::state::StakeState::Stake`: Please use `StakeStateV2` instead, and match the third `StakeFlags` field when matching `StakeStateV2::Stake` to resolve any breakage. For example, `if let StakeState::Stake(meta, stake)` becomes `if let StakeStateV2::Stake(meta, stake, _stake_flags)`.
[INFO] [stdout]     --> src/processor.rs:1573:48
[INFO] [stdout]      |
[INFO] [stdout] 1573 |                 Some(stake::state::StakeState::Stake(meta, stake)) => {
[INFO] [stdout]      |                                                ^^^^^
[INFO] [stdout] 
[INFO] [stdout] 
[INFO] [stdout] warning: use of deprecated tuple variant `solana_program::stake::state::StakeState::Stake`: Please use `StakeStateV2` instead, and match the third `StakeFlags` field when matching `StakeStateV2::Stake` to resolve any breakage. For example, `if let StakeState::Stake(meta, stake)` becomes `if let StakeStateV2::Stake(meta, stake, _stake_flags)`.
[INFO] [stdout]     --> src/processor.rs:1602:67
[INFO] [stdout]      |
[INFO] [stdout] 1602 | ...                   if let Some(stake::state::StakeState::Stake(_, validator_stake)) =
[INFO] [stdout]      |                                                             ^^^^^
[INFO] [stdout] 
[INFO] [stdout] 
[INFO] [stdout] warning: use of deprecated unit variant `solana_program::stake::state::StakeState::Uninitialized`: Please use `StakeStateV2` instead, and match the third `StakeFlags` field when matching `StakeStateV2::Stake` to resolve any breakage. For example, `if let StakeState::Stake(meta, stake)` becomes `if let StakeStateV2::Stake(meta, stake, _stake_flags)`.
[INFO] [stdout]     --> src/processor.rs:1652:50
[INFO] [stdout]      |
[INFO] [stdout] 1652 |                 | Some(stake::state::StakeState::Uninitialized)
[INFO] [stdout]      |                                                  ^^^^^^^^^^^^^
[INFO] [stdout] 
[INFO] [stdout] 
[INFO] [stdout] warning: use of deprecated unit variant `solana_program::stake::state::StakeState::RewardsPool`: Please use `StakeStateV2` instead, and match the third `StakeFlags` field when matching `StakeStateV2::Stake` to resolve any breakage. For example, `if let StakeState::Stake(meta, stake)` becomes `if let StakeStateV2::Stake(meta, stake, _stake_flags)`.
[INFO] [stdout]     --> src/processor.rs:1653:50
[INFO] [stdout]      |
[INFO] [stdout] 1653 |                 | Some(stake::state::StakeState::RewardsPool) => {} // do nothing
[INFO] [stdout]      |                                                  ^^^^^^^^^^^
[INFO] [stdout] 
[INFO] [stdout] 
[INFO] [stdout] warning: use of deprecated function `solana_program::borsh::try_from_slice_unchecked`: Please use `borsh0_10::try_from_slice_unchecked` instead
[INFO] [stdout]     --> src/processor.rs:1659:41
[INFO] [stdout]      |
[INFO] [stdout] 1659 |             let validator_stake_state = try_from_slice_unchecked::<stake::state::StakeState>(
[INFO] [stdout]      |                                         ^^^^^^^^^^^^^^^^^^^^^^^^
[INFO] [stdout] 
[INFO] [stdout] 
[INFO] [stdout] warning: use of deprecated enum `solana_program::stake::state::StakeState`: Please use `StakeStateV2` instead, and match the third `StakeFlags` field when matching `StakeStateV2::Stake` to resolve any breakage. For example, `if let StakeState::Stake(meta, stake)` becomes `if let StakeStateV2::Stake(meta, stake, _stake_flags)`.
[INFO] [stdout]     --> src/processor.rs:1659:82
[INFO] [stdout]      |
[INFO] [stdout] 1659 |             let validator_stake_state = try_from_slice_unchecked::<stake::state::StakeState>(
[INFO] [stdout]      |                                                                                  ^^^^^^^^^^
[INFO] [stdout] 
[INFO] [stdout] 
[INFO] [stdout] warning: use of deprecated tuple variant `solana_program::stake::state::StakeState::Stake`: Please use `StakeStateV2` instead, and match the third `StakeFlags` field when matching `StakeStateV2::Stake` to resolve any breakage. For example, `if let StakeState::Stake(meta, stake)` becomes `if let StakeStateV2::Stake(meta, stake, _stake_flags)`.
[INFO] [stdout]     --> src/processor.rs:1664:48
[INFO] [stdout]      |
[INFO] [stdout] 1664 |                 Some(stake::state::StakeState::Stake(_, stake)) => {
[INFO] [stdout]      |                                                ^^^^^
[INFO] [stdout] 
[INFO] [stdout] 
[INFO] [stdout] warning: use of deprecated tuple variant `solana_program::stake::state::StakeState::Initialized`: Please use `StakeStateV2` instead, and match the third `StakeFlags` field when matching `StakeStateV2::Stake` to resolve any breakage. For example, `if let StakeState::Stake(meta, stake)` becomes `if let StakeStateV2::Stake(meta, stake, _stake_flags)`.
[INFO] [stdout]     --> src/processor.rs:1675:48
[INFO] [stdout]      |
[INFO] [stdout] 1675 |                 Some(stake::state::StakeState::Initialized(_))
[INFO] [stdout]      |                                                ^^^^^^^^^^^
[INFO] [stdout] 
[INFO] [stdout] 
[INFO] [stdout] warning: use of deprecated unit variant `solana_program::stake::state::StakeState::Uninitialized`: Please use `StakeStateV2` instead, and match the third `StakeFlags` field when matching `StakeStateV2::Stake` to resolve any breakage. For example, `if let StakeState::Stake(meta, stake)` becomes `if let StakeStateV2::Stake(meta, stake, _stake_flags)`.
[INFO] [stdout]     --> src/processor.rs:1676:50
[INFO] [stdout]      |
[INFO] [stdout] 1676 |                 | Some(stake::state::StakeState::Uninitialized)
[INFO] [stdout]      |                                                  ^^^^^^^^^^^^^
[INFO] [stdout] 
[INFO] [stdout] 
[INFO] [stdout] warning: use of deprecated unit variant `solana_program::stake::state::StakeState::RewardsPool`: Please use `StakeStateV2` instead, and match the third `StakeFlags` field when matching `StakeStateV2::Stake` to resolve any breakage. For example, `if let StakeState::Stake(meta, stake)` becomes `if let StakeStateV2::Stake(meta, stake, _stake_flags)`.
[INFO] [stdout]     --> src/processor.rs:1677:50
[INFO] [stdout]      |
[INFO] [stdout] 1677 |                 | Some(stake::state::StakeState::RewardsPool)
[INFO] [stdout]      |                                                  ^^^^^^^^^^^
[INFO] [stdout] 
[INFO] [stdout] 
[INFO] [stdout] warning: use of deprecated function `solana_program::borsh::try_from_slice_unchecked`: Please use `borsh0_10::try_from_slice_unchecked` instead
[INFO] [stdout]     --> src/processor.rs:1708:30
[INFO] [stdout]      |
[INFO] [stdout] 1708 |         let mut stake_pool = try_from_slice_unchecked::<StakePool>(&stake_pool_info.data.borrow())?;
[INFO] [stdout]      |                              ^^^^^^^^^^^^^^^^^^^^^^^^
[INFO] [stdout] 
[INFO] [stdout] 
[INFO] [stdout] warning: use of deprecated function `solana_program::borsh::try_from_slice_unchecked`: Please use `borsh0_10::try_from_slice_unchecked` instead
[INFO] [stdout]     --> src/processor.rs:1736:29
[INFO] [stdout]      |
[INFO] [stdout] 1736 |         let reserve_stake = try_from_slice_unchecked::<stake::state::StakeState>(
[INFO] [stdout]      |                             ^^^^^^^^^^^^^^^^^^^^^^^^
[INFO] [stdout] 
[INFO] [stdout] 
[INFO] [stdout] warning: use of deprecated enum `solana_program::stake::state::StakeState`: Please use `StakeStateV2` instead, and match the third `StakeFlags` field when matching `StakeStateV2::Stake` to resolve any breakage. For example, `if let StakeState::Stake(meta, stake)` becomes `if let StakeStateV2::Stake(meta, stake, _stake_flags)`.
[INFO] [stdout]     --> src/processor.rs:1736:70
[INFO] [stdout]      |
[INFO] [stdout] 1736 |         let reserve_stake = try_from_slice_unchecked::<stake::state::StakeState>(
[INFO] [stdout]      |                                                                      ^^^^^^^^^^
[INFO] [stdout] 
[INFO] [stdout] 
[INFO] [stdout] warning: use of deprecated tuple variant `solana_program::stake::state::StakeState::Initialized`: Please use `StakeStateV2` instead, and match the third `StakeFlags` field when matching `StakeStateV2::Stake` to resolve any breakage. For example, `if let StakeState::Stake(meta, stake)` becomes `if let StakeStateV2::Stake(meta, stake, _stake_flags)`.
[INFO] [stdout]     --> src/processor.rs:1739:67
[INFO] [stdout]      |
[INFO] [stdout] 1739 |         let mut total_lamports = if let stake::state::StakeState::Initialized(meta) = reserve_stake
[INFO] [stdout]      |                                                                   ^^^^^^^^^^^
[INFO] [stdout] 
[INFO] [stdout] 
[INFO] [stdout] warning: use of deprecated function `solana_program::borsh::try_from_slice_unchecked`: Please use `borsh0_10::try_from_slice_unchecked` instead
[INFO] [stdout]     --> src/processor.rs:1820:26
[INFO] [stdout]      |
[INFO] [stdout] 1820 |         let stake_pool = try_from_slice_unchecked::<StakePool>(&stake_pool_info.data.borrow())?;
[INFO] [stdout]      |                          ^^^^^^^^^^^^^^^^^^^^^^^^
[INFO] [stdout] 
[INFO] [stdout] 
[INFO] [stdout] warning: use of deprecated function `solana_program::borsh::try_from_slice_unchecked`: Please use `borsh0_10::try_from_slice_unchecked` instead
[INFO] [stdout]     --> src/processor.rs:1863:30
[INFO] [stdout]      |
[INFO] [stdout] 1863 |         let mut stake_pool = try_from_slice_unchecked::<StakePool>(&stake_pool_info.data.borrow())?;
[INFO] [stdout]      |                              ^^^^^^^^^^^^^^^^^^^^^^^^
[INFO] [stdout] 
[INFO] [stdout] 
[INFO] [stdout] warning: use of deprecated function `solana_program::borsh::try_from_slice_unchecked`: Please use `borsh0_10::try_from_slice_unchecked` instead
[INFO] [stdout]     --> src/processor.rs:2122:30
[INFO] [stdout]      |
[INFO] [stdout] 2122 |         let mut stake_pool = try_from_slice_unchecked::<StakePool>(&stake_pool_info.data.borrow())?;
[INFO] [stdout]      |                              ^^^^^^^^^^^^^^^^^^^^^^^^
[INFO] [stdout] 
[INFO] [stdout] 
[INFO] [stdout] warning: use of deprecated function `solana_program::borsh::try_from_slice_unchecked`: Please use `borsh0_10::try_from_slice_unchecked` instead
[INFO] [stdout]     --> src/processor.rs:2263:30
[INFO] [stdout]      |
[INFO] [stdout] 2263 |         let mut stake_pool = try_from_slice_unchecked::<StakePool>(&stake_pool_info.data.borrow())?;
[INFO] [stdout]      |                              ^^^^^^^^^^^^^^^^^^^^^^^^
[INFO] [stdout] 
[INFO] [stdout] 
[INFO] [stdout] warning: use of deprecated function `solana_program::borsh::try_from_slice_unchecked`: Please use `borsh0_10::try_from_slice_unchecked` instead
[INFO] [stdout]     --> src/processor.rs:2339:31
[INFO] [stdout]      |
[INFO] [stdout] 2339 |             let stake_state = try_from_slice_unchecked::<stake::state::StakeState>(
[INFO] [stdout]      |                               ^^^^^^^^^^^^^^^^^^^^^^^^
[INFO] [stdout] 
[INFO] [stdout] 
[INFO] [stdout] warning: use of deprecated enum `solana_program::stake::state::StakeState`: Please use `StakeStateV2` instead, and match the third `StakeFlags` field when matching `StakeStateV2::Stake` to resolve any breakage. For example, `if let StakeState::Stake(meta, stake)` becomes `if let StakeStateV2::Stake(meta, stake, _stake_flags)`.
[INFO] [stdout]     --> src/processor.rs:2339:72
[INFO] [stdout]      |
[INFO] [stdout] 2339 |             let stake_state = try_from_slice_unchecked::<stake::state::StakeState>(
[INFO] [stdout]      |                                                                        ^^^^^^^^^^
[INFO] [stdout] 
[INFO] [stdout] 
[INFO] [stdout] warning: use of deprecated function `solana_program::borsh::try_from_slice_unchecked`: Please use `borsh0_10::try_from_slice_unchecked` instead
[INFO] [stdout]     --> src/processor.rs:2501:30
[INFO] [stdout]      |
[INFO] [stdout] 2501 |         let mut stake_pool = try_from_slice_unchecked::<StakePool>(&stake_pool_info.data.borrow())?;
[INFO] [stdout]      |                              ^^^^^^^^^^^^^^^^^^^^^^^^
[INFO] [stdout] 
[INFO] [stdout] 
[INFO] [stdout] warning: use of deprecated function `solana_program::borsh::try_from_slice_unchecked`: Please use `borsh0_10::try_from_slice_unchecked` instead
[INFO] [stdout]     --> src/processor.rs:2556:27
[INFO] [stdout]      |
[INFO] [stdout] 2556 |         let stake_state = try_from_slice_unchecked::<stake::state::StakeState>(
[INFO] [stdout]      |                           ^^^^^^^^^^^^^^^^^^^^^^^^
[INFO] [stdout] 
[INFO] [stdout] 
[INFO] [stdout] warning: use of deprecated enum `solana_program::stake::state::StakeState`: Please use `StakeStateV2` instead, and match the third `StakeFlags` field when matching `StakeStateV2::Stake` to resolve any breakage. For example, `if let StakeState::Stake(meta, stake)` becomes `if let StakeStateV2::Stake(meta, stake, _stake_flags)`.
[INFO] [stdout]     --> src/processor.rs:2556:68
[INFO] [stdout]      |
[INFO] [stdout] 2556 |         let stake_state = try_from_slice_unchecked::<stake::state::StakeState>(
[INFO] [stdout]      |                                                                    ^^^^^^^^^^
[INFO] [stdout] 
[INFO] [stdout] 
[INFO] [stdout] warning: use of deprecated tuple variant `solana_program::stake::state::StakeState::Initialized`: Please use `StakeStateV2` instead, and match the third `StakeFlags` field when matching `StakeStateV2::Stake` to resolve any breakage. For example, `if let StakeState::Stake(meta, stake)` becomes `if let StakeStateV2::Stake(meta, stake, _stake_flags)`.
[INFO] [stdout]     --> src/processor.rs:2559:42
[INFO] [stdout]      |
[INFO] [stdout] 2559 |         if let stake::state::StakeState::Initialized(meta) = stake_state {
[INFO] [stdout]      |                                          ^^^^^^^^^^^
[INFO] [stdout] 
[INFO] [stdout] 
[INFO] [stdout] warning: use of deprecated function `solana_program::borsh::try_from_slice_unchecked`: Please use `borsh0_10::try_from_slice_unchecked` instead
[INFO] [stdout]     --> src/processor.rs:2627:30
[INFO] [stdout]      |
[INFO] [stdout] 2627 |         let mut stake_pool = try_from_slice_unchecked::<StakePool>(&stake_pool_info.data.borrow())?;
[INFO] [stdout]      |                              ^^^^^^^^^^^^^^^^^^^^^^^^
[INFO] [stdout] 
[INFO] [stdout] 
[INFO] [stdout] warning: use of deprecated function `solana_program::borsh::try_from_slice_unchecked`: Please use `borsh0_10::try_from_slice_unchecked` instead
[INFO] [stdout]     --> src/processor.rs:2665:30
[INFO] [stdout]      |
[INFO] [stdout] 2665 |         let mut stake_pool = try_from_slice_unchecked::<StakePool>(&stake_pool_info.data.borrow())?;
[INFO] [stdout]      |                              ^^^^^^^^^^^^^^^^^^^^^^^^
[INFO] [stdout] 
[INFO] [stdout] 
[INFO] [stdout] warning: use of deprecated function `solana_program::borsh::try_from_slice_unchecked`: Please use `borsh0_10::try_from_slice_unchecked` instead
[INFO] [stdout]     --> src/processor.rs:2690:30
[INFO] [stdout]      |
[INFO] [stdout] 2690 |         let mut stake_pool = try_from_slice_unchecked::<StakePool>(&stake_pool_info.data.borrow())?;
[INFO] [stdout]      |                              ^^^^^^^^^^^^^^^^^^^^^^^^
[INFO] [stdout] 
[INFO] [stdout] 
[INFO] [stdout] warning: use of deprecated function `solana_program::borsh::try_from_slice_unchecked`: Please use `borsh0_10::try_from_slice_unchecked` instead
[INFO] [stdout]     --> src/processor.rs:2721:30
[INFO] [stdout]      |
[INFO] [stdout] 2721 |         let mut stake_pool = try_from_slice_unchecked::<StakePool>(&stake_pool_info.data.borrow())?;
[INFO] [stdout]      |                              ^^^^^^^^^^^^^^^^^^^^^^^^
[INFO] [stdout] 
[INFO] [stdout] 
[INFO] [stdout] warning: use of deprecated function `solana_program::borsh::get_instance_packed_len`: Please use `borsh0_10::get_instance_packed_len` instead
[INFO] [stdout]   --> src/state.rs:14:16
[INFO] [stdout]    |
[INFO] [stdout] 14 |         borsh::get_instance_packed_len,
[INFO] [stdout]    |                ^^^^^^^^^^^^^^^^^^^^^^^
[INFO] [stdout] 
[INFO] [stdout] 
[INFO] [stdout] warning: use of deprecated function `solana_program::borsh::get_instance_packed_len`: Please use `borsh0_10::get_instance_packed_len` instead
[INFO] [stdout]    --> src/state.rs:689:22
[INFO] [stdout]     |
[INFO] [stdout] 689 |         let length = get_instance_packed_len(&header)?;
[INFO] [stdout]     |                      ^^^^^^^^^^^^^^^^^^^^^^^
[INFO] [stdout] 
[INFO] [stdout] 
[INFO] [stdout] error[E0277]: the trait bound `Lockup: BorshDeserialize` is not satisfied
[INFO] [stdout]   --> src/state.rs:45:44
[INFO] [stdout]    |
[INFO] [stdout] 45 | #[derive(Clone, Debug, Default, PartialEq, BorshDeserialize, BorshSerialize, BorshSchema)]
[INFO] [stdout]    |                                            ^^^^^^^^^^^^^^^^ the trait `BorshDeserialize` is not implemented for `Lockup`
[INFO] [stdout]    |
[INFO] [stdout]    = help: the following other types implement trait `BorshDeserialize`:
[INFO] [stdout]              bool
[INFO] [stdout]              i8
[INFO] [stdout]              i16
[INFO] [stdout]              i32
[INFO] [stdout]              i64
[INFO] [stdout]              i128
[INFO] [stdout]              usize
[INFO] [stdout]              u8
[INFO] [stdout]            and 111 others
[INFO] [stdout]    = help: see issue #48214
[INFO] [stdout]    = note: this error originates in the derive macro `BorshDeserialize` (in Nightly builds, run with -Z macro-backtrace for more info)
[INFO] [stdout] 
[INFO] [stdout] 
[INFO] [stdout] error[E0277]: the trait bound `Lockup: BorshSerialize` is not satisfied
[INFO] [stdout]   --> src/state.rs:45:62
[INFO] [stdout]    |
[INFO] [stdout] 45 | #[derive(Clone, Debug, Default, PartialEq, BorshDeserialize, BorshSerialize, BorshSchema)]
[INFO] [stdout]    |                                                              ^^^^^^^^^^^^^^ the trait `BorshSerialize` is not implemented for `Lockup`
[INFO] [stdout]    |
[INFO] [stdout]    = help: the following other types implement trait `BorshSerialize`:
[INFO] [stdout]              bool
[INFO] [stdout]              i8
[INFO] [stdout]              i16
[INFO] [stdout]              i32
[INFO] [stdout]              i64
[INFO] [stdout]              i128
[INFO] [stdout]              usize
[INFO] [stdout]              u8
[INFO] [stdout]            and 114 others
[INFO] [stdout]    = help: see issue #48214
[INFO] [stdout]    = note: this error originates in the derive macro `BorshSerialize` (in Nightly builds, run with -Z macro-backtrace for more info)
[INFO] [stdout] 
[INFO] [stdout] 
[INFO] [stdout] error[E0277]: the trait bound `Lockup: BorshSchema` is not satisfied
[INFO] [stdout]   --> src/state.rs:45:78
[INFO] [stdout]    |
[INFO] [stdout] 45 | #[derive(Clone, Debug, Default, PartialEq, BorshDeserialize, BorshSerialize, BorshSchema)]
[INFO] [stdout]    |                                                                              ^^^^^^^^^^^ the trait `BorshSchema` is not implemented for `Lockup`
[INFO] [stdout]    |
[INFO] [stdout]    = help: the following other types implement trait `BorshSchema`:
[INFO] [stdout]              bool
[INFO] [stdout]              char
[INFO] [stdout]              i8
[INFO] [stdout]              i16
[INFO] [stdout]              i32
[INFO] [stdout]              i64
[INFO] [stdout]              i128
[INFO] [stdout]              u8
[INFO] [stdout]            and 103 others
[INFO] [stdout]    = help: see issue #48214
[INFO] [stdout]    = note: this error originates in the derive macro `BorshSchema` (in Nightly builds, run with -Z macro-backtrace for more info)
[INFO] [stdout] 
[INFO] [stdout] 
[INFO] [stdout] error: aborting due to 3 previous errors; 56 warnings emitted
[INFO] [stdout] 
[INFO] [stdout] 
[INFO] [stdout] For more information about this error, try `rustc --explain E0277`.
[INFO] [stdout] 
[INFO] [stderr] error: could not compile `spl-stake-pool` (lib) due to 4 previous errors; 56 warnings emitted
[INFO] running `Command { std: "docker" "inspect" "b743b1017cbe9c5524cac5347a96e9f508a571ad1dfea8d68aeb55dd40c2e676", kill_on_drop: false }`
[INFO] running `Command { std: "docker" "rm" "-f" "b743b1017cbe9c5524cac5347a96e9f508a571ad1dfea8d68aeb55dd40c2e676", kill_on_drop: false }`
[INFO] [stdout] b743b1017cbe9c5524cac5347a96e9f508a571ad1dfea8d68aeb55dd40c2e676
