[INFO] fetching crate spl-record 0.1.0...
[INFO] testing spl-record-0.1.0 against 1.75.0 for beta-1.76-1
[INFO] extracting crate spl-record 0.1.0 into /workspace/builds/worker-2-tc1/source
[INFO] validating manifest of crates.io crate spl-record 0.1.0 on toolchain 1.75.0
[INFO] running `Command { std: CARGO_HOME="/workspace/cargo-home" RUSTUP_HOME="/workspace/rustup-home" "/workspace/cargo-home/bin/cargo" "+1.75.0" "metadata" "--manifest-path" "Cargo.toml" "--no-deps", kill_on_drop: false }`
[INFO] started tweaking crates.io crate spl-record 0.1.0
[INFO] finished tweaking crates.io crate spl-record 0.1.0
[INFO] tweaked toml for crates.io crate spl-record 0.1.0 written to /workspace/builds/worker-2-tc1/source/Cargo.toml
[INFO] running `Command { std: CARGO_HOME="/workspace/cargo-home" RUSTUP_HOME="/workspace/rustup-home" "/workspace/cargo-home/bin/cargo" "+1.75.0" "generate-lockfile" "--manifest-path" "Cargo.toml", kill_on_drop: false }`
[INFO] [stderr]     Updating crates.io index
[INFO] running `Command { std: CARGO_HOME="/workspace/cargo-home" RUSTUP_HOME="/workspace/rustup-home" "/workspace/cargo-home/bin/cargo" "+1.75.0" "fetch" "--manifest-path" "Cargo.toml", kill_on_drop: false }`
[INFO] [stderr]  Downloading crates ...
[INFO] [stderr]   Downloaded solana-vote v1.17.14
[INFO] [stderr]   Downloaded solana-program-runtime v1.17.14
[INFO] [stderr]   Downloaded solana-rpc-client-nonce-utils v1.17.14
[INFO] [stderr]   Downloaded spl-discriminator v0.1.0
[INFO] [stderr]   Downloaded solana-thin-client v1.17.14
[INFO] [stderr]   Downloaded solana-zk-token-proof-program v1.17.14
[INFO] [stderr]   Downloaded solana-rpc-client-api v1.17.14
[INFO] [stderr]   Downloaded solana-security-txt v1.1.1
[INFO] [stderr]   Downloaded spl-program-error-derive v0.3.1
[INFO] [stderr]   Downloaded solana-config-program v1.17.14
[INFO] [stderr]   Downloaded solana-version v1.17.14
[INFO] [stderr]   Downloaded solana-rayon-threadlimit v1.17.14
[INFO] [stderr]   Downloaded spl-program-error v0.3.0
[INFO] [stderr]   Downloaded solana-address-lookup-table-program v1.17.14
[INFO] [stderr]   Downloaded solana-account-decoder v1.17.14
[INFO] [stderr]   Downloaded solana-vote-program v1.17.14
[INFO] [stderr]   Downloaded spl-token v4.0.0
[INFO] [stderr]   Downloaded spl-token-2022 v1.0.0
[INFO] [stderr]   Downloaded solana-accounts-db v1.17.14
[INFO] [stderr]   Downloaded solana-zk-token-sdk v1.17.14
[INFO] [stderr]   Downloaded solana-runtime v1.17.14
[INFO] [stderr]   Downloaded solana-program-test v1.17.14
[INFO] [stderr]   Downloaded solana-bpf-loader-program v1.17.14
[INFO] [stderr]   Downloaded solana-transaction-status v1.17.14
[INFO] [stderr]   Downloaded solana-bucket-map v1.17.14
[INFO] [stderr]   Downloaded solana-client v1.17.14
[INFO] [stderr]   Downloaded solana-pubsub-client v1.17.14
[INFO] [stderr]   Downloaded solana-tpu-client v1.17.14
[INFO] [stderr]   Downloaded solana-net-utils v1.17.14
[INFO] [stderr]   Downloaded solana-streamer v1.17.14
[INFO] [stderr]   Downloaded solana-rpc-client v1.17.14
[INFO] [stderr]   Downloaded solana-metrics v1.17.14
[INFO] [stderr]   Downloaded solana-send-transaction-service v1.17.14
[INFO] [stderr]   Downloaded solana-cost-model v1.17.14
[INFO] [stderr]   Downloaded solana-loader-v4-program v1.17.14
[INFO] [stderr]   Downloaded solana-quic-client v1.17.14
[INFO] [stderr]   Downloaded solana-connection-cache v1.17.14
[INFO] [stderr]   Downloaded solana-compute-budget-program v1.17.14
[INFO] [stderr]   Downloaded solana-banks-client v1.17.14
[INFO] [stderr]   Downloaded solana-udp-client v1.17.14
[INFO] [stderr]   Downloaded spl-discriminator-syn v0.1.1
[INFO] [stderr]   Downloaded solana-banks-interface v1.17.14
[INFO] [stderr]   Downloaded solana-banks-server v1.17.14
[INFO] [stderr]   Downloaded solana-clap-utils v1.17.14
[INFO] [stderr]   Downloaded spl-associated-token-account v2.3.0
[INFO] [stderr]   Downloaded spl-memo v4.0.0
[INFO] [stderr]   Downloaded spl-token-group-interface v0.1.0
[INFO] [stderr]   Downloaded spl-token-metadata-interface v0.2.0
[INFO] [stderr]   Downloaded spl-tlv-account-resolution v0.5.0
[INFO] [stderr]   Downloaded spl-transfer-hook-interface v0.4.1
[INFO] [stderr]   Downloaded spl-discriminator-derive v0.1.1
[INFO] [stderr]   Downloaded spl-type-length-value v0.3.0
[INFO] [stderr]   Downloaded solana-perf v1.17.14
[INFO] [stderr]   Downloaded solana-measure v1.17.14
[INFO] [stderr]   Downloaded solana-stake-program v1.17.14
[INFO] [stderr]   Downloaded solana-remote-wallet v1.17.14
[INFO] [stderr]   Downloaded spl-pod v0.1.0
[INFO] [stderr]   Downloaded solana-system-program v1.17.14
[INFO] running `Command { std: "docker" "create" "-v" "/var/lib/crater-agent-workspace/builds/worker-2-tc1/target:/opt/rustwide/target:rw,Z" "-v" "/var/lib/crater-agent-workspace/builds/worker-2-tc1/source:/opt/rustwide/workdir:ro,Z" "-v" "/var/lib/crater-agent-workspace/cargo-home:/opt/rustwide/cargo-home:ro,Z" "-v" "/var/lib/crater-agent-workspace/rustup-home:/opt/rustwide/rustup-home:ro,Z" "-e" "SOURCE_DIR=/opt/rustwide/workdir" "-e" "CARGO_TARGET_DIR=/opt/rustwide/target" "-e" "CARGO_HOME=/opt/rustwide/cargo-home" "-e" "RUSTUP_HOME=/opt/rustwide/rustup-home" "-w" "/opt/rustwide/workdir" "-m" "1610612736" "--user" "0:0" "--network" "none" "ghcr.io/rust-lang/crates-build-env/linux@sha256:2788e3201cd34a07e3172128adcd8b3090168a8e3bcc40d7c032b9dda1df7d1c" "/opt/rustwide/cargo-home/bin/cargo" "+1.75.0" "metadata" "--no-deps" "--format-version=1", kill_on_drop: false }`
[INFO] [stdout] f5e104019e5e2256c6037d64995072741895e9de1a2e336ea5d62456326a51c3
[INFO] running `Command { std: "docker" "start" "-a" "f5e104019e5e2256c6037d64995072741895e9de1a2e336ea5d62456326a51c3", kill_on_drop: false }`
[INFO] running `Command { std: "docker" "inspect" "f5e104019e5e2256c6037d64995072741895e9de1a2e336ea5d62456326a51c3", kill_on_drop: false }`
[INFO] running `Command { std: "docker" "rm" "-f" "f5e104019e5e2256c6037d64995072741895e9de1a2e336ea5d62456326a51c3", kill_on_drop: false }`
[INFO] [stdout] f5e104019e5e2256c6037d64995072741895e9de1a2e336ea5d62456326a51c3
[INFO] running `Command { std: "docker" "create" "-v" "/var/lib/crater-agent-workspace/builds/worker-2-tc1/target:/opt/rustwide/target:rw,Z" "-v" "/var/lib/crater-agent-workspace/builds/worker-2-tc1/source:/opt/rustwide/workdir:ro,Z" "-v" "/var/lib/crater-agent-workspace/cargo-home:/opt/rustwide/cargo-home:ro,Z" "-v" "/var/lib/crater-agent-workspace/rustup-home:/opt/rustwide/rustup-home:ro,Z" "-e" "SOURCE_DIR=/opt/rustwide/workdir" "-e" "CARGO_TARGET_DIR=/opt/rustwide/target" "-e" "CARGO_INCREMENTAL=0" "-e" "RUST_BACKTRACE=full" "-e" "RUSTFLAGS=--cap-lints=warn" "-e" "RUSTDOCFLAGS=--cap-lints=warn" "-e" "CARGO_HOME=/opt/rustwide/cargo-home" "-e" "RUSTUP_HOME=/opt/rustwide/rustup-home" "-w" "/opt/rustwide/workdir" "-m" "1610612736" "--user" "0:0" "--network" "none" "ghcr.io/rust-lang/crates-build-env/linux@sha256:2788e3201cd34a07e3172128adcd8b3090168a8e3bcc40d7c032b9dda1df7d1c" "/opt/rustwide/cargo-home/bin/cargo" "+1.75.0" "build" "--frozen" "--message-format=json", kill_on_drop: false }`
[INFO] [stdout] 9de95b605a28405352eb991c87d1970e23fce5330dda74f094ce3ce1254192a9
[INFO] running `Command { std: "docker" "start" "-a" "9de95b605a28405352eb991c87d1970e23fce5330dda74f094ce3ce1254192a9", kill_on_drop: false }`
[INFO] [stderr]    Compiling subtle v2.4.1
[INFO] [stderr]    Compiling getrandom v0.2.11
[INFO] [stderr]    Compiling getrandom v0.1.16
[INFO] [stderr]    Compiling ark-ff-macros v0.4.2
[INFO] [stderr]    Compiling toml v0.5.11
[INFO] [stderr]    Compiling block-padding v0.2.1
[INFO] [stderr]    Compiling wasm-bindgen-backend v0.2.89
[INFO] [stderr]    Compiling blake3 v1.5.0
[INFO] [stderr]    Compiling digest v0.10.7
[INFO] [stderr]    Compiling rand_core v0.6.4
[INFO] [stderr]    Compiling ahash v0.8.7
[INFO] [stderr]    Compiling rand_chacha v0.3.1
[INFO] [stderr]    Compiling libsecp256k1-core v0.2.2
[INFO] [stderr]    Compiling rand v0.8.5
[INFO] [stderr]    Compiling rand_core v0.5.1
[INFO] [stderr]    Compiling hashbrown v0.13.2
[INFO] [stderr]    Compiling crypto-mac v0.8.0
[INFO] [stderr]    Compiling rand_chacha v0.2.2
[INFO] [stderr]    Compiling hmac v0.8.1
[INFO] [stderr]    Compiling block-buffer v0.9.0
[INFO] [stderr]    Compiling ark-std v0.4.0
[INFO] [stderr]    Compiling ark-serialize v0.4.2
[INFO] [stderr]    Compiling proc-macro-crate v0.1.5
[INFO] [stderr]    Compiling libsecp256k1-gen-ecmult v0.2.1
[INFO] [stderr]    Compiling libsecp256k1-gen-genmult v0.2.1
[INFO] [stderr]    Compiling sha2 v0.9.9
[INFO] [stderr]    Compiling wasm-bindgen-macro-support v0.2.89
[INFO] [stderr]    Compiling rand v0.7.3
[INFO] [stderr]    Compiling ark-ff v0.4.2
[INFO] [stderr]    Compiling libsecp256k1 v0.6.0
[INFO] [stderr]    Compiling rand_xoshiro v0.6.0
[INFO] [stderr]    Compiling ahash v0.7.7
[INFO] [stderr]    Compiling borsh-derive v0.9.3
[INFO] [stderr]    Compiling borsh-derive v0.10.3
[INFO] [stderr]    Compiling im v15.1.0
[INFO] [stderr]    Compiling hashbrown v0.11.2
[INFO] [stderr]    Compiling wasm-bindgen-macro v0.2.89
[INFO] [stderr]    Compiling hmac-drbg v0.3.0
[INFO] [stderr]    Compiling pbkdf2 v0.4.0
[INFO] [stderr]    Compiling sha2 v0.10.8
[INFO] [stderr]    Compiling solana-program v1.17.14
[INFO] [stderr]    Compiling sha3 v0.10.8
[INFO] [stderr]    Compiling tiny-bip39 v0.8.2
[INFO] [stderr]    Compiling borsh v0.10.3
[INFO] [stderr]    Compiling borsh v0.9.3
[INFO] [stderr]    Compiling curve25519-dalek v3.2.1
[INFO] [stderr]    Compiling wasm-bindgen v0.2.89
[INFO] [stderr]    Compiling bitflags v2.4.1
[INFO] [stderr]    Compiling solana-frozen-abi v1.17.14
[INFO] [stderr]    Compiling ark-poly v0.4.2
[INFO] [stderr]    Compiling ark-ec v0.4.2
[INFO] [stderr]    Compiling ark-bn254 v0.4.0
[INFO] [stderr]    Compiling light-poseidon v0.2.0
[INFO] [stderr]    Compiling spl-record v0.1.0 (/opt/rustwide/workdir)
[INFO] [stdout] error[E0277]: the trait bound `RecordInstruction: borsh::ser::BorshSerialize` is not satisfied
[INFO] [stdout]    --> src/instruction.rs:57:9
[INFO] [stdout]     |
[INFO] [stdout] 55  |     Instruction::new_with_borsh(
[INFO] [stdout]     |     --------------------------- required by a bound introduced by this call
[INFO] [stdout] 56  |         id(),
[INFO] [stdout] 57  |         &RecordInstruction::Initialize,
[INFO] [stdout]     |         ^^^^^^^^^^^^^^^^^^^^^^^^^^^^^^ the trait `borsh::ser::BorshSerialize` is not implemented for `RecordInstruction`
[INFO] [stdout]     |
[INFO] [stdout]     = help: the following other types implement trait `borsh::ser::BorshSerialize`:
[INFO] [stdout]               bool
[INFO] [stdout]               isize
[INFO] [stdout]               i8
[INFO] [stdout]               i16
[INFO] [stdout]               i32
[INFO] [stdout]               i64
[INFO] [stdout]               i128
[INFO] [stdout]               usize
[INFO] [stdout]             and 79 others
[INFO] [stdout] note: required by a bound in `Instruction::new_with_borsh`
[INFO] [stdout]    --> /opt/rustwide/cargo-home/registry/src/index.crates.io-6f17d22bba15001f/solana-program-1.17.14/src/instruction.rs:389:30
[INFO] [stdout]     |
[INFO] [stdout] 389 |     pub fn new_with_borsh<T: BorshSerialize>(
[INFO] [stdout]     |                              ^^^^^^^^^^^^^^ required by this bound in `Instruction::new_with_borsh`
[INFO] [stdout] 
[INFO] [stdout] 
[INFO] [stdout] error[E0277]: the trait bound `RecordInstruction: borsh::ser::BorshSerialize` is not satisfied
[INFO] [stdout]    --> src/instruction.rs:69:9
[INFO] [stdout]     |
[INFO] [stdout] 67  |     Instruction::new_with_borsh(
[INFO] [stdout]     |     --------------------------- required by a bound introduced by this call
[INFO] [stdout] 68  |         id(),
[INFO] [stdout] 69  |         &RecordInstruction::Write { offset, data },
[INFO] [stdout]     |         ^^^^^^^^^^^^^^^^^^^^^^^^^^^^^^^^^^^^^^^^^^ the trait `borsh::ser::BorshSerialize` is not implemented for `RecordInstruction`
[INFO] [stdout]     |
[INFO] [stdout]     = help: the following other types implement trait `borsh::ser::BorshSerialize`:
[INFO] [stdout]               bool
[INFO] [stdout]               isize
[INFO] [stdout]               i8
[INFO] [stdout]               i16
[INFO] [stdout]               i32
[INFO] [stdout]               i64
[INFO] [stdout]               i128
[INFO] [stdout]               usize
[INFO] [stdout]             and 79 others
[INFO] [stdout] note: required by a bound in `Instruction::new_with_borsh`
[INFO] [stdout]    --> /opt/rustwide/cargo-home/registry/src/index.crates.io-6f17d22bba15001f/solana-program-1.17.14/src/instruction.rs:389:30
[INFO] [stdout]     |
[INFO] [stdout] 389 |     pub fn new_with_borsh<T: BorshSerialize>(
[INFO] [stdout]     |                              ^^^^^^^^^^^^^^ required by this bound in `Instruction::new_with_borsh`
[INFO] [stdout] 
[INFO] [stdout] 
[INFO] [stdout] error[E0277]: the trait bound `RecordInstruction: borsh::ser::BorshSerialize` is not satisfied
[INFO] [stdout]    --> src/instruction.rs:85:9
[INFO] [stdout]     |
[INFO] [stdout] 83  |     Instruction::new_with_borsh(
[INFO] [stdout]     |     --------------------------- required by a bound introduced by this call
[INFO] [stdout] 84  |         id(),
[INFO] [stdout] 85  |         &RecordInstruction::SetAuthority,
[INFO] [stdout]     |         ^^^^^^^^^^^^^^^^^^^^^^^^^^^^^^^^ the trait `borsh::ser::BorshSerialize` is not implemented for `RecordInstruction`
[INFO] [stdout]     |
[INFO] [stdout]     = help: the following other types implement trait `borsh::ser::BorshSerialize`:
[INFO] [stdout]               bool
[INFO] [stdout]               isize
[INFO] [stdout]               i8
[INFO] [stdout]               i16
[INFO] [stdout]               i32
[INFO] [stdout]               i64
[INFO] [stdout]               i128
[INFO] [stdout]               usize
[INFO] [stdout]             and 79 others
[INFO] [stdout] note: required by a bound in `Instruction::new_with_borsh`
[INFO] [stdout]    --> /opt/rustwide/cargo-home/registry/src/index.crates.io-6f17d22bba15001f/solana-program-1.17.14/src/instruction.rs:389:30
[INFO] [stdout]     |
[INFO] [stdout] 389 |     pub fn new_with_borsh<T: BorshSerialize>(
[INFO] [stdout]     |                              ^^^^^^^^^^^^^^ required by this bound in `Instruction::new_with_borsh`
[INFO] [stdout] 
[INFO] [stdout] 
[INFO] [stdout] error[E0277]: the trait bound `RecordInstruction: borsh::ser::BorshSerialize` is not satisfied
[INFO] [stdout]    --> src/instruction.rs:98:9
[INFO] [stdout]     |
[INFO] [stdout] 96  |     Instruction::new_with_borsh(
[INFO] [stdout]     |     --------------------------- required by a bound introduced by this call
[INFO] [stdout] 97  |         id(),
[INFO] [stdout] 98  |         &RecordInstruction::CloseAccount,
[INFO] [stdout]     |         ^^^^^^^^^^^^^^^^^^^^^^^^^^^^^^^^ the trait `borsh::ser::BorshSerialize` is not implemented for `RecordInstruction`
[INFO] [stdout]     |
[INFO] [stdout]     = help: the following other types implement trait `borsh::ser::BorshSerialize`:
[INFO] [stdout]               bool
[INFO] [stdout]               isize
[INFO] [stdout]               i8
[INFO] [stdout]               i16
[INFO] [stdout]               i32
[INFO] [stdout]               i64
[INFO] [stdout]               i128
[INFO] [stdout]               usize
[INFO] [stdout]             and 79 others
[INFO] [stdout] note: required by a bound in `Instruction::new_with_borsh`
[INFO] [stdout]    --> /opt/rustwide/cargo-home/registry/src/index.crates.io-6f17d22bba15001f/solana-program-1.17.14/src/instruction.rs:389:30
[INFO] [stdout]     |
[INFO] [stdout] 389 |     pub fn new_with_borsh<T: BorshSerialize>(
[INFO] [stdout]     |                              ^^^^^^^^^^^^^^ required by this bound in `Instruction::new_with_borsh`
[INFO] [stdout] 
[INFO] [stdout] 
[INFO] [stdout] error: aborting due to 4 previous errors
[INFO] [stdout] 
[INFO] [stdout] 
[INFO] [stdout] For more information about this error, try `rustc --explain E0277`.
[INFO] [stdout] 
[INFO] [stderr] error: could not compile `spl-record` (lib) due to 5 previous errors
[INFO] running `Command { std: "docker" "inspect" "9de95b605a28405352eb991c87d1970e23fce5330dda74f094ce3ce1254192a9", kill_on_drop: false }`
[INFO] running `Command { std: "docker" "rm" "-f" "9de95b605a28405352eb991c87d1970e23fce5330dda74f094ce3ce1254192a9", kill_on_drop: false }`
[INFO] [stdout] 9de95b605a28405352eb991c87d1970e23fce5330dda74f094ce3ce1254192a9
[INFO] testing spl-record-0.1.0 against beta-2023-12-22 for beta-1.76-1
[INFO] extracting crate spl-record 0.1.0 into /workspace/builds/worker-2-tc2/source
[INFO] validating manifest of crates.io crate spl-record 0.1.0 on toolchain beta-2023-12-22
[INFO] running `Command { std: CARGO_HOME="/workspace/cargo-home" RUSTUP_HOME="/workspace/rustup-home" "/workspace/cargo-home/bin/cargo" "+beta-2023-12-22" "metadata" "--manifest-path" "Cargo.toml" "--no-deps", kill_on_drop: false }`
[INFO] started tweaking crates.io crate spl-record 0.1.0
[INFO] finished tweaking crates.io crate spl-record 0.1.0
[INFO] tweaked toml for crates.io crate spl-record 0.1.0 written to /workspace/builds/worker-2-tc2/source/Cargo.toml
[INFO] running `Command { std: CARGO_HOME="/workspace/cargo-home" RUSTUP_HOME="/workspace/rustup-home" "/workspace/cargo-home/bin/cargo" "+beta-2023-12-22" "generate-lockfile" "--manifest-path" "Cargo.toml", kill_on_drop: false }`
[INFO] [stderr]     Updating crates.io index
[INFO] running `Command { std: CARGO_HOME="/workspace/cargo-home" RUSTUP_HOME="/workspace/rustup-home" "/workspace/cargo-home/bin/cargo" "+beta-2023-12-22" "fetch" "--manifest-path" "Cargo.toml", kill_on_drop: false }`
[INFO] running `Command { std: "docker" "create" "-v" "/var/lib/crater-agent-workspace/builds/worker-2-tc2/target:/opt/rustwide/target:rw,Z" "-v" "/var/lib/crater-agent-workspace/builds/worker-2-tc2/source:/opt/rustwide/workdir:ro,Z" "-v" "/var/lib/crater-agent-workspace/cargo-home:/opt/rustwide/cargo-home:ro,Z" "-v" "/var/lib/crater-agent-workspace/rustup-home:/opt/rustwide/rustup-home:ro,Z" "-e" "SOURCE_DIR=/opt/rustwide/workdir" "-e" "CARGO_TARGET_DIR=/opt/rustwide/target" "-e" "CARGO_HOME=/opt/rustwide/cargo-home" "-e" "RUSTUP_HOME=/opt/rustwide/rustup-home" "-w" "/opt/rustwide/workdir" "-m" "1610612736" "--user" "0:0" "--network" "none" "ghcr.io/rust-lang/crates-build-env/linux@sha256:2788e3201cd34a07e3172128adcd8b3090168a8e3bcc40d7c032b9dda1df7d1c" "/opt/rustwide/cargo-home/bin/cargo" "+beta-2023-12-22" "metadata" "--no-deps" "--format-version=1", kill_on_drop: false }`
[INFO] [stdout] 22bc7595f8c284a5e3c3db6273f5f9b8b0eb6e453de01c1d65ac93e95d7d0e2e
[INFO] running `Command { std: "docker" "start" "-a" "22bc7595f8c284a5e3c3db6273f5f9b8b0eb6e453de01c1d65ac93e95d7d0e2e", kill_on_drop: false }`
[INFO] running `Command { std: "docker" "inspect" "22bc7595f8c284a5e3c3db6273f5f9b8b0eb6e453de01c1d65ac93e95d7d0e2e", kill_on_drop: false }`
[INFO] running `Command { std: "docker" "rm" "-f" "22bc7595f8c284a5e3c3db6273f5f9b8b0eb6e453de01c1d65ac93e95d7d0e2e", kill_on_drop: false }`
[INFO] [stdout] 22bc7595f8c284a5e3c3db6273f5f9b8b0eb6e453de01c1d65ac93e95d7d0e2e
[INFO] running `Command { std: "docker" "create" "-v" "/var/lib/crater-agent-workspace/builds/worker-2-tc2/target:/opt/rustwide/target:rw,Z" "-v" "/var/lib/crater-agent-workspace/builds/worker-2-tc2/source:/opt/rustwide/workdir:ro,Z" "-v" "/var/lib/crater-agent-workspace/cargo-home:/opt/rustwide/cargo-home:ro,Z" "-v" "/var/lib/crater-agent-workspace/rustup-home:/opt/rustwide/rustup-home:ro,Z" "-e" "SOURCE_DIR=/opt/rustwide/workdir" "-e" "CARGO_TARGET_DIR=/opt/rustwide/target" "-e" "CARGO_INCREMENTAL=0" "-e" "RUST_BACKTRACE=full" "-e" "RUSTFLAGS=--cap-lints=warn" "-e" "RUSTDOCFLAGS=--cap-lints=warn" "-e" "CARGO_HOME=/opt/rustwide/cargo-home" "-e" "RUSTUP_HOME=/opt/rustwide/rustup-home" "-w" "/opt/rustwide/workdir" "-m" "1610612736" "--user" "0:0" "--network" "none" "ghcr.io/rust-lang/crates-build-env/linux@sha256:2788e3201cd34a07e3172128adcd8b3090168a8e3bcc40d7c032b9dda1df7d1c" "/opt/rustwide/cargo-home/bin/cargo" "+beta-2023-12-22" "build" "--frozen" "--message-format=json", kill_on_drop: false }`
[INFO] [stdout] da6d6535e25c97601153ae32b12ea409225b47af2736329ff5fa60070edb1ab1
[INFO] running `Command { std: "docker" "start" "-a" "da6d6535e25c97601153ae32b12ea409225b47af2736329ff5fa60070edb1ab1", kill_on_drop: false }`
[INFO] [stderr]    Compiling subtle v2.4.1
[INFO] [stderr]    Compiling getrandom v0.2.11
[INFO] [stderr]    Compiling getrandom v0.1.16
[INFO] [stderr]    Compiling ark-ff-macros v0.4.2
[INFO] [stderr]    Compiling toml v0.5.11
[INFO] [stderr]    Compiling block-padding v0.2.1
[INFO] [stderr]    Compiling wasm-bindgen-backend v0.2.89
[INFO] [stderr]    Compiling blake3 v1.5.0
[INFO] [stderr]    Compiling digest v0.10.7
[INFO] [stderr]    Compiling libsecp256k1-core v0.2.2
[INFO] [stderr]    Compiling rand_core v0.6.4
[INFO] [stderr]    Compiling ahash v0.8.7
[INFO] [stderr]    Compiling rand_chacha v0.3.1
[INFO] [stderr]    Compiling rand_core v0.5.1
[INFO] [stderr]    Compiling hashbrown v0.13.2
[INFO] [stderr]    Compiling crypto-mac v0.8.0
[INFO] [stderr]    Compiling rand v0.8.5
[INFO] [stderr]    Compiling hmac v0.8.1
[INFO] [stderr]    Compiling libsecp256k1-gen-ecmult v0.2.1
[INFO] [stderr]    Compiling libsecp256k1-gen-genmult v0.2.1
[INFO] [stderr]    Compiling proc-macro-crate v0.1.5
[INFO] [stderr]    Compiling rand_chacha v0.2.2
[INFO] [stderr]    Compiling block-buffer v0.9.0
[INFO] [stderr]    Compiling sha2 v0.9.9
[INFO] [stderr]    Compiling libsecp256k1 v0.6.0
[INFO] [stderr]    Compiling rand v0.7.3
[INFO] [stderr]    Compiling wasm-bindgen-macro-support v0.2.89
[INFO] [stderr]    Compiling ark-std v0.4.0
[INFO] [stderr]    Compiling rand_xoshiro v0.6.0
[INFO] [stderr]    Compiling ark-serialize v0.4.2
[INFO] [stderr]    Compiling ahash v0.7.7
[INFO] [stderr]    Compiling borsh-derive v0.9.3
[INFO] [stderr]    Compiling borsh-derive v0.10.3
[INFO] [stderr]    Compiling ark-ff v0.4.2
[INFO] [stderr]    Compiling hashbrown v0.11.2
[INFO] [stderr]    Compiling im v15.1.0
[INFO] [stderr]    Compiling hmac-drbg v0.3.0
[INFO] [stderr]    Compiling pbkdf2 v0.4.0
[INFO] [stderr]    Compiling sha2 v0.10.8
[INFO] [stderr]    Compiling solana-program v1.17.14
[INFO] [stderr]    Compiling sha3 v0.10.8
[INFO] [stderr]    Compiling wasm-bindgen-macro v0.2.89
[INFO] [stderr]    Compiling tiny-bip39 v0.8.2
[INFO] [stderr]    Compiling borsh v0.10.3
[INFO] [stderr]    Compiling borsh v0.9.3
[INFO] [stderr]    Compiling curve25519-dalek v3.2.1
[INFO] [stderr]    Compiling wasm-bindgen v0.2.89
[INFO] [stderr]    Compiling bitflags v2.4.1
[INFO] [stderr]    Compiling solana-frozen-abi v1.17.14
[INFO] [stderr]    Compiling ark-poly v0.4.2
[INFO] [stderr]    Compiling ark-ec v0.4.2
[INFO] [stderr]    Compiling ark-bn254 v0.4.0
[INFO] [stderr]    Compiling light-poseidon v0.2.0
[INFO] [stderr]    Compiling spl-record v0.1.0 (/opt/rustwide/workdir)
[INFO] [stdout] error[E0277]: the trait bound `RecordInstruction: borsh::ser::BorshSerialize` is not satisfied
[INFO] [stdout]    --> src/instruction.rs:57:9
[INFO] [stdout]     |
[INFO] [stdout] 55  |     Instruction::new_with_borsh(
[INFO] [stdout]     |     --------------------------- required by a bound introduced by this call
[INFO] [stdout] 56  |         id(),
[INFO] [stdout] 57  |         &RecordInstruction::Initialize,
[INFO] [stdout]     |         ^^^^^^^^^^^^^^^^^^^^^^^^^^^^^^ the trait `borsh::ser::BorshSerialize` is not implemented for `RecordInstruction`
[INFO] [stdout]     |
[INFO] [stdout]     = help: the following other types implement trait `borsh::ser::BorshSerialize`:
[INFO] [stdout]               bool
[INFO] [stdout]               isize
[INFO] [stdout]               i8
[INFO] [stdout]               i16
[INFO] [stdout]               i32
[INFO] [stdout]               i64
[INFO] [stdout]               i128
[INFO] [stdout]               usize
[INFO] [stdout]             and 79 others
[INFO] [stdout] note: required by a bound in `Instruction::new_with_borsh`
[INFO] [stdout]    --> /opt/rustwide/cargo-home/registry/src/index.crates.io-6f17d22bba15001f/solana-program-1.17.14/src/instruction.rs:389:30
[INFO] [stdout]     |
[INFO] [stdout] 389 |     pub fn new_with_borsh<T: BorshSerialize>(
[INFO] [stdout]     |                              ^^^^^^^^^^^^^^ required by this bound in `Instruction::new_with_borsh`
[INFO] [stdout] 
[INFO] [stdout] 
[INFO] [stdout] error[E0277]: the trait bound `RecordInstruction: borsh::ser::BorshSerialize` is not satisfied
[INFO] [stdout]    --> src/instruction.rs:69:9
[INFO] [stdout]     |
[INFO] [stdout] 67  |     Instruction::new_with_borsh(
[INFO] [stdout]     |     --------------------------- required by a bound introduced by this call
[INFO] [stdout] 68  |         id(),
[INFO] [stdout] 69  |         &RecordInstruction::Write { offset, data },
[INFO] [stdout]     |         ^^^^^^^^^^^^^^^^^^^^^^^^^^^^^^^^^^^^^^^^^^ the trait `borsh::ser::BorshSerialize` is not implemented for `RecordInstruction`
[INFO] [stdout]     |
[INFO] [stdout]     = help: the following other types implement trait `borsh::ser::BorshSerialize`:
[INFO] [stdout]               bool
[INFO] [stdout]               isize
[INFO] [stdout]               i8
[INFO] [stdout]               i16
[INFO] [stdout]               i32
[INFO] [stdout]               i64
[INFO] [stdout]               i128
[INFO] [stdout]               usize
[INFO] [stdout]             and 79 others
[INFO] [stdout] note: required by a bound in `Instruction::new_with_borsh`
[INFO] [stdout]    --> /opt/rustwide/cargo-home/registry/src/index.crates.io-6f17d22bba15001f/solana-program-1.17.14/src/instruction.rs:389:30
[INFO] [stdout]     |
[INFO] [stdout] 389 |     pub fn new_with_borsh<T: BorshSerialize>(
[INFO] [stdout]     |                              ^^^^^^^^^^^^^^ required by this bound in `Instruction::new_with_borsh`
[INFO] [stdout] 
[INFO] [stdout] 
[INFO] [stdout] error[E0277]: the trait bound `RecordInstruction: borsh::ser::BorshSerialize` is not satisfied
[INFO] [stdout]    --> src/instruction.rs:85:9
[INFO] [stdout]     |
[INFO] [stdout] 83  |     Instruction::new_with_borsh(
[INFO] [stdout]     |     --------------------------- required by a bound introduced by this call
[INFO] [stdout] 84  |         id(),
[INFO] [stdout] 85  |         &RecordInstruction::SetAuthority,
[INFO] [stdout]     |         ^^^^^^^^^^^^^^^^^^^^^^^^^^^^^^^^ the trait `borsh::ser::BorshSerialize` is not implemented for `RecordInstruction`
[INFO] [stdout]     |
[INFO] [stdout]     = help: the following other types implement trait `borsh::ser::BorshSerialize`:
[INFO] [stdout]               bool
[INFO] [stdout]               isize
[INFO] [stdout]               i8
[INFO] [stdout]               i16
[INFO] [stdout]               i32
[INFO] [stdout]               i64
[INFO] [stdout]               i128
[INFO] [stdout]               usize
[INFO] [stdout]             and 79 others
[INFO] [stdout] note: required by a bound in `Instruction::new_with_borsh`
[INFO] [stdout]    --> /opt/rustwide/cargo-home/registry/src/index.crates.io-6f17d22bba15001f/solana-program-1.17.14/src/instruction.rs:389:30
[INFO] [stdout]     |
[INFO] [stdout] 389 |     pub fn new_with_borsh<T: BorshSerialize>(
[INFO] [stdout]     |                              ^^^^^^^^^^^^^^ required by this bound in `Instruction::new_with_borsh`
[INFO] [stdout] 
[INFO] [stdout] 
[INFO] [stdout] error[E0277]: the trait bound `RecordInstruction: borsh::ser::BorshSerialize` is not satisfied
[INFO] [stdout]    --> src/instruction.rs:98:9
[INFO] [stdout]     |
[INFO] [stdout] 96  |     Instruction::new_with_borsh(
[INFO] [stdout]     |     --------------------------- required by a bound introduced by this call
[INFO] [stdout] 97  |         id(),
[INFO] [stdout] 98  |         &RecordInstruction::CloseAccount,
[INFO] [stdout]     |         ^^^^^^^^^^^^^^^^^^^^^^^^^^^^^^^^ the trait `borsh::ser::BorshSerialize` is not implemented for `RecordInstruction`
[INFO] [stdout]     |
[INFO] [stdout]     = help: the following other types implement trait `borsh::ser::BorshSerialize`:
[INFO] [stdout]               bool
[INFO] [stdout]               isize
[INFO] [stdout]               i8
[INFO] [stdout]               i16
[INFO] [stdout]               i32
[INFO] [stdout]               i64
[INFO] [stdout]               i128
[INFO] [stdout]               usize
[INFO] [stdout]             and 79 others
[INFO] [stdout] note: required by a bound in `Instruction::new_with_borsh`
[INFO] [stdout]    --> /opt/rustwide/cargo-home/registry/src/index.crates.io-6f17d22bba15001f/solana-program-1.17.14/src/instruction.rs:389:30
[INFO] [stdout]     |
[INFO] [stdout] 389 |     pub fn new_with_borsh<T: BorshSerialize>(
[INFO] [stdout]     |                              ^^^^^^^^^^^^^^ required by this bound in `Instruction::new_with_borsh`
[INFO] [stdout] 
[INFO] [stdout] 
[INFO] [stdout] error: aborting due to 4 previous errors
[INFO] [stdout] 
[INFO] [stdout] 
[INFO] [stdout] For more information about this error, try `rustc --explain E0277`.
[INFO] [stdout] 
[INFO] [stderr] error: could not compile `spl-record` (lib) due to 5 previous errors
[INFO] running `Command { std: "docker" "inspect" "da6d6535e25c97601153ae32b12ea409225b47af2736329ff5fa60070edb1ab1", kill_on_drop: false }`
[INFO] running `Command { std: "docker" "rm" "-f" "da6d6535e25c97601153ae32b12ea409225b47af2736329ff5fa60070edb1ab1", kill_on_drop: false }`
[INFO] [stdout] da6d6535e25c97601153ae32b12ea409225b47af2736329ff5fa60070edb1ab1
