[INFO] fetching crate spl-governance-tools 0.1.3...
[INFO] testing spl-governance-tools-0.1.3 against 1.75.0 for beta-1.76-1
[INFO] extracting crate spl-governance-tools 0.1.3 into /workspace/builds/worker-4-tc1/source
[INFO] validating manifest of crates.io crate spl-governance-tools 0.1.3 on toolchain 1.75.0
[INFO] running `Command { std: CARGO_HOME="/workspace/cargo-home" RUSTUP_HOME="/workspace/rustup-home" "/workspace/cargo-home/bin/cargo" "+1.75.0" "metadata" "--manifest-path" "Cargo.toml" "--no-deps", kill_on_drop: false }`
[INFO] started tweaking crates.io crate spl-governance-tools 0.1.3
[INFO] finished tweaking crates.io crate spl-governance-tools 0.1.3
[INFO] tweaked toml for crates.io crate spl-governance-tools 0.1.3 written to /workspace/builds/worker-4-tc1/source/Cargo.toml
[INFO] running `Command { std: CARGO_HOME="/workspace/cargo-home" RUSTUP_HOME="/workspace/rustup-home" "/workspace/cargo-home/bin/cargo" "+1.75.0" "generate-lockfile" "--manifest-path" "Cargo.toml", kill_on_drop: false }`
[INFO] [stderr]     Blocking waiting for file lock on package cache
[INFO] [stderr]     Updating crates.io index
[INFO] running `Command { std: CARGO_HOME="/workspace/cargo-home" RUSTUP_HOME="/workspace/rustup-home" "/workspace/cargo-home/bin/cargo" "+1.75.0" "fetch" "--manifest-path" "Cargo.toml", kill_on_drop: false }`
[INFO] [stderr]     Blocking waiting for file lock on package cache
[INFO] running `Command { std: "docker" "create" "-v" "/var/lib/crater-agent-workspace/builds/worker-4-tc1/target:/opt/rustwide/target:rw,Z" "-v" "/var/lib/crater-agent-workspace/builds/worker-4-tc1/source:/opt/rustwide/workdir:ro,Z" "-v" "/var/lib/crater-agent-workspace/cargo-home:/opt/rustwide/cargo-home:ro,Z" "-v" "/var/lib/crater-agent-workspace/rustup-home:/opt/rustwide/rustup-home:ro,Z" "-e" "SOURCE_DIR=/opt/rustwide/workdir" "-e" "CARGO_TARGET_DIR=/opt/rustwide/target" "-e" "CARGO_HOME=/opt/rustwide/cargo-home" "-e" "RUSTUP_HOME=/opt/rustwide/rustup-home" "-w" "/opt/rustwide/workdir" "-m" "1610612736" "--user" "0:0" "--network" "none" "ghcr.io/rust-lang/crates-build-env/linux@sha256:2788e3201cd34a07e3172128adcd8b3090168a8e3bcc40d7c032b9dda1df7d1c" "/opt/rustwide/cargo-home/bin/cargo" "+1.75.0" "metadata" "--no-deps" "--format-version=1", kill_on_drop: false }`
[INFO] [stdout] 1e847137a7f3b19eb1ad3ae2e53c8c084c55831a856a7a6a3a55f24665d97287
[INFO] running `Command { std: "docker" "start" "-a" "1e847137a7f3b19eb1ad3ae2e53c8c084c55831a856a7a6a3a55f24665d97287", kill_on_drop: false }`
[INFO] running `Command { std: "docker" "inspect" "1e847137a7f3b19eb1ad3ae2e53c8c084c55831a856a7a6a3a55f24665d97287", kill_on_drop: false }`
[INFO] running `Command { std: "docker" "rm" "-f" "1e847137a7f3b19eb1ad3ae2e53c8c084c55831a856a7a6a3a55f24665d97287", kill_on_drop: false }`
[INFO] [stdout] 1e847137a7f3b19eb1ad3ae2e53c8c084c55831a856a7a6a3a55f24665d97287
[INFO] running `Command { std: "docker" "create" "-v" "/var/lib/crater-agent-workspace/builds/worker-4-tc1/target:/opt/rustwide/target:rw,Z" "-v" "/var/lib/crater-agent-workspace/builds/worker-4-tc1/source:/opt/rustwide/workdir:ro,Z" "-v" "/var/lib/crater-agent-workspace/cargo-home:/opt/rustwide/cargo-home:ro,Z" "-v" "/var/lib/crater-agent-workspace/rustup-home:/opt/rustwide/rustup-home:ro,Z" "-e" "SOURCE_DIR=/opt/rustwide/workdir" "-e" "CARGO_TARGET_DIR=/opt/rustwide/target" "-e" "CARGO_INCREMENTAL=0" "-e" "RUST_BACKTRACE=full" "-e" "RUSTFLAGS=--cap-lints=warn" "-e" "RUSTDOCFLAGS=--cap-lints=warn" "-e" "CARGO_HOME=/opt/rustwide/cargo-home" "-e" "RUSTUP_HOME=/opt/rustwide/rustup-home" "-w" "/opt/rustwide/workdir" "-m" "1610612736" "--user" "0:0" "--network" "none" "ghcr.io/rust-lang/crates-build-env/linux@sha256:2788e3201cd34a07e3172128adcd8b3090168a8e3bcc40d7c032b9dda1df7d1c" "/opt/rustwide/cargo-home/bin/cargo" "+1.75.0" "build" "--frozen" "--message-format=json", kill_on_drop: false }`
[INFO] [stdout] c3d25c59d0aea4f5d7b0ce92fcdf429bd5663840a6a741166fda5a53e982f238
[INFO] running `Command { std: "docker" "start" "-a" "c3d25c59d0aea4f5d7b0ce92fcdf429bd5663840a6a741166fda5a53e982f238", kill_on_drop: false }`
[INFO] [stderr]    Compiling proc-macro2 v1.0.75
[INFO] [stderr]    Compiling unicode-ident v1.0.12
[INFO] [stderr]    Compiling version_check v0.9.4
[INFO] [stderr]    Compiling typenum v1.17.0
[INFO] [stderr]    Compiling cfg-if v1.0.0
[INFO] [stderr]    Compiling serde v1.0.194
[INFO] [stderr]    Compiling libc v0.2.151
[INFO] [stderr]    Compiling autocfg v1.1.0
[INFO] [stderr]    Compiling syn v1.0.109
[INFO] [stderr]    Compiling once_cell v1.19.0
[INFO] [stderr]    Compiling subtle v2.5.0
[INFO] [stderr]    Compiling ppv-lite86 v0.2.17
[INFO] [stderr]    Compiling generic-array v0.14.7
[INFO] [stderr]    Compiling num-traits v0.2.17
[INFO] [stderr]    Compiling semver v1.0.21
[INFO] [stderr]    Compiling num-integer v0.1.45
[INFO] [stderr]    Compiling quote v1.0.35
[INFO] [stderr]    Compiling ahash v0.8.7
[INFO] [stderr]    Compiling syn v2.0.48
[INFO] [stderr]    Compiling either v1.9.0
[INFO] [stderr]    Compiling crunchy v0.2.2
[INFO] [stderr]    Compiling rustc_version v0.4.0
[INFO] [stderr]    Compiling num-bigint v0.4.4
[INFO] [stderr]    Compiling crossbeam-utils v0.8.18
[INFO] [stderr]    Compiling getrandom v0.2.11
[INFO] [stderr]    Compiling zerocopy v0.7.32
[INFO] [stderr]    Compiling getrandom v0.1.16
[INFO] [stderr]    Compiling rand_core v0.6.4
[INFO] [stderr]    Compiling jobserver v0.1.27
[INFO] [stderr]    Compiling rand_chacha v0.3.1
[INFO] [stderr]    Compiling rand v0.8.5
[INFO] [stderr]    Compiling paste v1.0.14
[INFO] [stderr]    Compiling digest v0.9.0
[INFO] [stderr]    Compiling ark-std v0.4.0
[INFO] [stderr]    Compiling cc v1.0.83
[INFO] [stderr]    Compiling wasm-bindgen-shared v0.2.89
[INFO] [stderr]    Compiling libsecp256k1-core v0.2.2
[INFO] [stderr]    Compiling crossbeam-epoch v0.9.17
[INFO] [stderr]    Compiling rand_core v0.5.1
[INFO] [stderr]    Compiling hashbrown v0.13.2
[INFO] [stderr]    Compiling itertools v0.10.5
[INFO] [stderr]    Compiling cpufeatures v0.2.12
[INFO] [stderr]    Compiling rayon-core v1.12.0
[INFO] [stderr]    Compiling thiserror v1.0.56
[INFO] [stderr]    Compiling crossbeam-deque v0.8.4
[INFO] [stderr]    Compiling ahash v0.7.7
[INFO] [stderr]    Compiling equivalent v1.0.1
[INFO] [stderr]    Compiling feature-probe v0.1.1
[INFO] [stderr]    Compiling log v0.4.20
[INFO] [stderr]    Compiling hashbrown v0.14.3
[INFO] [stderr]    Compiling bumpalo v3.14.0
[INFO] [stderr]    Compiling bv v0.11.1
[INFO] [stderr]    Compiling wasm-bindgen-backend v0.2.89
[INFO] [stderr]    Compiling blake3 v1.5.0
[INFO] [stderr]    Compiling indexmap v2.1.0
[INFO] [stderr]    Compiling toml v0.5.11
[INFO] [stderr]    Compiling rand_chacha v0.2.2
[INFO] [stderr]    Compiling libsecp256k1-gen-genmult v0.2.1
[INFO] [stderr]    Compiling libsecp256k1-gen-ecmult v0.2.1
[INFO] [stderr]    Compiling solana-frozen-abi-macro v1.17.14
[INFO] [stderr]    Compiling bitmaps v2.1.0
[INFO] [stderr]    Compiling im v15.1.0
[INFO] [stderr]    Compiling rustversion v1.0.14
[INFO] [stderr]    Compiling arrayref v0.3.7
[INFO] [stderr]    Compiling serde_json v1.0.111
[INFO] [stderr]    Compiling winnow v0.5.32
[INFO] [stderr]    Compiling anyhow v1.0.79
[INFO] [stderr]    Compiling opaque-debug v0.3.0
[INFO] [stderr]    Compiling toml_datetime v0.6.5
[INFO] [stderr]    Compiling proc-macro-crate v0.1.5
[INFO] [stderr]    Compiling tinyvec_macros v0.1.1
[INFO] [stderr]    Compiling tinyvec v1.6.0
[INFO] [stderr]    Compiling wasm-bindgen-macro-support v0.2.89
[INFO] [stderr]    Compiling sized-chunks v0.6.5
[INFO] [stderr]    Compiling libsecp256k1 v0.6.0
[INFO] [stderr]    Compiling serde_derive v1.0.194
[INFO] [stderr]    Compiling zeroize_derive v1.4.2
[INFO] [stderr]    Compiling thiserror-impl v1.0.56
[INFO] [stderr]    Compiling rand v0.7.3
[INFO] [stderr]    Compiling ark-serialize-derive v0.4.2
[INFO] [stderr]    Compiling ark-ff-macros v0.4.2
[INFO] [stderr]    Compiling ark-ff-asm v0.4.2
[INFO] [stderr]    Compiling derivative v2.2.0
[INFO] [stderr]    Compiling zeroize v1.3.0
[INFO] [stderr]    Compiling toml_edit v0.19.15
[INFO] [stderr]    Compiling rayon v1.8.0
[INFO] [stderr]    Compiling borsh-derive-internal v0.9.3
[INFO] [stderr]    Compiling borsh-schema-derive-internal v0.10.3
[INFO] [stderr]    Compiling borsh-schema-derive-internal v0.9.3
[INFO] [stderr]    Compiling borsh-derive-internal v0.10.3
[INFO] [stderr]    Compiling rand_xoshiro v0.6.0
[INFO] [stderr]    Compiling solana-frozen-abi v1.17.14
[INFO] [stderr]    Compiling memoffset v0.9.0
[INFO] [stderr]    Compiling arrayvec v0.7.4
[INFO] [stderr]    Compiling wasm-bindgen v0.2.89
[INFO] [stderr]    Compiling ryu v1.0.16
[INFO] [stderr]    Compiling constant_time_eq v0.3.0
[INFO] [stderr]    Compiling itoa v1.0.10
[INFO] [stderr]    Compiling bs58 v0.4.0
[INFO] [stderr]    Compiling byteorder v1.5.0
[INFO] [stderr]    Compiling borsh-derive v0.10.3
[INFO] [stderr]    Compiling borsh-derive v0.9.3
[INFO] [stderr]    Compiling proc-macro-crate v1.3.1
[INFO] [stderr]    Compiling hashbrown v0.11.2
[INFO] [stderr]    Compiling wasm-bindgen-macro v0.2.89
[INFO] [stderr]    Compiling unicode-normalization v0.1.22
[INFO] [stderr]    Compiling bytemuck_derive v1.5.0
[INFO] [stderr]    Compiling solana-program v1.17.14
[INFO] [stderr]    Compiling memmap2 v0.5.10
[INFO] [stderr]    Compiling lazy_static v1.4.0
[INFO] [stderr]    Compiling keccak v0.1.4
[INFO] [stderr]    Compiling rustc-hash v1.1.0
[INFO] [stderr]    Compiling base64 v0.12.3
[INFO] [stderr]    Compiling solana-sdk-macro v1.17.14
[INFO] [stderr]    Compiling num_enum_derive v0.5.11
[INFO] [stderr]    Compiling borsh v0.9.3
[INFO] [stderr]    Compiling borsh v0.10.3
[INFO] [stderr]    Compiling bytemuck v1.14.0
[INFO] [stderr]    Compiling num-derive v0.3.3
[INFO] [stderr]    Compiling base64 v0.21.5
[INFO] [stderr]    Compiling num_enum v0.5.11
[INFO] [stderr]    Compiling serde_bytes v0.11.14
[INFO] [stderr]    Compiling bitflags v2.4.1
[INFO] [stderr]    Compiling bincode v1.3.3
[INFO] [stderr]    Compiling crypto-common v0.1.6
[INFO] [stderr]    Compiling block-buffer v0.10.4
[INFO] [stderr]    Compiling crypto-mac v0.8.0
[INFO] [stderr]    Compiling block-buffer v0.9.0
[INFO] [stderr]    Compiling digest v0.10.7
[INFO] [stderr]    Compiling hmac v0.8.1
[INFO] [stderr]    Compiling sha2 v0.9.9
[INFO] [stderr]    Compiling hmac-drbg v0.3.0
[INFO] [stderr]    Compiling pbkdf2 v0.4.0
[INFO] [stderr]    Compiling curve25519-dalek v3.2.1
[INFO] [stderr]    Compiling tiny-bip39 v0.8.2
[INFO] [stderr]    Compiling ark-serialize v0.4.2
[INFO] [stderr]    Compiling sha2 v0.10.8
[INFO] [stderr]    Compiling ark-ff v0.4.2
[INFO] [stderr]    Compiling sha3 v0.10.8
[INFO] [stderr]    Compiling ark-poly v0.4.2
[INFO] [stderr]    Compiling ark-ec v0.4.2
[INFO] [stderr]    Compiling ark-bn254 v0.4.0
[INFO] [stderr]    Compiling light-poseidon v0.2.0
[INFO] [stderr]    Compiling spl-token v3.5.0
[INFO] [stderr]    Compiling spl-governance-tools v0.1.3 (/opt/rustwide/workdir)
[INFO] [stdout] warning: use of deprecated function `solana_program::borsh::try_from_slice_unchecked`: Please use `borsh0_10::try_from_slice_unchecked` instead
[INFO] [stdout]  --> src/account.rs:6:12
[INFO] [stdout]   |
[INFO] [stdout] 6 |     borsh::try_from_slice_unchecked,
[INFO] [stdout]   |            ^^^^^^^^^^^^^^^^^^^^^^^^
[INFO] [stdout]   |
[INFO] [stdout]   = note: `#[warn(deprecated)]` on by default
[INFO] [stdout] 
[INFO] [stdout] 
[INFO] [stdout] warning: use of deprecated function `solana_program::borsh::try_from_slice_unchecked`: Please use `borsh0_10::try_from_slice_unchecked` instead
[INFO] [stdout]    --> src/account.rs:222:22
[INFO] [stdout]     |
[INFO] [stdout] 222 |     let account: T = try_from_slice_unchecked(&account_info.data.borrow())?;
[INFO] [stdout]     |                      ^^^^^^^^^^^^^^^^^^^^^^^^
[INFO] [stdout] 
[INFO] [stdout] 
[INFO] [stdout] warning: use of deprecated function `solana_program::borsh::try_from_slice_unchecked`: Please use `borsh0_10::try_from_slice_unchecked` instead
[INFO] [stdout]    --> src/account.rs:243:27
[INFO] [stdout]     |
[INFO] [stdout] 243 |     let account_type: T = try_from_slice_unchecked(&account_info.data.borrow())?;
[INFO] [stdout]     |                           ^^^^^^^^^^^^^^^^^^^^^^^^
[INFO] [stdout] 
[INFO] [stdout] 
[INFO] [stdout] warning: use of deprecated function `solana_program::borsh::try_from_slice_unchecked`: Please use `borsh0_10::try_from_slice_unchecked` instead
[INFO] [stdout]    --> src/account.rs:272:27
[INFO] [stdout]     |
[INFO] [stdout] 272 |     let account_type: T = try_from_slice_unchecked(&account_info.data.borrow())?;
[INFO] [stdout]     |                           ^^^^^^^^^^^^^^^^^^^^^^^^
[INFO] [stdout] 
[INFO] [stdout] 
[INFO] [stdout] error[E0277]: the trait bound `T: borsh::de::BorshDeserialize` is not satisfied
[INFO] [stdout]    --> src/account.rs:222:22
[INFO] [stdout]     |
[INFO] [stdout] 222 |     let account: T = try_from_slice_unchecked(&account_info.data.borrow())?;
[INFO] [stdout]     |                      ^^^^^^^^^^^^^^^^^^^^^^^^ the trait `borsh::de::BorshDeserialize` is not implemented for `T`
[INFO] [stdout]     |
[INFO] [stdout] note: required by a bound in `solana_program::borsh::try_from_slice_unchecked`
[INFO] [stdout]    --> /opt/rustwide/cargo-home/registry/src/index.crates.io-6f17d22bba15001f/solana-program-1.17.14/src/borsh.rs:38:36
[INFO] [stdout]     |
[INFO] [stdout] 38  | pub fn try_from_slice_unchecked<T: BorshDeserialize>(data: &[u8]) -> Result<T, Error> {
[INFO] [stdout]     |                                    ^^^^^^^^^^^^^^^^ required by this bound in `try_from_slice_unchecked`
[INFO] [stdout] help: consider further restricting this bound
[INFO] [stdout]     |
[INFO] [stdout] 211 | pub fn get_account_data<T: BorshDeserialize + IsInitialized + borsh::de::BorshDeserialize>(
[INFO] [stdout]     |                                                             +++++++++++++++++++++++++++++
[INFO] [stdout] 
[INFO] [stdout] 
[INFO] [stdout] error[E0277]: the trait bound `T: borsh::de::BorshDeserialize` is not satisfied
[INFO] [stdout]    --> src/account.rs:243:27
[INFO] [stdout]     |
[INFO] [stdout] 243 |     let account_type: T = try_from_slice_unchecked(&account_info.data.borrow())?;
[INFO] [stdout]     |                           ^^^^^^^^^^^^^^^^^^^^^^^^ the trait `borsh::de::BorshDeserialize` is not implemented for `T`
[INFO] [stdout]     |
[INFO] [stdout] note: required by a bound in `solana_program::borsh::try_from_slice_unchecked`
[INFO] [stdout]    --> /opt/rustwide/cargo-home/registry/src/index.crates.io-6f17d22bba15001f/solana-program-1.17.14/src/borsh.rs:38:36
[INFO] [stdout]     |
[INFO] [stdout] 38  | pub fn try_from_slice_unchecked<T: BorshDeserialize>(data: &[u8]) -> Result<T, Error> {
[INFO] [stdout]     |                                    ^^^^^^^^^^^^^^^^ required by this bound in `try_from_slice_unchecked`
[INFO] [stdout] help: consider further restricting this bound
[INFO] [stdout]     |
[INFO] [stdout] 231 | pub fn get_account_type<T: BorshDeserialize + borsh::de::BorshDeserialize>(
[INFO] [stdout]     |                                             +++++++++++++++++++++++++++++
[INFO] [stdout] 
[INFO] [stdout] 
[INFO] [stdout] error[E0277]: the trait bound `T: borsh::de::BorshDeserialize` is not satisfied
[INFO] [stdout]    --> src/account.rs:272:27
[INFO] [stdout]     |
[INFO] [stdout] 272 |     let account_type: T = try_from_slice_unchecked(&account_info.data.borrow())?;
[INFO] [stdout]     |                           ^^^^^^^^^^^^^^^^^^^^^^^^ the trait `borsh::de::BorshDeserialize` is not implemented for `T`
[INFO] [stdout]     |
[INFO] [stdout] note: required by a bound in `solana_program::borsh::try_from_slice_unchecked`
[INFO] [stdout]    --> /opt/rustwide/cargo-home/registry/src/index.crates.io-6f17d22bba15001f/solana-program-1.17.14/src/borsh.rs:38:36
[INFO] [stdout]     |
[INFO] [stdout] 38  | pub fn try_from_slice_unchecked<T: BorshDeserialize>(data: &[u8]) -> Result<T, Error> {
[INFO] [stdout]     |                                    ^^^^^^^^^^^^^^^^ required by this bound in `try_from_slice_unchecked`
[INFO] [stdout] help: consider further restricting this bound
[INFO] [stdout]     |
[INFO] [stdout] 260 | pub fn assert_is_valid_account_of_types<T: BorshDeserialize + PartialEq + borsh::de::BorshDeserialize, F: Fn(&T) -> bool>(
[INFO] [stdout]     |                                                                         +++++++++++++++++++++++++++++
[INFO] [stdout] 
[INFO] [stdout] 
[INFO] [stdout] error: aborting due to 3 previous errors; 4 warnings emitted
[INFO] [stdout] 
[INFO] [stdout] 
[INFO] [stdout] For more information about this error, try `rustc --explain E0277`.
[INFO] [stdout] 
[INFO] [stderr] error: could not compile `spl-governance-tools` (lib) due to 4 previous errors; 4 warnings emitted
[INFO] running `Command { std: "docker" "inspect" "c3d25c59d0aea4f5d7b0ce92fcdf429bd5663840a6a741166fda5a53e982f238", kill_on_drop: false }`
[INFO] running `Command { std: "docker" "rm" "-f" "c3d25c59d0aea4f5d7b0ce92fcdf429bd5663840a6a741166fda5a53e982f238", kill_on_drop: false }`
[INFO] [stdout] c3d25c59d0aea4f5d7b0ce92fcdf429bd5663840a6a741166fda5a53e982f238
[INFO] testing spl-governance-tools-0.1.3 against beta-2023-12-22 for beta-1.76-1
[INFO] extracting crate spl-governance-tools 0.1.3 into /workspace/builds/worker-4-tc2/source
[INFO] validating manifest of crates.io crate spl-governance-tools 0.1.3 on toolchain beta-2023-12-22
[INFO] running `Command { std: CARGO_HOME="/workspace/cargo-home" RUSTUP_HOME="/workspace/rustup-home" "/workspace/cargo-home/bin/cargo" "+beta-2023-12-22" "metadata" "--manifest-path" "Cargo.toml" "--no-deps", kill_on_drop: false }`
[INFO] started tweaking crates.io crate spl-governance-tools 0.1.3
[INFO] finished tweaking crates.io crate spl-governance-tools 0.1.3
[INFO] tweaked toml for crates.io crate spl-governance-tools 0.1.3 written to /workspace/builds/worker-4-tc2/source/Cargo.toml
[INFO] running `Command { std: CARGO_HOME="/workspace/cargo-home" RUSTUP_HOME="/workspace/rustup-home" "/workspace/cargo-home/bin/cargo" "+beta-2023-12-22" "generate-lockfile" "--manifest-path" "Cargo.toml", kill_on_drop: false }`
[INFO] [stderr]     Updating crates.io index
[INFO] running `Command { std: CARGO_HOME="/workspace/cargo-home" RUSTUP_HOME="/workspace/rustup-home" "/workspace/cargo-home/bin/cargo" "+beta-2023-12-22" "fetch" "--manifest-path" "Cargo.toml", kill_on_drop: false }`
[INFO] running `Command { std: "docker" "create" "-v" "/var/lib/crater-agent-workspace/builds/worker-4-tc2/target:/opt/rustwide/target:rw,Z" "-v" "/var/lib/crater-agent-workspace/builds/worker-4-tc2/source:/opt/rustwide/workdir:ro,Z" "-v" "/var/lib/crater-agent-workspace/cargo-home:/opt/rustwide/cargo-home:ro,Z" "-v" "/var/lib/crater-agent-workspace/rustup-home:/opt/rustwide/rustup-home:ro,Z" "-e" "SOURCE_DIR=/opt/rustwide/workdir" "-e" "CARGO_TARGET_DIR=/opt/rustwide/target" "-e" "CARGO_HOME=/opt/rustwide/cargo-home" "-e" "RUSTUP_HOME=/opt/rustwide/rustup-home" "-w" "/opt/rustwide/workdir" "-m" "1610612736" "--user" "0:0" "--network" "none" "ghcr.io/rust-lang/crates-build-env/linux@sha256:2788e3201cd34a07e3172128adcd8b3090168a8e3bcc40d7c032b9dda1df7d1c" "/opt/rustwide/cargo-home/bin/cargo" "+beta-2023-12-22" "metadata" "--no-deps" "--format-version=1", kill_on_drop: false }`
[INFO] [stdout] 65a15828befb7a6429be0df14e38eff1cbd50c07d9c90a0218c833f4079bda2d
[INFO] running `Command { std: "docker" "start" "-a" "65a15828befb7a6429be0df14e38eff1cbd50c07d9c90a0218c833f4079bda2d", kill_on_drop: false }`
[INFO] running `Command { std: "docker" "inspect" "65a15828befb7a6429be0df14e38eff1cbd50c07d9c90a0218c833f4079bda2d", kill_on_drop: false }`
[INFO] running `Command { std: "docker" "rm" "-f" "65a15828befb7a6429be0df14e38eff1cbd50c07d9c90a0218c833f4079bda2d", kill_on_drop: false }`
[INFO] [stdout] 65a15828befb7a6429be0df14e38eff1cbd50c07d9c90a0218c833f4079bda2d
[INFO] running `Command { std: "docker" "create" "-v" "/var/lib/crater-agent-workspace/builds/worker-4-tc2/target:/opt/rustwide/target:rw,Z" "-v" "/var/lib/crater-agent-workspace/builds/worker-4-tc2/source:/opt/rustwide/workdir:ro,Z" "-v" "/var/lib/crater-agent-workspace/cargo-home:/opt/rustwide/cargo-home:ro,Z" "-v" "/var/lib/crater-agent-workspace/rustup-home:/opt/rustwide/rustup-home:ro,Z" "-e" "SOURCE_DIR=/opt/rustwide/workdir" "-e" "CARGO_TARGET_DIR=/opt/rustwide/target" "-e" "CARGO_INCREMENTAL=0" "-e" "RUST_BACKTRACE=full" "-e" "RUSTFLAGS=--cap-lints=warn" "-e" "RUSTDOCFLAGS=--cap-lints=warn" "-e" "CARGO_HOME=/opt/rustwide/cargo-home" "-e" "RUSTUP_HOME=/opt/rustwide/rustup-home" "-w" "/opt/rustwide/workdir" "-m" "1610612736" "--user" "0:0" "--network" "none" "ghcr.io/rust-lang/crates-build-env/linux@sha256:2788e3201cd34a07e3172128adcd8b3090168a8e3bcc40d7c032b9dda1df7d1c" "/opt/rustwide/cargo-home/bin/cargo" "+beta-2023-12-22" "build" "--frozen" "--message-format=json", kill_on_drop: false }`
[INFO] [stdout] 17b27c79ae90de05c9fcad172d37e95fcde82110e22b81d51199fcca7d82594a
[INFO] running `Command { std: "docker" "start" "-a" "17b27c79ae90de05c9fcad172d37e95fcde82110e22b81d51199fcca7d82594a", kill_on_drop: false }`
[INFO] [stderr]    Compiling proc-macro2 v1.0.75
[INFO] [stderr]    Compiling unicode-ident v1.0.12
[INFO] [stderr]    Compiling version_check v0.9.4
[INFO] [stderr]    Compiling typenum v1.17.0
[INFO] [stderr]    Compiling cfg-if v1.0.0
[INFO] [stderr]    Compiling serde v1.0.194
[INFO] [stderr]    Compiling libc v0.2.151
[INFO] [stderr]    Compiling autocfg v1.1.0
[INFO] [stderr]    Compiling syn v1.0.109
[INFO] [stderr]    Compiling subtle v2.5.0
[INFO] [stderr]    Compiling once_cell v1.19.0
[INFO] [stderr]    Compiling ppv-lite86 v0.2.17
[INFO] [stderr]    Compiling semver v1.0.21
[INFO] [stderr]    Compiling num-traits v0.2.17
[INFO] [stderr]    Compiling generic-array v0.14.7
[INFO] [stderr]    Compiling quote v1.0.35
[INFO] [stderr]    Compiling ahash v0.8.7
[INFO] [stderr]    Compiling num-integer v0.1.45
[INFO] [stderr]    Compiling syn v2.0.48
[INFO] [stderr]    Compiling crunchy v0.2.2
[INFO] [stderr]    Compiling either v1.9.0
[INFO] [stderr]    Compiling rustc_version v0.4.0
[INFO] [stderr]    Compiling num-bigint v0.4.4
[INFO] [stderr]    Compiling getrandom v0.2.11
[INFO] [stderr]    Compiling getrandom v0.1.16
[INFO] [stderr]    Compiling rand_core v0.6.4
[INFO] [stderr]    Compiling zerocopy v0.7.32
[INFO] [stderr]    Compiling crossbeam-utils v0.8.18
[INFO] [stderr]    Compiling rand_chacha v0.3.1
[INFO] [stderr]    Compiling rand v0.8.5
[INFO] [stderr]    Compiling jobserver v0.1.27
[INFO] [stderr]    Compiling paste v1.0.14
[INFO] [stderr]    Compiling digest v0.9.0
[INFO] [stderr]    Compiling cc v1.0.83
[INFO] [stderr]    Compiling ark-std v0.4.0
[INFO] [stderr]    Compiling wasm-bindgen-shared v0.2.89
[INFO] [stderr]    Compiling libsecp256k1-core v0.2.2
[INFO] [stderr]    Compiling rand_core v0.5.1
[INFO] [stderr]    Compiling crossbeam-epoch v0.9.17
[INFO] [stderr]    Compiling hashbrown v0.13.2
[INFO] [stderr]    Compiling itertools v0.10.5
[INFO] [stderr]    Compiling cpufeatures v0.2.12
[INFO] [stderr]    Compiling rayon-core v1.12.0
[INFO] [stderr]    Compiling thiserror v1.0.56
[INFO] [stderr]    Compiling crossbeam-deque v0.8.4
[INFO] [stderr]    Compiling ahash v0.7.7
[INFO] [stderr]    Compiling feature-probe v0.1.1
[INFO] [stderr]    Compiling log v0.4.20
[INFO] [stderr]    Compiling bumpalo v3.14.0
[INFO] [stderr]    Compiling hashbrown v0.14.3
[INFO] [stderr]    Compiling equivalent v1.0.1
[INFO] [stderr]    Compiling bv v0.11.1
[INFO] [stderr]    Compiling wasm-bindgen-backend v0.2.89
[INFO] [stderr]    Compiling blake3 v1.5.0
[INFO] [stderr]    Compiling toml v0.5.11
[INFO] [stderr]    Compiling indexmap v2.1.0
[INFO] [stderr]    Compiling libsecp256k1-gen-genmult v0.2.1
[INFO] [stderr]    Compiling libsecp256k1-gen-ecmult v0.2.1
[INFO] [stderr]    Compiling rand_chacha v0.2.2
[INFO] [stderr]    Compiling solana-frozen-abi-macro v1.17.14
[INFO] [stderr]    Compiling bitmaps v2.1.0
[INFO] [stderr]    Compiling im v15.1.0
[INFO] [stderr]    Compiling tinyvec_macros v0.1.1
[INFO] [stderr]    Compiling rustversion v1.0.14
[INFO] [stderr]    Compiling anyhow v1.0.79
[INFO] [stderr]    Compiling serde_json v1.0.111
[INFO] [stderr]    Compiling proc-macro-crate v0.1.5
[INFO] [stderr]    Compiling opaque-debug v0.3.0
[INFO] [stderr]    Compiling arrayref v0.3.7
[INFO] [stderr]    Compiling winnow v0.5.32
[INFO] [stderr]    Compiling toml_datetime v0.6.5
[INFO] [stderr]    Compiling sized-chunks v0.6.5
[INFO] [stderr]    Compiling serde_derive v1.0.194
[INFO] [stderr]    Compiling zeroize_derive v1.4.2
[INFO] [stderr]    Compiling thiserror-impl v1.0.56
[INFO] [stderr]    Compiling wasm-bindgen-macro-support v0.2.89
[INFO] [stderr]    Compiling tinyvec v1.6.0
[INFO] [stderr]    Compiling ark-serialize-derive v0.4.2
[INFO] [stderr]    Compiling derivative v2.2.0
[INFO] [stderr]    Compiling zeroize v1.3.0
[INFO] [stderr]    Compiling ark-ff-macros v0.4.2
[INFO] [stderr]    Compiling ark-ff-asm v0.4.2
[INFO] [stderr]    Compiling rand v0.7.3
[INFO] [stderr]    Compiling libsecp256k1 v0.6.0
[INFO] [stderr]    Compiling toml_edit v0.19.15
[INFO] [stderr]    Compiling rayon v1.8.0
[INFO] [stderr]    Compiling borsh-schema-derive-internal v0.9.3
[INFO] [stderr]    Compiling borsh-schema-derive-internal v0.10.3
[INFO] [stderr]    Compiling borsh-derive-internal v0.10.3
[INFO] [stderr]    Compiling borsh-derive-internal v0.9.3
[INFO] [stderr]    Compiling rand_xoshiro v0.6.0
[INFO] [stderr]    Compiling solana-frozen-abi v1.17.14
[INFO] [stderr]    Compiling memoffset v0.9.0
[INFO] [stderr]    Compiling arrayvec v0.7.4
[INFO] [stderr]    Compiling wasm-bindgen v0.2.89
[INFO] [stderr]    Compiling constant_time_eq v0.3.0
[INFO] [stderr]    Compiling bs58 v0.4.0
[INFO] [stderr]    Compiling ryu v1.0.16
[INFO] [stderr]    Compiling byteorder v1.5.0
[INFO] [stderr]    Compiling itoa v1.0.10
[INFO] [stderr]    Compiling borsh-derive v0.9.3
[INFO] [stderr]    Compiling borsh-derive v0.10.3
[INFO] [stderr]    Compiling proc-macro-crate v1.3.1
[INFO] [stderr]    Compiling hashbrown v0.11.2
[INFO] [stderr]    Compiling unicode-normalization v0.1.22
[INFO] [stderr]    Compiling wasm-bindgen-macro v0.2.89
[INFO] [stderr]    Compiling bytemuck_derive v1.5.0
[INFO] [stderr]    Compiling solana-program v1.17.14
[INFO] [stderr]    Compiling memmap2 v0.5.10
[INFO] [stderr]    Compiling keccak v0.1.4
[INFO] [stderr]    Compiling lazy_static v1.4.0
[INFO] [stderr]    Compiling rustc-hash v1.1.0
[INFO] [stderr]    Compiling base64 v0.12.3
[INFO] [stderr]    Compiling solana-sdk-macro v1.17.14
[INFO] [stderr]    Compiling num_enum_derive v0.5.11
[INFO] [stderr]    Compiling borsh v0.9.3
[INFO] [stderr]    Compiling borsh v0.10.3
[INFO] [stderr]    Compiling bytemuck v1.14.0
[INFO] [stderr]    Compiling num-derive v0.3.3
[INFO] [stderr]    Compiling base64 v0.21.5
[INFO] [stderr]    Compiling num_enum v0.5.11
[INFO] [stderr]    Compiling serde_bytes v0.11.14
[INFO] [stderr]    Compiling bincode v1.3.3
[INFO] [stderr]    Compiling bitflags v2.4.1
[INFO] [stderr]    Compiling crypto-common v0.1.6
[INFO] [stderr]    Compiling block-buffer v0.10.4
[INFO] [stderr]    Compiling crypto-mac v0.8.0
[INFO] [stderr]    Compiling block-buffer v0.9.0
[INFO] [stderr]    Compiling digest v0.10.7
[INFO] [stderr]    Compiling pbkdf2 v0.4.0
[INFO] [stderr]    Compiling hmac v0.8.1
[INFO] [stderr]    Compiling sha2 v0.9.9
[INFO] [stderr]    Compiling hmac-drbg v0.3.0
[INFO] [stderr]    Compiling curve25519-dalek v3.2.1
[INFO] [stderr]    Compiling ark-serialize v0.4.2
[INFO] [stderr]    Compiling sha2 v0.10.8
[INFO] [stderr]    Compiling ark-ff v0.4.2
[INFO] [stderr]    Compiling tiny-bip39 v0.8.2
[INFO] [stderr]    Compiling sha3 v0.10.8
[INFO] [stderr]    Compiling ark-poly v0.4.2
[INFO] [stderr]    Compiling ark-ec v0.4.2
[INFO] [stderr]    Compiling ark-bn254 v0.4.0
[INFO] [stderr]    Compiling light-poseidon v0.2.0
[INFO] [stderr]    Compiling spl-token v3.5.0
[INFO] [stderr]    Compiling spl-governance-tools v0.1.3 (/opt/rustwide/workdir)
[INFO] [stdout] warning: use of deprecated function `solana_program::borsh::try_from_slice_unchecked`: Please use `borsh0_10::try_from_slice_unchecked` instead
[INFO] [stdout]  --> src/account.rs:6:12
[INFO] [stdout]   |
[INFO] [stdout] 6 |     borsh::try_from_slice_unchecked,
[INFO] [stdout]   |            ^^^^^^^^^^^^^^^^^^^^^^^^
[INFO] [stdout]   |
[INFO] [stdout]   = note: `#[warn(deprecated)]` on by default
[INFO] [stdout] 
[INFO] [stdout] 
[INFO] [stdout] warning: use of deprecated function `solana_program::borsh::try_from_slice_unchecked`: Please use `borsh0_10::try_from_slice_unchecked` instead
[INFO] [stdout]    --> src/account.rs:222:22
[INFO] [stdout]     |
[INFO] [stdout] 222 |     let account: T = try_from_slice_unchecked(&account_info.data.borrow())?;
[INFO] [stdout]     |                      ^^^^^^^^^^^^^^^^^^^^^^^^
[INFO] [stdout] 
[INFO] [stdout] 
[INFO] [stdout] warning: use of deprecated function `solana_program::borsh::try_from_slice_unchecked`: Please use `borsh0_10::try_from_slice_unchecked` instead
[INFO] [stdout]    --> src/account.rs:243:27
[INFO] [stdout]     |
[INFO] [stdout] 243 |     let account_type: T = try_from_slice_unchecked(&account_info.data.borrow())?;
[INFO] [stdout]     |                           ^^^^^^^^^^^^^^^^^^^^^^^^
[INFO] [stdout] 
[INFO] [stdout] 
[INFO] [stdout] warning: use of deprecated function `solana_program::borsh::try_from_slice_unchecked`: Please use `borsh0_10::try_from_slice_unchecked` instead
[INFO] [stdout]    --> src/account.rs:272:27
[INFO] [stdout]     |
[INFO] [stdout] 272 |     let account_type: T = try_from_slice_unchecked(&account_info.data.borrow())?;
[INFO] [stdout]     |                           ^^^^^^^^^^^^^^^^^^^^^^^^
[INFO] [stdout] 
[INFO] [stdout] 
[INFO] [stdout] error[E0277]: the trait bound `T: borsh::de::BorshDeserialize` is not satisfied
[INFO] [stdout]    --> src/account.rs:222:22
[INFO] [stdout]     |
[INFO] [stdout] 222 |     let account: T = try_from_slice_unchecked(&account_info.data.borrow())?;
[INFO] [stdout]     |                      ^^^^^^^^^^^^^^^^^^^^^^^^ the trait `borsh::de::BorshDeserialize` is not implemented for `T`
[INFO] [stdout]     |
[INFO] [stdout] note: required by a bound in `solana_program::borsh::try_from_slice_unchecked`
[INFO] [stdout]    --> /opt/rustwide/cargo-home/registry/src/index.crates.io-6f17d22bba15001f/solana-program-1.17.14/src/borsh.rs:38:36
[INFO] [stdout]     |
[INFO] [stdout] 38  | pub fn try_from_slice_unchecked<T: BorshDeserialize>(data: &[u8]) -> Result<T, Error> {
[INFO] [stdout]     |                                    ^^^^^^^^^^^^^^^^ required by this bound in `try_from_slice_unchecked`
[INFO] [stdout] help: consider further restricting this bound
[INFO] [stdout]     |
[INFO] [stdout] 211 | pub fn get_account_data<T: BorshDeserialize + IsInitialized + borsh::de::BorshDeserialize>(
[INFO] [stdout]     |                                                             +++++++++++++++++++++++++++++
[INFO] [stdout] 
[INFO] [stdout] 
[INFO] [stdout] error[E0277]: the trait bound `T: borsh::de::BorshDeserialize` is not satisfied
[INFO] [stdout]    --> src/account.rs:243:27
[INFO] [stdout]     |
[INFO] [stdout] 243 |     let account_type: T = try_from_slice_unchecked(&account_info.data.borrow())?;
[INFO] [stdout]     |                           ^^^^^^^^^^^^^^^^^^^^^^^^ the trait `borsh::de::BorshDeserialize` is not implemented for `T`
[INFO] [stdout]     |
[INFO] [stdout] note: required by a bound in `solana_program::borsh::try_from_slice_unchecked`
[INFO] [stdout]    --> /opt/rustwide/cargo-home/registry/src/index.crates.io-6f17d22bba15001f/solana-program-1.17.14/src/borsh.rs:38:36
[INFO] [stdout]     |
[INFO] [stdout] 38  | pub fn try_from_slice_unchecked<T: BorshDeserialize>(data: &[u8]) -> Result<T, Error> {
[INFO] [stdout]     |                                    ^^^^^^^^^^^^^^^^ required by this bound in `try_from_slice_unchecked`
[INFO] [stdout] help: consider further restricting this bound
[INFO] [stdout]     |
[INFO] [stdout] 231 | pub fn get_account_type<T: BorshDeserialize + borsh::de::BorshDeserialize>(
[INFO] [stdout]     |                                             +++++++++++++++++++++++++++++
[INFO] [stdout] 
[INFO] [stdout] 
[INFO] [stdout] error[E0277]: the trait bound `T: borsh::de::BorshDeserialize` is not satisfied
[INFO] [stdout]    --> src/account.rs:272:27
[INFO] [stdout]     |
[INFO] [stdout] 272 |     let account_type: T = try_from_slice_unchecked(&account_info.data.borrow())?;
[INFO] [stdout]     |                           ^^^^^^^^^^^^^^^^^^^^^^^^ the trait `borsh::de::BorshDeserialize` is not implemented for `T`
[INFO] [stdout]     |
[INFO] [stdout] note: required by a bound in `solana_program::borsh::try_from_slice_unchecked`
[INFO] [stdout]    --> /opt/rustwide/cargo-home/registry/src/index.crates.io-6f17d22bba15001f/solana-program-1.17.14/src/borsh.rs:38:36
[INFO] [stdout]     |
[INFO] [stdout] 38  | pub fn try_from_slice_unchecked<T: BorshDeserialize>(data: &[u8]) -> Result<T, Error> {
[INFO] [stdout]     |                                    ^^^^^^^^^^^^^^^^ required by this bound in `try_from_slice_unchecked`
[INFO] [stdout] help: consider further restricting this bound
[INFO] [stdout]     |
[INFO] [stdout] 260 | pub fn assert_is_valid_account_of_types<T: BorshDeserialize + PartialEq + borsh::de::BorshDeserialize, F: Fn(&T) -> bool>(
[INFO] [stdout]     |                                                                         +++++++++++++++++++++++++++++
[INFO] [stdout] 
[INFO] [stdout] 
[INFO] [stdout] error: aborting due to 3 previous errors; 4 warnings emitted
[INFO] [stdout] 
[INFO] [stdout] 
[INFO] [stdout] For more information about this error, try `rustc --explain E0277`.
[INFO] [stdout] 
[INFO] [stderr] error: could not compile `spl-governance-tools` (lib) due to 4 previous errors; 4 warnings emitted
[INFO] running `Command { std: "docker" "inspect" "17b27c79ae90de05c9fcad172d37e95fcde82110e22b81d51199fcca7d82594a", kill_on_drop: false }`
[INFO] running `Command { std: "docker" "rm" "-f" "17b27c79ae90de05c9fcad172d37e95fcde82110e22b81d51199fcca7d82594a", kill_on_drop: false }`
[INFO] [stdout] 17b27c79ae90de05c9fcad172d37e95fcde82110e22b81d51199fcca7d82594a
