[INFO] fetching crate spike 0.0.2...
[INFO] testing spike-0.0.2 against 1.75.0 for beta-1.76-1
[INFO] extracting crate spike 0.0.2 into /workspace/builds/worker-2-tc1/source
[INFO] validating manifest of crates.io crate spike 0.0.2 on toolchain 1.75.0
[INFO] running `Command { std: CARGO_HOME="/workspace/cargo-home" RUSTUP_HOME="/workspace/rustup-home" "/workspace/cargo-home/bin/cargo" "+1.75.0" "metadata" "--manifest-path" "Cargo.toml" "--no-deps", kill_on_drop: false }`
[INFO] started tweaking crates.io crate spike 0.0.2
[INFO] finished tweaking crates.io crate spike 0.0.2
[INFO] tweaked toml for crates.io crate spike 0.0.2 written to /workspace/builds/worker-2-tc1/source/Cargo.toml
[INFO] crate crates.io crate spike 0.0.2 already has a lockfile, it will not be regenerated
[INFO] running `Command { std: CARGO_HOME="/workspace/cargo-home" RUSTUP_HOME="/workspace/rustup-home" "/workspace/cargo-home/bin/cargo" "+1.75.0" "fetch" "--manifest-path" "Cargo.toml", kill_on_drop: false }`
[INFO] [stderr]  Downloading crates ...
[INFO] [stderr]   Downloaded touche v0.0.9
[INFO] running `Command { std: "docker" "create" "-v" "/var/lib/crater-agent-workspace/builds/worker-2-tc1/target:/opt/rustwide/target:rw,Z" "-v" "/var/lib/crater-agent-workspace/builds/worker-2-tc1/source:/opt/rustwide/workdir:ro,Z" "-v" "/var/lib/crater-agent-workspace/cargo-home:/opt/rustwide/cargo-home:ro,Z" "-v" "/var/lib/crater-agent-workspace/rustup-home:/opt/rustwide/rustup-home:ro,Z" "-e" "SOURCE_DIR=/opt/rustwide/workdir" "-e" "CARGO_TARGET_DIR=/opt/rustwide/target" "-e" "CARGO_HOME=/opt/rustwide/cargo-home" "-e" "RUSTUP_HOME=/opt/rustwide/rustup-home" "-w" "/opt/rustwide/workdir" "-m" "1610612736" "--user" "0:0" "--network" "none" "ghcr.io/rust-lang/crates-build-env/linux@sha256:2788e3201cd34a07e3172128adcd8b3090168a8e3bcc40d7c032b9dda1df7d1c" "/opt/rustwide/cargo-home/bin/cargo" "+1.75.0" "metadata" "--no-deps" "--format-version=1", kill_on_drop: false }`
[INFO] [stdout] e7effafba2897fdcfe350c2246a171ce0d1583b9e08e1f9ebe00c6bfcea454c9
[INFO] running `Command { std: "docker" "start" "-a" "e7effafba2897fdcfe350c2246a171ce0d1583b9e08e1f9ebe00c6bfcea454c9", kill_on_drop: false }`
[INFO] running `Command { std: "docker" "inspect" "e7effafba2897fdcfe350c2246a171ce0d1583b9e08e1f9ebe00c6bfcea454c9", kill_on_drop: false }`
[INFO] running `Command { std: "docker" "rm" "-f" "e7effafba2897fdcfe350c2246a171ce0d1583b9e08e1f9ebe00c6bfcea454c9", kill_on_drop: false }`
[INFO] [stdout] e7effafba2897fdcfe350c2246a171ce0d1583b9e08e1f9ebe00c6bfcea454c9
[INFO] running `Command { std: "docker" "create" "-v" "/var/lib/crater-agent-workspace/builds/worker-2-tc1/target:/opt/rustwide/target:rw,Z" "-v" "/var/lib/crater-agent-workspace/builds/worker-2-tc1/source:/opt/rustwide/workdir:ro,Z" "-v" "/var/lib/crater-agent-workspace/cargo-home:/opt/rustwide/cargo-home:ro,Z" "-v" "/var/lib/crater-agent-workspace/rustup-home:/opt/rustwide/rustup-home:ro,Z" "-e" "SOURCE_DIR=/opt/rustwide/workdir" "-e" "CARGO_TARGET_DIR=/opt/rustwide/target" "-e" "CARGO_INCREMENTAL=0" "-e" "RUST_BACKTRACE=full" "-e" "RUSTFLAGS=--cap-lints=warn" "-e" "RUSTDOCFLAGS=--cap-lints=warn" "-e" "CARGO_HOME=/opt/rustwide/cargo-home" "-e" "RUSTUP_HOME=/opt/rustwide/rustup-home" "-w" "/opt/rustwide/workdir" "-m" "1610612736" "--user" "0:0" "--network" "none" "ghcr.io/rust-lang/crates-build-env/linux@sha256:2788e3201cd34a07e3172128adcd8b3090168a8e3bcc40d7c032b9dda1df7d1c" "/opt/rustwide/cargo-home/bin/cargo" "+1.75.0" "build" "--frozen" "--message-format=json", kill_on_drop: false }`
[INFO] [stdout] ecc3fce976993924bf7503ae97f4115fab8f55212886bf04fea4a52b6f743385
[INFO] running `Command { std: "docker" "start" "-a" "ecc3fce976993924bf7503ae97f4115fab8f55212886bf04fea4a52b6f743385", kill_on_drop: false }`
[INFO] [stderr]    Compiling proc-macro2 v1.0.66
[INFO] [stderr]    Compiling unicode-ident v1.0.11
[INFO] [stderr]    Compiling libc v0.2.147
[INFO] [stderr]    Compiling cpufeatures v0.2.9
[INFO] [stderr]    Compiling thiserror v1.0.47
[INFO] [stderr]    Compiling matchit v0.7.2
[INFO] [stderr]    Compiling http v0.2.9
[INFO] [stderr]    Compiling generic-array v0.14.7
[INFO] [stderr]    Compiling block-buffer v0.10.4
[INFO] [stderr]    Compiling crypto-common v0.1.6
[INFO] [stderr]    Compiling digest v0.10.7
[INFO] [stderr]    Compiling quote v1.0.33
[INFO] [stderr]    Compiling sha1 v0.10.5
[INFO] [stderr]    Compiling headers-core v0.2.0
[INFO] [stderr]    Compiling num_cpus v1.16.0
[INFO] [stderr]    Compiling syn v2.0.29
[INFO] [stderr]    Compiling headers v0.3.8
[INFO] [stderr]    Compiling threadpool v1.8.1
[INFO] [stderr]    Compiling thiserror-impl v1.0.47
[INFO] [stderr]    Compiling touche v0.0.9
[INFO] [stderr]    Compiling spike v0.0.2 (/opt/rustwide/workdir)
[INFO] [stderr]     Finished dev [unoptimized + debuginfo] target(s) in 6.83s
[INFO] running `Command { std: "docker" "inspect" "ecc3fce976993924bf7503ae97f4115fab8f55212886bf04fea4a52b6f743385", kill_on_drop: false }`
[INFO] running `Command { std: "docker" "rm" "-f" "ecc3fce976993924bf7503ae97f4115fab8f55212886bf04fea4a52b6f743385", kill_on_drop: false }`
[INFO] [stdout] ecc3fce976993924bf7503ae97f4115fab8f55212886bf04fea4a52b6f743385
[INFO] running `Command { std: "docker" "create" "-v" "/var/lib/crater-agent-workspace/builds/worker-2-tc1/target:/opt/rustwide/target:rw,Z" "-v" "/var/lib/crater-agent-workspace/builds/worker-2-tc1/source:/opt/rustwide/workdir:ro,Z" "-v" "/var/lib/crater-agent-workspace/cargo-home:/opt/rustwide/cargo-home:ro,Z" "-v" "/var/lib/crater-agent-workspace/rustup-home:/opt/rustwide/rustup-home:ro,Z" "-e" "SOURCE_DIR=/opt/rustwide/workdir" "-e" "CARGO_TARGET_DIR=/opt/rustwide/target" "-e" "CARGO_INCREMENTAL=0" "-e" "RUST_BACKTRACE=full" "-e" "RUSTFLAGS=--cap-lints=warn" "-e" "RUSTDOCFLAGS=--cap-lints=warn" "-e" "CARGO_HOME=/opt/rustwide/cargo-home" "-e" "RUSTUP_HOME=/opt/rustwide/rustup-home" "-w" "/opt/rustwide/workdir" "-m" "1610612736" "--user" "0:0" "--network" "none" "ghcr.io/rust-lang/crates-build-env/linux@sha256:2788e3201cd34a07e3172128adcd8b3090168a8e3bcc40d7c032b9dda1df7d1c" "/opt/rustwide/cargo-home/bin/cargo" "+1.75.0" "test" "--frozen" "--no-run" "--message-format=json", kill_on_drop: false }`
[INFO] [stdout] 75c165a8090ab2f000f7ce3e39cf961e798b0b543cdffade2776af57eedfd979
[INFO] running `Command { std: "docker" "start" "-a" "75c165a8090ab2f000f7ce3e39cf961e798b0b543cdffade2776af57eedfd979", kill_on_drop: false }`
[INFO] [stderr]    Compiling spike v0.0.2 (/opt/rustwide/workdir)
[INFO] [stdout] error[E0432]: unresolved import `serde_json`
[INFO] [stdout]  --> examples/json.rs:1:5
[INFO] [stdout]   |
[INFO] [stdout] 1 | use serde_json::Value;
[INFO] [stdout]   |     ^^^^^^^^^^ use of undeclared crate or module `serde_json`
[INFO] [stdout] 
[INFO] [stdout] 
[INFO] [stdout] error[E0432]: unresolved import `spike::json`
[INFO] [stdout]  --> examples/json.rs:2:31
[INFO] [stdout]   |
[INFO] [stdout] 2 | use spike::{http::StatusCode, json::Json, response::IntoResponse, routing::post, Router, Server};
[INFO] [stdout]   |                               ^^^^ could not find `json` in `spike`
[INFO] [stdout] 
[INFO] [stdout] 
[INFO] [stdout] error[E0277]: the trait bound `fn({type error}) -> impl IntoResponse {echo}: spike::handler::Handler<_>` is not satisfied
[INFO] [stdout]    --> examples/json.rs:5:52
[INFO] [stdout]     |
[INFO] [stdout] 5   |     let router = Router::new().route("/json", post(echo));
[INFO] [stdout]     |                                               ---- ^^^^ the trait `spike::handler::Handler<_>` is not implemented for fn item `fn({type error}) -> impl IntoResponse {echo}`
[INFO] [stdout]     |                                               |
[INFO] [stdout]     |                                               required by a bound introduced by this call
[INFO] [stdout]     |
[INFO] [stdout] note: required by a bound in `post`
[INFO] [stdout]    --> /opt/rustwide/workdir/src/routing.rs:112:1
[INFO] [stdout]     |
[INFO] [stdout] 112 | impl_router_methods!(get, post, put, patch, delete, head, options, trace, connect);
[INFO] [stdout]     | ^^^^^^^^^^^^^^^^^^^^^^^^^^----^^^^^^^^^^^^^^^^^^^^^^^^^^^^^^^^^^^^^^^^^^^^^^^^^^^^
[INFO] [stdout]     | |                         |
[INFO] [stdout]     | |                         required by a bound in this function
[INFO] [stdout]     | required by this bound in `post`
[INFO] [stdout]     = note: this error originates in the macro `impl_router_methods` (in Nightly builds, run with -Z macro-backtrace for more info)
[INFO] [stdout] 
[INFO] [stdout] 
[INFO] [stdout] error: aborting due to 3 previous errors
[INFO] [stdout] 
[INFO] [stdout] 
[INFO] [stdout] Some errors have detailed explanations: E0277, E0432.
[INFO] [stdout] 
[INFO] [stdout] For more information about an error, try `rustc --explain E0277`.
[INFO] [stdout] 
[INFO] [stderr] error: could not compile `spike` (example "json") due to 4 previous errors
[INFO] [stderr] warning: build failed, waiting for other jobs to finish...
[INFO] running `Command { std: "docker" "inspect" "75c165a8090ab2f000f7ce3e39cf961e798b0b543cdffade2776af57eedfd979", kill_on_drop: false }`
[INFO] running `Command { std: "docker" "rm" "-f" "75c165a8090ab2f000f7ce3e39cf961e798b0b543cdffade2776af57eedfd979", kill_on_drop: false }`
[INFO] [stdout] 75c165a8090ab2f000f7ce3e39cf961e798b0b543cdffade2776af57eedfd979
