[INFO] fetching crate speedrun-api 1.3.0...
[INFO] testing speedrun-api-1.3.0 against 1.75.0 for beta-1.76-1
[INFO] extracting crate speedrun-api 1.3.0 into /workspace/builds/worker-4-tc1/source
[INFO] validating manifest of crates.io crate speedrun-api 1.3.0 on toolchain 1.75.0
[INFO] running `Command { std: CARGO_HOME="/workspace/cargo-home" RUSTUP_HOME="/workspace/rustup-home" "/workspace/cargo-home/bin/cargo" "+1.75.0" "metadata" "--manifest-path" "Cargo.toml" "--no-deps", kill_on_drop: false }`
[INFO] started tweaking crates.io crate speedrun-api 1.3.0
[INFO] finished tweaking crates.io crate speedrun-api 1.3.0
[INFO] tweaked toml for crates.io crate speedrun-api 1.3.0 written to /workspace/builds/worker-4-tc1/source/Cargo.toml
[INFO] crate crates.io crate speedrun-api 1.3.0 already has a lockfile, it will not be regenerated
[INFO] running `Command { std: CARGO_HOME="/workspace/cargo-home" RUSTUP_HOME="/workspace/rustup-home" "/workspace/cargo-home/bin/cargo" "+1.75.0" "fetch" "--manifest-path" "Cargo.toml", kill_on_drop: false }`
[INFO] [stderr]  Downloading crates ...
[INFO] [stderr]   Downloaded darling_core v0.14.2
[INFO] [stderr]   Downloaded darling_macro v0.14.2
[INFO] [stderr]   Downloaded darling v0.14.2
[INFO] running `Command { std: "docker" "create" "-v" "/var/lib/crater-agent-workspace/builds/worker-4-tc1/target:/opt/rustwide/target:rw,Z" "-v" "/var/lib/crater-agent-workspace/builds/worker-4-tc1/source:/opt/rustwide/workdir:ro,Z" "-v" "/var/lib/crater-agent-workspace/cargo-home:/opt/rustwide/cargo-home:ro,Z" "-v" "/var/lib/crater-agent-workspace/rustup-home:/opt/rustwide/rustup-home:ro,Z" "-e" "SOURCE_DIR=/opt/rustwide/workdir" "-e" "CARGO_TARGET_DIR=/opt/rustwide/target" "-e" "CARGO_HOME=/opt/rustwide/cargo-home" "-e" "RUSTUP_HOME=/opt/rustwide/rustup-home" "-w" "/opt/rustwide/workdir" "-m" "1610612736" "--user" "0:0" "--network" "none" "ghcr.io/rust-lang/crates-build-env/linux@sha256:2788e3201cd34a07e3172128adcd8b3090168a8e3bcc40d7c032b9dda1df7d1c" "/opt/rustwide/cargo-home/bin/cargo" "+1.75.0" "metadata" "--no-deps" "--format-version=1", kill_on_drop: false }`
[INFO] [stdout] 0454e014960c873aa479f62fd1512058727aef54947572f89178e8c49416e71d
[INFO] running `Command { std: "docker" "start" "-a" "0454e014960c873aa479f62fd1512058727aef54947572f89178e8c49416e71d", kill_on_drop: false }`
[INFO] running `Command { std: "docker" "inspect" "0454e014960c873aa479f62fd1512058727aef54947572f89178e8c49416e71d", kill_on_drop: false }`
[INFO] running `Command { std: "docker" "rm" "-f" "0454e014960c873aa479f62fd1512058727aef54947572f89178e8c49416e71d", kill_on_drop: false }`
[INFO] [stdout] 0454e014960c873aa479f62fd1512058727aef54947572f89178e8c49416e71d
[INFO] running `Command { std: "docker" "create" "-v" "/var/lib/crater-agent-workspace/builds/worker-4-tc1/target:/opt/rustwide/target:rw,Z" "-v" "/var/lib/crater-agent-workspace/builds/worker-4-tc1/source:/opt/rustwide/workdir:ro,Z" "-v" "/var/lib/crater-agent-workspace/cargo-home:/opt/rustwide/cargo-home:ro,Z" "-v" "/var/lib/crater-agent-workspace/rustup-home:/opt/rustwide/rustup-home:ro,Z" "-e" "SOURCE_DIR=/opt/rustwide/workdir" "-e" "CARGO_TARGET_DIR=/opt/rustwide/target" "-e" "CARGO_INCREMENTAL=0" "-e" "RUST_BACKTRACE=full" "-e" "RUSTFLAGS=--cap-lints=warn" "-e" "RUSTDOCFLAGS=--cap-lints=warn" "-e" "CARGO_HOME=/opt/rustwide/cargo-home" "-e" "RUSTUP_HOME=/opt/rustwide/rustup-home" "-w" "/opt/rustwide/workdir" "-m" "1610612736" "--user" "0:0" "--network" "none" "ghcr.io/rust-lang/crates-build-env/linux@sha256:2788e3201cd34a07e3172128adcd8b3090168a8e3bcc40d7c032b9dda1df7d1c" "/opt/rustwide/cargo-home/bin/cargo" "+1.75.0" "build" "--frozen" "--message-format=json", kill_on_drop: false }`
[INFO] [stdout] 59fe3f44abb55399996025283b04a446d69efc82b9a12a412d348172ab96b175
[INFO] running `Command { std: "docker" "start" "-a" "59fe3f44abb55399996025283b04a446d69efc82b9a12a412d348172ab96b175", kill_on_drop: false }`
[INFO] [stderr]    Compiling proc-macro2 v1.0.46
[INFO] [stderr]    Compiling quote v1.0.21
[INFO] [stderr]    Compiling unicode-ident v1.0.4
[INFO] [stderr]    Compiling syn v1.0.101
[INFO] [stderr]    Compiling autocfg v1.1.0
[INFO] [stderr]    Compiling libc v0.2.134
[INFO] [stderr]    Compiling fnv v1.0.7
[INFO] [stderr]    Compiling memchr v2.5.0
[INFO] [stderr]    Compiling pin-project-lite v0.2.9
[INFO] [stderr]    Compiling log v0.4.17
[INFO] [stderr]    Compiling futures-core v0.3.24
[INFO] [stderr]    Compiling pkg-config v0.3.25
[INFO] [stderr]    Compiling cc v1.0.73
[INFO] [stderr]    Compiling once_cell v1.15.0
[INFO] [stderr]    Compiling parking_lot_core v0.9.3
[INFO] [stderr]    Compiling futures-sink v0.3.24
[INFO] [stderr]    Compiling bytes v1.2.1
[INFO] [stderr]    Compiling futures-channel v0.3.24
[INFO] [stderr]    Compiling smallvec v1.9.0
[INFO] [stderr]    Compiling futures-task v0.3.24
[INFO] [stderr]    Compiling scopeguard v1.1.0
[INFO] [stderr]    Compiling itoa v1.0.3
[INFO] [stderr]    Compiling futures-util v0.3.24
[INFO] [stderr]    Compiling futures-io v0.3.24
[INFO] [stderr]    Compiling serde_derive v1.0.145
[INFO] [stderr]    Compiling tracing-core v0.1.29
[INFO] [stderr]    Compiling serde v1.0.145
[INFO] [stderr]    Compiling lock_api v0.4.9
[INFO] [stderr]    Compiling slab v0.4.7
[INFO] [stderr]    Compiling tokio v1.21.2
[INFO] [stderr]    Compiling indexmap v1.9.1
[INFO] [stderr]    Compiling openssl v0.10.42
[INFO] [stderr]    Compiling ident_case v1.0.1
[INFO] [stderr]    Compiling foreign-types-shared v0.1.1
[INFO] [stderr]    Compiling strsim v0.10.0
[INFO] [stderr]    Compiling foreign-types v0.3.2
[INFO] [stderr]    Compiling http v0.2.8
[INFO] [stderr]    Compiling hashbrown v0.12.3
[INFO] [stderr]    Compiling native-tls v0.2.10
[INFO] [stderr]    Compiling tinyvec_macros v0.1.0
[INFO] [stderr]    Compiling httparse v1.8.0
[INFO] [stderr]    Compiling try-lock v0.2.3
[INFO] [stderr]    Compiling percent-encoding v2.2.0
[INFO] [stderr]    Compiling tinyvec v1.6.0
[INFO] [stderr]    Compiling openssl-probe v0.1.5
[INFO] [stderr]    Compiling tracing v0.1.36
[INFO] [stderr]    Compiling form_urlencoded v1.1.0
[INFO] [stderr]    Compiling want v0.3.0
[INFO] [stderr]    Compiling httpdate v1.0.2
[INFO] [stderr]    Compiling unicode-bidi v0.3.8
[INFO] [stderr]    Compiling serde_json v1.0.85
[INFO] [stderr]    Compiling ryu v1.0.11
[INFO] [stderr]    Compiling encoding_rs v0.8.31
[INFO] [stderr]    Compiling tower-service v0.3.2
[INFO] [stderr]    Compiling thiserror v1.0.37
[INFO] [stderr]    Compiling async-trait v0.1.57
[INFO] [stderr]    Compiling base64 v0.13.0
[INFO] [stderr]    Compiling openssl-sys v0.9.80
[INFO] [stderr]    Compiling mime v0.3.16
[INFO] [stderr]    Compiling ipnet v2.5.0
[INFO] [stderr]    Compiling unicode-normalization v0.1.22
[INFO] [stderr]    Compiling http-body v0.4.5
[INFO] [stderr]    Compiling num_cpus v1.13.1
[INFO] [stderr]    Compiling signal-hook-registry v1.4.0
[INFO] [stderr]    Compiling mio v0.8.4
[INFO] [stderr]    Compiling socket2 v0.4.7
[INFO] [stderr]    Compiling parking_lot v0.12.1
[INFO] [stderr]    Compiling idna v0.3.0
[INFO] [stderr]    Compiling darling_core v0.14.2
[INFO] [stderr]    Compiling tokio-macros v1.8.0
[INFO] [stderr]    Compiling futures-macro v0.3.24
[INFO] [stderr]    Compiling openssl-macros v0.1.0
[INFO] [stderr]    Compiling thiserror-impl v1.0.37
[INFO] [stderr]    Compiling darling_macro v0.14.2
[INFO] [stderr]    Compiling darling v0.14.2
[INFO] [stderr]    Compiling derive_builder_core v0.12.0
[INFO] [stderr]    Compiling derive_builder_macro v0.12.0
[INFO] [stderr]    Compiling derive_builder v0.12.0
[INFO] [stderr]    Compiling futures-executor v0.3.24
[INFO] [stderr]    Compiling futures v0.3.24
[INFO] [stderr]    Compiling tokio-util v0.7.4
[INFO] [stderr]    Compiling tokio-native-tls v0.3.0
[INFO] [stderr]    Compiling h2 v0.3.14
[INFO] [stderr]    Compiling url v2.3.1
[INFO] [stderr]    Compiling serde_urlencoded v0.7.1
[INFO] [stderr]    Compiling hyper v0.14.20
[INFO] [stderr]    Compiling hyper-tls v0.5.0
[INFO] [stderr]    Compiling reqwest v0.11.12
[INFO] [stderr]    Compiling speedrun-api v1.3.0 (/opt/rustwide/workdir)
[INFO] [stderr]     Finished dev [unoptimized + debuginfo] target(s) in 18.31s
[INFO] running `Command { std: "docker" "inspect" "59fe3f44abb55399996025283b04a446d69efc82b9a12a412d348172ab96b175", kill_on_drop: false }`
[INFO] running `Command { std: "docker" "rm" "-f" "59fe3f44abb55399996025283b04a446d69efc82b9a12a412d348172ab96b175", kill_on_drop: false }`
[INFO] [stdout] 59fe3f44abb55399996025283b04a446d69efc82b9a12a412d348172ab96b175
[INFO] running `Command { std: "docker" "create" "-v" "/var/lib/crater-agent-workspace/builds/worker-4-tc1/target:/opt/rustwide/target:rw,Z" "-v" "/var/lib/crater-agent-workspace/builds/worker-4-tc1/source:/opt/rustwide/workdir:ro,Z" "-v" "/var/lib/crater-agent-workspace/cargo-home:/opt/rustwide/cargo-home:ro,Z" "-v" "/var/lib/crater-agent-workspace/rustup-home:/opt/rustwide/rustup-home:ro,Z" "-e" "SOURCE_DIR=/opt/rustwide/workdir" "-e" "CARGO_TARGET_DIR=/opt/rustwide/target" "-e" "CARGO_INCREMENTAL=0" "-e" "RUST_BACKTRACE=full" "-e" "RUSTFLAGS=--cap-lints=warn" "-e" "RUSTDOCFLAGS=--cap-lints=warn" "-e" "CARGO_HOME=/opt/rustwide/cargo-home" "-e" "RUSTUP_HOME=/opt/rustwide/rustup-home" "-w" "/opt/rustwide/workdir" "-m" "1610612736" "--user" "0:0" "--network" "none" "ghcr.io/rust-lang/crates-build-env/linux@sha256:2788e3201cd34a07e3172128adcd8b3090168a8e3bcc40d7c032b9dda1df7d1c" "/opt/rustwide/cargo-home/bin/cargo" "+1.75.0" "test" "--frozen" "--no-run" "--message-format=json", kill_on_drop: false }`
[INFO] [stdout] 02af781caacd0391c9f80684968bbe9d470f7220fe421e54d4972e8420b0d387
[INFO] running `Command { std: "docker" "start" "-a" "02af781caacd0391c9f80684968bbe9d470f7220fe421e54d4972e8420b0d387", kill_on_drop: false }`
[INFO] [stderr]    Compiling io-lifetimes v1.0.4
[INFO] [stderr]    Compiling rustix v0.36.7
[INFO] [stderr]    Compiling linux-raw-sys v0.1.4
[INFO] [stderr]    Compiling aho-corasick v0.7.19
[INFO] [stderr]    Compiling regex-syntax v0.6.27
[INFO] [stderr]    Compiling termcolor v1.1.3
[INFO] [stderr]    Compiling humantime v2.1.0
[INFO] [stderr]    Compiling regex v1.6.0
[INFO] [stderr]    Compiling is-terminal v0.4.2
[INFO] [stderr]    Compiling env_logger v0.10.0
[INFO] [stderr]    Compiling speedrun-api v1.3.0 (/opt/rustwide/workdir)
[INFO] [stdout] warning: fields `id`, `abbreviation`, and `weblink` are never read
[INFO] [stdout]   --> examples/series.rs:80:9
[INFO] [stdout]    |
[INFO] [stdout] 79 |     struct BulkGame {
[INFO] [stdout]    |            -------- fields in this struct
[INFO] [stdout] 80 |         id: String,
[INFO] [stdout]    |         ^^
[INFO] [stdout] 81 |         names: types::Names,
[INFO] [stdout] 82 |         abbreviation: String,
[INFO] [stdout]    |         ^^^^^^^^^^^^
[INFO] [stdout] 83 |         weblink: String,
[INFO] [stdout]    |         ^^^^^^^
[INFO] [stdout]    |
[INFO] [stdout]    = note: `BulkGame` has a derived impl for the trait `Debug`, but this is intentionally ignored during dead code analysis
[INFO] [stdout]    = note: `#[warn(dead_code)]` on by default
[INFO] [stdout] 
[INFO] [stdout] 
[INFO] [stderr] error: could not compile `speedrun-api` (example "levels")
[INFO] [stderr] 
[INFO] [stderr] Caused by:
[INFO] [stderr]   process didn't exit successfully: `/opt/rustwide/rustup-home/toolchains/1.75.0-x86_64-unknown-linux-gnu/bin/rustc --crate-name levels --edition=2018 examples/levels.rs --error-format=json --json=diagnostic-rendered-ansi,artifacts,future-incompat --crate-type bin --emit=dep-info,link -C embed-bitcode=no -C debuginfo=2 -C metadata=0a9d72ba12613489 -C extra-filename=-0a9d72ba12613489 --out-dir /opt/rustwide/target/debug/examples -L dependency=/opt/rustwide/target/debug/deps --extern async_trait=/opt/rustwide/target/debug/deps/libasync_trait-c5e69b35cbb48754.so --extern bytes=/opt/rustwide/target/debug/deps/libbytes-f5dc1f268a1b4c4c.rlib --extern derive_builder=/opt/rustwide/target/debug/deps/libderive_builder-d73c2185fa01814f.rlib --extern env_logger=/opt/rustwide/target/debug/deps/libenv_logger-201181b3707f60e2.rlib --extern form_urlencoded=/opt/rustwide/target/debug/deps/libform_urlencoded-e8c43e838ad28fa4.rlib --extern futures=/opt/rustwide/target/debug/deps/libfutures-3e9d107587d6b1ce.rlib --extern http=/opt/rustwide/target/debug/deps/libhttp-d800a5c9346a0da7.rlib --extern log=/opt/rustwide/target/debug/deps/liblog-d88d404ed4a3e8b9.rlib --extern reqwest=/opt/rustwide/target/debug/deps/libreqwest-0a1eeef2e2c2f115.rlib --extern serde=/opt/rustwide/target/debug/deps/libserde-c22db8370ffe7f2f.rlib --extern serde_json=/opt/rustwide/target/debug/deps/libserde_json-6574cca193955649.rlib --extern serde_urlencoded=/opt/rustwide/target/debug/deps/libserde_urlencoded-cbd2344dc24d5439.rlib --extern speedrun_api=/opt/rustwide/target/debug/deps/libspeedrun_api-0b9adcc2ea1b71bc.rlib --extern thiserror=/opt/rustwide/target/debug/deps/libthiserror-5476109361afa902.rlib --extern tokio=/opt/rustwide/target/debug/deps/libtokio-75de86f2fc2e1578.rlib --extern url=/opt/rustwide/target/debug/deps/liburl-266913cbfe5e819e.rlib --cap-lints=warn` (signal: 9, SIGKILL: kill)
[INFO] [stderr] warning: build failed, waiting for other jobs to finish...
[INFO] [stderr] error: could not compile `speedrun-api` (example "series"); 1 warning emitted
[INFO] [stderr] 
[INFO] [stderr] Caused by:
[INFO] [stderr]   process didn't exit successfully: `/opt/rustwide/rustup-home/toolchains/1.75.0-x86_64-unknown-linux-gnu/bin/rustc --crate-name series --edition=2018 examples/series.rs --error-format=json --json=diagnostic-rendered-ansi,artifacts,future-incompat --crate-type bin --emit=dep-info,link -C embed-bitcode=no -C debuginfo=2 -C metadata=5869a4d5f2e4b966 -C extra-filename=-5869a4d5f2e4b966 --out-dir /opt/rustwide/target/debug/examples -L dependency=/opt/rustwide/target/debug/deps --extern async_trait=/opt/rustwide/target/debug/deps/libasync_trait-c5e69b35cbb48754.so --extern bytes=/opt/rustwide/target/debug/deps/libbytes-f5dc1f268a1b4c4c.rlib --extern derive_builder=/opt/rustwide/target/debug/deps/libderive_builder-d73c2185fa01814f.rlib --extern env_logger=/opt/rustwide/target/debug/deps/libenv_logger-201181b3707f60e2.rlib --extern form_urlencoded=/opt/rustwide/target/debug/deps/libform_urlencoded-e8c43e838ad28fa4.rlib --extern futures=/opt/rustwide/target/debug/deps/libfutures-3e9d107587d6b1ce.rlib --extern http=/opt/rustwide/target/debug/deps/libhttp-d800a5c9346a0da7.rlib --extern log=/opt/rustwide/target/debug/deps/liblog-d88d404ed4a3e8b9.rlib --extern reqwest=/opt/rustwide/target/debug/deps/libreqwest-0a1eeef2e2c2f115.rlib --extern serde=/opt/rustwide/target/debug/deps/libserde-c22db8370ffe7f2f.rlib --extern serde_json=/opt/rustwide/target/debug/deps/libserde_json-6574cca193955649.rlib --extern serde_urlencoded=/opt/rustwide/target/debug/deps/libserde_urlencoded-cbd2344dc24d5439.rlib --extern speedrun_api=/opt/rustwide/target/debug/deps/libspeedrun_api-0b9adcc2ea1b71bc.rlib --extern thiserror=/opt/rustwide/target/debug/deps/libthiserror-5476109361afa902.rlib --extern tokio=/opt/rustwide/target/debug/deps/libtokio-75de86f2fc2e1578.rlib --extern url=/opt/rustwide/target/debug/deps/liburl-266913cbfe5e819e.rlib --cap-lints=warn` (signal: 9, SIGKILL: kill)
[INFO] [stderr] error: could not compile `speedrun-api` (example "games")
[INFO] [stderr] 
[INFO] [stderr] Caused by:
[INFO] [stderr]   process didn't exit successfully: `/opt/rustwide/rustup-home/toolchains/1.75.0-x86_64-unknown-linux-gnu/bin/rustc --crate-name games --edition=2018 examples/games.rs --error-format=json --json=diagnostic-rendered-ansi,artifacts,future-incompat --crate-type bin --emit=dep-info,link -C embed-bitcode=no -C debuginfo=2 -C metadata=14c02f651d82bc24 -C extra-filename=-14c02f651d82bc24 --out-dir /opt/rustwide/target/debug/examples -L dependency=/opt/rustwide/target/debug/deps --extern async_trait=/opt/rustwide/target/debug/deps/libasync_trait-c5e69b35cbb48754.so --extern bytes=/opt/rustwide/target/debug/deps/libbytes-f5dc1f268a1b4c4c.rlib --extern derive_builder=/opt/rustwide/target/debug/deps/libderive_builder-d73c2185fa01814f.rlib --extern env_logger=/opt/rustwide/target/debug/deps/libenv_logger-201181b3707f60e2.rlib --extern form_urlencoded=/opt/rustwide/target/debug/deps/libform_urlencoded-e8c43e838ad28fa4.rlib --extern futures=/opt/rustwide/target/debug/deps/libfutures-3e9d107587d6b1ce.rlib --extern http=/opt/rustwide/target/debug/deps/libhttp-d800a5c9346a0da7.rlib --extern log=/opt/rustwide/target/debug/deps/liblog-d88d404ed4a3e8b9.rlib --extern reqwest=/opt/rustwide/target/debug/deps/libreqwest-0a1eeef2e2c2f115.rlib --extern serde=/opt/rustwide/target/debug/deps/libserde-c22db8370ffe7f2f.rlib --extern serde_json=/opt/rustwide/target/debug/deps/libserde_json-6574cca193955649.rlib --extern serde_urlencoded=/opt/rustwide/target/debug/deps/libserde_urlencoded-cbd2344dc24d5439.rlib --extern speedrun_api=/opt/rustwide/target/debug/deps/libspeedrun_api-0b9adcc2ea1b71bc.rlib --extern thiserror=/opt/rustwide/target/debug/deps/libthiserror-5476109361afa902.rlib --extern tokio=/opt/rustwide/target/debug/deps/libtokio-75de86f2fc2e1578.rlib --extern url=/opt/rustwide/target/debug/deps/liburl-266913cbfe5e819e.rlib --cap-lints=warn` (signal: 9, SIGKILL: kill)
[INFO] [stderr] error: could not compile `speedrun-api` (lib test)
[INFO] [stderr] 
[INFO] [stderr] Caused by:
[INFO] [stderr]   process didn't exit successfully: `/opt/rustwide/rustup-home/toolchains/1.75.0-x86_64-unknown-linux-gnu/bin/rustc --crate-name speedrun_api --edition=2018 src/lib.rs --error-format=json --json=diagnostic-rendered-ansi,artifacts,future-incompat --emit=dep-info,link -C embed-bitcode=no -C debuginfo=2 --test -C metadata=283a0f2feb62781a -C extra-filename=-283a0f2feb62781a --out-dir /opt/rustwide/target/debug/deps -L dependency=/opt/rustwide/target/debug/deps --extern async_trait=/opt/rustwide/target/debug/deps/libasync_trait-c5e69b35cbb48754.so --extern bytes=/opt/rustwide/target/debug/deps/libbytes-f5dc1f268a1b4c4c.rlib --extern derive_builder=/opt/rustwide/target/debug/deps/libderive_builder-d73c2185fa01814f.rlib --extern env_logger=/opt/rustwide/target/debug/deps/libenv_logger-201181b3707f60e2.rlib --extern form_urlencoded=/opt/rustwide/target/debug/deps/libform_urlencoded-e8c43e838ad28fa4.rlib --extern futures=/opt/rustwide/target/debug/deps/libfutures-3e9d107587d6b1ce.rlib --extern http=/opt/rustwide/target/debug/deps/libhttp-d800a5c9346a0da7.rlib --extern log=/opt/rustwide/target/debug/deps/liblog-d88d404ed4a3e8b9.rlib --extern reqwest=/opt/rustwide/target/debug/deps/libreqwest-0a1eeef2e2c2f115.rlib --extern serde=/opt/rustwide/target/debug/deps/libserde-c22db8370ffe7f2f.rlib --extern serde_json=/opt/rustwide/target/debug/deps/libserde_json-6574cca193955649.rlib --extern serde_urlencoded=/opt/rustwide/target/debug/deps/libserde_urlencoded-cbd2344dc24d5439.rlib --extern thiserror=/opt/rustwide/target/debug/deps/libthiserror-5476109361afa902.rlib --extern tokio=/opt/rustwide/target/debug/deps/libtokio-75de86f2fc2e1578.rlib --extern url=/opt/rustwide/target/debug/deps/liburl-266913cbfe5e819e.rlib --cap-lints=warn` (signal: 9, SIGKILL: kill)
[INFO] [stderr] error: could not compile `speedrun-api` (example "runs")
[INFO] [stderr] 
[INFO] [stderr] Caused by:
[INFO] [stderr]   process didn't exit successfully: `/opt/rustwide/rustup-home/toolchains/1.75.0-x86_64-unknown-linux-gnu/bin/rustc --crate-name runs --edition=2018 examples/runs.rs --error-format=json --json=diagnostic-rendered-ansi,artifacts,future-incompat --crate-type bin --emit=dep-info,link -C embed-bitcode=no -C debuginfo=2 -C metadata=21f9e6023f9081ab -C extra-filename=-21f9e6023f9081ab --out-dir /opt/rustwide/target/debug/examples -L dependency=/opt/rustwide/target/debug/deps --extern async_trait=/opt/rustwide/target/debug/deps/libasync_trait-c5e69b35cbb48754.so --extern bytes=/opt/rustwide/target/debug/deps/libbytes-f5dc1f268a1b4c4c.rlib --extern derive_builder=/opt/rustwide/target/debug/deps/libderive_builder-d73c2185fa01814f.rlib --extern env_logger=/opt/rustwide/target/debug/deps/libenv_logger-201181b3707f60e2.rlib --extern form_urlencoded=/opt/rustwide/target/debug/deps/libform_urlencoded-e8c43e838ad28fa4.rlib --extern futures=/opt/rustwide/target/debug/deps/libfutures-3e9d107587d6b1ce.rlib --extern http=/opt/rustwide/target/debug/deps/libhttp-d800a5c9346a0da7.rlib --extern log=/opt/rustwide/target/debug/deps/liblog-d88d404ed4a3e8b9.rlib --extern reqwest=/opt/rustwide/target/debug/deps/libreqwest-0a1eeef2e2c2f115.rlib --extern serde=/opt/rustwide/target/debug/deps/libserde-c22db8370ffe7f2f.rlib --extern serde_json=/opt/rustwide/target/debug/deps/libserde_json-6574cca193955649.rlib --extern serde_urlencoded=/opt/rustwide/target/debug/deps/libserde_urlencoded-cbd2344dc24d5439.rlib --extern speedrun_api=/opt/rustwide/target/debug/deps/libspeedrun_api-0b9adcc2ea1b71bc.rlib --extern thiserror=/opt/rustwide/target/debug/deps/libthiserror-5476109361afa902.rlib --extern tokio=/opt/rustwide/target/debug/deps/libtokio-75de86f2fc2e1578.rlib --extern url=/opt/rustwide/target/debug/deps/liburl-266913cbfe5e819e.rlib --cap-lints=warn` (signal: 9, SIGKILL: kill)
[INFO] [stderr] error: could not compile `speedrun-api` (example "category")
[INFO] [stderr] 
[INFO] [stderr] Caused by:
[INFO] [stderr]   process didn't exit successfully: `/opt/rustwide/rustup-home/toolchains/1.75.0-x86_64-unknown-linux-gnu/bin/rustc --crate-name category --edition=2018 examples/category.rs --error-format=json --json=diagnostic-rendered-ansi,artifacts,future-incompat --crate-type bin --emit=dep-info,link -C embed-bitcode=no -C debuginfo=2 -C metadata=7308e9716942c3f3 -C extra-filename=-7308e9716942c3f3 --out-dir /opt/rustwide/target/debug/examples -L dependency=/opt/rustwide/target/debug/deps --extern async_trait=/opt/rustwide/target/debug/deps/libasync_trait-c5e69b35cbb48754.so --extern bytes=/opt/rustwide/target/debug/deps/libbytes-f5dc1f268a1b4c4c.rlib --extern derive_builder=/opt/rustwide/target/debug/deps/libderive_builder-d73c2185fa01814f.rlib --extern env_logger=/opt/rustwide/target/debug/deps/libenv_logger-201181b3707f60e2.rlib --extern form_urlencoded=/opt/rustwide/target/debug/deps/libform_urlencoded-e8c43e838ad28fa4.rlib --extern futures=/opt/rustwide/target/debug/deps/libfutures-3e9d107587d6b1ce.rlib --extern http=/opt/rustwide/target/debug/deps/libhttp-d800a5c9346a0da7.rlib --extern log=/opt/rustwide/target/debug/deps/liblog-d88d404ed4a3e8b9.rlib --extern reqwest=/opt/rustwide/target/debug/deps/libreqwest-0a1eeef2e2c2f115.rlib --extern serde=/opt/rustwide/target/debug/deps/libserde-c22db8370ffe7f2f.rlib --extern serde_json=/opt/rustwide/target/debug/deps/libserde_json-6574cca193955649.rlib --extern serde_urlencoded=/opt/rustwide/target/debug/deps/libserde_urlencoded-cbd2344dc24d5439.rlib --extern speedrun_api=/opt/rustwide/target/debug/deps/libspeedrun_api-0b9adcc2ea1b71bc.rlib --extern thiserror=/opt/rustwide/target/debug/deps/libthiserror-5476109361afa902.rlib --extern tokio=/opt/rustwide/target/debug/deps/libtokio-75de86f2fc2e1578.rlib --extern url=/opt/rustwide/target/debug/deps/liburl-266913cbfe5e819e.rlib --cap-lints=warn` (signal: 9, SIGKILL: kill)
[INFO] [stderr] error: could not compile `speedrun-api` (example "users")
[INFO] [stderr] 
[INFO] [stderr] Caused by:
[INFO] [stderr]   process didn't exit successfully: `/opt/rustwide/rustup-home/toolchains/1.75.0-x86_64-unknown-linux-gnu/bin/rustc --crate-name users --edition=2018 examples/users.rs --error-format=json --json=diagnostic-rendered-ansi,artifacts,future-incompat --crate-type bin --emit=dep-info,link -C embed-bitcode=no -C debuginfo=2 -C metadata=28c3c944e0dbe8f6 -C extra-filename=-28c3c944e0dbe8f6 --out-dir /opt/rustwide/target/debug/examples -L dependency=/opt/rustwide/target/debug/deps --extern async_trait=/opt/rustwide/target/debug/deps/libasync_trait-c5e69b35cbb48754.so --extern bytes=/opt/rustwide/target/debug/deps/libbytes-f5dc1f268a1b4c4c.rlib --extern derive_builder=/opt/rustwide/target/debug/deps/libderive_builder-d73c2185fa01814f.rlib --extern env_logger=/opt/rustwide/target/debug/deps/libenv_logger-201181b3707f60e2.rlib --extern form_urlencoded=/opt/rustwide/target/debug/deps/libform_urlencoded-e8c43e838ad28fa4.rlib --extern futures=/opt/rustwide/target/debug/deps/libfutures-3e9d107587d6b1ce.rlib --extern http=/opt/rustwide/target/debug/deps/libhttp-d800a5c9346a0da7.rlib --extern log=/opt/rustwide/target/debug/deps/liblog-d88d404ed4a3e8b9.rlib --extern reqwest=/opt/rustwide/target/debug/deps/libreqwest-0a1eeef2e2c2f115.rlib --extern serde=/opt/rustwide/target/debug/deps/libserde-c22db8370ffe7f2f.rlib --extern serde_json=/opt/rustwide/target/debug/deps/libserde_json-6574cca193955649.rlib --extern serde_urlencoded=/opt/rustwide/target/debug/deps/libserde_urlencoded-cbd2344dc24d5439.rlib --extern speedrun_api=/opt/rustwide/target/debug/deps/libspeedrun_api-0b9adcc2ea1b71bc.rlib --extern thiserror=/opt/rustwide/target/debug/deps/libthiserror-5476109361afa902.rlib --extern tokio=/opt/rustwide/target/debug/deps/libtokio-75de86f2fc2e1578.rlib --extern url=/opt/rustwide/target/debug/deps/liburl-266913cbfe5e819e.rlib --cap-lints=warn` (signal: 9, SIGKILL: kill)
[INFO] [stdout] error: linking with `cc` failed: exit status: 1
[INFO] [stdout]   |
[INFO] [stdout]   = note: LC_ALL="C" PATH="/opt/rustwide/rustup-home/toolchains/1.75.0-x86_64-unknown-linux-gnu/lib/rustlib/x86_64-unknown-linux-gnu/bin:/opt/rustwide/cargo-home/bin:/usr/local/sbin:/usr/local/bin:/usr/sbin:/usr/bin:/sbin:/bin" VSLANG="1033" "cc" "-m64" "/tmp/rustclRgA39/symbols.o" "/opt/rustwide/target/debug/examples/guests-d5192b68affd85b3.guests.2184eb3be054d419-cgu.0.rcgu.o" "/opt/rustwide/target/debug/examples/guests-d5192b68affd85b3.guests.2184eb3be054d419-cgu.1.rcgu.o" "/opt/rustwide/target/debug/examples/guests-d5192b68affd85b3.guests.2184eb3be054d419-cgu.2.rcgu.o" "/opt/rustwide/target/debug/examples/guests-d5192b68affd85b3.guests.2184eb3be054d419-cgu.3.rcgu.o" "/opt/rustwide/target/debug/examples/guests-d5192b68affd85b3.18j84rucjyb9j8wi.rcgu.o" "-Wl,--as-needed" "-L" "/opt/rustwide/target/debug/deps" "-L" "/opt/rustwide/rustup-home/toolchains/1.75.0-x86_64-unknown-linux-gnu/lib/rustlib/x86_64-unknown-linux-gnu/lib" "-Wl,-Bstatic" "/opt/rustwide/target/debug/deps/libenv_logger-201181b3707f60e2.rlib" "/opt/rustwide/target/debug/deps/libtermcolor-8398fdf37ae29334.rlib" "/opt/rustwide/target/debug/deps/libis_terminal-5c6b12703275585b.rlib" "/opt/rustwide/target/debug/deps/librustix-ac0f0d554f2a8d3d.rlib" "/opt/rustwide/target/debug/deps/liblinux_raw_sys-6c69fc13c9aacd1b.rlib" "/opt/rustwide/target/debug/deps/libio_lifetimes-a14076fa0fcb5fb9.rlib" "/opt/rustwide/target/debug/deps/libhumantime-e2a10e0b2bfa2002.rlib" "/opt/rustwide/target/debug/deps/libregex-8e81d7185c27df73.rlib" "/opt/rustwide/target/debug/deps/libaho_corasick-4afb869e3e7aedd2.rlib" "/opt/rustwide/target/debug/deps/libregex_syntax-0e4eb4bab6ab5e1f.rlib" "/opt/rustwide/target/debug/deps/libspeedrun_api-0b9adcc2ea1b71bc.rlib" "/opt/rustwide/target/debug/deps/libreqwest-0a1eeef2e2c2f115.rlib" "/opt/rustwide/target/debug/deps/libhyper_tls-957d379901116106.rlib" "/opt/rustwide/target/debug/deps/libipnet-55fdaaa4d0006a30.rlib" "/opt/rustwide/target/debug/deps/libtokio_native_tls-b63dea70763ca621.rlib" "/opt/rustwide/target/debug/deps/libserde_urlencoded-cbd2344dc24d5439.rlib" "/opt/rustwide/target/debug/deps/libmime-450b243d21db2a61.rlib" "/opt/rustwide/target/debug/deps/libencoding_rs-6ac919aaf73aa201.rlib" "/opt/rustwide/target/debug/deps/libserde_json-6574cca193955649.rlib" "/opt/rustwide/target/debug/deps/libryu-80596ff4214e4d03.rlib" "/opt/rustwide/target/debug/deps/libbase64-8ea64d3566a9d67e.rlib" "/opt/rustwide/target/debug/deps/libnative_tls-37744527d0a37be7.rlib" "/opt/rustwide/target/debug/deps/libopenssl_probe-d850575132083d7c.rlib" "/opt/rustwide/target/debug/deps/libopenssl-6e269418d36938c9.rlib" "/opt/rustwide/target/debug/deps/libbitflags-b7cee2ca4fb438d0.rlib" "/opt/rustwide/target/debug/deps/libforeign_types-c05743815e5b8a9d.rlib" "/opt/rustwide/target/debug/deps/libforeign_types_shared-d149f5491fde2862.rlib" "/opt/rustwide/target/debug/deps/libopenssl_sys-dd6c15ecbe7c2578.rlib" "/opt/rustwide/target/debug/deps/libhyper-fc78cadfac3efdd6.rlib" "/opt/rustwide/target/debug/deps/libwant-361582c635a6617d.rlib" "/opt/rustwide/target/debug/deps/libtry_lock-6573df21d991c823.rlib" "/opt/rustwide/target/debug/deps/libhttparse-64f1ffbeda450424.rlib" "/opt/rustwide/target/debug/deps/libh2-43f6cca652ecb3d1.rlib" "/opt/rustwide/target/debug/deps/libindexmap-4a55c90885f25f25.rlib" "/opt/rustwide/target/debug/deps/libhashbrown-567986452cb9bc94.rlib" "/opt/rustwide/target/debug/deps/libtokio_util-664830028f429827.rlib" "/opt/rustwide/target/debug/deps/libtower_service-104d6e83d5ce383d.rlib" "/opt/rustwide/target/debug/deps/libtracing-40e5439229c5a22c.rlib" "/opt/rustwide/target/debug/deps/libtracing_core-6fcd779b49c8aaa1.rlib" "/opt/rustwide/target/debug/deps/libonce_cell-2437d1e94784a961.rlib" "/opt/rustwide/target/debug/deps/libtokio-75de86f2fc2e1578.rlib" "/opt/rustwide/target/debug/deps/libsignal_hook_registry-aa8d74fd668bedfa.rlib" "/opt/rustwide/target/debug/deps/libnum_cpus-3bdf4768df0e7c0a.rlib" "/opt/rustwide/target/debug/deps/libsocket2-774b1ba07fee14a1.rlib" "/opt/rustwide/target/debug/deps/libmio-3b199c17b4a3b574.rlib" "/opt/rustwide/target/debug/deps/libparking_lot-7a6372b79bc66ff5.rlib" "/opt/rustwide/target/debug/deps/libparking_lot_core-1b564a51e9331279.rlib" "/opt/rustwide/target/debug/deps/liblibc-00e4594b63605521.rlib" "/opt/rustwide/target/debug/deps/libsmallvec-60de533f7e4075fe.rlib" "/opt/rustwide/target/debug/deps/liblock_api-400daf411a1c055a.rlib" "/opt/rustwide/target/debug/deps/libscopeguard-b35f5c652940acc2.rlib" "/opt/rustwide/target/debug/deps/libhttp_body-3206acd3173dbc27.rlib" "/opt/rustwide/target/debug/deps/liburl-266913cbfe5e819e.rlib" "/opt/rustwide/target/debug/deps/libidna-c62e120fb9daafd7.rlib" "/opt/rustwide/target/debug/deps/libunicode_normalization-9a523c060fbda597.rlib" "/opt/rustwide/target/debug/deps/libtinyvec-e78be141da4aa4a4.rlib" "/opt/rustwide/target/debug/deps/libtinyvec_macros-bfeb7a087f0273ce.rlib" "/opt/rustwide/target/debug/deps/libunicode_bidi-6e4d9a1bf3170bfc.rlib" "/opt/rustwide/target/debug/deps/libform_urlencoded-e8c43e838ad28fa4.rlib" "/opt/rustwide/target/debug/deps/libpercent_encoding-c39f6500503dd269.rlib" "/opt/rustwide/target/debug/deps/libserde-c22db8370ffe7f2f.rlib" "/opt/rustwide/target/debug/deps/liblog-d88d404ed4a3e8b9.rlib" "/opt/rustwide/target/debug/deps/libcfg_if-61dc7a6799e72b18.rlib" "/opt/rustwide/target/debug/deps/libfutures-3e9d107587d6b1ce.rlib" "/opt/rustwide/target/debug/deps/libfutures_executor-202c2076911dc27b.rlib" "/opt/rustwide/target/debug/deps/libfutures_util-30952296c9c26ae6.rlib" "/opt/rustwide/target/debug/deps/libmemchr-4fdcfd9ddfba30cb.rlib" "/opt/rustwide/target/debug/deps/libfutures_io-d3ca8d3d34ca6dfb.rlib" "/opt/rustwide/target/debug/deps/libslab-29fe6a49d400343d.rlib" "/opt/rustwide/target/debug/deps/libfutures_channel-c114ba8c8ec18305.rlib" "/opt/rustwide/target/debug/deps/libpin_project_lite-cead9f5d94689600.rlib" "/opt/rustwide/target/debug/deps/libfutures_sink-33a871b3ecf4afde.rlib" "/opt/rustwide/target/debug/deps/libfutures_task-f30209098c38f296.rlib" "/opt/rustwide/target/debug/deps/libpin_utils-741f7d9d160e4a16.rlib" "/opt/rustwide/target/debug/deps/libfutures_core-f0bad9cb33be9048.rlib" "/opt/rustwide/target/debug/deps/libthiserror-5476109361afa902.rlib" "/opt/rustwide/target/debug/deps/libhttp-d800a5c9346a0da7.rlib" "/opt/rustwide/target/debug/deps/libitoa-324a29e856512b52.rlib" "/opt/rustwide/target/debug/deps/libbytes-f5dc1f268a1b4c4c.rlib" "/opt/rustwide/target/debug/deps/libfnv-18bf5144d055e772.rlib" "/opt/rustwide/target/debug/deps/libderive_builder-d73c2185fa01814f.rlib" "/opt/rustwide/rustup-home/toolchains/1.75.0-x86_64-unknown-linux-gnu/lib/rustlib/x86_64-unknown-linux-gnu/lib/libstd-90f6ddbf82de36ec.rlib" "/opt/rustwide/rustup-home/toolchains/1.75.0-x86_64-unknown-linux-gnu/lib/rustlib/x86_64-unknown-linux-gnu/lib/libpanic_unwind-480c41e9d4e1f677.rlib" "/opt/rustwide/rustup-home/toolchains/1.75.0-x86_64-unknown-linux-gnu/lib/rustlib/x86_64-unknown-linux-gnu/lib/libobject-db744c0ca03eed1d.rlib" "/opt/rustwide/rustup-home/toolchains/1.75.0-x86_64-unknown-linux-gnu/lib/rustlib/x86_64-unknown-linux-gnu/lib/libmemchr-8ba652dc7d4b285a.rlib" "/opt/rustwide/rustup-home/toolchains/1.75.0-x86_64-unknown-linux-gnu/lib/rustlib/x86_64-unknown-linux-gnu/lib/libaddr2line-d5f4520a9ebc0d58.rlib" "/opt/rustwide/rustup-home/toolchains/1.75.0-x86_64-unknown-linux-gnu/lib/rustlib/x86_64-unknown-linux-gnu/lib/libgimli-4ad84de58f0cb463.rlib" "/opt/rustwide/rustup-home/toolchains/1.75.0-x86_64-unknown-linux-gnu/lib/rustlib/x86_64-unknown-linux-gnu/lib/librustc_demangle-0d10aae2e0f38735.rlib" "/opt/rustwide/rustup-home/toolchains/1.75.0-x86_64-unknown-linux-gnu/lib/rustlib/x86_64-unknown-linux-gnu/lib/libstd_detect-0c17cff739e6745b.rlib" "/opt/rustwide/rustup-home/toolchains/1.75.0-x86_64-unknown-linux-gnu/lib/rustlib/x86_64-unknown-linux-gnu/lib/libhashbrown-b29e17139dde1aa8.rlib" "/opt/rustwide/rustup-home/toolchains/1.75.0-x86_64-unknown-linux-gnu/lib/rustlib/x86_64-unknown-linux-gnu/lib/librustc_std_workspace_alloc-1f975299829cc7bd.rlib" "/opt/rustwide/rustup-home/toolchains/1.75.0-x86_64-unknown-linux-gnu/lib/rustlib/x86_64-unknown-linux-gnu/lib/libminiz_oxide-86bae3bc3079f89b.rlib" "/opt/rustwide/rustup-home/toolchains/1.75.0-x86_64-unknown-linux-gnu/lib/rustlib/x86_64-unknown-linux-gnu/lib/libadler-321b82c30dffdf5f.rlib" "/opt/rustwide/rustup-home/toolchains/1.75.0-x86_64-unknown-linux-gnu/lib/rustlib/x86_64-unknown-linux-gnu/lib/libunwind-3dd8a6810a0bdfef.rlib" "/opt/rustwide/rustup-home/toolchains/1.75.0-x86_64-unknown-linux-gnu/lib/rustlib/x86_64-unknown-linux-gnu/lib/libcfg_if-eb39a61c0c879984.rlib" "/opt/rustwide/rustup-home/toolchains/1.75.0-x86_64-unknown-linux-gnu/lib/rustlib/x86_64-unknown-linux-gnu/lib/liblibc-aa769569f91c3548.rlib" "/opt/rustwide/rustup-home/toolchains/1.75.0-x86_64-unknown-linux-gnu/lib/rustlib/x86_64-unknown-linux-gnu/lib/liballoc-510a192a50a983ed.rlib" "/opt/rustwide/rustup-home/toolchains/1.75.0-x86_64-unknown-linux-gnu/lib/rustlib/x86_64-unknown-linux-gnu/lib/librustc_std_workspace_core-0577018320f99037.rlib" "/opt/rustwide/rustup-home/toolchains/1.75.0-x86_64-unknown-linux-gnu/lib/rustlib/x86_64-unknown-linux-gnu/lib/libcore-193cf992125ccd4c.rlib" "/opt/rustwide/rustup-home/toolchains/1.75.0-x86_64-unknown-linux-gnu/lib/rustlib/x86_64-unknown-linux-gnu/lib/libcompiler_builtins-8e138eaf26ebb4a8.rlib" "-Wl,-Bdynamic" "-lssl" "-lcrypto" "-lgcc_s" "-lutil" "-lrt" "-lpthread" "-lm" "-ldl" "-lc" "-Wl,--eh-frame-hdr" "-Wl,-z,noexecstack" "-L" "/opt/rustwide/rustup-home/toolchains/1.75.0-x86_64-unknown-linux-gnu/lib/rustlib/x86_64-unknown-linux-gnu/lib" "-o" "/opt/rustwide/target/debug/examples/guests-d5192b68affd85b3" "-Wl,--gc-sections" "-pie" "-Wl,-z,relro,-z,now" "-nodefaultlibs"
[INFO] [stdout]   = note: collect2: fatal error: ld terminated with signal 9 [Killed]
[INFO] [stdout]           compilation terminated.
[INFO] [stdout]           
[INFO] [stdout] 
[INFO] [stdout] 
[INFO] [stdout] error: aborting due to previous error
[INFO] [stdout] 
[INFO] [stdout] 
[INFO] [stderr] error: could not compile `speedrun-api` (example "guests") due to 2 previous errors
[INFO] [stdout] error: linking with `cc` failed: exit status: 1
[INFO] [stdout]   |
[INFO] [stdout]   = note: LC_ALL="C" PATH="/opt/rustwide/rustup-home/toolchains/1.75.0-x86_64-unknown-linux-gnu/lib/rustlib/x86_64-unknown-linux-gnu/bin:/opt/rustwide/cargo-home/bin:/usr/local/sbin:/usr/local/bin:/usr/sbin:/usr/bin:/sbin:/bin" VSLANG="1033" "cc" "-m64" "/tmp/rustcLmfESC/symbols.o" "/opt/rustwide/target/debug/examples/developers-2ec65bf350172f8b.developers.79b234ecff2d2caf-cgu.0.rcgu.o" "/opt/rustwide/target/debug/examples/developers-2ec65bf350172f8b.developers.79b234ecff2d2caf-cgu.1.rcgu.o" "/opt/rustwide/target/debug/examples/developers-2ec65bf350172f8b.developers.79b234ecff2d2caf-cgu.2.rcgu.o" "/opt/rustwide/target/debug/examples/developers-2ec65bf350172f8b.developers.79b234ecff2d2caf-cgu.3.rcgu.o" "/opt/rustwide/target/debug/examples/developers-2ec65bf350172f8b.developers.79b234ecff2d2caf-cgu.4.rcgu.o" "/opt/rustwide/target/debug/examples/developers-2ec65bf350172f8b.developers.79b234ecff2d2caf-cgu.5.rcgu.o" "/opt/rustwide/target/debug/examples/developers-2ec65bf350172f8b.developers.79b234ecff2d2caf-cgu.6.rcgu.o" "/opt/rustwide/target/debug/examples/developers-2ec65bf350172f8b.developers.79b234ecff2d2caf-cgu.7.rcgu.o" "/opt/rustwide/target/debug/examples/developers-2ec65bf350172f8b.3n4jrqhb7f2jz37j.rcgu.o" "-Wl,--as-needed" "-L" "/opt/rustwide/target/debug/deps" "-L" "/opt/rustwide/rustup-home/toolchains/1.75.0-x86_64-unknown-linux-gnu/lib/rustlib/x86_64-unknown-linux-gnu/lib" "-Wl,-Bstatic" "/opt/rustwide/target/debug/deps/libenv_logger-201181b3707f60e2.rlib" "/opt/rustwide/target/debug/deps/libtermcolor-8398fdf37ae29334.rlib" "/opt/rustwide/target/debug/deps/libis_terminal-5c6b12703275585b.rlib" "/opt/rustwide/target/debug/deps/librustix-ac0f0d554f2a8d3d.rlib" "/opt/rustwide/target/debug/deps/liblinux_raw_sys-6c69fc13c9aacd1b.rlib" "/opt/rustwide/target/debug/deps/libio_lifetimes-a14076fa0fcb5fb9.rlib" "/opt/rustwide/target/debug/deps/libhumantime-e2a10e0b2bfa2002.rlib" "/opt/rustwide/target/debug/deps/libregex-8e81d7185c27df73.rlib" "/opt/rustwide/target/debug/deps/libaho_corasick-4afb869e3e7aedd2.rlib" "/opt/rustwide/target/debug/deps/libregex_syntax-0e4eb4bab6ab5e1f.rlib" "/opt/rustwide/target/debug/deps/libspeedrun_api-0b9adcc2ea1b71bc.rlib" "/opt/rustwide/target/debug/deps/libreqwest-0a1eeef2e2c2f115.rlib" "/opt/rustwide/target/debug/deps/libhyper_tls-957d379901116106.rlib" "/opt/rustwide/target/debug/deps/libipnet-55fdaaa4d0006a30.rlib" "/opt/rustwide/target/debug/deps/libtokio_native_tls-b63dea70763ca621.rlib" "/opt/rustwide/target/debug/deps/libserde_urlencoded-cbd2344dc24d5439.rlib" "/opt/rustwide/target/debug/deps/libmime-450b243d21db2a61.rlib" "/opt/rustwide/target/debug/deps/libencoding_rs-6ac919aaf73aa201.rlib" "/opt/rustwide/target/debug/deps/libserde_json-6574cca193955649.rlib" "/opt/rustwide/target/debug/deps/libryu-80596ff4214e4d03.rlib" "/opt/rustwide/target/debug/deps/libbase64-8ea64d3566a9d67e.rlib" "/opt/rustwide/target/debug/deps/libnative_tls-37744527d0a37be7.rlib" "/opt/rustwide/target/debug/deps/libopenssl_probe-d850575132083d7c.rlib" "/opt/rustwide/target/debug/deps/libopenssl-6e269418d36938c9.rlib" "/opt/rustwide/target/debug/deps/libbitflags-b7cee2ca4fb438d0.rlib" "/opt/rustwide/target/debug/deps/libforeign_types-c05743815e5b8a9d.rlib" "/opt/rustwide/target/debug/deps/libforeign_types_shared-d149f5491fde2862.rlib" "/opt/rustwide/target/debug/deps/libopenssl_sys-dd6c15ecbe7c2578.rlib" "/opt/rustwide/target/debug/deps/libhyper-fc78cadfac3efdd6.rlib" "/opt/rustwide/target/debug/deps/libwant-361582c635a6617d.rlib" "/opt/rustwide/target/debug/deps/libtry_lock-6573df21d991c823.rlib" "/opt/rustwide/target/debug/deps/libhttparse-64f1ffbeda450424.rlib" "/opt/rustwide/target/debug/deps/libh2-43f6cca652ecb3d1.rlib" "/opt/rustwide/target/debug/deps/libindexmap-4a55c90885f25f25.rlib" "/opt/rustwide/target/debug/deps/libhashbrown-567986452cb9bc94.rlib" "/opt/rustwide/target/debug/deps/libtokio_util-664830028f429827.rlib" "/opt/rustwide/target/debug/deps/libtower_service-104d6e83d5ce383d.rlib" "/opt/rustwide/target/debug/deps/libtracing-40e5439229c5a22c.rlib" "/opt/rustwide/target/debug/deps/libtracing_core-6fcd779b49c8aaa1.rlib" "/opt/rustwide/target/debug/deps/libonce_cell-2437d1e94784a961.rlib" "/opt/rustwide/target/debug/deps/libtokio-75de86f2fc2e1578.rlib" "/opt/rustwide/target/debug/deps/libsignal_hook_registry-aa8d74fd668bedfa.rlib" "/opt/rustwide/target/debug/deps/libnum_cpus-3bdf4768df0e7c0a.rlib" "/opt/rustwide/target/debug/deps/libsocket2-774b1ba07fee14a1.rlib" "/opt/rustwide/target/debug/deps/libmio-3b199c17b4a3b574.rlib" "/opt/rustwide/target/debug/deps/libparking_lot-7a6372b79bc66ff5.rlib" "/opt/rustwide/target/debug/deps/libparking_lot_core-1b564a51e9331279.rlib" "/opt/rustwide/target/debug/deps/liblibc-00e4594b63605521.rlib" "/opt/rustwide/target/debug/deps/libsmallvec-60de533f7e4075fe.rlib" "/opt/rustwide/target/debug/deps/liblock_api-400daf411a1c055a.rlib" "/opt/rustwide/target/debug/deps/libscopeguard-b35f5c652940acc2.rlib" "/opt/rustwide/target/debug/deps/libhttp_body-3206acd3173dbc27.rlib" "/opt/rustwide/target/debug/deps/liburl-266913cbfe5e819e.rlib" "/opt/rustwide/target/debug/deps/libidna-c62e120fb9daafd7.rlib" "/opt/rustwide/target/debug/deps/libunicode_normalization-9a523c060fbda597.rlib" "/opt/rustwide/target/debug/deps/libtinyvec-e78be141da4aa4a4.rlib" "/opt/rustwide/target/debug/deps/libtinyvec_macros-bfeb7a087f0273ce.rlib" "/opt/rustwide/target/debug/deps/libunicode_bidi-6e4d9a1bf3170bfc.rlib" "/opt/rustwide/target/debug/deps/libform_urlencoded-e8c43e838ad28fa4.rlib" "/opt/rustwide/target/debug/deps/libpercent_encoding-c39f6500503dd269.rlib" "/opt/rustwide/target/debug/deps/libserde-c22db8370ffe7f2f.rlib" "/opt/rustwide/target/debug/deps/liblog-d88d404ed4a3e8b9.rlib" "/opt/rustwide/target/debug/deps/libcfg_if-61dc7a6799e72b18.rlib" "/opt/rustwide/target/debug/deps/libthiserror-5476109361afa902.rlib" "/opt/rustwide/target/debug/deps/libhttp-d800a5c9346a0da7.rlib" "/opt/rustwide/target/debug/deps/libitoa-324a29e856512b52.rlib" "/opt/rustwide/target/debug/deps/libbytes-f5dc1f268a1b4c4c.rlib" "/opt/rustwide/target/debug/deps/libfnv-18bf5144d055e772.rlib" "/opt/rustwide/target/debug/deps/libderive_builder-d73c2185fa01814f.rlib" "/opt/rustwide/target/debug/deps/libfutures-3e9d107587d6b1ce.rlib" "/opt/rustwide/target/debug/deps/libfutures_executor-202c2076911dc27b.rlib" "/opt/rustwide/target/debug/deps/libfutures_util-30952296c9c26ae6.rlib" "/opt/rustwide/target/debug/deps/libmemchr-4fdcfd9ddfba30cb.rlib" "/opt/rustwide/target/debug/deps/libfutures_io-d3ca8d3d34ca6dfb.rlib" "/opt/rustwide/target/debug/deps/libslab-29fe6a49d400343d.rlib" "/opt/rustwide/target/debug/deps/libfutures_channel-c114ba8c8ec18305.rlib" "/opt/rustwide/target/debug/deps/libpin_project_lite-cead9f5d94689600.rlib" "/opt/rustwide/target/debug/deps/libfutures_sink-33a871b3ecf4afde.rlib" "/opt/rustwide/target/debug/deps/libfutures_task-f30209098c38f296.rlib" "/opt/rustwide/target/debug/deps/libpin_utils-741f7d9d160e4a16.rlib" "/opt/rustwide/target/debug/deps/libfutures_core-f0bad9cb33be9048.rlib" "/opt/rustwide/rustup-home/toolchains/1.75.0-x86_64-unknown-linux-gnu/lib/rustlib/x86_64-unknown-linux-gnu/lib/libstd-90f6ddbf82de36ec.rlib" "/opt/rustwide/rustup-home/toolchains/1.75.0-x86_64-unknown-linux-gnu/lib/rustlib/x86_64-unknown-linux-gnu/lib/libpanic_unwind-480c41e9d4e1f677.rlib" "/opt/rustwide/rustup-home/toolchains/1.75.0-x86_64-unknown-linux-gnu/lib/rustlib/x86_64-unknown-linux-gnu/lib/libobject-db744c0ca03eed1d.rlib" "/opt/rustwide/rustup-home/toolchains/1.75.0-x86_64-unknown-linux-gnu/lib/rustlib/x86_64-unknown-linux-gnu/lib/libmemchr-8ba652dc7d4b285a.rlib" "/opt/rustwide/rustup-home/toolchains/1.75.0-x86_64-unknown-linux-gnu/lib/rustlib/x86_64-unknown-linux-gnu/lib/libaddr2line-d5f4520a9ebc0d58.rlib" "/opt/rustwide/rustup-home/toolchains/1.75.0-x86_64-unknown-linux-gnu/lib/rustlib/x86_64-unknown-linux-gnu/lib/libgimli-4ad84de58f0cb463.rlib" "/opt/rustwide/rustup-home/toolchains/1.75.0-x86_64-unknown-linux-gnu/lib/rustlib/x86_64-unknown-linux-gnu/lib/librustc_demangle-0d10aae2e0f38735.rlib" "/opt/rustwide/rustup-home/toolchains/1.75.0-x86_64-unknown-linux-gnu/lib/rustlib/x86_64-unknown-linux-gnu/lib/libstd_detect-0c17cff739e6745b.rlib" "/opt/rustwide/rustup-home/toolchains/1.75.0-x86_64-unknown-linux-gnu/lib/rustlib/x86_64-unknown-linux-gnu/lib/libhashbrown-b29e17139dde1aa8.rlib" "/opt/rustwide/rustup-home/toolchains/1.75.0-x86_64-unknown-linux-gnu/lib/rustlib/x86_64-unknown-linux-gnu/lib/librustc_std_workspace_alloc-1f975299829cc7bd.rlib" "/opt/rustwide/rustup-home/toolchains/1.75.0-x86_64-unknown-linux-gnu/lib/rustlib/x86_64-unknown-linux-gnu/lib/libminiz_oxide-86bae3bc3079f89b.rlib" "/opt/rustwide/rustup-home/toolchains/1.75.0-x86_64-unknown-linux-gnu/lib/rustlib/x86_64-unknown-linux-gnu/lib/libadler-321b82c30dffdf5f.rlib" "/opt/rustwide/rustup-home/toolchains/1.75.0-x86_64-unknown-linux-gnu/lib/rustlib/x86_64-unknown-linux-gnu/lib/libunwind-3dd8a6810a0bdfef.rlib" "/opt/rustwide/rustup-home/toolchains/1.75.0-x86_64-unknown-linux-gnu/lib/rustlib/x86_64-unknown-linux-gnu/lib/libcfg_if-eb39a61c0c879984.rlib" "/opt/rustwide/rustup-home/toolchains/1.75.0-x86_64-unknown-linux-gnu/lib/rustlib/x86_64-unknown-linux-gnu/lib/liblibc-aa769569f91c3548.rlib" "/opt/rustwide/rustup-home/toolchains/1.75.0-x86_64-unknown-linux-gnu/lib/rustlib/x86_64-unknown-linux-gnu/lib/liballoc-510a192a50a983ed.rlib" "/opt/rustwide/rustup-home/toolchains/1.75.0-x86_64-unknown-linux-gnu/lib/rustlib/x86_64-unknown-linux-gnu/lib/librustc_std_workspace_core-0577018320f99037.rlib" "/opt/rustwide/rustup-home/toolchains/1.75.0-x86_64-unknown-linux-gnu/lib/rustlib/x86_64-unknown-linux-gnu/lib/libcore-193cf992125ccd4c.rlib" "/opt/rustwide/rustup-home/toolchains/1.75.0-x86_64-unknown-linux-gnu/lib/rustlib/x86_64-unknown-linux-gnu/lib/libcompiler_builtins-8e138eaf26ebb4a8.rlib" "-Wl,-Bdynamic" "-lssl" "-lcrypto" "-lgcc_s" "-lutil" "-lrt" "-lpthread" "-lm" "-ldl" "-lc" "-Wl,--eh-frame-hdr" "-Wl,-z,noexecstack" "-L" "/opt/rustwide/rustup-home/toolchains/1.75.0-x86_64-unknown-linux-gnu/lib/rustlib/x86_64-unknown-linux-gnu/lib" "-o" "/opt/rustwide/target/debug/examples/developers-2ec65bf350172f8b" "-Wl,--gc-sections" "-pie" "-Wl,-z,relro,-z,now" "-nodefaultlibs"
[INFO] [stdout]   = note: collect2: fatal error: ld terminated with signal 9 [Killed]
[INFO] [stdout]           compilation terminated.
[INFO] [stdout]           
[INFO] [stdout] 
[INFO] [stdout] 
[INFO] [stdout] error: aborting due to previous error
[INFO] [stdout] 
[INFO] [stdout] 
[INFO] [stderr] error: could not compile `speedrun-api` (example "developers") due to 2 previous errors
[INFO] [stdout] error: linking with `cc` failed: exit status: 1
[INFO] [stdout]   |
[INFO] [stdout]   = note: LC_ALL="C" PATH="/opt/rustwide/rustup-home/toolchains/1.75.0-x86_64-unknown-linux-gnu/lib/rustlib/x86_64-unknown-linux-gnu/bin:/opt/rustwide/cargo-home/bin:/usr/local/sbin:/usr/local/bin:/usr/sbin:/usr/bin:/sbin:/bin" VSLANG="1033" "cc" "-m64" "/tmp/rustcj2swnB/symbols.o" "/opt/rustwide/target/debug/examples/variables-4f437ea65d32d094.variables.eb9f8e8ce1e7e815-cgu.0.rcgu.o" "/opt/rustwide/target/debug/examples/variables-4f437ea65d32d094.variables.eb9f8e8ce1e7e815-cgu.1.rcgu.o" "/opt/rustwide/target/debug/examples/variables-4f437ea65d32d094.variables.eb9f8e8ce1e7e815-cgu.2.rcgu.o" "/opt/rustwide/target/debug/examples/variables-4f437ea65d32d094.variables.eb9f8e8ce1e7e815-cgu.3.rcgu.o" "/opt/rustwide/target/debug/examples/variables-4f437ea65d32d094.variables.eb9f8e8ce1e7e815-cgu.4.rcgu.o" "/opt/rustwide/target/debug/examples/variables-4f437ea65d32d094.variables.eb9f8e8ce1e7e815-cgu.5.rcgu.o" "/opt/rustwide/target/debug/examples/variables-4f437ea65d32d094.variables.eb9f8e8ce1e7e815-cgu.6.rcgu.o" "/opt/rustwide/target/debug/examples/variables-4f437ea65d32d094.variables.eb9f8e8ce1e7e815-cgu.7.rcgu.o" "/opt/rustwide/target/debug/examples/variables-4f437ea65d32d094.variables.eb9f8e8ce1e7e815-cgu.8.rcgu.o" "/opt/rustwide/target/debug/examples/variables-4f437ea65d32d094.3a7e8cgiar3xac5u.rcgu.o" "-Wl,--as-needed" "-L" "/opt/rustwide/target/debug/deps" "-L" "/opt/rustwide/rustup-home/toolchains/1.75.0-x86_64-unknown-linux-gnu/lib/rustlib/x86_64-unknown-linux-gnu/lib" "-Wl,-Bstatic" "/opt/rustwide/target/debug/deps/libenv_logger-201181b3707f60e2.rlib" "/opt/rustwide/target/debug/deps/libtermcolor-8398fdf37ae29334.rlib" "/opt/rustwide/target/debug/deps/libis_terminal-5c6b12703275585b.rlib" "/opt/rustwide/target/debug/deps/librustix-ac0f0d554f2a8d3d.rlib" "/opt/rustwide/target/debug/deps/liblinux_raw_sys-6c69fc13c9aacd1b.rlib" "/opt/rustwide/target/debug/deps/libio_lifetimes-a14076fa0fcb5fb9.rlib" "/opt/rustwide/target/debug/deps/libhumantime-e2a10e0b2bfa2002.rlib" "/opt/rustwide/target/debug/deps/libregex-8e81d7185c27df73.rlib" "/opt/rustwide/target/debug/deps/libaho_corasick-4afb869e3e7aedd2.rlib" "/opt/rustwide/target/debug/deps/libregex_syntax-0e4eb4bab6ab5e1f.rlib" "/opt/rustwide/target/debug/deps/libspeedrun_api-0b9adcc2ea1b71bc.rlib" "/opt/rustwide/target/debug/deps/libreqwest-0a1eeef2e2c2f115.rlib" "/opt/rustwide/target/debug/deps/libhyper_tls-957d379901116106.rlib" "/opt/rustwide/target/debug/deps/libipnet-55fdaaa4d0006a30.rlib" "/opt/rustwide/target/debug/deps/libtokio_native_tls-b63dea70763ca621.rlib" "/opt/rustwide/target/debug/deps/libserde_urlencoded-cbd2344dc24d5439.rlib" "/opt/rustwide/target/debug/deps/libmime-450b243d21db2a61.rlib" "/opt/rustwide/target/debug/deps/libencoding_rs-6ac919aaf73aa201.rlib" "/opt/rustwide/target/debug/deps/libserde_json-6574cca193955649.rlib" "/opt/rustwide/target/debug/deps/libryu-80596ff4214e4d03.rlib" "/opt/rustwide/target/debug/deps/libbase64-8ea64d3566a9d67e.rlib" "/opt/rustwide/target/debug/deps/libnative_tls-37744527d0a37be7.rlib" "/opt/rustwide/target/debug/deps/libopenssl_probe-d850575132083d7c.rlib" "/opt/rustwide/target/debug/deps/libopenssl-6e269418d36938c9.rlib" "/opt/rustwide/target/debug/deps/libbitflags-b7cee2ca4fb438d0.rlib" "/opt/rustwide/target/debug/deps/libforeign_types-c05743815e5b8a9d.rlib" "/opt/rustwide/target/debug/deps/libforeign_types_shared-d149f5491fde2862.rlib" "/opt/rustwide/target/debug/deps/libopenssl_sys-dd6c15ecbe7c2578.rlib" "/opt/rustwide/target/debug/deps/libhyper-fc78cadfac3efdd6.rlib" "/opt/rustwide/target/debug/deps/libwant-361582c635a6617d.rlib" "/opt/rustwide/target/debug/deps/libtry_lock-6573df21d991c823.rlib" "/opt/rustwide/target/debug/deps/libhttparse-64f1ffbeda450424.rlib" "/opt/rustwide/target/debug/deps/libh2-43f6cca652ecb3d1.rlib" "/opt/rustwide/target/debug/deps/libindexmap-4a55c90885f25f25.rlib" "/opt/rustwide/target/debug/deps/libhashbrown-567986452cb9bc94.rlib" "/opt/rustwide/target/debug/deps/libtokio_util-664830028f429827.rlib" "/opt/rustwide/target/debug/deps/libtower_service-104d6e83d5ce383d.rlib" "/opt/rustwide/target/debug/deps/libtracing-40e5439229c5a22c.rlib" "/opt/rustwide/target/debug/deps/libtracing_core-6fcd779b49c8aaa1.rlib" "/opt/rustwide/target/debug/deps/libonce_cell-2437d1e94784a961.rlib" "/opt/rustwide/target/debug/deps/libtokio-75de86f2fc2e1578.rlib" "/opt/rustwide/target/debug/deps/libsignal_hook_registry-aa8d74fd668bedfa.rlib" "/opt/rustwide/target/debug/deps/libnum_cpus-3bdf4768df0e7c0a.rlib" "/opt/rustwide/target/debug/deps/libsocket2-774b1ba07fee14a1.rlib" "/opt/rustwide/target/debug/deps/libmio-3b199c17b4a3b574.rlib" "/opt/rustwide/target/debug/deps/libparking_lot-7a6372b79bc66ff5.rlib" "/opt/rustwide/target/debug/deps/libparking_lot_core-1b564a51e9331279.rlib" "/opt/rustwide/target/debug/deps/liblibc-00e4594b63605521.rlib" "/opt/rustwide/target/debug/deps/libsmallvec-60de533f7e4075fe.rlib" "/opt/rustwide/target/debug/deps/liblock_api-400daf411a1c055a.rlib" "/opt/rustwide/target/debug/deps/libscopeguard-b35f5c652940acc2.rlib" "/opt/rustwide/target/debug/deps/libhttp_body-3206acd3173dbc27.rlib" "/opt/rustwide/target/debug/deps/liburl-266913cbfe5e819e.rlib" "/opt/rustwide/target/debug/deps/libidna-c62e120fb9daafd7.rlib" "/opt/rustwide/target/debug/deps/libunicode_normalization-9a523c060fbda597.rlib" "/opt/rustwide/target/debug/deps/libtinyvec-e78be141da4aa4a4.rlib" "/opt/rustwide/target/debug/deps/libtinyvec_macros-bfeb7a087f0273ce.rlib" "/opt/rustwide/target/debug/deps/libunicode_bidi-6e4d9a1bf3170bfc.rlib" "/opt/rustwide/target/debug/deps/libform_urlencoded-e8c43e838ad28fa4.rlib" "/opt/rustwide/target/debug/deps/libpercent_encoding-c39f6500503dd269.rlib" "/opt/rustwide/target/debug/deps/libserde-c22db8370ffe7f2f.rlib" "/opt/rustwide/target/debug/deps/liblog-d88d404ed4a3e8b9.rlib" "/opt/rustwide/target/debug/deps/libcfg_if-61dc7a6799e72b18.rlib" "/opt/rustwide/target/debug/deps/libfutures-3e9d107587d6b1ce.rlib" "/opt/rustwide/target/debug/deps/libfutures_executor-202c2076911dc27b.rlib" "/opt/rustwide/target/debug/deps/libfutures_util-30952296c9c26ae6.rlib" "/opt/rustwide/target/debug/deps/libmemchr-4fdcfd9ddfba30cb.rlib" "/opt/rustwide/target/debug/deps/libfutures_io-d3ca8d3d34ca6dfb.rlib" "/opt/rustwide/target/debug/deps/libslab-29fe6a49d400343d.rlib" "/opt/rustwide/target/debug/deps/libfutures_channel-c114ba8c8ec18305.rlib" "/opt/rustwide/target/debug/deps/libpin_project_lite-cead9f5d94689600.rlib" "/opt/rustwide/target/debug/deps/libfutures_sink-33a871b3ecf4afde.rlib" "/opt/rustwide/target/debug/deps/libfutures_task-f30209098c38f296.rlib" "/opt/rustwide/target/debug/deps/libpin_utils-741f7d9d160e4a16.rlib" "/opt/rustwide/target/debug/deps/libfutures_core-f0bad9cb33be9048.rlib" "/opt/rustwide/target/debug/deps/libthiserror-5476109361afa902.rlib" "/opt/rustwide/target/debug/deps/libhttp-d800a5c9346a0da7.rlib" "/opt/rustwide/target/debug/deps/libitoa-324a29e856512b52.rlib" "/opt/rustwide/target/debug/deps/libbytes-f5dc1f268a1b4c4c.rlib" "/opt/rustwide/target/debug/deps/libfnv-18bf5144d055e772.rlib" "/opt/rustwide/target/debug/deps/libderive_builder-d73c2185fa01814f.rlib" "/opt/rustwide/rustup-home/toolchains/1.75.0-x86_64-unknown-linux-gnu/lib/rustlib/x86_64-unknown-linux-gnu/lib/libstd-90f6ddbf82de36ec.rlib" "/opt/rustwide/rustup-home/toolchains/1.75.0-x86_64-unknown-linux-gnu/lib/rustlib/x86_64-unknown-linux-gnu/lib/libpanic_unwind-480c41e9d4e1f677.rlib" "/opt/rustwide/rustup-home/toolchains/1.75.0-x86_64-unknown-linux-gnu/lib/rustlib/x86_64-unknown-linux-gnu/lib/libobject-db744c0ca03eed1d.rlib" "/opt/rustwide/rustup-home/toolchains/1.75.0-x86_64-unknown-linux-gnu/lib/rustlib/x86_64-unknown-linux-gnu/lib/libmemchr-8ba652dc7d4b285a.rlib" "/opt/rustwide/rustup-home/toolchains/1.75.0-x86_64-unknown-linux-gnu/lib/rustlib/x86_64-unknown-linux-gnu/lib/libaddr2line-d5f4520a9ebc0d58.rlib" "/opt/rustwide/rustup-home/toolchains/1.75.0-x86_64-unknown-linux-gnu/lib/rustlib/x86_64-unknown-linux-gnu/lib/libgimli-4ad84de58f0cb463.rlib" "/opt/rustwide/rustup-home/toolchains/1.75.0-x86_64-unknown-linux-gnu/lib/rustlib/x86_64-unknown-linux-gnu/lib/librustc_demangle-0d10aae2e0f38735.rlib" "/opt/rustwide/rustup-home/toolchains/1.75.0-x86_64-unknown-linux-gnu/lib/rustlib/x86_64-unknown-linux-gnu/lib/libstd_detect-0c17cff739e6745b.rlib" "/opt/rustwide/rustup-home/toolchains/1.75.0-x86_64-unknown-linux-gnu/lib/rustlib/x86_64-unknown-linux-gnu/lib/libhashbrown-b29e17139dde1aa8.rlib" "/opt/rustwide/rustup-home/toolchains/1.75.0-x86_64-unknown-linux-gnu/lib/rustlib/x86_64-unknown-linux-gnu/lib/librustc_std_workspace_alloc-1f975299829cc7bd.rlib" "/opt/rustwide/rustup-home/toolchains/1.75.0-x86_64-unknown-linux-gnu/lib/rustlib/x86_64-unknown-linux-gnu/lib/libminiz_oxide-86bae3bc3079f89b.rlib" "/opt/rustwide/rustup-home/toolchains/1.75.0-x86_64-unknown-linux-gnu/lib/rustlib/x86_64-unknown-linux-gnu/lib/libadler-321b82c30dffdf5f.rlib" "/opt/rustwide/rustup-home/toolchains/1.75.0-x86_64-unknown-linux-gnu/lib/rustlib/x86_64-unknown-linux-gnu/lib/libunwind-3dd8a6810a0bdfef.rlib" "/opt/rustwide/rustup-home/toolchains/1.75.0-x86_64-unknown-linux-gnu/lib/rustlib/x86_64-unknown-linux-gnu/lib/libcfg_if-eb39a61c0c879984.rlib" "/opt/rustwide/rustup-home/toolchains/1.75.0-x86_64-unknown-linux-gnu/lib/rustlib/x86_64-unknown-linux-gnu/lib/liblibc-aa769569f91c3548.rlib" "/opt/rustwide/rustup-home/toolchains/1.75.0-x86_64-unknown-linux-gnu/lib/rustlib/x86_64-unknown-linux-gnu/lib/liballoc-510a192a50a983ed.rlib" "/opt/rustwide/rustup-home/toolchains/1.75.0-x86_64-unknown-linux-gnu/lib/rustlib/x86_64-unknown-linux-gnu/lib/librustc_std_workspace_core-0577018320f99037.rlib" "/opt/rustwide/rustup-home/toolchains/1.75.0-x86_64-unknown-linux-gnu/lib/rustlib/x86_64-unknown-linux-gnu/lib/libcore-193cf992125ccd4c.rlib" "/opt/rustwide/rustup-home/toolchains/1.75.0-x86_64-unknown-linux-gnu/lib/rustlib/x86_64-unknown-linux-gnu/lib/libcompiler_builtins-8e138eaf26ebb4a8.rlib" "-Wl,-Bdynamic" "-lssl" "-lcrypto" "-lgcc_s" "-lutil" "-lrt" "-lpthread" "-lm" "-ldl" "-lc" "-Wl,--eh-frame-hdr" "-Wl,-z,noexecstack" "-L" "/opt/rustwide/rustup-home/toolchains/1.75.0-x86_64-unknown-linux-gnu/lib/rustlib/x86_64-unknown-linux-gnu/lib" "-o" "/opt/rustwide/target/debug/examples/variables-4f437ea65d32d094" "-Wl,--gc-sections" "-pie" "-Wl,-z,relro,-z,now" "-nodefaultlibs"
[INFO] [stdout]   = note: collect2: fatal error: ld terminated with signal 9 [Killed]
[INFO] [stdout]           compilation terminated.
[INFO] [stdout]           
[INFO] [stdout] 
[INFO] [stdout] 
[INFO] [stdout] error: aborting due to previous error
[INFO] [stdout] 
[INFO] [stdout] 
[INFO] [stderr] error: could not compile `speedrun-api` (example "variables") due to 2 previous errors
[INFO] [stdout] error: linking with `cc` failed: exit status: 1
[INFO] [stdout]   |
[INFO] [stdout]   = note: LC_ALL="C" PATH="/opt/rustwide/rustup-home/toolchains/1.75.0-x86_64-unknown-linux-gnu/lib/rustlib/x86_64-unknown-linux-gnu/bin:/opt/rustwide/cargo-home/bin:/usr/local/sbin:/usr/local/bin:/usr/sbin:/usr/bin:/sbin:/bin" VSLANG="1033" "cc" "-m64" "/tmp/rustcaUZGYX/symbols.o" "/opt/rustwide/target/debug/examples/genres-00ff5c907e15b5a6.genres.60b44c9644f55bbc-cgu.0.rcgu.o" "/opt/rustwide/target/debug/examples/genres-00ff5c907e15b5a6.genres.60b44c9644f55bbc-cgu.1.rcgu.o" "/opt/rustwide/target/debug/examples/genres-00ff5c907e15b5a6.genres.60b44c9644f55bbc-cgu.2.rcgu.o" "/opt/rustwide/target/debug/examples/genres-00ff5c907e15b5a6.genres.60b44c9644f55bbc-cgu.3.rcgu.o" "/opt/rustwide/target/debug/examples/genres-00ff5c907e15b5a6.genres.60b44c9644f55bbc-cgu.4.rcgu.o" "/opt/rustwide/target/debug/examples/genres-00ff5c907e15b5a6.genres.60b44c9644f55bbc-cgu.5.rcgu.o" "/opt/rustwide/target/debug/examples/genres-00ff5c907e15b5a6.genres.60b44c9644f55bbc-cgu.6.rcgu.o" "/opt/rustwide/target/debug/examples/genres-00ff5c907e15b5a6.genres.60b44c9644f55bbc-cgu.7.rcgu.o" "/opt/rustwide/target/debug/examples/genres-00ff5c907e15b5a6.57alepjb63748snb.rcgu.o" "-Wl,--as-needed" "-L" "/opt/rustwide/target/debug/deps" "-L" "/opt/rustwide/rustup-home/toolchains/1.75.0-x86_64-unknown-linux-gnu/lib/rustlib/x86_64-unknown-linux-gnu/lib" "-Wl,-Bstatic" "/opt/rustwide/target/debug/deps/libenv_logger-201181b3707f60e2.rlib" "/opt/rustwide/target/debug/deps/libtermcolor-8398fdf37ae29334.rlib" "/opt/rustwide/target/debug/deps/libis_terminal-5c6b12703275585b.rlib" "/opt/rustwide/target/debug/deps/librustix-ac0f0d554f2a8d3d.rlib" "/opt/rustwide/target/debug/deps/liblinux_raw_sys-6c69fc13c9aacd1b.rlib" "/opt/rustwide/target/debug/deps/libio_lifetimes-a14076fa0fcb5fb9.rlib" "/opt/rustwide/target/debug/deps/libhumantime-e2a10e0b2bfa2002.rlib" "/opt/rustwide/target/debug/deps/libregex-8e81d7185c27df73.rlib" "/opt/rustwide/target/debug/deps/libaho_corasick-4afb869e3e7aedd2.rlib" "/opt/rustwide/target/debug/deps/libregex_syntax-0e4eb4bab6ab5e1f.rlib" "/opt/rustwide/target/debug/deps/libspeedrun_api-0b9adcc2ea1b71bc.rlib" "/opt/rustwide/target/debug/deps/libreqwest-0a1eeef2e2c2f115.rlib" "/opt/rustwide/target/debug/deps/libhyper_tls-957d379901116106.rlib" "/opt/rustwide/target/debug/deps/libipnet-55fdaaa4d0006a30.rlib" "/opt/rustwide/target/debug/deps/libtokio_native_tls-b63dea70763ca621.rlib" "/opt/rustwide/target/debug/deps/libserde_urlencoded-cbd2344dc24d5439.rlib" "/opt/rustwide/target/debug/deps/libmime-450b243d21db2a61.rlib" "/opt/rustwide/target/debug/deps/libencoding_rs-6ac919aaf73aa201.rlib" "/opt/rustwide/target/debug/deps/libserde_json-6574cca193955649.rlib" "/opt/rustwide/target/debug/deps/libryu-80596ff4214e4d03.rlib" "/opt/rustwide/target/debug/deps/libbase64-8ea64d3566a9d67e.rlib" "/opt/rustwide/target/debug/deps/libnative_tls-37744527d0a37be7.rlib" "/opt/rustwide/target/debug/deps/libopenssl_probe-d850575132083d7c.rlib" "/opt/rustwide/target/debug/deps/libopenssl-6e269418d36938c9.rlib" "/opt/rustwide/target/debug/deps/libbitflags-b7cee2ca4fb438d0.rlib" "/opt/rustwide/target/debug/deps/libforeign_types-c05743815e5b8a9d.rlib" "/opt/rustwide/target/debug/deps/libforeign_types_shared-d149f5491fde2862.rlib" "/opt/rustwide/target/debug/deps/libopenssl_sys-dd6c15ecbe7c2578.rlib" "/opt/rustwide/target/debug/deps/libhyper-fc78cadfac3efdd6.rlib" "/opt/rustwide/target/debug/deps/libwant-361582c635a6617d.rlib" "/opt/rustwide/target/debug/deps/libtry_lock-6573df21d991c823.rlib" "/opt/rustwide/target/debug/deps/libhttparse-64f1ffbeda450424.rlib" "/opt/rustwide/target/debug/deps/libh2-43f6cca652ecb3d1.rlib" "/opt/rustwide/target/debug/deps/libindexmap-4a55c90885f25f25.rlib" "/opt/rustwide/target/debug/deps/libhashbrown-567986452cb9bc94.rlib" "/opt/rustwide/target/debug/deps/libtokio_util-664830028f429827.rlib" "/opt/rustwide/target/debug/deps/libtower_service-104d6e83d5ce383d.rlib" "/opt/rustwide/target/debug/deps/libtracing-40e5439229c5a22c.rlib" "/opt/rustwide/target/debug/deps/libtracing_core-6fcd779b49c8aaa1.rlib" "/opt/rustwide/target/debug/deps/libonce_cell-2437d1e94784a961.rlib" "/opt/rustwide/target/debug/deps/libtokio-75de86f2fc2e1578.rlib" "/opt/rustwide/target/debug/deps/libsignal_hook_registry-aa8d74fd668bedfa.rlib" "/opt/rustwide/target/debug/deps/libnum_cpus-3bdf4768df0e7c0a.rlib" "/opt/rustwide/target/debug/deps/libsocket2-774b1ba07fee14a1.rlib" "/opt/rustwide/target/debug/deps/libmio-3b199c17b4a3b574.rlib" "/opt/rustwide/target/debug/deps/libparking_lot-7a6372b79bc66ff5.rlib" "/opt/rustwide/target/debug/deps/libparking_lot_core-1b564a51e9331279.rlib" "/opt/rustwide/target/debug/deps/liblibc-00e4594b63605521.rlib" "/opt/rustwide/target/debug/deps/libsmallvec-60de533f7e4075fe.rlib" "/opt/rustwide/target/debug/deps/liblock_api-400daf411a1c055a.rlib" "/opt/rustwide/target/debug/deps/libscopeguard-b35f5c652940acc2.rlib" "/opt/rustwide/target/debug/deps/libhttp_body-3206acd3173dbc27.rlib" "/opt/rustwide/target/debug/deps/liburl-266913cbfe5e819e.rlib" "/opt/rustwide/target/debug/deps/libidna-c62e120fb9daafd7.rlib" "/opt/rustwide/target/debug/deps/libunicode_normalization-9a523c060fbda597.rlib" "/opt/rustwide/target/debug/deps/libtinyvec-e78be141da4aa4a4.rlib" "/opt/rustwide/target/debug/deps/libtinyvec_macros-bfeb7a087f0273ce.rlib" "/opt/rustwide/target/debug/deps/libunicode_bidi-6e4d9a1bf3170bfc.rlib" "/opt/rustwide/target/debug/deps/libform_urlencoded-e8c43e838ad28fa4.rlib" "/opt/rustwide/target/debug/deps/libpercent_encoding-c39f6500503dd269.rlib" "/opt/rustwide/target/debug/deps/libserde-c22db8370ffe7f2f.rlib" "/opt/rustwide/target/debug/deps/liblog-d88d404ed4a3e8b9.rlib" "/opt/rustwide/target/debug/deps/libcfg_if-61dc7a6799e72b18.rlib" "/opt/rustwide/target/debug/deps/libthiserror-5476109361afa902.rlib" "/opt/rustwide/target/debug/deps/libhttp-d800a5c9346a0da7.rlib" "/opt/rustwide/target/debug/deps/libitoa-324a29e856512b52.rlib" "/opt/rustwide/target/debug/deps/libbytes-f5dc1f268a1b4c4c.rlib" "/opt/rustwide/target/debug/deps/libfnv-18bf5144d055e772.rlib" "/opt/rustwide/target/debug/deps/libderive_builder-d73c2185fa01814f.rlib" "/opt/rustwide/target/debug/deps/libfutures-3e9d107587d6b1ce.rlib" "/opt/rustwide/target/debug/deps/libfutures_executor-202c2076911dc27b.rlib" "/opt/rustwide/target/debug/deps/libfutures_util-30952296c9c26ae6.rlib" "/opt/rustwide/target/debug/deps/libmemchr-4fdcfd9ddfba30cb.rlib" "/opt/rustwide/target/debug/deps/libfutures_io-d3ca8d3d34ca6dfb.rlib" "/opt/rustwide/target/debug/deps/libslab-29fe6a49d400343d.rlib" "/opt/rustwide/target/debug/deps/libfutures_channel-c114ba8c8ec18305.rlib" "/opt/rustwide/target/debug/deps/libpin_project_lite-cead9f5d94689600.rlib" "/opt/rustwide/target/debug/deps/libfutures_sink-33a871b3ecf4afde.rlib" "/opt/rustwide/target/debug/deps/libfutures_task-f30209098c38f296.rlib" "/opt/rustwide/target/debug/deps/libpin_utils-741f7d9d160e4a16.rlib" "/opt/rustwide/target/debug/deps/libfutures_core-f0bad9cb33be9048.rlib" "/opt/rustwide/rustup-home/toolchains/1.75.0-x86_64-unknown-linux-gnu/lib/rustlib/x86_64-unknown-linux-gnu/lib/libstd-90f6ddbf82de36ec.rlib" "/opt/rustwide/rustup-home/toolchains/1.75.0-x86_64-unknown-linux-gnu/lib/rustlib/x86_64-unknown-linux-gnu/lib/libpanic_unwind-480c41e9d4e1f677.rlib" "/opt/rustwide/rustup-home/toolchains/1.75.0-x86_64-unknown-linux-gnu/lib/rustlib/x86_64-unknown-linux-gnu/lib/libobject-db744c0ca03eed1d.rlib" "/opt/rustwide/rustup-home/toolchains/1.75.0-x86_64-unknown-linux-gnu/lib/rustlib/x86_64-unknown-linux-gnu/lib/libmemchr-8ba652dc7d4b285a.rlib" "/opt/rustwide/rustup-home/toolchains/1.75.0-x86_64-unknown-linux-gnu/lib/rustlib/x86_64-unknown-linux-gnu/lib/libaddr2line-d5f4520a9ebc0d58.rlib" "/opt/rustwide/rustup-home/toolchains/1.75.0-x86_64-unknown-linux-gnu/lib/rustlib/x86_64-unknown-linux-gnu/lib/libgimli-4ad84de58f0cb463.rlib" "/opt/rustwide/rustup-home/toolchains/1.75.0-x86_64-unknown-linux-gnu/lib/rustlib/x86_64-unknown-linux-gnu/lib/librustc_demangle-0d10aae2e0f38735.rlib" "/opt/rustwide/rustup-home/toolchains/1.75.0-x86_64-unknown-linux-gnu/lib/rustlib/x86_64-unknown-linux-gnu/lib/libstd_detect-0c17cff739e6745b.rlib" "/opt/rustwide/rustup-home/toolchains/1.75.0-x86_64-unknown-linux-gnu/lib/rustlib/x86_64-unknown-linux-gnu/lib/libhashbrown-b29e17139dde1aa8.rlib" "/opt/rustwide/rustup-home/toolchains/1.75.0-x86_64-unknown-linux-gnu/lib/rustlib/x86_64-unknown-linux-gnu/lib/librustc_std_workspace_alloc-1f975299829cc7bd.rlib" "/opt/rustwide/rustup-home/toolchains/1.75.0-x86_64-unknown-linux-gnu/lib/rustlib/x86_64-unknown-linux-gnu/lib/libminiz_oxide-86bae3bc3079f89b.rlib" "/opt/rustwide/rustup-home/toolchains/1.75.0-x86_64-unknown-linux-gnu/lib/rustlib/x86_64-unknown-linux-gnu/lib/libadler-321b82c30dffdf5f.rlib" "/opt/rustwide/rustup-home/toolchains/1.75.0-x86_64-unknown-linux-gnu/lib/rustlib/x86_64-unknown-linux-gnu/lib/libunwind-3dd8a6810a0bdfef.rlib" "/opt/rustwide/rustup-home/toolchains/1.75.0-x86_64-unknown-linux-gnu/lib/rustlib/x86_64-unknown-linux-gnu/lib/libcfg_if-eb39a61c0c879984.rlib" "/opt/rustwide/rustup-home/toolchains/1.75.0-x86_64-unknown-linux-gnu/lib/rustlib/x86_64-unknown-linux-gnu/lib/liblibc-aa769569f91c3548.rlib" "/opt/rustwide/rustup-home/toolchains/1.75.0-x86_64-unknown-linux-gnu/lib/rustlib/x86_64-unknown-linux-gnu/lib/liballoc-510a192a50a983ed.rlib" "/opt/rustwide/rustup-home/toolchains/1.75.0-x86_64-unknown-linux-gnu/lib/rustlib/x86_64-unknown-linux-gnu/lib/librustc_std_workspace_core-0577018320f99037.rlib" "/opt/rustwide/rustup-home/toolchains/1.75.0-x86_64-unknown-linux-gnu/lib/rustlib/x86_64-unknown-linux-gnu/lib/libcore-193cf992125ccd4c.rlib" "/opt/rustwide/rustup-home/toolchains/1.75.0-x86_64-unknown-linux-gnu/lib/rustlib/x86_64-unknown-linux-gnu/lib/libcompiler_builtins-8e138eaf26ebb4a8.rlib" "-Wl,-Bdynamic" "-lssl" "-lcrypto" "-lgcc_s" "-lutil" "-lrt" "-lpthread" "-lm" "-ldl" "-lc" "-Wl,--eh-frame-hdr" "-Wl,-z,noexecstack" "-L" "/opt/rustwide/rustup-home/toolchains/1.75.0-x86_64-unknown-linux-gnu/lib/rustlib/x86_64-unknown-linux-gnu/lib" "-o" "/opt/rustwide/target/debug/examples/genres-00ff5c907e15b5a6" "-Wl,--gc-sections" "-pie" "-Wl,-z,relro,-z,now" "-nodefaultlibs"
[INFO] [stdout]   = note: collect2: fatal error: ld terminated with signal 9 [Killed]
[INFO] [stdout]           compilation terminated.
[INFO] [stdout]           
[INFO] [stdout] 
[INFO] [stdout] 
[INFO] [stdout] error: aborting due to previous error
[INFO] [stdout] 
[INFO] [stdout] 
[INFO] [stderr] error: could not compile `speedrun-api` (example "genres") due to 2 previous errors
[INFO] [stdout] error: linking with `cc` failed: exit status: 1
[INFO] [stdout]   |
[INFO] [stdout]   = note: LC_ALL="C" PATH="/opt/rustwide/rustup-home/toolchains/1.75.0-x86_64-unknown-linux-gnu/lib/rustlib/x86_64-unknown-linux-gnu/bin:/opt/rustwide/cargo-home/bin:/usr/local/sbin:/usr/local/bin:/usr/sbin:/usr/bin:/sbin:/bin" VSLANG="1033" "cc" "-m64" "/tmp/rustcJcmXm6/symbols.o" "/opt/rustwide/target/debug/examples/gametypes-0438624296721cb5.gametypes.42dc4303566e9019-cgu.0.rcgu.o" "/opt/rustwide/target/debug/examples/gametypes-0438624296721cb5.gametypes.42dc4303566e9019-cgu.1.rcgu.o" "/opt/rustwide/target/debug/examples/gametypes-0438624296721cb5.gametypes.42dc4303566e9019-cgu.2.rcgu.o" "/opt/rustwide/target/debug/examples/gametypes-0438624296721cb5.gametypes.42dc4303566e9019-cgu.3.rcgu.o" "/opt/rustwide/target/debug/examples/gametypes-0438624296721cb5.gametypes.42dc4303566e9019-cgu.4.rcgu.o" "/opt/rustwide/target/debug/examples/gametypes-0438624296721cb5.gametypes.42dc4303566e9019-cgu.5.rcgu.o" "/opt/rustwide/target/debug/examples/gametypes-0438624296721cb5.gametypes.42dc4303566e9019-cgu.6.rcgu.o" "/opt/rustwide/target/debug/examples/gametypes-0438624296721cb5.gametypes.42dc4303566e9019-cgu.7.rcgu.o" "/opt/rustwide/target/debug/examples/gametypes-0438624296721cb5.2qb6tviu22gro7lr.rcgu.o" "-Wl,--as-needed" "-L" "/opt/rustwide/target/debug/deps" "-L" "/opt/rustwide/rustup-home/toolchains/1.75.0-x86_64-unknown-linux-gnu/lib/rustlib/x86_64-unknown-linux-gnu/lib" "-Wl,-Bstatic" "/opt/rustwide/target/debug/deps/libenv_logger-201181b3707f60e2.rlib" "/opt/rustwide/target/debug/deps/libtermcolor-8398fdf37ae29334.rlib" "/opt/rustwide/target/debug/deps/libis_terminal-5c6b12703275585b.rlib" "/opt/rustwide/target/debug/deps/librustix-ac0f0d554f2a8d3d.rlib" "/opt/rustwide/target/debug/deps/liblinux_raw_sys-6c69fc13c9aacd1b.rlib" "/opt/rustwide/target/debug/deps/libio_lifetimes-a14076fa0fcb5fb9.rlib" "/opt/rustwide/target/debug/deps/libhumantime-e2a10e0b2bfa2002.rlib" "/opt/rustwide/target/debug/deps/libregex-8e81d7185c27df73.rlib" "/opt/rustwide/target/debug/deps/libaho_corasick-4afb869e3e7aedd2.rlib" "/opt/rustwide/target/debug/deps/libregex_syntax-0e4eb4bab6ab5e1f.rlib" "/opt/rustwide/target/debug/deps/libspeedrun_api-0b9adcc2ea1b71bc.rlib" "/opt/rustwide/target/debug/deps/libreqwest-0a1eeef2e2c2f115.rlib" "/opt/rustwide/target/debug/deps/libhyper_tls-957d379901116106.rlib" "/opt/rustwide/target/debug/deps/libipnet-55fdaaa4d0006a30.rlib" "/opt/rustwide/target/debug/deps/libtokio_native_tls-b63dea70763ca621.rlib" "/opt/rustwide/target/debug/deps/libserde_urlencoded-cbd2344dc24d5439.rlib" "/opt/rustwide/target/debug/deps/libmime-450b243d21db2a61.rlib" "/opt/rustwide/target/debug/deps/libencoding_rs-6ac919aaf73aa201.rlib" "/opt/rustwide/target/debug/deps/libserde_json-6574cca193955649.rlib" "/opt/rustwide/target/debug/deps/libryu-80596ff4214e4d03.rlib" "/opt/rustwide/target/debug/deps/libbase64-8ea64d3566a9d67e.rlib" "/opt/rustwide/target/debug/deps/libnative_tls-37744527d0a37be7.rlib" "/opt/rustwide/target/debug/deps/libopenssl_probe-d850575132083d7c.rlib" "/opt/rustwide/target/debug/deps/libopenssl-6e269418d36938c9.rlib" "/opt/rustwide/target/debug/deps/libbitflags-b7cee2ca4fb438d0.rlib" "/opt/rustwide/target/debug/deps/libforeign_types-c05743815e5b8a9d.rlib" "/opt/rustwide/target/debug/deps/libforeign_types_shared-d149f5491fde2862.rlib" "/opt/rustwide/target/debug/deps/libopenssl_sys-dd6c15ecbe7c2578.rlib" "/opt/rustwide/target/debug/deps/libhyper-fc78cadfac3efdd6.rlib" "/opt/rustwide/target/debug/deps/libwant-361582c635a6617d.rlib" "/opt/rustwide/target/debug/deps/libtry_lock-6573df21d991c823.rlib" "/opt/rustwide/target/debug/deps/libhttparse-64f1ffbeda450424.rlib" "/opt/rustwide/target/debug/deps/libh2-43f6cca652ecb3d1.rlib" "/opt/rustwide/target/debug/deps/libindexmap-4a55c90885f25f25.rlib" "/opt/rustwide/target/debug/deps/libhashbrown-567986452cb9bc94.rlib" "/opt/rustwide/target/debug/deps/libtokio_util-664830028f429827.rlib" "/opt/rustwide/target/debug/deps/libtower_service-104d6e83d5ce383d.rlib" "/opt/rustwide/target/debug/deps/libtracing-40e5439229c5a22c.rlib" "/opt/rustwide/target/debug/deps/libtracing_core-6fcd779b49c8aaa1.rlib" "/opt/rustwide/target/debug/deps/libonce_cell-2437d1e94784a961.rlib" "/opt/rustwide/target/debug/deps/libtokio-75de86f2fc2e1578.rlib" "/opt/rustwide/target/debug/deps/libsignal_hook_registry-aa8d74fd668bedfa.rlib" "/opt/rustwide/target/debug/deps/libnum_cpus-3bdf4768df0e7c0a.rlib" "/opt/rustwide/target/debug/deps/libsocket2-774b1ba07fee14a1.rlib" "/opt/rustwide/target/debug/deps/libmio-3b199c17b4a3b574.rlib" "/opt/rustwide/target/debug/deps/libparking_lot-7a6372b79bc66ff5.rlib" "/opt/rustwide/target/debug/deps/libparking_lot_core-1b564a51e9331279.rlib" "/opt/rustwide/target/debug/deps/liblibc-00e4594b63605521.rlib" "/opt/rustwide/target/debug/deps/libsmallvec-60de533f7e4075fe.rlib" "/opt/rustwide/target/debug/deps/liblock_api-400daf411a1c055a.rlib" "/opt/rustwide/target/debug/deps/libscopeguard-b35f5c652940acc2.rlib" "/opt/rustwide/target/debug/deps/libhttp_body-3206acd3173dbc27.rlib" "/opt/rustwide/target/debug/deps/liburl-266913cbfe5e819e.rlib" "/opt/rustwide/target/debug/deps/libidna-c62e120fb9daafd7.rlib" "/opt/rustwide/target/debug/deps/libunicode_normalization-9a523c060fbda597.rlib" "/opt/rustwide/target/debug/deps/libtinyvec-e78be141da4aa4a4.rlib" "/opt/rustwide/target/debug/deps/libtinyvec_macros-bfeb7a087f0273ce.rlib" "/opt/rustwide/target/debug/deps/libunicode_bidi-6e4d9a1bf3170bfc.rlib" "/opt/rustwide/target/debug/deps/libform_urlencoded-e8c43e838ad28fa4.rlib" "/opt/rustwide/target/debug/deps/libpercent_encoding-c39f6500503dd269.rlib" "/opt/rustwide/target/debug/deps/libserde-c22db8370ffe7f2f.rlib" "/opt/rustwide/target/debug/deps/liblog-d88d404ed4a3e8b9.rlib" "/opt/rustwide/target/debug/deps/libcfg_if-61dc7a6799e72b18.rlib" "/opt/rustwide/target/debug/deps/libthiserror-5476109361afa902.rlib" "/opt/rustwide/target/debug/deps/libhttp-d800a5c9346a0da7.rlib" "/opt/rustwide/target/debug/deps/libitoa-324a29e856512b52.rlib" "/opt/rustwide/target/debug/deps/libbytes-f5dc1f268a1b4c4c.rlib" "/opt/rustwide/target/debug/deps/libfnv-18bf5144d055e772.rlib" "/opt/rustwide/target/debug/deps/libderive_builder-d73c2185fa01814f.rlib" "/opt/rustwide/target/debug/deps/libfutures-3e9d107587d6b1ce.rlib" "/opt/rustwide/target/debug/deps/libfutures_executor-202c2076911dc27b.rlib" "/opt/rustwide/target/debug/deps/libfutures_util-30952296c9c26ae6.rlib" "/opt/rustwide/target/debug/deps/libmemchr-4fdcfd9ddfba30cb.rlib" "/opt/rustwide/target/debug/deps/libfutures_io-d3ca8d3d34ca6dfb.rlib" "/opt/rustwide/target/debug/deps/libslab-29fe6a49d400343d.rlib" "/opt/rustwide/target/debug/deps/libfutures_channel-c114ba8c8ec18305.rlib" "/opt/rustwide/target/debug/deps/libpin_project_lite-cead9f5d94689600.rlib" "/opt/rustwide/target/debug/deps/libfutures_sink-33a871b3ecf4afde.rlib" "/opt/rustwide/target/debug/deps/libfutures_task-f30209098c38f296.rlib" "/opt/rustwide/target/debug/deps/libpin_utils-741f7d9d160e4a16.rlib" "/opt/rustwide/target/debug/deps/libfutures_core-f0bad9cb33be9048.rlib" "/opt/rustwide/rustup-home/toolchains/1.75.0-x86_64-unknown-linux-gnu/lib/rustlib/x86_64-unknown-linux-gnu/lib/libstd-90f6ddbf82de36ec.rlib" "/opt/rustwide/rustup-home/toolchains/1.75.0-x86_64-unknown-linux-gnu/lib/rustlib/x86_64-unknown-linux-gnu/lib/libpanic_unwind-480c41e9d4e1f677.rlib" "/opt/rustwide/rustup-home/toolchains/1.75.0-x86_64-unknown-linux-gnu/lib/rustlib/x86_64-unknown-linux-gnu/lib/libobject-db744c0ca03eed1d.rlib" "/opt/rustwide/rustup-home/toolchains/1.75.0-x86_64-unknown-linux-gnu/lib/rustlib/x86_64-unknown-linux-gnu/lib/libmemchr-8ba652dc7d4b285a.rlib" "/opt/rustwide/rustup-home/toolchains/1.75.0-x86_64-unknown-linux-gnu/lib/rustlib/x86_64-unknown-linux-gnu/lib/libaddr2line-d5f4520a9ebc0d58.rlib" "/opt/rustwide/rustup-home/toolchains/1.75.0-x86_64-unknown-linux-gnu/lib/rustlib/x86_64-unknown-linux-gnu/lib/libgimli-4ad84de58f0cb463.rlib" "/opt/rustwide/rustup-home/toolchains/1.75.0-x86_64-unknown-linux-gnu/lib/rustlib/x86_64-unknown-linux-gnu/lib/librustc_demangle-0d10aae2e0f38735.rlib" "/opt/rustwide/rustup-home/toolchains/1.75.0-x86_64-unknown-linux-gnu/lib/rustlib/x86_64-unknown-linux-gnu/lib/libstd_detect-0c17cff739e6745b.rlib" "/opt/rustwide/rustup-home/toolchains/1.75.0-x86_64-unknown-linux-gnu/lib/rustlib/x86_64-unknown-linux-gnu/lib/libhashbrown-b29e17139dde1aa8.rlib" "/opt/rustwide/rustup-home/toolchains/1.75.0-x86_64-unknown-linux-gnu/lib/rustlib/x86_64-unknown-linux-gnu/lib/librustc_std_workspace_alloc-1f975299829cc7bd.rlib" "/opt/rustwide/rustup-home/toolchains/1.75.0-x86_64-unknown-linux-gnu/lib/rustlib/x86_64-unknown-linux-gnu/lib/libminiz_oxide-86bae3bc3079f89b.rlib" "/opt/rustwide/rustup-home/toolchains/1.75.0-x86_64-unknown-linux-gnu/lib/rustlib/x86_64-unknown-linux-gnu/lib/libadler-321b82c30dffdf5f.rlib" "/opt/rustwide/rustup-home/toolchains/1.75.0-x86_64-unknown-linux-gnu/lib/rustlib/x86_64-unknown-linux-gnu/lib/libunwind-3dd8a6810a0bdfef.rlib" "/opt/rustwide/rustup-home/toolchains/1.75.0-x86_64-unknown-linux-gnu/lib/rustlib/x86_64-unknown-linux-gnu/lib/libcfg_if-eb39a61c0c879984.rlib" "/opt/rustwide/rustup-home/toolchains/1.75.0-x86_64-unknown-linux-gnu/lib/rustlib/x86_64-unknown-linux-gnu/lib/liblibc-aa769569f91c3548.rlib" "/opt/rustwide/rustup-home/toolchains/1.75.0-x86_64-unknown-linux-gnu/lib/rustlib/x86_64-unknown-linux-gnu/lib/liballoc-510a192a50a983ed.rlib" "/opt/rustwide/rustup-home/toolchains/1.75.0-x86_64-unknown-linux-gnu/lib/rustlib/x86_64-unknown-linux-gnu/lib/librustc_std_workspace_core-0577018320f99037.rlib" "/opt/rustwide/rustup-home/toolchains/1.75.0-x86_64-unknown-linux-gnu/lib/rustlib/x86_64-unknown-linux-gnu/lib/libcore-193cf992125ccd4c.rlib" "/opt/rustwide/rustup-home/toolchains/1.75.0-x86_64-unknown-linux-gnu/lib/rustlib/x86_64-unknown-linux-gnu/lib/libcompiler_builtins-8e138eaf26ebb4a8.rlib" "-Wl,-Bdynamic" "-lssl" "-lcrypto" "-lgcc_s" "-lutil" "-lrt" "-lpthread" "-lm" "-ldl" "-lc" "-Wl,--eh-frame-hdr" "-Wl,-z,noexecstack" "-L" "/opt/rustwide/rustup-home/toolchains/1.75.0-x86_64-unknown-linux-gnu/lib/rustlib/x86_64-unknown-linux-gnu/lib" "-o" "/opt/rustwide/target/debug/examples/gametypes-0438624296721cb5" "-Wl,--gc-sections" "-pie" "-Wl,-z,relro,-z,now" "-nodefaultlibs"
[INFO] [stdout]   = note: collect2: fatal error: ld terminated with signal 9 [Killed]
[INFO] [stdout]           compilation terminated.
[INFO] [stdout]           
[INFO] [stdout] 
[INFO] [stdout] 
[INFO] [stdout] error: aborting due to previous error
[INFO] [stdout] 
[INFO] [stdout] 
[INFO] [stderr] error: could not compile `speedrun-api` (example "gametypes") due to 2 previous errors
[INFO] running `Command { std: "docker" "inspect" "02af781caacd0391c9f80684968bbe9d470f7220fe421e54d4972e8420b0d387", kill_on_drop: false }`
[INFO] running `Command { std: "docker" "rm" "-f" "02af781caacd0391c9f80684968bbe9d470f7220fe421e54d4972e8420b0d387", kill_on_drop: false }`
[INFO] [stdout] 02af781caacd0391c9f80684968bbe9d470f7220fe421e54d4972e8420b0d387
