[INFO] fetching crate speechmatics 0.3.2...
[INFO] testing speechmatics-0.3.2 against 1.75.0 for beta-1.76-1
[INFO] extracting crate speechmatics 0.3.2 into /workspace/builds/worker-2-tc1/source
[INFO] validating manifest of crates.io crate speechmatics 0.3.2 on toolchain 1.75.0
[INFO] running `Command { std: CARGO_HOME="/workspace/cargo-home" RUSTUP_HOME="/workspace/rustup-home" "/workspace/cargo-home/bin/cargo" "+1.75.0" "metadata" "--manifest-path" "Cargo.toml" "--no-deps", kill_on_drop: false }`
[INFO] started tweaking crates.io crate speechmatics 0.3.2
[INFO] removed 0 missing examples
[INFO] finished tweaking crates.io crate speechmatics 0.3.2
[INFO] tweaked toml for crates.io crate speechmatics 0.3.2 written to /workspace/builds/worker-2-tc1/source/Cargo.toml
[INFO] crate crates.io crate speechmatics 0.3.2 already has a lockfile, it will not be regenerated
[INFO] running `Command { std: CARGO_HOME="/workspace/cargo-home" RUSTUP_HOME="/workspace/rustup-home" "/workspace/cargo-home/bin/cargo" "+1.75.0" "fetch" "--manifest-path" "Cargo.toml", kill_on_drop: false }`
[INFO] running `Command { std: "docker" "create" "-v" "/var/lib/crater-agent-workspace/builds/worker-2-tc1/target:/opt/rustwide/target:rw,Z" "-v" "/var/lib/crater-agent-workspace/builds/worker-2-tc1/source:/opt/rustwide/workdir:ro,Z" "-v" "/var/lib/crater-agent-workspace/cargo-home:/opt/rustwide/cargo-home:ro,Z" "-v" "/var/lib/crater-agent-workspace/rustup-home:/opt/rustwide/rustup-home:ro,Z" "-e" "SOURCE_DIR=/opt/rustwide/workdir" "-e" "CARGO_TARGET_DIR=/opt/rustwide/target" "-e" "CARGO_HOME=/opt/rustwide/cargo-home" "-e" "RUSTUP_HOME=/opt/rustwide/rustup-home" "-w" "/opt/rustwide/workdir" "-m" "1610612736" "--user" "0:0" "--network" "none" "ghcr.io/rust-lang/crates-build-env/linux@sha256:2788e3201cd34a07e3172128adcd8b3090168a8e3bcc40d7c032b9dda1df7d1c" "/opt/rustwide/cargo-home/bin/cargo" "+1.75.0" "metadata" "--no-deps" "--format-version=1", kill_on_drop: false }`
[INFO] [stdout] 37c13290bc49cb10a82140db1282af89fed50ca763b0cd3ccc30c4c8f4c975b3
[INFO] running `Command { std: "docker" "start" "-a" "37c13290bc49cb10a82140db1282af89fed50ca763b0cd3ccc30c4c8f4c975b3", kill_on_drop: false }`
[INFO] running `Command { std: "docker" "inspect" "37c13290bc49cb10a82140db1282af89fed50ca763b0cd3ccc30c4c8f4c975b3", kill_on_drop: false }`
[INFO] running `Command { std: "docker" "rm" "-f" "37c13290bc49cb10a82140db1282af89fed50ca763b0cd3ccc30c4c8f4c975b3", kill_on_drop: false }`
[INFO] [stdout] 37c13290bc49cb10a82140db1282af89fed50ca763b0cd3ccc30c4c8f4c975b3
[INFO] running `Command { std: "docker" "create" "-v" "/var/lib/crater-agent-workspace/builds/worker-2-tc1/target:/opt/rustwide/target:rw,Z" "-v" "/var/lib/crater-agent-workspace/builds/worker-2-tc1/source:/opt/rustwide/workdir:ro,Z" "-v" "/var/lib/crater-agent-workspace/cargo-home:/opt/rustwide/cargo-home:ro,Z" "-v" "/var/lib/crater-agent-workspace/rustup-home:/opt/rustwide/rustup-home:ro,Z" "-e" "SOURCE_DIR=/opt/rustwide/workdir" "-e" "CARGO_TARGET_DIR=/opt/rustwide/target" "-e" "CARGO_INCREMENTAL=0" "-e" "RUST_BACKTRACE=full" "-e" "RUSTFLAGS=--cap-lints=warn" "-e" "RUSTDOCFLAGS=--cap-lints=warn" "-e" "CARGO_HOME=/opt/rustwide/cargo-home" "-e" "RUSTUP_HOME=/opt/rustwide/rustup-home" "-w" "/opt/rustwide/workdir" "-m" "1610612736" "--user" "0:0" "--network" "none" "ghcr.io/rust-lang/crates-build-env/linux@sha256:2788e3201cd34a07e3172128adcd8b3090168a8e3bcc40d7c032b9dda1df7d1c" "/opt/rustwide/cargo-home/bin/cargo" "+1.75.0" "build" "--frozen" "--message-format=json", kill_on_drop: false }`
[INFO] [stdout] 895a61f646766abdddd3379f956f425d414aa09b555092b5e6786ea70a736e6a
[INFO] running `Command { std: "docker" "start" "-a" "895a61f646766abdddd3379f956f425d414aa09b555092b5e6786ea70a736e6a", kill_on_drop: false }`
[INFO] [stderr]    Compiling futures-core v0.3.29
[INFO] [stderr]    Compiling futures-channel v0.3.29
[INFO] [stderr]    Compiling futures-sink v0.3.29
[INFO] [stderr]    Compiling futures-util v0.3.29
[INFO] [stderr]    Compiling futures-io v0.3.29
[INFO] [stderr]    Compiling serde v1.0.193
[INFO] [stderr]    Compiling syn v2.0.39
[INFO] [stderr]    Compiling futures-macro v0.3.29
[INFO] [stderr]    Compiling serde_derive v1.0.193
[INFO] [stderr]    Compiling futures-executor v0.3.29
[INFO] [stderr]    Compiling futures v0.3.29
[INFO] [stderr]    Compiling serde_json v1.0.108
[INFO] [stderr]    Compiling speechmatics v0.3.2 (/opt/rustwide/workdir)
[INFO] [stdout] warning: unused `#[macro_use]` import
[INFO] [stdout]  --> src/lib.rs:5:1
[INFO] [stdout]   |
[INFO] [stdout] 5 | #[macro_use]
[INFO] [stdout]   | ^^^^^^^^^^^^
[INFO] [stdout]   |
[INFO] [stdout]   = note: `#[warn(unused_imports)]` on by default
[INFO] [stdout] 
[INFO] [stdout] 
[INFO] [stdout] warning: 1 warning emitted
[INFO] [stdout] 
[INFO] [stdout] 
[INFO] [stderr]     Finished dev [unoptimized + debuginfo] target(s) in 7.66s
[INFO] running `Command { std: "docker" "inspect" "895a61f646766abdddd3379f956f425d414aa09b555092b5e6786ea70a736e6a", kill_on_drop: false }`
[INFO] running `Command { std: "docker" "rm" "-f" "895a61f646766abdddd3379f956f425d414aa09b555092b5e6786ea70a736e6a", kill_on_drop: false }`
[INFO] [stdout] 895a61f646766abdddd3379f956f425d414aa09b555092b5e6786ea70a736e6a
[INFO] running `Command { std: "docker" "create" "-v" "/var/lib/crater-agent-workspace/builds/worker-2-tc1/target:/opt/rustwide/target:rw,Z" "-v" "/var/lib/crater-agent-workspace/builds/worker-2-tc1/source:/opt/rustwide/workdir:ro,Z" "-v" "/var/lib/crater-agent-workspace/cargo-home:/opt/rustwide/cargo-home:ro,Z" "-v" "/var/lib/crater-agent-workspace/rustup-home:/opt/rustwide/rustup-home:ro,Z" "-e" "SOURCE_DIR=/opt/rustwide/workdir" "-e" "CARGO_TARGET_DIR=/opt/rustwide/target" "-e" "CARGO_INCREMENTAL=0" "-e" "RUST_BACKTRACE=full" "-e" "RUSTFLAGS=--cap-lints=warn" "-e" "RUSTDOCFLAGS=--cap-lints=warn" "-e" "CARGO_HOME=/opt/rustwide/cargo-home" "-e" "RUSTUP_HOME=/opt/rustwide/rustup-home" "-w" "/opt/rustwide/workdir" "-m" "1610612736" "--user" "0:0" "--network" "none" "ghcr.io/rust-lang/crates-build-env/linux@sha256:2788e3201cd34a07e3172128adcd8b3090168a8e3bcc40d7c032b9dda1df7d1c" "/opt/rustwide/cargo-home/bin/cargo" "+1.75.0" "test" "--frozen" "--no-run" "--message-format=json", kill_on_drop: false }`
[INFO] [stdout] dbbf94e8f012736f2b536a59952b804313d28033cc8d1c36e8872235e42e4ef4
[INFO] running `Command { std: "docker" "start" "-a" "dbbf94e8f012736f2b536a59952b804313d28033cc8d1c36e8872235e42e4ef4", kill_on_drop: false }`
[INFO] [stderr]    Compiling parking v2.2.0
[INFO] [stderr]    Compiling concurrent-queue v2.3.0
[INFO] [stderr]    Compiling libc v0.2.150
[INFO] [stderr]    Compiling rustix v0.38.26
[INFO] [stderr]    Compiling value-bag v1.4.2
[INFO] [stderr]    Compiling tracing-core v0.1.32
[INFO] [stderr]    Compiling linux-raw-sys v0.4.12
[INFO] [stderr]    Compiling io-lifetimes v1.0.11
[INFO] [stderr]    Compiling futures-channel v0.3.29
[INFO] [stderr]    Compiling polling v2.8.0
[INFO] [stderr]    Compiling rustix v0.37.27
[INFO] [stderr]    Compiling syn v1.0.109
[INFO] [stderr]    Compiling atomic-waker v1.1.2
[INFO] [stderr]    Compiling event-listener v2.5.3
[INFO] [stderr]    Compiling async-task v4.5.0
[INFO] [stderr]    Compiling async-io v1.13.0
[INFO] [stderr]    Compiling futures-lite v2.0.1
[INFO] [stderr]    Compiling piper v0.2.1
[INFO] [stderr]    Compiling log v0.4.20
[INFO] [stderr]    Compiling event-listener v4.0.0
[INFO] [stderr]    Compiling futures-util v0.3.29
[INFO] [stderr]    Compiling waker-fn v1.1.1
[INFO] [stderr]    Compiling linux-raw-sys v0.3.8
[INFO] [stderr]    Compiling futures-lite v1.13.0
[INFO] [stderr]    Compiling async-lock v2.8.0
[INFO] [stderr]    Compiling once_cell v1.18.0
[INFO] [stderr]    Compiling event-listener-strategy v0.4.0
[INFO] [stderr]    Compiling async-lock v3.1.2
[INFO] [stderr]    Compiling tracing v0.1.40
[INFO] [stderr]    Compiling async-channel v2.1.1
[INFO] [stderr]    Compiling kv-log-macro v1.0.7
[INFO] [stderr]    Compiling async-channel v1.9.0
[INFO] [stderr]    Compiling socket2 v0.4.10
[INFO] [stderr]    Compiling blocking v1.5.1
[INFO] [stderr]    Compiling async-executor v1.8.0
[INFO] [stderr]    Compiling futures-executor v0.3.29
[INFO] [stderr]    Compiling futures v0.3.29
[INFO] [stderr]    Compiling speechmatics v0.3.2 (/opt/rustwide/workdir)
[INFO] [stdout] warning: unused `#[macro_use]` import
[INFO] [stdout]  --> src/lib.rs:5:1
[INFO] [stdout]   |
[INFO] [stdout] 5 | #[macro_use]
[INFO] [stdout]   | ^^^^^^^^^^^^
[INFO] [stdout]   |
[INFO] [stdout]   = note: `#[warn(unused_imports)]` on by default
[INFO] [stdout] 
[INFO] [stdout] 
[INFO] [stdout] warning: 1 warning emitted
[INFO] [stdout] 
[INFO] [stdout] 
[INFO] [stderr]    Compiling async-attributes v1.1.2
[INFO] [stderr]    Compiling polling v3.3.1
[INFO] [stderr]    Compiling async-io v2.2.1
[INFO] [stderr]    Compiling async-global-executor v2.4.0
[INFO] [stderr]    Compiling async-std v1.12.0
[INFO] [stdout] warning: unused `#[macro_use]` import
[INFO] [stdout]  --> src/lib.rs:5:1
[INFO] [stdout]   |
[INFO] [stdout] 5 | #[macro_use]
[INFO] [stdout]   | ^^^^^^^^^^^^
[INFO] [stdout]   |
[INFO] [stdout]   = note: `#[warn(unused_imports)]` on by default
[INFO] [stdout] 
[INFO] [stdout] 
[INFO] [stdout] error[E0433]: failed to resolve: could not find `batch` in `speechmatics`
[INFO] [stdout]  --> examples/async-std-batch.rs:1:19
[INFO] [stdout]   |
[INFO] [stdout] 1 | use speechmatics::batch::{
[INFO] [stdout]   |                   ^^^^^ could not find `batch` in `speechmatics`
[INFO] [stdout] 
[INFO] [stdout] 
[INFO] [stdout] error[E0432]: unresolved import `speechmatics::batch`
[INFO] [stdout]  --> examples/async-std-batch.rs:1:19
[INFO] [stdout]   |
[INFO] [stdout] 1 | use speechmatics::batch::{
[INFO] [stdout]   |                   ^^^^^ could not find `batch` in `speechmatics`
[INFO] [stdout] 
[INFO] [stdout] 
[INFO] [stdout] error[E0433]: failed to resolve: could not find `batch` in `speechmatics`
[INFO] [stdout]  --> examples/tokio-batch.rs:1:19
[INFO] [stdout]   |
[INFO] [stdout] 1 | use speechmatics::batch::{
[INFO] [stdout]   |                   ^^^^^ could not find `batch` in `speechmatics`
[INFO] [stdout] 
[INFO] [stdout] 
[INFO] [stdout] error[E0432]: unresolved import `speechmatics::realtime`
[INFO] [stdout]  --> examples/realtime-basic.rs:1:19
[INFO] [stdout]   |
[INFO] [stdout] 1 | use speechmatics::realtime::*;
[INFO] [stdout]   |                   ^^^^^^^^ could not find `realtime` in `speechmatics`
[INFO] [stdout] 
[INFO] [stdout] 
[INFO] [stdout] error[E0432]: unresolved import `tokio`
[INFO] [stdout]  --> examples/realtime-basic.rs:6:13
[INFO] [stdout]   |
[INFO] [stdout] 6 | use tokio::{self, fs::File, try_join};
[INFO] [stdout]   |             ^^^^ no external crate `tokio`
[INFO] [stdout] 
[INFO] [stdout] 
[INFO] [stdout] error: cannot determine resolution for the attribute macro `tokio::main`
[INFO] [stdout]   --> examples/realtime-basic.rs:28:3
[INFO] [stdout]    |
[INFO] [stdout] 28 | #[tokio::main]
[INFO] [stdout]    |   ^^^^^^^^^^^
[INFO] [stdout]    |
[INFO] [stdout]    = note: import resolution is stuck, try simplifying macro imports
[INFO] [stdout] 
[INFO] [stdout] 
[INFO] [stdout] error: cannot determine resolution for the macro `try_join`
[INFO] [stdout]   --> examples/realtime-basic.rs:65:5
[INFO] [stdout]    |
[INFO] [stdout] 65 |     try_join!(
[INFO] [stdout]    |     ^^^^^^^^
[INFO] [stdout]    |
[INFO] [stdout]    = note: import resolution is stuck, try simplifying macro imports
[INFO] [stdout] 
[INFO] [stdout] 
[INFO] [stdout] error[E0432]: unresolved import `speechmatics::batch`
[INFO] [stdout]  --> examples/tokio-batch.rs:1:19
[INFO] [stdout]   |
[INFO] [stdout] 1 | use speechmatics::batch::{
[INFO] [stdout]   |                   ^^^^^ could not find `batch` in `speechmatics`
[INFO] [stdout] 
[INFO] [stdout] 
[INFO] [stdout] error[E0432]: unresolved import `tokio`
[INFO] [stdout]  --> examples/tokio-batch.rs:6:5
[INFO] [stdout]   |
[INFO] [stdout] 6 | use tokio;
[INFO] [stdout]   |     ^^^^^ no external crate `tokio`
[INFO] [stdout] 
[INFO] [stdout] 
[INFO] [stdout] error[E0433]: failed to resolve: use of undeclared crate or module `models`
[INFO] [stdout]   --> examples/realtime-basic.rs:42:24
[INFO] [stdout]    |
[INFO] [stdout] 42 |     let audio_config = models::AudioFormat::new(models::audio_format::Type::File);
[INFO] [stdout]    |                        ^^^^^^ use of undeclared crate or module `models`
[INFO] [stdout] 
[INFO] [stdout] 
[INFO] [stdout] error: cannot determine resolution for the attribute macro `tokio::main`
[INFO] [stdout]  --> examples/tokio-batch.rs:8:3
[INFO] [stdout]   |
[INFO] [stdout] 8 | #[tokio::main]
[INFO] [stdout]   |   ^^^^^^^^^^^
[INFO] [stdout]   |
[INFO] [stdout]   = note: import resolution is stuck, try simplifying macro imports
[INFO] [stdout] 
[INFO] [stdout] 
[INFO] [stdout] error[E0433]: failed to resolve: use of undeclared crate or module `models`
[INFO] [stdout]   --> examples/realtime-basic.rs:42:49
[INFO] [stdout]    |
[INFO] [stdout] 42 |     let audio_config = models::AudioFormat::new(models::audio_format::Type::File);
[INFO] [stdout]    |                                                 ^^^^^^ use of undeclared crate or module `models`
[INFO] [stdout] 
[INFO] [stdout] 
[INFO] [stdout] error[E0412]: cannot find type `SessionConfig` in this scope
[INFO] [stdout]   --> examples/realtime-basic.rs:41:21
[INFO] [stdout]    |
[INFO] [stdout] 41 |     let mut config: SessionConfig = Default::default();
[INFO] [stdout]    |                     ^^^^^^^^^^^^^ not found in this scope
[INFO] [stdout] 
[INFO] [stdout] 
[INFO] [stdout] error[E0433]: failed to resolve: use of undeclared type `RealtimeSession`
[INFO] [stdout]   --> examples/realtime-basic.rs:31:49
[INFO] [stdout]    |
[INFO] [stdout] 31 |     let (mut rt_session, mut receive_channel) = RealtimeSession::new(api_key, None).unwrap();
[INFO] [stdout]    |                                                 ^^^^^^^^^^^^^^^ use of undeclared type `RealtimeSession`
[INFO] [stdout] 
[INFO] [stdout] 
[INFO] [stdout] error[E0752]: `main` function is not allowed to be `async`
[INFO] [stdout]   --> examples/realtime-basic.rs:29:1
[INFO] [stdout]    |
[INFO] [stdout] 29 | async fn main() {
[INFO] [stdout]    | ^^^^^^^^^^^^^^^ `main` function is not allowed to be `async`
[INFO] [stdout] 
[INFO] [stdout] 
[INFO] [stdout] error: aborting due to 2 previous errors
[INFO] [stdout] 
[INFO] [stdout] 
[INFO] [stdout] Some errors have detailed explanations: E0432, E0433.
[INFO] [stdout] 
[INFO] [stdout] For more information about an error, try `rustc --explain E0432`.
[INFO] [stdout] 
[INFO] [stdout] error[E0752]: `main` function is not allowed to be `async`
[INFO] [stdout]  --> examples/tokio-batch.rs:9:1
[INFO] [stdout]   |
[INFO] [stdout] 9 | async fn main() {
[INFO] [stdout]   | ^^^^^^^^^^^^^^^ `main` function is not allowed to be `async`
[INFO] [stdout] 
[INFO] [stdout] 
[INFO] [stdout] error[E0433]: failed to resolve: use of undeclared type `ReadMessage`
[INFO] [stdout]   --> examples/realtime-basic.rs:57:17
[INFO] [stdout]    |
[INFO] [stdout] 57 |                 ReadMessage::EndOfTranscript(_) => return,
[INFO] [stdout]    |                 ^^^^^^^^^^^ use of undeclared type `ReadMessage`
[INFO] [stdout] 
[INFO] [stdout] 
[INFO] [stdout] error[E0433]: failed to resolve: use of undeclared type `ReadMessage`
[INFO] [stdout]   --> examples/realtime-basic.rs:51:17
[INFO] [stdout]    |
[INFO] [stdout] 51 |                 ReadMessage::AddTranscript(mess) => {
[INFO] [stdout]    |                 ^^^^^^^^^^^ use of undeclared type `ReadMessage`
[INFO] [stdout] 
[INFO] [stdout] 
[INFO] [stdout] error: aborting due to 11 previous errors
[INFO] [stdout] 
[INFO] [stdout] 
[INFO] [stdout] Some errors have detailed explanations: E0412, E0432, E0433, E0752.
[INFO] [stdout] 
[INFO] [stdout] For more information about an error, try `rustc --explain E0412`.
[INFO] [stdout] 
[INFO] [stdout] error: aborting due to 5 previous errors
[INFO] [stdout] 
[INFO] [stdout] 
[INFO] [stderr] error: could not compile `speechmatics` (example "async-std-batch") due to 3 previous errors
[INFO] [stdout] Some errors have detailed explanations: E0432, E0433, E0752.
[INFO] [stdout] 
[INFO] [stderr] warning: build failed, waiting for other jobs to finish...
[INFO] [stdout] For more information about an error, try `rustc --explain E0432`.
[INFO] [stdout] 
[INFO] [stderr] error: could not compile `speechmatics` (example "realtim-basic") due to 12 previous errors
[INFO] [stderr] error: could not compile `speechmatics` (example "tokio-batch") due to 6 previous errors
[INFO] [stdout] warning: 1 warning emitted
[INFO] [stdout] 
[INFO] [stdout] 
[INFO] running `Command { std: "docker" "inspect" "dbbf94e8f012736f2b536a59952b804313d28033cc8d1c36e8872235e42e4ef4", kill_on_drop: false }`
[INFO] running `Command { std: "docker" "rm" "-f" "dbbf94e8f012736f2b536a59952b804313d28033cc8d1c36e8872235e42e4ef4", kill_on_drop: false }`
[INFO] [stdout] dbbf94e8f012736f2b536a59952b804313d28033cc8d1c36e8872235e42e4ef4
