[INFO] fetching crate speakeasy-rust-sdk 0.5.0...
[INFO] testing speakeasy-rust-sdk-0.5.0 against 1.75.0 for beta-1.76-1
[INFO] extracting crate speakeasy-rust-sdk 0.5.0 into /workspace/builds/worker-6-tc1/source
[INFO] validating manifest of crates.io crate speakeasy-rust-sdk 0.5.0 on toolchain 1.75.0
[INFO] running `Command { std: CARGO_HOME="/workspace/cargo-home" RUSTUP_HOME="/workspace/rustup-home" "/workspace/cargo-home/bin/cargo" "+1.75.0" "metadata" "--manifest-path" "Cargo.toml" "--no-deps", kill_on_drop: false }`
[INFO] started tweaking crates.io crate speakeasy-rust-sdk 0.5.0
[INFO] finished tweaking crates.io crate speakeasy-rust-sdk 0.5.0
[INFO] tweaked toml for crates.io crate speakeasy-rust-sdk 0.5.0 written to /workspace/builds/worker-6-tc1/source/Cargo.toml
[INFO] running `Command { std: CARGO_HOME="/workspace/cargo-home" RUSTUP_HOME="/workspace/rustup-home" "/workspace/cargo-home/bin/cargo" "+1.75.0" "generate-lockfile" "--manifest-path" "Cargo.toml", kill_on_drop: false }`
[INFO] [stderr]     Updating crates.io index
[INFO] running `Command { std: CARGO_HOME="/workspace/cargo-home" RUSTUP_HOME="/workspace/rustup-home" "/workspace/cargo-home/bin/cargo" "+1.75.0" "fetch" "--manifest-path" "Cargo.toml", kill_on_drop: false }`
[INFO] [stderr]  Downloading crates ...
[INFO] [stderr]   Downloaded hyper-openssl v0.8.1
[INFO] [stderr]   Downloaded axum-extra v0.4.2
[INFO] [stderr]   Downloaded speakeasy-protos-tokio-latest v0.2.0
[INFO] [stderr]   Downloaded har v0.8.0
[INFO] [stderr]   Downloaded speakeasy-protos-tokio-02 v0.2.0
[INFO] running `Command { std: "docker" "create" "-v" "/var/lib/crater-agent-workspace/builds/worker-6-tc1/target:/opt/rustwide/target:rw,Z" "-v" "/var/lib/crater-agent-workspace/builds/worker-6-tc1/source:/opt/rustwide/workdir:ro,Z" "-v" "/var/lib/crater-agent-workspace/cargo-home:/opt/rustwide/cargo-home:ro,Z" "-v" "/var/lib/crater-agent-workspace/rustup-home:/opt/rustwide/rustup-home:ro,Z" "-e" "SOURCE_DIR=/opt/rustwide/workdir" "-e" "CARGO_TARGET_DIR=/opt/rustwide/target" "-e" "CARGO_HOME=/opt/rustwide/cargo-home" "-e" "RUSTUP_HOME=/opt/rustwide/rustup-home" "-w" "/opt/rustwide/workdir" "-m" "1610612736" "--user" "0:0" "--network" "none" "ghcr.io/rust-lang/crates-build-env/linux@sha256:2788e3201cd34a07e3172128adcd8b3090168a8e3bcc40d7c032b9dda1df7d1c" "/opt/rustwide/cargo-home/bin/cargo" "+1.75.0" "metadata" "--no-deps" "--format-version=1", kill_on_drop: false }`
[INFO] [stdout] 8664064311d3d67f2ec625ea4fd5848b7787f83b5bcc971e7020497dc1d19587
[INFO] running `Command { std: "docker" "start" "-a" "8664064311d3d67f2ec625ea4fd5848b7787f83b5bcc971e7020497dc1d19587", kill_on_drop: false }`
[INFO] running `Command { std: "docker" "inspect" "8664064311d3d67f2ec625ea4fd5848b7787f83b5bcc971e7020497dc1d19587", kill_on_drop: false }`
[INFO] running `Command { std: "docker" "rm" "-f" "8664064311d3d67f2ec625ea4fd5848b7787f83b5bcc971e7020497dc1d19587", kill_on_drop: false }`
[INFO] [stdout] 8664064311d3d67f2ec625ea4fd5848b7787f83b5bcc971e7020497dc1d19587
[INFO] running `Command { std: "docker" "create" "-v" "/var/lib/crater-agent-workspace/builds/worker-6-tc1/target:/opt/rustwide/target:rw,Z" "-v" "/var/lib/crater-agent-workspace/builds/worker-6-tc1/source:/opt/rustwide/workdir:ro,Z" "-v" "/var/lib/crater-agent-workspace/cargo-home:/opt/rustwide/cargo-home:ro,Z" "-v" "/var/lib/crater-agent-workspace/rustup-home:/opt/rustwide/rustup-home:ro,Z" "-e" "SOURCE_DIR=/opt/rustwide/workdir" "-e" "CARGO_TARGET_DIR=/opt/rustwide/target" "-e" "CARGO_INCREMENTAL=0" "-e" "RUST_BACKTRACE=full" "-e" "RUSTFLAGS=--cap-lints=warn" "-e" "RUSTDOCFLAGS=--cap-lints=warn" "-e" "CARGO_HOME=/opt/rustwide/cargo-home" "-e" "RUSTUP_HOME=/opt/rustwide/rustup-home" "-w" "/opt/rustwide/workdir" "-m" "1610612736" "--user" "0:0" "--network" "none" "ghcr.io/rust-lang/crates-build-env/linux@sha256:2788e3201cd34a07e3172128adcd8b3090168a8e3bcc40d7c032b9dda1df7d1c" "/opt/rustwide/cargo-home/bin/cargo" "+1.75.0" "build" "--frozen" "--message-format=json", kill_on_drop: false }`
[INFO] [stdout] 525052bac61f698963dde065845de0a037faf0255f3393f2a9cc18e0e5a70f4a
[INFO] running `Command { std: "docker" "start" "-a" "525052bac61f698963dde065845de0a037faf0255f3393f2a9cc18e0e5a70f4a", kill_on_drop: false }`
[INFO] [stderr]    Compiling proc-macro2 v1.0.75
[INFO] [stderr]    Compiling unicode-ident v1.0.12
[INFO] [stderr]    Compiling fnv v1.0.7
[INFO] [stderr]    Compiling libc v0.2.151
[INFO] [stderr]    Compiling ident_case v1.0.1
[INFO] [stderr]    Compiling serde v1.0.194
[INFO] [stderr]    Compiling strsim v0.10.0
[INFO] [stderr]    Compiling cfg-if v1.0.0
[INFO] [stderr]    Compiling autocfg v1.1.0
[INFO] [stderr]    Compiling itoa v1.0.10
[INFO] [stderr]    Compiling tinyvec_macros v0.1.1
[INFO] [stderr]    Compiling hashbrown v0.14.3
[INFO] [stderr]    Compiling memchr v2.7.1
[INFO] [stderr]    Compiling ryu v1.0.16
[INFO] [stderr]    Compiling thiserror v1.0.56
[INFO] [stderr]    Compiling ppv-lite86 v0.2.17
[INFO] [stderr]    Compiling tinyvec v1.6.0
[INFO] [stderr]    Compiling serde_json v1.0.111
[INFO] [stderr]    Compiling equivalent v1.0.1
[INFO] [stderr]    Compiling unsafe-libyaml v0.2.10
[INFO] [stderr]    Compiling unicode-bidi v0.3.14
[INFO] [stderr]    Compiling percent-encoding v2.3.1
[INFO] [stderr]    Compiling regex-syntax v0.8.2
[INFO] [stderr]    Compiling form_urlencoded v1.2.1
[INFO] [stderr]    Compiling iana-time-zone v0.1.59
[INFO] [stderr]    Compiling bytes v1.5.0
[INFO] [stderr]    Compiling once_cell v1.19.0
[INFO] [stderr]    Compiling log v0.4.20
[INFO] [stderr]    Compiling mime v0.3.17
[INFO] [stderr]    Compiling num-traits v0.2.17
[INFO] [stderr]    Compiling aho-corasick v1.1.2
[INFO] [stderr]    Compiling indexmap v2.1.0
[INFO] [stderr]    Compiling http v0.2.11
[INFO] [stderr]    Compiling quote v1.0.35
[INFO] [stderr]    Compiling unicode-normalization v0.1.22
[INFO] [stderr]    Compiling getrandom v0.2.11
[INFO] [stderr]    Compiling rand_core v0.6.4
[INFO] [stderr]    Compiling syn v2.0.48
[INFO] [stderr]    Compiling rand_chacha v0.3.1
[INFO] [stderr]    Compiling idna v0.5.0
[INFO] [stderr]    Compiling rand v0.8.5
[INFO] [stderr]    Compiling chrono v0.4.31
[INFO] [stderr]    Compiling url v2.5.0
[INFO] [stderr]    Compiling uuid v1.6.1
[INFO] [stderr]    Compiling regex-automata v0.4.3
[INFO] [stderr]    Compiling darling_core v0.20.3
[INFO] [stderr]    Compiling regex v1.10.2
[INFO] [stderr]    Compiling serde_derive v1.0.194
[INFO] [stderr]    Compiling thiserror-impl v1.0.56
[INFO] [stderr]    Compiling darling_macro v0.20.3
[INFO] [stderr]    Compiling darling v0.20.3
[INFO] [stderr]    Compiling serde_with_macros v2.3.3
[INFO] [stderr]    Compiling serde_yaml v0.9.30
[INFO] [stderr]    Compiling serde_with v2.3.3
[INFO] [stderr]    Compiling har v0.8.0
[INFO] [stderr]    Compiling speakeasy-rust-sdk v0.5.0 (/opt/rustwide/workdir)
[INFO] [stdout] error[E0433]: failed to resolve: could not find `embedaccesstoken` in `speakeasy_protos`
[INFO] [stdout]  --> src/transport.rs:3:30
[INFO] [stdout]   |
[INFO] [stdout] 3 | use crate::speakeasy_protos::embedaccesstoken::embed_access_token_service_client::EmbedAccessTokenServiceClient;
[INFO] [stdout]   |                              ^^^^^^^^^^^^^^^^ could not find `embedaccesstoken` in `speakeasy_protos`
[INFO] [stdout] 
[INFO] [stdout] 
[INFO] [stdout] error[E0433]: failed to resolve: could not find `ingest` in `speakeasy_protos`
[INFO] [stdout]  --> src/transport.rs:7:30
[INFO] [stdout]   |
[INFO] [stdout] 7 | use crate::speakeasy_protos::ingest::{ingest_service_client::IngestServiceClient, IngestRequest};
[INFO] [stdout]   |                              ^^^^^^ could not find `ingest` in `speakeasy_protos`
[INFO] [stdout] 
[INFO] [stdout] 
[INFO] [stdout] error[E0432]: unresolved import `crate::speakeasy_protos::embedaccesstoken`
[INFO] [stdout]  --> src/transport.rs:4:30
[INFO] [stdout]   |
[INFO] [stdout] 4 | use crate::speakeasy_protos::embedaccesstoken::{
[INFO] [stdout]   |                              ^^^^^^^^^^^^^^^^ could not find `embedaccesstoken` in `speakeasy_protos`
[INFO] [stdout] 
[INFO] [stdout] 
[INFO] [stdout] error[E0432]: unresolved import `crate::speakeasy_protos::ingest`
[INFO] [stdout]  --> src/transport.rs:7:30
[INFO] [stdout]   |
[INFO] [stdout] 7 | use crate::speakeasy_protos::ingest::{ingest_service_client::IngestServiceClient, IngestRequest};
[INFO] [stdout]   |                              ^^^^^^ could not find `ingest` in `speakeasy_protos`
[INFO] [stdout] 
[INFO] [stdout] 
[INFO] [stdout] error[E0433]: failed to resolve: could not find `ingest` in `speakeasy_protos`
[INFO] [stdout]   --> src/masking.rs:18:30
[INFO] [stdout]    |
[INFO] [stdout] 18 | use crate::speakeasy_protos::ingest::ingest_request::MaskingMetadata;
[INFO] [stdout]    |                              ^^^^^^ could not find `ingest` in `speakeasy_protos`
[INFO] [stdout] 
[INFO] [stdout] 
[INFO] [stdout] error[E0432]: unresolved import `crate::speakeasy_protos::ingest`
[INFO] [stdout]  --> src/controller.rs:6:30
[INFO] [stdout]   |
[INFO] [stdout] 6 | use crate::speakeasy_protos::ingest::IngestRequest;
[INFO] [stdout]   |                              ^^^^^^ could not find `ingest` in `speakeasy_protos`
[INFO] [stdout] 
[INFO] [stdout] 
[INFO] [stdout] error[E0432]: unresolved import `crate::speakeasy_protos::embedaccesstoken`
[INFO] [stdout]    --> src/lib.rs:297:30
[INFO] [stdout]     |
[INFO] [stdout] 297 | use crate::speakeasy_protos::embedaccesstoken::{
[INFO] [stdout]     |                              ^^^^^^^^^^^^^^^^ could not find `embedaccesstoken` in `speakeasy_protos`
[INFO] [stdout] 
[INFO] [stdout] 
[INFO] [stdout] error[E0432]: unresolved import `futures`
[INFO] [stdout]  --> src/async_runtime.rs:1:5
[INFO] [stdout]   |
[INFO] [stdout] 1 | use futures::Future;
[INFO] [stdout]   |     ^^^^^^^ use of undeclared crate or module `futures`
[INFO] [stdout] 
[INFO] [stdout] 
[INFO] [stdout] error[E0433]: failed to resolve: use of undeclared type `Uri`
[INFO] [stdout]   --> src/transport.rs:91:19
[INFO] [stdout]    |
[INFO] [stdout] 91 |         let uri = Uri::from_str(&SPEAKEASY_SERVER_URL).unwrap();
[INFO] [stdout]    |                   ^^^ use of undeclared type `Uri`
[INFO] [stdout]    |
[INFO] [stdout] help: consider importing this struct
[INFO] [stdout]    |
[INFO] [stdout] 1  + use http::Uri;
[INFO] [stdout]    |
[INFO] [stdout] 
[INFO] [stdout] 
[INFO] [stdout] error[E0412]: cannot find type `HyperRequest` in this scope
[INFO] [stdout]   --> src/transport.rs:99:52
[INFO] [stdout]    |
[INFO] [stdout] 99 |         let add_origin = service_fn(move |mut req: HyperRequest<BoxBody>| {
[INFO] [stdout]    |                                                    ^^^^^^^^^^^^ not found in this scope
[INFO] [stdout] 
[INFO] [stdout] 
[INFO] [stdout] error[E0412]: cannot find type `BoxBody` in this scope
[INFO] [stdout]   --> src/transport.rs:99:65
[INFO] [stdout]    |
[INFO] [stdout] 99 |         let add_origin = service_fn(move |mut req: HyperRequest<BoxBody>| {
[INFO] [stdout]    |                                                                 ^^^^^^^ not found in this scope
[INFO] [stdout]    |
[INFO] [stdout] help: you might be missing a type parameter
[INFO] [stdout]    |
[INFO] [stdout] 75 | impl<BoxBody> GrpcClient {
[INFO] [stdout]    |     +++++++++
[INFO] [stdout] 
[INFO] [stdout] 
[INFO] [stdout] error[E0433]: failed to resolve: use of undeclared type `Uri`
[INFO] [stdout]    --> src/transport.rs:100:23
[INFO] [stdout]     |
[INFO] [stdout] 100 |             let uri = Uri::builder()
[INFO] [stdout]     |                       ^^^ use of undeclared type `Uri`
[INFO] [stdout]     |
[INFO] [stdout] help: consider importing this struct
[INFO] [stdout]     |
[INFO] [stdout] 1   + use http::Uri;
[INFO] [stdout]     |
[INFO] [stdout] 
[INFO] [stdout] 
[INFO] [stdout] error[E0433]: failed to resolve: use of undeclared type `Uri`
[INFO] [stdout]    --> src/transport.rs:149:19
[INFO] [stdout]     |
[INFO] [stdout] 149 |         let uri = Uri::from_str(&SPEAKEASY_SERVER_URL).unwrap();
[INFO] [stdout]     |                   ^^^ use of undeclared type `Uri`
[INFO] [stdout]     |
[INFO] [stdout] help: consider importing this struct
[INFO] [stdout]     |
[INFO] [stdout] 1   + use http::Uri;
[INFO] [stdout]     |
[INFO] [stdout] 
[INFO] [stdout] 
[INFO] [stdout] error[E0412]: cannot find type `HyperRequest` in this scope
[INFO] [stdout]    --> src/transport.rs:157:52
[INFO] [stdout]     |
[INFO] [stdout] 157 |         let add_origin = service_fn(move |mut req: HyperRequest<BoxBody>| {
[INFO] [stdout]     |                                                    ^^^^^^^^^^^^ not found in this scope
[INFO] [stdout] 
[INFO] [stdout] 
[INFO] [stdout] error[E0412]: cannot find type `BoxBody` in this scope
[INFO] [stdout]    --> src/transport.rs:157:65
[INFO] [stdout]     |
[INFO] [stdout] 157 |         let add_origin = service_fn(move |mut req: HyperRequest<BoxBody>| {
[INFO] [stdout]     |                                                                 ^^^^^^^ not found in this scope
[INFO] [stdout]     |
[INFO] [stdout] help: you might be missing a type parameter
[INFO] [stdout]     |
[INFO] [stdout] 140 | impl<BoxBody> Transport for GrpcClient {
[INFO] [stdout]     |     +++++++++
[INFO] [stdout] 
[INFO] [stdout] 
[INFO] [stdout] error[E0433]: failed to resolve: use of undeclared type `Uri`
[INFO] [stdout]    --> src/transport.rs:158:23
[INFO] [stdout]     |
[INFO] [stdout] 158 |             let uri = Uri::builder()
[INFO] [stdout]     |                       ^^^ use of undeclared type `Uri`
[INFO] [stdout]     |
[INFO] [stdout] help: consider importing this struct
[INFO] [stdout]     |
[INFO] [stdout] 1   + use http::Uri;
[INFO] [stdout]     |
[INFO] [stdout] 
[INFO] [stdout] 
[INFO] [stdout] error[E0425]: cannot find function `spawn_task` in module `async_runtime`
[INFO] [stdout]    --> src/transport.rs:188:24
[INFO] [stdout]     |
[INFO] [stdout] 188 |         async_runtime::spawn_task(async move {
[INFO] [stdout]     |                        ^^^^^^^^^^ not found in `async_runtime`
[INFO] [stdout]     |
[INFO] [stdout] note: found an item that was configured out
[INFO] [stdout]    --> src/async_runtime.rs:4:15
[INFO] [stdout]     |
[INFO] [stdout] 4   | pub(crate) fn spawn_task<T>(task: T) -> tokio02::task::JoinHandle<T::Output>
[INFO] [stdout]     |               ^^^^^^^^^^
[INFO] [stdout]     = note: the item is gated behind the `tokio02` feature
[INFO] [stdout] note: found an item that was configured out
[INFO] [stdout]    --> src/async_runtime.rs:14:15
[INFO] [stdout]     |
[INFO] [stdout] 14  | pub(crate) fn spawn_task<T>(task: T) -> tokio::task::JoinHandle<T::Output>
[INFO] [stdout]     |               ^^^^^^^^^^
[INFO] [stdout]     = note: the item is gated behind the `tokio` feature
[INFO] [stdout] 
[INFO] [stdout] 
[INFO] [stdout] error[E0425]: cannot find function `spawn_task` in module `async_runtime`
[INFO] [stdout]    --> src/controller.rs:101:24
[INFO] [stdout]     |
[INFO] [stdout] 101 |         async_runtime::spawn_task(async move {
[INFO] [stdout]     |                        ^^^^^^^^^^ not found in `async_runtime`
[INFO] [stdout]     |
[INFO] [stdout] note: found an item that was configured out
[INFO] [stdout]    --> src/async_runtime.rs:4:15
[INFO] [stdout]     |
[INFO] [stdout] 4   | pub(crate) fn spawn_task<T>(task: T) -> tokio02::task::JoinHandle<T::Output>
[INFO] [stdout]     |               ^^^^^^^^^^
[INFO] [stdout]     = note: the item is gated behind the `tokio02` feature
[INFO] [stdout] note: found an item that was configured out
[INFO] [stdout]    --> src/async_runtime.rs:14:15
[INFO] [stdout]     |
[INFO] [stdout] 14  | pub(crate) fn spawn_task<T>(task: T) -> tokio::task::JoinHandle<T::Output>
[INFO] [stdout]     |               ^^^^^^^^^^
[INFO] [stdout]     = note: the item is gated behind the `tokio` feature
[INFO] [stdout] 
[INFO] [stdout] 
[INFO] [stdout] error[E0412]: cannot find type `GrpcStatus` in this scope
[INFO] [stdout]    --> src/lib.rs:344:44
[INFO] [stdout]     |
[INFO] [stdout] 344 |     UnableToGetEmbeddedAccessToken(#[from] GrpcStatus),
[INFO] [stdout]     |                                            ^^^^^^^^^^ not found in this scope
[INFO] [stdout] 
[INFO] [stdout] 
[INFO] [stdout] error[E0412]: cannot find type `GrpcStatus` in this scope
[INFO] [stdout]    --> src/lib.rs:344:44
[INFO] [stdout]     |
[INFO] [stdout] 344 |     UnableToGetEmbeddedAccessToken(#[from] GrpcStatus),
[INFO] [stdout]     |                                            ^^^^^^^^^^ not found in this scope
[INFO] [stdout]     |
[INFO] [stdout] help: you might be missing a type parameter
[INFO] [stdout]     |
[INFO] [stdout] 335 | #[derive(Debug, Error<GrpcStatus>)]
[INFO] [stdout]     |                      ++++++++++++
[INFO] [stdout] 
[INFO] [stdout] 
[INFO] [stdout] error[E0433]: failed to resolve: use of undeclared type `HyperClient`
[INFO] [stdout]    --> src/transport.rs:117:30
[INFO] [stdout]     |
[INFO] [stdout] 117 |                 let client = HyperClient::builder()
[INFO] [stdout]     |                              ^^^^^^^^^^^ use of undeclared type `HyperClient`
[INFO] [stdout] 
[INFO] [stdout] 
[INFO] [stdout] error[E0433]: failed to resolve: use of undeclared type `HttpsConnector`
[INFO] [stdout]    --> src/transport.rs:119:28
[INFO] [stdout]     |
[INFO] [stdout] 119 |                     .build(HttpsConnector::new().expect("Need OpenSSL"));
[INFO] [stdout]     |                            ^^^^^^^^^^^^^^ use of undeclared type `HttpsConnector`
[INFO] [stdout] 
[INFO] [stdout] 
[INFO] [stdout] error[E0433]: failed to resolve: use of undeclared type `HyperClient`
[INFO] [stdout]    --> src/transport.rs:122:39
[INFO] [stdout]     |
[INFO] [stdout] 122 |                 let insecure_client = HyperClient::builder().http2_only(true).build_http();
[INFO] [stdout]     |                                       ^^^^^^^^^^^ use of undeclared type `HyperClient`
[INFO] [stdout] 
[INFO] [stdout] 
[INFO] [stdout] error[E0425]: cannot find function `service_fn` in this scope
[INFO] [stdout]   --> src/transport.rs:99:26
[INFO] [stdout]    |
[INFO] [stdout] 99 |         let add_origin = service_fn(move |mut req: HyperRequest<BoxBody>| {
[INFO] [stdout]    |                          ^^^^^^^^^^ not found in this scope
[INFO] [stdout] 
[INFO] [stdout] 
[INFO] [stdout] error[E0433]: failed to resolve: use of undeclared type `TonicRequest`
[INFO] [stdout]    --> src/transport.rs:128:23
[INFO] [stdout]     |
[INFO] [stdout] 128 |         let request = TonicRequest::new(request);
[INFO] [stdout]     |                       ^^^^^^^^^^^^ use of undeclared type `TonicRequest`
[INFO] [stdout] 
[INFO] [stdout] 
[INFO] [stdout] error[E0425]: cannot find function `service_fn` in this scope
[INFO] [stdout]    --> src/transport.rs:157:26
[INFO] [stdout]     |
[INFO] [stdout] 157 |         let add_origin = service_fn(move |mut req: HyperRequest<BoxBody>| {
[INFO] [stdout]     |                          ^^^^^^^^^^ not found in this scope
[INFO] [stdout] 
[INFO] [stdout] 
[INFO] [stdout] error[E0433]: failed to resolve: use of undeclared type `HyperClient`
[INFO] [stdout]    --> src/transport.rs:180:39
[INFO] [stdout]     |
[INFO] [stdout] 180 |                 let insecure_client = HyperClient::builder().http2_only(true).build_http();
[INFO] [stdout]     |                                       ^^^^^^^^^^^ use of undeclared type `HyperClient`
[INFO] [stdout] 
[INFO] [stdout] 
[INFO] [stdout] error[E0433]: failed to resolve: use of undeclared type `TonicRequest`
[INFO] [stdout]    --> src/transport.rs:186:23
[INFO] [stdout]     |
[INFO] [stdout] 186 |         let request = TonicRequest::new(request);
[INFO] [stdout]     |                       ^^^^^^^^^^^^ use of undeclared type `TonicRequest`
[INFO] [stdout] 
[INFO] [stdout] 
[INFO] [stdout] error[E0433]: failed to resolve: use of undeclared type `HttpsConnector`
[INFO] [stdout]    --> src/transport.rs:177:28
[INFO] [stdout]     |
[INFO] [stdout] 177 |                     .build(HttpsConnector::new().expect("Need OpenSSL"));
[INFO] [stdout]     |                            ^^^^^^^^^^^^^^ use of undeclared type `HttpsConnector`
[INFO] [stdout] 
[INFO] [stdout] 
[INFO] [stdout] error[E0433]: failed to resolve: use of undeclared type `HyperClient`
[INFO] [stdout]    --> src/transport.rs:175:30
[INFO] [stdout]     |
[INFO] [stdout] 175 |                 let client = HyperClient::builder()
[INFO] [stdout]     |                              ^^^^^^^^^^^ use of undeclared type `HyperClient`
[INFO] [stdout] 
[INFO] [stdout] 
[INFO] [stdout] error: aborting due to 30 previous errors
[INFO] [stdout] 
[INFO] [stdout] 
[INFO] [stdout] Some errors have detailed explanations: E0412, E0425, E0432, E0433.
[INFO] [stdout] 
[INFO] [stdout] For more information about an error, try `rustc --explain E0412`.
[INFO] [stdout] 
[INFO] [stderr] error: could not compile `speakeasy-rust-sdk` (lib) due to 31 previous errors
[INFO] [stderr] warning: build failed, waiting for other jobs to finish...
[INFO] running `Command { std: "docker" "inspect" "525052bac61f698963dde065845de0a037faf0255f3393f2a9cc18e0e5a70f4a", kill_on_drop: false }`
[INFO] running `Command { std: "docker" "rm" "-f" "525052bac61f698963dde065845de0a037faf0255f3393f2a9cc18e0e5a70f4a", kill_on_drop: false }`
[INFO] [stdout] 525052bac61f698963dde065845de0a037faf0255f3393f2a9cc18e0e5a70f4a
[INFO] testing speakeasy-rust-sdk-0.5.0 against beta-2023-12-22 for beta-1.76-1
[INFO] extracting crate speakeasy-rust-sdk 0.5.0 into /workspace/builds/worker-6-tc2/source
[INFO] validating manifest of crates.io crate speakeasy-rust-sdk 0.5.0 on toolchain beta-2023-12-22
[INFO] running `Command { std: CARGO_HOME="/workspace/cargo-home" RUSTUP_HOME="/workspace/rustup-home" "/workspace/cargo-home/bin/cargo" "+beta-2023-12-22" "metadata" "--manifest-path" "Cargo.toml" "--no-deps", kill_on_drop: false }`
[INFO] started tweaking crates.io crate speakeasy-rust-sdk 0.5.0
[INFO] finished tweaking crates.io crate speakeasy-rust-sdk 0.5.0
[INFO] tweaked toml for crates.io crate speakeasy-rust-sdk 0.5.0 written to /workspace/builds/worker-6-tc2/source/Cargo.toml
[INFO] running `Command { std: CARGO_HOME="/workspace/cargo-home" RUSTUP_HOME="/workspace/rustup-home" "/workspace/cargo-home/bin/cargo" "+beta-2023-12-22" "generate-lockfile" "--manifest-path" "Cargo.toml", kill_on_drop: false }`
[INFO] [stderr]     Updating crates.io index
[INFO] running `Command { std: CARGO_HOME="/workspace/cargo-home" RUSTUP_HOME="/workspace/rustup-home" "/workspace/cargo-home/bin/cargo" "+beta-2023-12-22" "fetch" "--manifest-path" "Cargo.toml", kill_on_drop: false }`
[INFO] running `Command { std: "docker" "create" "-v" "/var/lib/crater-agent-workspace/builds/worker-6-tc2/target:/opt/rustwide/target:rw,Z" "-v" "/var/lib/crater-agent-workspace/builds/worker-6-tc2/source:/opt/rustwide/workdir:ro,Z" "-v" "/var/lib/crater-agent-workspace/cargo-home:/opt/rustwide/cargo-home:ro,Z" "-v" "/var/lib/crater-agent-workspace/rustup-home:/opt/rustwide/rustup-home:ro,Z" "-e" "SOURCE_DIR=/opt/rustwide/workdir" "-e" "CARGO_TARGET_DIR=/opt/rustwide/target" "-e" "CARGO_HOME=/opt/rustwide/cargo-home" "-e" "RUSTUP_HOME=/opt/rustwide/rustup-home" "-w" "/opt/rustwide/workdir" "-m" "1610612736" "--user" "0:0" "--network" "none" "ghcr.io/rust-lang/crates-build-env/linux@sha256:2788e3201cd34a07e3172128adcd8b3090168a8e3bcc40d7c032b9dda1df7d1c" "/opt/rustwide/cargo-home/bin/cargo" "+beta-2023-12-22" "metadata" "--no-deps" "--format-version=1", kill_on_drop: false }`
[INFO] [stdout] 09bca0fdf6f8381d7e39b05e2dded5986345e9d1e7cf3152841a4d7f39a2806a
[INFO] running `Command { std: "docker" "start" "-a" "09bca0fdf6f8381d7e39b05e2dded5986345e9d1e7cf3152841a4d7f39a2806a", kill_on_drop: false }`
[INFO] running `Command { std: "docker" "inspect" "09bca0fdf6f8381d7e39b05e2dded5986345e9d1e7cf3152841a4d7f39a2806a", kill_on_drop: false }`
[INFO] running `Command { std: "docker" "rm" "-f" "09bca0fdf6f8381d7e39b05e2dded5986345e9d1e7cf3152841a4d7f39a2806a", kill_on_drop: false }`
[INFO] [stdout] 09bca0fdf6f8381d7e39b05e2dded5986345e9d1e7cf3152841a4d7f39a2806a
[INFO] running `Command { std: "docker" "create" "-v" "/var/lib/crater-agent-workspace/builds/worker-6-tc2/target:/opt/rustwide/target:rw,Z" "-v" "/var/lib/crater-agent-workspace/builds/worker-6-tc2/source:/opt/rustwide/workdir:ro,Z" "-v" "/var/lib/crater-agent-workspace/cargo-home:/opt/rustwide/cargo-home:ro,Z" "-v" "/var/lib/crater-agent-workspace/rustup-home:/opt/rustwide/rustup-home:ro,Z" "-e" "SOURCE_DIR=/opt/rustwide/workdir" "-e" "CARGO_TARGET_DIR=/opt/rustwide/target" "-e" "CARGO_INCREMENTAL=0" "-e" "RUST_BACKTRACE=full" "-e" "RUSTFLAGS=--cap-lints=warn" "-e" "RUSTDOCFLAGS=--cap-lints=warn" "-e" "CARGO_HOME=/opt/rustwide/cargo-home" "-e" "RUSTUP_HOME=/opt/rustwide/rustup-home" "-w" "/opt/rustwide/workdir" "-m" "1610612736" "--user" "0:0" "--network" "none" "ghcr.io/rust-lang/crates-build-env/linux@sha256:2788e3201cd34a07e3172128adcd8b3090168a8e3bcc40d7c032b9dda1df7d1c" "/opt/rustwide/cargo-home/bin/cargo" "+beta-2023-12-22" "build" "--frozen" "--message-format=json", kill_on_drop: false }`
[INFO] [stdout] 5078ff03d248b73309b380aa1707bfe36479c7260a09403a16461e70431528f6
[INFO] running `Command { std: "docker" "start" "-a" "5078ff03d248b73309b380aa1707bfe36479c7260a09403a16461e70431528f6", kill_on_drop: false }`
[INFO] [stderr]    Compiling proc-macro2 v1.0.75
[INFO] [stderr]    Compiling unicode-ident v1.0.12
[INFO] [stderr]    Compiling libc v0.2.151
[INFO] [stderr]    Compiling fnv v1.0.7
[INFO] [stderr]    Compiling serde v1.0.194
[INFO] [stderr]    Compiling ident_case v1.0.1
[INFO] [stderr]    Compiling strsim v0.10.0
[INFO] [stderr]    Compiling cfg-if v1.0.0
[INFO] [stderr]    Compiling autocfg v1.1.0
[INFO] [stderr]    Compiling tinyvec_macros v0.1.1
[INFO] [stderr]    Compiling itoa v1.0.10
[INFO] [stderr]    Compiling ryu v1.0.16
[INFO] [stderr]    Compiling thiserror v1.0.56
[INFO] [stderr]    Compiling serde_json v1.0.111
[INFO] [stderr]    Compiling memchr v2.7.1
[INFO] [stderr]    Compiling hashbrown v0.14.3
[INFO] [stderr]    Compiling tinyvec v1.6.0
[INFO] [stderr]    Compiling equivalent v1.0.1
[INFO] [stderr]    Compiling ppv-lite86 v0.2.17
[INFO] [stderr]    Compiling unsafe-libyaml v0.2.10
[INFO] [stderr]    Compiling percent-encoding v2.3.1
[INFO] [stderr]    Compiling regex-syntax v0.8.2
[INFO] [stderr]    Compiling unicode-bidi v0.3.14
[INFO] [stderr]    Compiling form_urlencoded v1.2.1
[INFO] [stderr]    Compiling bytes v1.5.0
[INFO] [stderr]    Compiling iana-time-zone v0.1.59
[INFO] [stderr]    Compiling log v0.4.20
[INFO] [stderr]    Compiling mime v0.3.17
[INFO] [stderr]    Compiling once_cell v1.19.0
[INFO] [stderr]    Compiling num-traits v0.2.17
[INFO] [stderr]    Compiling aho-corasick v1.1.2
[INFO] [stderr]    Compiling quote v1.0.35
[INFO] [stderr]    Compiling indexmap v2.1.0
[INFO] [stderr]    Compiling http v0.2.11
[INFO] [stderr]    Compiling unicode-normalization v0.1.22
[INFO] [stderr]    Compiling syn v2.0.48
[INFO] [stderr]    Compiling getrandom v0.2.11
[INFO] [stderr]    Compiling rand_core v0.6.4
[INFO] [stderr]    Compiling rand_chacha v0.3.1
[INFO] [stderr]    Compiling idna v0.5.0
[INFO] [stderr]    Compiling rand v0.8.5
[INFO] [stderr]    Compiling url v2.5.0
[INFO] [stderr]    Compiling chrono v0.4.31
[INFO] [stderr]    Compiling regex-automata v0.4.3
[INFO] [stderr]    Compiling uuid v1.6.1
[INFO] [stderr]    Compiling darling_core v0.20.3
[INFO] [stderr]    Compiling regex v1.10.2
[INFO] [stderr]    Compiling serde_derive v1.0.194
[INFO] [stderr]    Compiling thiserror-impl v1.0.56
[INFO] [stderr]    Compiling darling_macro v0.20.3
[INFO] [stderr]    Compiling darling v0.20.3
[INFO] [stderr]    Compiling serde_with_macros v2.3.3
[INFO] [stderr]    Compiling serde_with v2.3.3
[INFO] [stderr]    Compiling serde_yaml v0.9.30
[INFO] [stderr]    Compiling har v0.8.0
[INFO] [stderr]    Compiling speakeasy-rust-sdk v0.5.0 (/opt/rustwide/workdir)
[INFO] [stdout] error[E0433]: failed to resolve: could not find `embedaccesstoken` in `speakeasy_protos`
[INFO] [stdout]  --> src/transport.rs:3:30
[INFO] [stdout]   |
[INFO] [stdout] 3 | use crate::speakeasy_protos::embedaccesstoken::embed_access_token_service_client::EmbedAccessTokenServiceClient;
[INFO] [stdout]   |                              ^^^^^^^^^^^^^^^^ could not find `embedaccesstoken` in `speakeasy_protos`
[INFO] [stdout] 
[INFO] [stdout] 
[INFO] [stdout] error[E0433]: failed to resolve: could not find `ingest` in `speakeasy_protos`
[INFO] [stdout]  --> src/transport.rs:7:30
[INFO] [stdout]   |
[INFO] [stdout] 7 | use crate::speakeasy_protos::ingest::{ingest_service_client::IngestServiceClient, IngestRequest};
[INFO] [stdout]   |                              ^^^^^^ could not find `ingest` in `speakeasy_protos`
[INFO] [stdout] 
[INFO] [stdout] 
[INFO] [stdout] error[E0432]: unresolved import `crate::speakeasy_protos::embedaccesstoken`
[INFO] [stdout]  --> src/transport.rs:4:30
[INFO] [stdout]   |
[INFO] [stdout] 4 | use crate::speakeasy_protos::embedaccesstoken::{
[INFO] [stdout]   |                              ^^^^^^^^^^^^^^^^ could not find `embedaccesstoken` in `speakeasy_protos`
[INFO] [stdout] 
[INFO] [stdout] 
[INFO] [stdout] error[E0432]: unresolved import `crate::speakeasy_protos::ingest`
[INFO] [stdout]  --> src/transport.rs:7:30
[INFO] [stdout]   |
[INFO] [stdout] 7 | use crate::speakeasy_protos::ingest::{ingest_service_client::IngestServiceClient, IngestRequest};
[INFO] [stdout]   |                              ^^^^^^ could not find `ingest` in `speakeasy_protos`
[INFO] [stdout] 
[INFO] [stdout] 
[INFO] [stdout] error[E0433]: failed to resolve: could not find `ingest` in `speakeasy_protos`
[INFO] [stdout]   --> src/masking.rs:18:30
[INFO] [stdout]    |
[INFO] [stdout] 18 | use crate::speakeasy_protos::ingest::ingest_request::MaskingMetadata;
[INFO] [stdout]    |                              ^^^^^^ could not find `ingest` in `speakeasy_protos`
[INFO] [stdout] 
[INFO] [stdout] 
[INFO] [stdout] error[E0432]: unresolved import `crate::speakeasy_protos::ingest`
[INFO] [stdout]  --> src/controller.rs:6:30
[INFO] [stdout]   |
[INFO] [stdout] 6 | use crate::speakeasy_protos::ingest::IngestRequest;
[INFO] [stdout]   |                              ^^^^^^ could not find `ingest` in `speakeasy_protos`
[INFO] [stdout] 
[INFO] [stdout] 
[INFO] [stdout] error[E0432]: unresolved import `crate::speakeasy_protos::embedaccesstoken`
[INFO] [stdout]    --> src/lib.rs:297:30
[INFO] [stdout]     |
[INFO] [stdout] 297 | use crate::speakeasy_protos::embedaccesstoken::{
[INFO] [stdout]     |                              ^^^^^^^^^^^^^^^^ could not find `embedaccesstoken` in `speakeasy_protos`
[INFO] [stdout] 
[INFO] [stdout] 
[INFO] [stdout] error[E0432]: unresolved import `futures`
[INFO] [stdout]  --> src/async_runtime.rs:1:5
[INFO] [stdout]   |
[INFO] [stdout] 1 | use futures::Future;
[INFO] [stdout]   |     ^^^^^^^ use of undeclared crate or module `futures`
[INFO] [stdout] 
[INFO] [stdout] 
[INFO] [stdout] error[E0433]: failed to resolve: use of undeclared type `Uri`
[INFO] [stdout]   --> src/transport.rs:91:19
[INFO] [stdout]    |
[INFO] [stdout] 91 |         let uri = Uri::from_str(&SPEAKEASY_SERVER_URL).unwrap();
[INFO] [stdout]    |                   ^^^ use of undeclared type `Uri`
[INFO] [stdout]    |
[INFO] [stdout] help: consider importing this struct
[INFO] [stdout]    |
[INFO] [stdout] 1  + use http::Uri;
[INFO] [stdout]    |
[INFO] [stdout] 
[INFO] [stdout] 
[INFO] [stdout] error[E0412]: cannot find type `HyperRequest` in this scope
[INFO] [stdout]   --> src/transport.rs:99:52
[INFO] [stdout]    |
[INFO] [stdout] 99 |         let add_origin = service_fn(move |mut req: HyperRequest<BoxBody>| {
[INFO] [stdout]    |                                                    ^^^^^^^^^^^^ not found in this scope
[INFO] [stdout] 
[INFO] [stdout] 
[INFO] [stdout] error[E0412]: cannot find type `BoxBody` in this scope
[INFO] [stdout]   --> src/transport.rs:99:65
[INFO] [stdout]    |
[INFO] [stdout] 99 |         let add_origin = service_fn(move |mut req: HyperRequest<BoxBody>| {
[INFO] [stdout]    |                                                                 ^^^^^^^ not found in this scope
[INFO] [stdout]    |
[INFO] [stdout] help: you might be missing a type parameter
[INFO] [stdout]    |
[INFO] [stdout] 75 | impl<BoxBody> GrpcClient {
[INFO] [stdout]    |     +++++++++
[INFO] [stdout] 
[INFO] [stdout] 
[INFO] [stdout] error[E0433]: failed to resolve: use of undeclared type `Uri`
[INFO] [stdout]    --> src/transport.rs:100:23
[INFO] [stdout]     |
[INFO] [stdout] 100 |             let uri = Uri::builder()
[INFO] [stdout]     |                       ^^^ use of undeclared type `Uri`
[INFO] [stdout]     |
[INFO] [stdout] help: consider importing this struct
[INFO] [stdout]     |
[INFO] [stdout] 1   + use http::Uri;
[INFO] [stdout]     |
[INFO] [stdout] 
[INFO] [stdout] 
[INFO] [stdout] error[E0433]: failed to resolve: use of undeclared type `Uri`
[INFO] [stdout]    --> src/transport.rs:149:19
[INFO] [stdout]     |
[INFO] [stdout] 149 |         let uri = Uri::from_str(&SPEAKEASY_SERVER_URL).unwrap();
[INFO] [stdout]     |                   ^^^ use of undeclared type `Uri`
[INFO] [stdout]     |
[INFO] [stdout] help: consider importing this struct
[INFO] [stdout]     |
[INFO] [stdout] 1   + use http::Uri;
[INFO] [stdout]     |
[INFO] [stdout] 
[INFO] [stdout] 
[INFO] [stdout] error[E0412]: cannot find type `HyperRequest` in this scope
[INFO] [stdout]    --> src/transport.rs:157:52
[INFO] [stdout]     |
[INFO] [stdout] 157 |         let add_origin = service_fn(move |mut req: HyperRequest<BoxBody>| {
[INFO] [stdout]     |                                                    ^^^^^^^^^^^^ not found in this scope
[INFO] [stdout] 
[INFO] [stdout] 
[INFO] [stdout] error[E0412]: cannot find type `BoxBody` in this scope
[INFO] [stdout]    --> src/transport.rs:157:65
[INFO] [stdout]     |
[INFO] [stdout] 157 |         let add_origin = service_fn(move |mut req: HyperRequest<BoxBody>| {
[INFO] [stdout]     |                                                                 ^^^^^^^ not found in this scope
[INFO] [stdout]     |
[INFO] [stdout] help: you might be missing a type parameter
[INFO] [stdout]     |
[INFO] [stdout] 140 | impl<BoxBody> Transport for GrpcClient {
[INFO] [stdout]     |     +++++++++
[INFO] [stdout] 
[INFO] [stdout] 
[INFO] [stdout] error[E0433]: failed to resolve: use of undeclared type `Uri`
[INFO] [stdout]    --> src/transport.rs:158:23
[INFO] [stdout]     |
[INFO] [stdout] 158 |             let uri = Uri::builder()
[INFO] [stdout]     |                       ^^^ use of undeclared type `Uri`
[INFO] [stdout]     |
[INFO] [stdout] help: consider importing this struct
[INFO] [stdout]     |
[INFO] [stdout] 1   + use http::Uri;
[INFO] [stdout]     |
[INFO] [stdout] 
[INFO] [stdout] 
[INFO] [stdout] error[E0425]: cannot find function `spawn_task` in module `async_runtime`
[INFO] [stdout]    --> src/transport.rs:188:24
[INFO] [stdout]     |
[INFO] [stdout] 188 |         async_runtime::spawn_task(async move {
[INFO] [stdout]     |                        ^^^^^^^^^^ not found in `async_runtime`
[INFO] [stdout]     |
[INFO] [stdout] note: found an item that was configured out
[INFO] [stdout]    --> src/async_runtime.rs:4:15
[INFO] [stdout]     |
[INFO] [stdout] 4   | pub(crate) fn spawn_task<T>(task: T) -> tokio02::task::JoinHandle<T::Output>
[INFO] [stdout]     |               ^^^^^^^^^^
[INFO] [stdout]     = note: the item is gated behind the `tokio02` feature
[INFO] [stdout] note: found an item that was configured out
[INFO] [stdout]    --> src/async_runtime.rs:14:15
[INFO] [stdout]     |
[INFO] [stdout] 14  | pub(crate) fn spawn_task<T>(task: T) -> tokio::task::JoinHandle<T::Output>
[INFO] [stdout]     |               ^^^^^^^^^^
[INFO] [stdout]     = note: the item is gated behind the `tokio` feature
[INFO] [stdout] 
[INFO] [stdout] 
[INFO] [stdout] error[E0425]: cannot find function `spawn_task` in module `async_runtime`
[INFO] [stdout]    --> src/controller.rs:101:24
[INFO] [stdout]     |
[INFO] [stdout] 101 |         async_runtime::spawn_task(async move {
[INFO] [stdout]     |                        ^^^^^^^^^^ not found in `async_runtime`
[INFO] [stdout]     |
[INFO] [stdout] note: found an item that was configured out
[INFO] [stdout]    --> src/async_runtime.rs:4:15
[INFO] [stdout]     |
[INFO] [stdout] 4   | pub(crate) fn spawn_task<T>(task: T) -> tokio02::task::JoinHandle<T::Output>
[INFO] [stdout]     |               ^^^^^^^^^^
[INFO] [stdout]     = note: the item is gated behind the `tokio02` feature
[INFO] [stdout] note: found an item that was configured out
[INFO] [stdout]    --> src/async_runtime.rs:14:15
[INFO] [stdout]     |
[INFO] [stdout] 14  | pub(crate) fn spawn_task<T>(task: T) -> tokio::task::JoinHandle<T::Output>
[INFO] [stdout]     |               ^^^^^^^^^^
[INFO] [stdout]     = note: the item is gated behind the `tokio` feature
[INFO] [stdout] 
[INFO] [stdout] 
[INFO] [stdout] error[E0412]: cannot find type `GrpcStatus` in this scope
[INFO] [stdout]    --> src/lib.rs:344:44
[INFO] [stdout]     |
[INFO] [stdout] 344 |     UnableToGetEmbeddedAccessToken(#[from] GrpcStatus),
[INFO] [stdout]     |                                            ^^^^^^^^^^ not found in this scope
[INFO] [stdout] 
[INFO] [stdout] 
[INFO] [stdout] error[E0412]: cannot find type `GrpcStatus` in this scope
[INFO] [stdout]    --> src/lib.rs:344:44
[INFO] [stdout]     |
[INFO] [stdout] 344 |     UnableToGetEmbeddedAccessToken(#[from] GrpcStatus),
[INFO] [stdout]     |                                            ^^^^^^^^^^ not found in this scope
[INFO] [stdout]     |
[INFO] [stdout] help: you might be missing a type parameter
[INFO] [stdout]     |
[INFO] [stdout] 335 | #[derive(Debug, Error<GrpcStatus>)]
[INFO] [stdout]     |                      ++++++++++++
[INFO] [stdout] 
[INFO] [stdout] 
[INFO] [stdout] error[E0433]: failed to resolve: use of undeclared type `HyperClient`
[INFO] [stdout]    --> src/transport.rs:117:30
[INFO] [stdout]     |
[INFO] [stdout] 117 |                 let client = HyperClient::builder()
[INFO] [stdout]     |                              ^^^^^^^^^^^ use of undeclared type `HyperClient`
[INFO] [stdout] 
[INFO] [stdout] 
[INFO] [stdout] error[E0433]: failed to resolve: use of undeclared type `HttpsConnector`
[INFO] [stdout]    --> src/transport.rs:119:28
[INFO] [stdout]     |
[INFO] [stdout] 119 |                     .build(HttpsConnector::new().expect("Need OpenSSL"));
[INFO] [stdout]     |                            ^^^^^^^^^^^^^^ use of undeclared type `HttpsConnector`
[INFO] [stdout] 
[INFO] [stdout] 
[INFO] [stdout] error[E0433]: failed to resolve: use of undeclared type `HyperClient`
[INFO] [stdout]    --> src/transport.rs:122:39
[INFO] [stdout]     |
[INFO] [stdout] 122 |                 let insecure_client = HyperClient::builder().http2_only(true).build_http();
[INFO] [stdout]     |                                       ^^^^^^^^^^^ use of undeclared type `HyperClient`
[INFO] [stdout] 
[INFO] [stdout] 
[INFO] [stdout] error[E0425]: cannot find function `service_fn` in this scope
[INFO] [stdout]   --> src/transport.rs:99:26
[INFO] [stdout]    |
[INFO] [stdout] 99 |         let add_origin = service_fn(move |mut req: HyperRequest<BoxBody>| {
[INFO] [stdout]    |                          ^^^^^^^^^^ not found in this scope
[INFO] [stdout] 
[INFO] [stdout] 
[INFO] [stdout] error[E0433]: failed to resolve: use of undeclared type `TonicRequest`
[INFO] [stdout]    --> src/transport.rs:128:23
[INFO] [stdout]     |
[INFO] [stdout] 128 |         let request = TonicRequest::new(request);
[INFO] [stdout]     |                       ^^^^^^^^^^^^ use of undeclared type `TonicRequest`
[INFO] [stdout] 
[INFO] [stdout] 
[INFO] [stdout] error[E0425]: cannot find function `service_fn` in this scope
[INFO] [stdout]    --> src/transport.rs:157:26
[INFO] [stdout]     |
[INFO] [stdout] 157 |         let add_origin = service_fn(move |mut req: HyperRequest<BoxBody>| {
[INFO] [stdout]     |                          ^^^^^^^^^^ not found in this scope
[INFO] [stdout] 
[INFO] [stdout] 
[INFO] [stdout] error[E0433]: failed to resolve: use of undeclared type `HyperClient`
[INFO] [stdout]    --> src/transport.rs:180:39
[INFO] [stdout]     |
[INFO] [stdout] 180 |                 let insecure_client = HyperClient::builder().http2_only(true).build_http();
[INFO] [stdout]     |                                       ^^^^^^^^^^^ use of undeclared type `HyperClient`
[INFO] [stdout] 
[INFO] [stdout] 
[INFO] [stdout] error[E0433]: failed to resolve: use of undeclared type `TonicRequest`
[INFO] [stdout]    --> src/transport.rs:186:23
[INFO] [stdout]     |
[INFO] [stdout] 186 |         let request = TonicRequest::new(request);
[INFO] [stdout]     |                       ^^^^^^^^^^^^ use of undeclared type `TonicRequest`
[INFO] [stdout] 
[INFO] [stdout] 
[INFO] [stdout] error[E0433]: failed to resolve: use of undeclared type `HttpsConnector`
[INFO] [stdout]    --> src/transport.rs:177:28
[INFO] [stdout]     |
[INFO] [stdout] 177 |                     .build(HttpsConnector::new().expect("Need OpenSSL"));
[INFO] [stdout]     |                            ^^^^^^^^^^^^^^ use of undeclared type `HttpsConnector`
[INFO] [stdout] 
[INFO] [stdout] 
[INFO] [stdout] error[E0433]: failed to resolve: use of undeclared type `HyperClient`
[INFO] [stdout]    --> src/transport.rs:175:30
[INFO] [stdout]     |
[INFO] [stdout] 175 |                 let client = HyperClient::builder()
[INFO] [stdout]     |                              ^^^^^^^^^^^ use of undeclared type `HyperClient`
[INFO] [stdout] 
[INFO] [stdout] 
[INFO] [stdout] error: aborting due to 30 previous errors
[INFO] [stdout] 
[INFO] [stdout] 
[INFO] [stdout] Some errors have detailed explanations: E0412, E0425, E0432, E0433.
[INFO] [stdout] 
[INFO] [stdout] For more information about an error, try `rustc --explain E0412`.
[INFO] [stdout] 
[INFO] [stderr] error: could not compile `speakeasy-rust-sdk` (lib) due to 31 previous errors
[INFO] [stderr] warning: build failed, waiting for other jobs to finish...
[INFO] running `Command { std: "docker" "inspect" "5078ff03d248b73309b380aa1707bfe36479c7260a09403a16461e70431528f6", kill_on_drop: false }`
[INFO] running `Command { std: "docker" "rm" "-f" "5078ff03d248b73309b380aa1707bfe36479c7260a09403a16461e70431528f6", kill_on_drop: false }`
[INFO] [stdout] 5078ff03d248b73309b380aa1707bfe36479c7260a09403a16461e70431528f6
