[INFO] fetching crate sparkle-impostor 0.15.0...
[INFO] testing sparkle-impostor-0.15.0 against 1.75.0 for beta-1.76-1
[INFO] extracting crate sparkle-impostor 0.15.0 into /workspace/builds/worker-7-tc1/source
[INFO] validating manifest of crates.io crate sparkle-impostor 0.15.0 on toolchain 1.75.0
[INFO] running `Command { std: CARGO_HOME="/workspace/cargo-home" RUSTUP_HOME="/workspace/rustup-home" "/workspace/cargo-home/bin/cargo" "+1.75.0" "metadata" "--manifest-path" "Cargo.toml" "--no-deps", kill_on_drop: false }`
[INFO] started tweaking crates.io crate sparkle-impostor 0.15.0
[INFO] finished tweaking crates.io crate sparkle-impostor 0.15.0
[INFO] tweaked toml for crates.io crate sparkle-impostor 0.15.0 written to /workspace/builds/worker-7-tc1/source/Cargo.toml
[INFO] running `Command { std: CARGO_HOME="/workspace/cargo-home" RUSTUP_HOME="/workspace/rustup-home" "/workspace/cargo-home/bin/cargo" "+1.75.0" "generate-lockfile" "--manifest-path" "Cargo.toml", kill_on_drop: false }`
[INFO] [stderr]     Updating crates.io index
[INFO] running `Command { std: CARGO_HOME="/workspace/cargo-home" RUSTUP_HOME="/workspace/rustup-home" "/workspace/cargo-home/bin/cargo" "+1.75.0" "fetch" "--manifest-path" "Cargo.toml", kill_on_drop: false }`
[INFO] [stderr]  Downloading crates ...
[INFO] [stderr]   Downloaded twilight-util v0.15.4
[INFO] [stderr]   Downloaded twilight-validate v0.15.3
[INFO] [stderr]   Downloaded twilight-http v0.15.4
[INFO] [stderr]   Downloaded twilight-model v0.15.4
[INFO] [stderr]   Downloaded twilight-http-ratelimiting v0.15.3
[INFO] running `Command { std: "docker" "create" "-v" "/var/lib/crater-agent-workspace/builds/worker-7-tc1/target:/opt/rustwide/target:rw,Z" "-v" "/var/lib/crater-agent-workspace/builds/worker-7-tc1/source:/opt/rustwide/workdir:ro,Z" "-v" "/var/lib/crater-agent-workspace/cargo-home:/opt/rustwide/cargo-home:ro,Z" "-v" "/var/lib/crater-agent-workspace/rustup-home:/opt/rustwide/rustup-home:ro,Z" "-e" "SOURCE_DIR=/opt/rustwide/workdir" "-e" "CARGO_TARGET_DIR=/opt/rustwide/target" "-e" "CARGO_HOME=/opt/rustwide/cargo-home" "-e" "RUSTUP_HOME=/opt/rustwide/rustup-home" "-w" "/opt/rustwide/workdir" "-m" "1610612736" "--user" "0:0" "--network" "none" "ghcr.io/rust-lang/crates-build-env/linux@sha256:2788e3201cd34a07e3172128adcd8b3090168a8e3bcc40d7c032b9dda1df7d1c" "/opt/rustwide/cargo-home/bin/cargo" "+1.75.0" "metadata" "--no-deps" "--format-version=1", kill_on_drop: false }`
[INFO] [stdout] d189214520ad0fb4b747df5514812d973e4fa83cc29dd1984583c51cc2c28be1
[INFO] running `Command { std: "docker" "start" "-a" "d189214520ad0fb4b747df5514812d973e4fa83cc29dd1984583c51cc2c28be1", kill_on_drop: false }`
[INFO] running `Command { std: "docker" "inspect" "d189214520ad0fb4b747df5514812d973e4fa83cc29dd1984583c51cc2c28be1", kill_on_drop: false }`
[INFO] running `Command { std: "docker" "rm" "-f" "d189214520ad0fb4b747df5514812d973e4fa83cc29dd1984583c51cc2c28be1", kill_on_drop: false }`
[INFO] [stdout] d189214520ad0fb4b747df5514812d973e4fa83cc29dd1984583c51cc2c28be1
[INFO] running `Command { std: "docker" "create" "-v" "/var/lib/crater-agent-workspace/builds/worker-7-tc1/target:/opt/rustwide/target:rw,Z" "-v" "/var/lib/crater-agent-workspace/builds/worker-7-tc1/source:/opt/rustwide/workdir:ro,Z" "-v" "/var/lib/crater-agent-workspace/cargo-home:/opt/rustwide/cargo-home:ro,Z" "-v" "/var/lib/crater-agent-workspace/rustup-home:/opt/rustwide/rustup-home:ro,Z" "-e" "SOURCE_DIR=/opt/rustwide/workdir" "-e" "CARGO_TARGET_DIR=/opt/rustwide/target" "-e" "CARGO_INCREMENTAL=0" "-e" "RUST_BACKTRACE=full" "-e" "RUSTFLAGS=--cap-lints=warn" "-e" "RUSTDOCFLAGS=--cap-lints=warn" "-e" "CARGO_HOME=/opt/rustwide/cargo-home" "-e" "RUSTUP_HOME=/opt/rustwide/rustup-home" "-w" "/opt/rustwide/workdir" "-m" "1610612736" "--user" "0:0" "--network" "none" "ghcr.io/rust-lang/crates-build-env/linux@sha256:2788e3201cd34a07e3172128adcd8b3090168a8e3bcc40d7c032b9dda1df7d1c" "/opt/rustwide/cargo-home/bin/cargo" "+1.75.0" "build" "--frozen" "--message-format=json", kill_on_drop: false }`
[INFO] [stdout] 270b173b8c8ecbb7566eb858d8ea0ff24898324673b87c432a0469baa6b15f64
[INFO] running `Command { std: "docker" "start" "-a" "270b173b8c8ecbb7566eb858d8ea0ff24898324673b87c432a0469baa6b15f64", kill_on_drop: false }`
[INFO] [stderr]    Compiling libc v0.2.151
[INFO] [stderr]    Compiling serde v1.0.194
[INFO] [stderr]    Compiling powerfmt v0.2.0
[INFO] [stderr]    Compiling num-traits v0.2.17
[INFO] [stderr]    Compiling tracing-core v0.1.32
[INFO] [stderr]    Compiling futures-task v0.3.30
[INFO] [stderr]    Compiling spin v0.5.2
[INFO] [stderr]    Compiling rustls v0.20.9
[INFO] [stderr]    Compiling time-core v0.1.2
[INFO] [stderr]    Compiling untrusted v0.7.1
[INFO] [stderr]    Compiling syn v2.0.48
[INFO] [stderr]    Compiling bitflags v1.3.2
[INFO] [stderr]    Compiling futures-channel v0.3.30
[INFO] [stderr]    Compiling openssl-probe v0.1.5
[INFO] [stderr]    Compiling serde_json v1.0.111
[INFO] [stderr]    Compiling percent-encoding v2.3.1
[INFO] [stderr]    Compiling futures-util v0.3.30
[INFO] [stderr]    Compiling rustls-native-certs v0.6.3
[INFO] [stderr]    Compiling deranged v0.3.11
[INFO] [stderr]    Compiling getrandom v0.2.11
[INFO] [stderr]    Compiling socket2 v0.5.5
[INFO] [stderr]    Compiling mio v0.8.10
[INFO] [stderr]    Compiling rand_core v0.6.4
[INFO] [stderr]    Compiling rand_chacha v0.3.1
[INFO] [stderr]    Compiling time v0.3.31
[INFO] [stderr]    Compiling rand v0.8.5
[INFO] [stderr]    Compiling cc v1.0.83
[INFO] [stderr]    Compiling tokio v1.35.1
[INFO] [stderr]    Compiling ordered-float v2.10.1
[INFO] [stderr]    Compiling ring v0.17.7
[INFO] [stderr]    Compiling ring v0.16.20
[INFO] [stderr]    Compiling serde_derive v1.0.194
[INFO] [stderr]    Compiling tracing-attributes v0.1.27
[INFO] [stderr]    Compiling serde_repr v0.1.18
[INFO] [stderr]    Compiling thiserror-impl v1.0.56
[INFO] [stderr]    Compiling thiserror v1.0.56
[INFO] [stderr]    Compiling webpki v0.22.4
[INFO] [stderr]    Compiling sct v0.7.1
[INFO] [stderr]    Compiling tracing v0.1.40
[INFO] [stderr]    Compiling tokio-util v0.7.10
[INFO] [stderr]    Compiling twilight-http-ratelimiting v0.15.3
[INFO] [stderr]    Compiling h2 v0.3.22
[INFO] [stderr]    Compiling tokio-rustls v0.23.4
[INFO] [stderr]    Compiling hyper v0.14.28
[INFO] [stderr]    Compiling serde-value v0.7.0
[INFO] [stderr]    Compiling twilight-model v0.15.4
[INFO] [stderr]    Compiling hyper-rustls v0.23.2
[INFO] [stderr]    Compiling twilight-validate v0.15.3
[INFO] [stderr]    Compiling twilight-util v0.15.4
[INFO] [stderr]    Compiling twilight-http v0.15.4
[INFO] [stderr]    Compiling sparkle-impostor v0.15.0 (/opt/rustwide/workdir)
[INFO] [stdout] warning: lifetime parameter `'a` only used once
[INFO] [stdout]   --> src/later_messages.rs:26:6
[INFO] [stdout]    |
[INFO] [stdout] 26 | impl<'a> MessageSource<'a> {
[INFO] [stdout]    |      ^^                -- ...is used only here
[INFO] [stdout]    |      |
[INFO] [stdout]    |      this lifetime...
[INFO] [stdout]    |
[INFO] [stdout] note: the lint level is defined here
[INFO] [stdout]   --> src/lib.rs:71:5
[INFO] [stdout]    |
[INFO] [stdout] 71 |     single_use_lifetimes,
[INFO] [stdout]    |     ^^^^^^^^^^^^^^^^^^^^
[INFO] [stdout] help: elide the single-use lifetime
[INFO] [stdout]    |
[INFO] [stdout] 26 - impl<'a> MessageSource<'a> {
[INFO] [stdout] 26 + impl MessageSource<'_> {
[INFO] [stdout]    |
[INFO] [stdout] 
[INFO] [stdout] 
[INFO] [stdout] warning: 1 warning emitted
[INFO] [stdout] 
[INFO] [stdout] 
[INFO] [stderr]     Finished dev [unoptimized + debuginfo] target(s) in 46.75s
[INFO] running `Command { std: "docker" "inspect" "270b173b8c8ecbb7566eb858d8ea0ff24898324673b87c432a0469baa6b15f64", kill_on_drop: false }`
[INFO] running `Command { std: "docker" "rm" "-f" "270b173b8c8ecbb7566eb858d8ea0ff24898324673b87c432a0469baa6b15f64", kill_on_drop: false }`
[INFO] [stdout] 270b173b8c8ecbb7566eb858d8ea0ff24898324673b87c432a0469baa6b15f64
[INFO] running `Command { std: "docker" "create" "-v" "/var/lib/crater-agent-workspace/builds/worker-7-tc1/target:/opt/rustwide/target:rw,Z" "-v" "/var/lib/crater-agent-workspace/builds/worker-7-tc1/source:/opt/rustwide/workdir:ro,Z" "-v" "/var/lib/crater-agent-workspace/cargo-home:/opt/rustwide/cargo-home:ro,Z" "-v" "/var/lib/crater-agent-workspace/rustup-home:/opt/rustwide/rustup-home:ro,Z" "-e" "SOURCE_DIR=/opt/rustwide/workdir" "-e" "CARGO_TARGET_DIR=/opt/rustwide/target" "-e" "CARGO_INCREMENTAL=0" "-e" "RUST_BACKTRACE=full" "-e" "RUSTFLAGS=--cap-lints=warn" "-e" "RUSTDOCFLAGS=--cap-lints=warn" "-e" "CARGO_HOME=/opt/rustwide/cargo-home" "-e" "RUSTUP_HOME=/opt/rustwide/rustup-home" "-w" "/opt/rustwide/workdir" "-m" "1610612736" "--user" "0:0" "--network" "none" "ghcr.io/rust-lang/crates-build-env/linux@sha256:2788e3201cd34a07e3172128adcd8b3090168a8e3bcc40d7c032b9dda1df7d1c" "/opt/rustwide/cargo-home/bin/cargo" "+1.75.0" "test" "--frozen" "--no-run" "--message-format=json", kill_on_drop: false }`
[INFO] [stdout] bf206297bb6edd826008b85663d3f09eff4c4a9316cb3404a1532e6bf42b9c55
[INFO] running `Command { std: "docker" "start" "-a" "bf206297bb6edd826008b85663d3f09eff4c4a9316cb3404a1532e6bf42b9c55", kill_on_drop: false }`
[INFO] [stderr]    Compiling tokio-macros v2.2.0
[INFO] [stderr]    Compiling backtrace v0.3.69
[INFO] [stderr]    Compiling memchr v2.7.1
[INFO] [stderr]    Compiling gimli v0.28.1
[INFO] [stderr]    Compiling miniz_oxide v0.7.1
[INFO] [stderr]    Compiling anyhow v1.0.79
[INFO] [stderr]    Compiling rustc-demangle v0.1.23
[INFO] [stderr]    Compiling dotenvy v0.15.7
[INFO] [stderr]    Compiling object v0.32.2
[INFO] [stderr]    Compiling tokio v1.35.1
[INFO] [stderr]    Compiling addr2line v0.21.0
[INFO] [stderr]    Compiling tokio-util v0.7.10
[INFO] [stderr]    Compiling tokio-rustls v0.23.4
[INFO] [stderr]    Compiling twilight-http-ratelimiting v0.15.3
[INFO] [stderr]    Compiling h2 v0.3.22
[INFO] [stderr]    Compiling hyper v0.14.28
[INFO] [stderr]    Compiling hyper-rustls v0.23.2
[INFO] [stderr]    Compiling twilight-http v0.15.4
[INFO] [stderr]    Compiling sparkle-impostor v0.15.0 (/opt/rustwide/workdir)
[INFO] [stdout] warning: lifetime parameter `'a` only used once
[INFO] [stdout]   --> src/later_messages.rs:26:6
[INFO] [stdout]    |
[INFO] [stdout] 26 | impl<'a> MessageSource<'a> {
[INFO] [stdout]    |      ^^                -- ...is used only here
[INFO] [stdout]    |      |
[INFO] [stdout]    |      this lifetime...
[INFO] [stdout]    |
[INFO] [stdout] note: the lint level is defined here
[INFO] [stdout]   --> src/lib.rs:71:5
[INFO] [stdout]    |
[INFO] [stdout] 71 |     single_use_lifetimes,
[INFO] [stdout]    |     ^^^^^^^^^^^^^^^^^^^^
[INFO] [stdout] help: elide the single-use lifetime
[INFO] [stdout]    |
[INFO] [stdout] 26 - impl<'a> MessageSource<'a> {
[INFO] [stdout] 26 + impl MessageSource<'_> {
[INFO] [stdout]    |
[INFO] [stdout] 
[INFO] [stdout] 
[INFO] [stdout] warning: 1 warning emitted
[INFO] [stdout] 
[INFO] [stdout] 
[INFO] [stdout] warning: lifetime parameter `'a` only used once
[INFO] [stdout]   --> src/later_messages.rs:26:6
[INFO] [stdout]    |
[INFO] [stdout] 26 | impl<'a> MessageSource<'a> {
[INFO] [stdout]    |      ^^                -- ...is used only here
[INFO] [stdout]    |      |
[INFO] [stdout]    |      this lifetime...
[INFO] [stdout]    |
[INFO] [stdout] note: the lint level is defined here
[INFO] [stdout]   --> src/lib.rs:71:5
[INFO] [stdout]    |
[INFO] [stdout] 71 |     single_use_lifetimes,
[INFO] [stdout]    |     ^^^^^^^^^^^^^^^^^^^^
[INFO] [stdout] help: elide the single-use lifetime
[INFO] [stdout]    |
[INFO] [stdout] 26 - impl<'a> MessageSource<'a> {
[INFO] [stdout] 26 + impl MessageSource<'_> {
[INFO] [stdout]    |
[INFO] [stdout] 
[INFO] [stdout] 
[INFO] [stdout] error[E0599]: no method named `delete` found for unit type `()` in the current scope
[INFO] [stdout]   --> tests/delete.rs:44:10
[INFO] [stdout]    |
[INFO] [stdout] 41 | /     ctx.message_source(&mut message)?
[INFO] [stdout] 42 | |         .check_is_in_last(2)
[INFO] [stdout] 43 | |         .await?
[INFO] [stdout] 44 | |         .delete()
[INFO] [stdout]    | |         -^^^^^^ method not found in `()`
[INFO] [stdout]    | |_________|
[INFO] [stdout]    | 
[INFO] [stdout] 
[INFO] [stdout] 
[INFO] [stdout] error[E0599]: no method named `create` found for unit type `()` in the current scope
[INFO] [stdout]   --> tests/component.rs:68:10
[INFO] [stdout]    |
[INFO] [stdout] 66 | /     ctx.message_source(&mut message)?
[INFO] [stdout] 67 | |         .check_component()?
[INFO] [stdout] 68 | |         .create()
[INFO] [stdout]    | |         -^^^^^^ method not found in `()`
[INFO] [stdout]    | |_________|
[INFO] [stdout]    | 
[INFO] [stdout] 
[INFO] [stdout] 
[INFO] [stdout] error: aborting due to previous error
[INFO] [stdout] 
[INFO] [stdout] 
[INFO] [stdout] For more information about this error, try `rustc --explain E0599`.
[INFO] [stdout] 
[INFO] [stderr] error: could not compile `sparkle-impostor` (test "component") due to 2 previous errors
[INFO] [stderr] warning: build failed, waiting for other jobs to finish...
[INFO] [stdout] error: aborting due to previous error
[INFO] [stdout] 
[INFO] [stdout] 
[INFO] [stdout] For more information about this error, try `rustc --explain E0599`.
[INFO] [stdout] 
[INFO] [stderr] error: could not compile `sparkle-impostor` (test "delete") due to 2 previous errors
[INFO] [stdout] warning: 1 warning emitted
[INFO] [stdout] 
[INFO] [stdout] 
[INFO] [stderr] error: could not compile `sparkle-impostor` (test "thread")
[INFO] [stderr] 
[INFO] [stderr] Caused by:
[INFO] [stderr]   process didn't exit successfully: `/opt/rustwide/rustup-home/toolchains/1.75.0-x86_64-unknown-linux-gnu/bin/rustc --crate-name thread --edition=2021 tests/thread.rs --error-format=json --json=diagnostic-rendered-ansi,artifacts,future-incompat --emit=dep-info,link -C embed-bitcode=no -C debuginfo=2 --test -C metadata=9b2e48e927f1a878 -C extra-filename=-9b2e48e927f1a878 --out-dir /opt/rustwide/target/debug/deps -L dependency=/opt/rustwide/target/debug/deps --extern anyhow=/opt/rustwide/target/debug/deps/libanyhow-e9a5ecf78886fda3.rlib --extern dotenvy=/opt/rustwide/target/debug/deps/libdotenvy-43f7f200f84b2c16.rlib --extern serde=/opt/rustwide/target/debug/deps/libserde-9afbaac62fb45c03.rlib --extern sparkle_impostor=/opt/rustwide/target/debug/deps/libsparkle_impostor-98f5612f2b38f815.rlib --extern thiserror=/opt/rustwide/target/debug/deps/libthiserror-d1996b3b5c5b4ac9.rlib --extern tokio=/opt/rustwide/target/debug/deps/libtokio-9e829d61bae02a7c.rlib --extern twilight_http=/opt/rustwide/target/debug/deps/libtwilight_http-7338a6c6d0566308.rlib --extern twilight_model=/opt/rustwide/target/debug/deps/libtwilight_model-2679628415a23ba4.rlib --extern twilight_util=/opt/rustwide/target/debug/deps/libtwilight_util-35f30693c1297fa4.rlib --extern twilight_validate=/opt/rustwide/target/debug/deps/libtwilight_validate-7dd59e107cea42e9.rlib --cap-lints=warn -L native=/opt/rustwide/target/debug/build/ring-5cf128a7b2bc9ab1/out -L native=/opt/rustwide/target/debug/build/ring-ae1094daeb7701d6/out` (signal: 9, SIGKILL: kill)
[INFO] [stdout] error: linking with `cc` failed: exit status: 1
[INFO] [stdout]   |
[INFO] [stdout]   = note: LC_ALL="C" PATH="/opt/rustwide/rustup-home/toolchains/1.75.0-x86_64-unknown-linux-gnu/lib/rustlib/x86_64-unknown-linux-gnu/bin:/opt/rustwide/cargo-home/bin:/usr/local/sbin:/usr/local/bin:/usr/sbin:/usr/bin:/sbin:/bin" VSLANG="1033" "cc" "-m64" "/tmp/rustc0Gp6Xe/symbols.o" "/opt/rustwide/target/debug/deps/reaction-f9b0959b1f71e6c0.reaction.1d147cdff39f29f9-cgu.00.rcgu.o" "/opt/rustwide/target/debug/deps/reaction-f9b0959b1f71e6c0.reaction.1d147cdff39f29f9-cgu.01.rcgu.o" "/opt/rustwide/target/debug/deps/reaction-f9b0959b1f71e6c0.reaction.1d147cdff39f29f9-cgu.02.rcgu.o" "/opt/rustwide/target/debug/deps/reaction-f9b0959b1f71e6c0.reaction.1d147cdff39f29f9-cgu.03.rcgu.o" "/opt/rustwide/target/debug/deps/reaction-f9b0959b1f71e6c0.reaction.1d147cdff39f29f9-cgu.04.rcgu.o" "/opt/rustwide/target/debug/deps/reaction-f9b0959b1f71e6c0.reaction.1d147cdff39f29f9-cgu.05.rcgu.o" "/opt/rustwide/target/debug/deps/reaction-f9b0959b1f71e6c0.reaction.1d147cdff39f29f9-cgu.06.rcgu.o" "/opt/rustwide/target/debug/deps/reaction-f9b0959b1f71e6c0.reaction.1d147cdff39f29f9-cgu.07.rcgu.o" "/opt/rustwide/target/debug/deps/reaction-f9b0959b1f71e6c0.reaction.1d147cdff39f29f9-cgu.08.rcgu.o" "/opt/rustwide/target/debug/deps/reaction-f9b0959b1f71e6c0.reaction.1d147cdff39f29f9-cgu.09.rcgu.o" "/opt/rustwide/target/debug/deps/reaction-f9b0959b1f71e6c0.reaction.1d147cdff39f29f9-cgu.10.rcgu.o" "/opt/rustwide/target/debug/deps/reaction-f9b0959b1f71e6c0.reaction.1d147cdff39f29f9-cgu.11.rcgu.o" "/opt/rustwide/target/debug/deps/reaction-f9b0959b1f71e6c0.reaction.1d147cdff39f29f9-cgu.12.rcgu.o" "/opt/rustwide/target/debug/deps/reaction-f9b0959b1f71e6c0.reaction.1d147cdff39f29f9-cgu.13.rcgu.o" "/opt/rustwide/target/debug/deps/reaction-f9b0959b1f71e6c0.reaction.1d147cdff39f29f9-cgu.14.rcgu.o" "/opt/rustwide/target/debug/deps/reaction-f9b0959b1f71e6c0.reaction.1d147cdff39f29f9-cgu.15.rcgu.o" "/opt/rustwide/target/debug/deps/reaction-f9b0959b1f71e6c0.3uslgpzxf53uc6sd.rcgu.o" "-Wl,--as-needed" "-L" "/opt/rustwide/target/debug/deps" "-L" "/opt/rustwide/target/debug/build/ring-5cf128a7b2bc9ab1/out" "-L" "/opt/rustwide/target/debug/build/ring-ae1094daeb7701d6/out" "-L" "/opt/rustwide/rustup-home/toolchains/1.75.0-x86_64-unknown-linux-gnu/lib/rustlib/x86_64-unknown-linux-gnu/lib" "-Wl,-Bstatic" "/opt/rustwide/target/debug/deps/libanyhow-e9a5ecf78886fda3.rlib" "/opt/rustwide/rustup-home/toolchains/1.75.0-x86_64-unknown-linux-gnu/lib/rustlib/x86_64-unknown-linux-gnu/lib/libtest-3df1bed8075ce1de.rlib" "/opt/rustwide/rustup-home/toolchains/1.75.0-x86_64-unknown-linux-gnu/lib/rustlib/x86_64-unknown-linux-gnu/lib/libgetopts-2076fd86b325cb5d.rlib" "/opt/rustwide/rustup-home/toolchains/1.75.0-x86_64-unknown-linux-gnu/lib/rustlib/x86_64-unknown-linux-gnu/lib/libunicode_width-caa7152ee70c190f.rlib" "/opt/rustwide/rustup-home/toolchains/1.75.0-x86_64-unknown-linux-gnu/lib/rustlib/x86_64-unknown-linux-gnu/lib/librustc_std_workspace_std-04e6425e07f02a3c.rlib" "/opt/rustwide/target/debug/deps/libdotenvy-43f7f200f84b2c16.rlib" "/opt/rustwide/target/debug/deps/libsparkle_impostor-98f5612f2b38f815.rlib" "/opt/rustwide/target/debug/deps/libthiserror-d1996b3b5c5b4ac9.rlib" "/opt/rustwide/target/debug/deps/libtwilight_util-35f30693c1297fa4.rlib" "/opt/rustwide/target/debug/deps/libtwilight_http-7338a6c6d0566308.rlib" "/opt/rustwide/target/debug/deps/libhyper_rustls-bf0dbf016980a28f.rlib" "/opt/rustwide/target/debug/deps/librustls_native_certs-5360b5a42937407c.rlib" "/opt/rustwide/target/debug/deps/librustls_pemfile-ffdc2f3224e5aa74.rlib" "/opt/rustwide/target/debug/deps/libbase64-c757f6e1d18850a5.rlib" "/opt/rustwide/target/debug/deps/libopenssl_probe-d850575132083d7c.rlib" "/opt/rustwide/target/debug/deps/libtokio_rustls-1b73da6474b1bfa1.rlib" "/opt/rustwide/target/debug/deps/librustls-4f1b53341aa8644a.rlib" "/opt/rustwide/target/debug/deps/libsct-0fec37b1da7d6100.rlib" "/opt/rustwide/target/debug/deps/libwebpki-d0c2d084ba060bea.rlib" "/opt/rustwide/target/debug/deps/libring-9190f87eb7d956a1.rlib" "/opt/rustwide/target/debug/deps/libspin-1881e9d9c2fdf875.rlib" "/opt/rustwide/target/debug/deps/libuntrusted-66bbe55c9f09dd46.rlib" "/opt/rustwide/target/debug/deps/libring-e82822a696c0904a.rlib" "/opt/rustwide/target/debug/deps/libspin-c4098cd951aef6c9.rlib" "/opt/rustwide/target/debug/deps/libuntrusted-5ec0aa78ed8cda5c.rlib" "/opt/rustwide/target/debug/deps/libserde_json-777efad8a2b3bd28.rlib" "/opt/rustwide/target/debug/deps/libryu-5f304b1b6393964f.rlib" "/opt/rustwide/target/debug/deps/libbrotli-7330c5557c3f0c80.rlib" "/opt/rustwide/target/debug/deps/libbrotli_decompressor-3890bcd9fb862d86.rlib" "/opt/rustwide/target/debug/deps/liballoc_stdlib-42567218896c8315.rlib" "/opt/rustwide/target/debug/deps/liballoc_no_stdlib-bb643994833d65b7.rlib" "/opt/rustwide/target/debug/deps/librand-a26225ab170c83b9.rlib" "/opt/rustwide/target/debug/deps/librand_chacha-93c229a7eeb7ab43.rlib" "/opt/rustwide/target/debug/deps/libppv_lite86-9f808eb911999ef2.rlib" "/opt/rustwide/target/debug/deps/librand_core-c8190ea9532a8248.rlib" "/opt/rustwide/target/debug/deps/libgetrandom-68b0603389864cc3.rlib" "/opt/rustwide/target/debug/deps/libcfg_if-61dc7a6799e72b18.rlib" "/opt/rustwide/target/debug/deps/libpercent_encoding-49b444c3b52ed2a4.rlib" "/opt/rustwide/target/debug/deps/libtwilight_validate-7dd59e107cea42e9.rlib" "/opt/rustwide/target/debug/deps/libtwilight_model-2679628415a23ba4.rlib" "/opt/rustwide/target/debug/deps/libtime-160de5996511f7b1.rlib" "/opt/rustwide/target/debug/deps/libtime_core-7af5d6eb87ec9652.rlib" "/opt/rustwide/target/debug/deps/libderanged-b91eb2e9a304f3c1.rlib" "/opt/rustwide/target/debug/deps/libpowerfmt-e8908707a005dea9.rlib" "/opt/rustwide/target/debug/deps/libbitflags-0d1a13f1df24a140.rlib" "/opt/rustwide/target/debug/deps/libserde_value-2d68c3b2251d8209.rlib" "/opt/rustwide/target/debug/deps/libordered_float-1f7ed88b288fd351.rlib" "/opt/rustwide/target/debug/deps/libnum_traits-021f0c8717b1cfd6.rlib" "/opt/rustwide/target/debug/deps/libtwilight_http_ratelimiting-3ee01207f2991e00.rlib" "/opt/rustwide/target/debug/deps/libhyper-e32dd06bd29535d4.rlib" "/opt/rustwide/target/debug/deps/libwant-0be28e71d2a5cee8.rlib" "/opt/rustwide/target/debug/deps/libtry_lock-ba0ec0947155aa20.rlib" "/opt/rustwide/target/debug/deps/libhttparse-64f1ffbeda450424.rlib" "/opt/rustwide/target/debug/deps/libh2-a0405022d265aa5a.rlib" "/opt/rustwide/target/debug/deps/libindexmap-8fc97cbaa956011a.rlib" "/opt/rustwide/target/debug/deps/libequivalent-daf5c71f5fc642dd.rlib" "/opt/rustwide/target/debug/deps/libhashbrown-3d9e58c92093ae49.rlib" "/opt/rustwide/target/debug/deps/libslab-6eb39baadbe9101c.rlib" "/opt/rustwide/target/debug/deps/libtokio_util-b5df2fda019a1bb2.rlib" "/opt/rustwide/target/debug/deps/libfutures_sink-8957e1e23a8e4733.rlib" "/opt/rustwide/target/debug/deps/libtower_service-104d6e83d5ce383d.rlib" "/opt/rustwide/target/debug/deps/libtracing-42ec4e43d2abc794.rlib" "/opt/rustwide/target/debug/deps/libtracing_core-de9779e9c86396c9.rlib" "/opt/rustwide/target/debug/deps/libonce_cell-63be820ac0ed0954.rlib" "/opt/rustwide/target/debug/deps/libfutures_channel-3151a32f36b687de.rlib" "/opt/rustwide/target/debug/deps/libhttp_body-3c42bd17f1cfc680.rlib" "/opt/rustwide/target/debug/deps/libfutures_util-1a7373afa847b361.rlib" "/opt/rustwide/target/debug/deps/libfutures_task-5fc1932153e73866.rlib" "/opt/rustwide/target/debug/deps/libpin_utils-741f7d9d160e4a16.rlib" "/opt/rustwide/target/debug/deps/libfutures_core-9cff0d103c3b3c9e.rlib" "/opt/rustwide/target/debug/deps/libtokio-9e829d61bae02a7c.rlib" "/opt/rustwide/target/debug/deps/libsocket2-2489340dad73c28d.rlib" "/opt/rustwide/target/debug/deps/libmio-1f577062c0615c74.rlib" "/opt/rustwide/target/debug/deps/liblibc-f01c1240f7c859d0.rlib" "/opt/rustwide/target/debug/deps/libpin_project_lite-e0757e0deaa2f8a0.rlib" "/opt/rustwide/target/debug/deps/libhttp-087a4805b82b800b.rlib" "/opt/rustwide/target/debug/deps/libitoa-5f181af53b99b92c.rlib" "/opt/rustwide/target/debug/deps/libbytes-0a052f49710012b1.rlib" "/opt/rustwide/target/debug/deps/libfnv-18bf5144d055e772.rlib" "/opt/rustwide/target/debug/deps/libserde-9afbaac62fb45c03.rlib" "/opt/rustwide/rustup-home/toolchains/1.75.0-x86_64-unknown-linux-gnu/lib/rustlib/x86_64-unknown-linux-gnu/lib/libstd-90f6ddbf82de36ec.rlib" "/opt/rustwide/rustup-home/toolchains/1.75.0-x86_64-unknown-linux-gnu/lib/rustlib/x86_64-unknown-linux-gnu/lib/libpanic_unwind-480c41e9d4e1f677.rlib" "/opt/rustwide/rustup-home/toolchains/1.75.0-x86_64-unknown-linux-gnu/lib/rustlib/x86_64-unknown-linux-gnu/lib/libobject-db744c0ca03eed1d.rlib" "/opt/rustwide/rustup-home/toolchains/1.75.0-x86_64-unknown-linux-gnu/lib/rustlib/x86_64-unknown-linux-gnu/lib/libmemchr-8ba652dc7d4b285a.rlib" "/opt/rustwide/rustup-home/toolchains/1.75.0-x86_64-unknown-linux-gnu/lib/rustlib/x86_64-unknown-linux-gnu/lib/libaddr2line-d5f4520a9ebc0d58.rlib" "/opt/rustwide/rustup-home/toolchains/1.75.0-x86_64-unknown-linux-gnu/lib/rustlib/x86_64-unknown-linux-gnu/lib/libgimli-4ad84de58f0cb463.rlib" "/opt/rustwide/rustup-home/toolchains/1.75.0-x86_64-unknown-linux-gnu/lib/rustlib/x86_64-unknown-linux-gnu/lib/librustc_demangle-0d10aae2e0f38735.rlib" "/opt/rustwide/rustup-home/toolchains/1.75.0-x86_64-unknown-linux-gnu/lib/rustlib/x86_64-unknown-linux-gnu/lib/libstd_detect-0c17cff739e6745b.rlib" "/opt/rustwide/rustup-home/toolchains/1.75.0-x86_64-unknown-linux-gnu/lib/rustlib/x86_64-unknown-linux-gnu/lib/libhashbrown-b29e17139dde1aa8.rlib" "/opt/rustwide/rustup-home/toolchains/1.75.0-x86_64-unknown-linux-gnu/lib/rustlib/x86_64-unknown-linux-gnu/lib/librustc_std_workspace_alloc-1f975299829cc7bd.rlib" "/opt/rustwide/rustup-home/toolchains/1.75.0-x86_64-unknown-linux-gnu/lib/rustlib/x86_64-unknown-linux-gnu/lib/libminiz_oxide-86bae3bc3079f89b.rlib" "/opt/rustwide/rustup-home/toolchains/1.75.0-x86_64-unknown-linux-gnu/lib/rustlib/x86_64-unknown-linux-gnu/lib/libadler-321b82c30dffdf5f.rlib" "/opt/rustwide/rustup-home/toolchains/1.75.0-x86_64-unknown-linux-gnu/lib/rustlib/x86_64-unknown-linux-gnu/lib/libunwind-3dd8a6810a0bdfef.rlib" "/opt/rustwide/rustup-home/toolchains/1.75.0-x86_64-unknown-linux-gnu/lib/rustlib/x86_64-unknown-linux-gnu/lib/libcfg_if-eb39a61c0c879984.rlib" "/opt/rustwide/rustup-home/toolchains/1.75.0-x86_64-unknown-linux-gnu/lib/rustlib/x86_64-unknown-linux-gnu/lib/liblibc-aa769569f91c3548.rlib" "/opt/rustwide/rustup-home/toolchains/1.75.0-x86_64-unknown-linux-gnu/lib/rustlib/x86_64-unknown-linux-gnu/lib/liballoc-510a192a50a983ed.rlib" "/opt/rustwide/rustup-home/toolchains/1.75.0-x86_64-unknown-linux-gnu/lib/rustlib/x86_64-unknown-linux-gnu/lib/librustc_std_workspace_core-0577018320f99037.rlib" "/opt/rustwide/rustup-home/toolchains/1.75.0-x86_64-unknown-linux-gnu/lib/rustlib/x86_64-unknown-linux-gnu/lib/libcore-193cf992125ccd4c.rlib" "/opt/rustwide/rustup-home/toolchains/1.75.0-x86_64-unknown-linux-gnu/lib/rustlib/x86_64-unknown-linux-gnu/lib/libcompiler_builtins-8e138eaf26ebb4a8.rlib" "-Wl,-Bdynamic" "-lgcc_s" "-lutil" "-lrt" "-lpthread" "-lm" "-ldl" "-lc" "-Wl,--eh-frame-hdr" "-Wl,-z,noexecstack" "-L" "/opt/rustwide/rustup-home/toolchains/1.75.0-x86_64-unknown-linux-gnu/lib/rustlib/x86_64-unknown-linux-gnu/lib" "-o" "/opt/rustwide/target/debug/deps/reaction-f9b0959b1f71e6c0" "-Wl,--gc-sections" "-pie" "-Wl,-z,relro,-z,now" "-nodefaultlibs"
[INFO] [stdout]   = note: collect2: fatal error: ld terminated with signal 9 [Killed]
[INFO] [stdout]           compilation terminated.
[INFO] [stdout]           
[INFO] [stdout] 
[INFO] [stdout] 
[INFO] [stdout] error: aborting due to previous error
[INFO] [stdout] 
[INFO] [stdout] 
[INFO] [stderr] error: could not compile `sparkle-impostor` (test "reaction") due to 2 previous errors
[INFO] [stdout] error: linking with `cc` failed: exit status: 1
[INFO] [stdout]   |
[INFO] [stdout]   = note: LC_ALL="C" PATH="/opt/rustwide/rustup-home/toolchains/1.75.0-x86_64-unknown-linux-gnu/lib/rustlib/x86_64-unknown-linux-gnu/bin:/opt/rustwide/cargo-home/bin:/usr/local/sbin:/usr/local/bin:/usr/sbin:/usr/bin:/sbin:/bin" VSLANG="1033" "cc" "-m64" "/tmp/rustcL6DHDW/symbols.o" "/opt/rustwide/target/debug/deps/attachment_sticker-6ffb7a06c3d4dbaf.attachment_sticker.9d7c20c6fd1a8fbb-cgu.00.rcgu.o" "/opt/rustwide/target/debug/deps/attachment_sticker-6ffb7a06c3d4dbaf.attachment_sticker.9d7c20c6fd1a8fbb-cgu.01.rcgu.o" "/opt/rustwide/target/debug/deps/attachment_sticker-6ffb7a06c3d4dbaf.attachment_sticker.9d7c20c6fd1a8fbb-cgu.02.rcgu.o" "/opt/rustwide/target/debug/deps/attachment_sticker-6ffb7a06c3d4dbaf.attachment_sticker.9d7c20c6fd1a8fbb-cgu.03.rcgu.o" "/opt/rustwide/target/debug/deps/attachment_sticker-6ffb7a06c3d4dbaf.attachment_sticker.9d7c20c6fd1a8fbb-cgu.04.rcgu.o" "/opt/rustwide/target/debug/deps/attachment_sticker-6ffb7a06c3d4dbaf.attachment_sticker.9d7c20c6fd1a8fbb-cgu.05.rcgu.o" "/opt/rustwide/target/debug/deps/attachment_sticker-6ffb7a06c3d4dbaf.attachment_sticker.9d7c20c6fd1a8fbb-cgu.06.rcgu.o" "/opt/rustwide/target/debug/deps/attachment_sticker-6ffb7a06c3d4dbaf.attachment_sticker.9d7c20c6fd1a8fbb-cgu.07.rcgu.o" "/opt/rustwide/target/debug/deps/attachment_sticker-6ffb7a06c3d4dbaf.attachment_sticker.9d7c20c6fd1a8fbb-cgu.08.rcgu.o" "/opt/rustwide/target/debug/deps/attachment_sticker-6ffb7a06c3d4dbaf.attachment_sticker.9d7c20c6fd1a8fbb-cgu.09.rcgu.o" "/opt/rustwide/target/debug/deps/attachment_sticker-6ffb7a06c3d4dbaf.attachment_sticker.9d7c20c6fd1a8fbb-cgu.10.rcgu.o" "/opt/rustwide/target/debug/deps/attachment_sticker-6ffb7a06c3d4dbaf.attachment_sticker.9d7c20c6fd1a8fbb-cgu.11.rcgu.o" "/opt/rustwide/target/debug/deps/attachment_sticker-6ffb7a06c3d4dbaf.attachment_sticker.9d7c20c6fd1a8fbb-cgu.12.rcgu.o" "/opt/rustwide/target/debug/deps/attachment_sticker-6ffb7a06c3d4dbaf.attachment_sticker.9d7c20c6fd1a8fbb-cgu.13.rcgu.o" "/opt/rustwide/target/debug/deps/attachment_sticker-6ffb7a06c3d4dbaf.attachment_sticker.9d7c20c6fd1a8fbb-cgu.14.rcgu.o" "/opt/rustwide/target/debug/deps/attachment_sticker-6ffb7a06c3d4dbaf.attachment_sticker.9d7c20c6fd1a8fbb-cgu.15.rcgu.o" "/opt/rustwide/target/debug/deps/attachment_sticker-6ffb7a06c3d4dbaf.50e74hmmhhl96fyy.rcgu.o" "-Wl,--as-needed" "-L" "/opt/rustwide/target/debug/deps" "-L" "/opt/rustwide/target/debug/build/ring-5cf128a7b2bc9ab1/out" "-L" "/opt/rustwide/target/debug/build/ring-ae1094daeb7701d6/out" "-L" "/opt/rustwide/rustup-home/toolchains/1.75.0-x86_64-unknown-linux-gnu/lib/rustlib/x86_64-unknown-linux-gnu/lib" "-Wl,-Bstatic" "/opt/rustwide/target/debug/deps/libanyhow-e9a5ecf78886fda3.rlib" "/opt/rustwide/rustup-home/toolchains/1.75.0-x86_64-unknown-linux-gnu/lib/rustlib/x86_64-unknown-linux-gnu/lib/libtest-3df1bed8075ce1de.rlib" "/opt/rustwide/rustup-home/toolchains/1.75.0-x86_64-unknown-linux-gnu/lib/rustlib/x86_64-unknown-linux-gnu/lib/libgetopts-2076fd86b325cb5d.rlib" "/opt/rustwide/rustup-home/toolchains/1.75.0-x86_64-unknown-linux-gnu/lib/rustlib/x86_64-unknown-linux-gnu/lib/libunicode_width-caa7152ee70c190f.rlib" "/opt/rustwide/rustup-home/toolchains/1.75.0-x86_64-unknown-linux-gnu/lib/rustlib/x86_64-unknown-linux-gnu/lib/librustc_std_workspace_std-04e6425e07f02a3c.rlib" "/opt/rustwide/target/debug/deps/libdotenvy-43f7f200f84b2c16.rlib" "/opt/rustwide/target/debug/deps/libsparkle_impostor-98f5612f2b38f815.rlib" "/opt/rustwide/target/debug/deps/libthiserror-d1996b3b5c5b4ac9.rlib" "/opt/rustwide/target/debug/deps/libtwilight_util-35f30693c1297fa4.rlib" "/opt/rustwide/target/debug/deps/libtwilight_http-7338a6c6d0566308.rlib" "/opt/rustwide/target/debug/deps/libhyper_rustls-bf0dbf016980a28f.rlib" "/opt/rustwide/target/debug/deps/librustls_native_certs-5360b5a42937407c.rlib" "/opt/rustwide/target/debug/deps/librustls_pemfile-ffdc2f3224e5aa74.rlib" "/opt/rustwide/target/debug/deps/libbase64-c757f6e1d18850a5.rlib" "/opt/rustwide/target/debug/deps/libopenssl_probe-d850575132083d7c.rlib" "/opt/rustwide/target/debug/deps/libtokio_rustls-1b73da6474b1bfa1.rlib" "/opt/rustwide/target/debug/deps/librustls-4f1b53341aa8644a.rlib" "/opt/rustwide/target/debug/deps/libsct-0fec37b1da7d6100.rlib" "/opt/rustwide/target/debug/deps/libwebpki-d0c2d084ba060bea.rlib" "/opt/rustwide/target/debug/deps/libring-9190f87eb7d956a1.rlib" "/opt/rustwide/target/debug/deps/libspin-1881e9d9c2fdf875.rlib" "/opt/rustwide/target/debug/deps/libuntrusted-66bbe55c9f09dd46.rlib" "/opt/rustwide/target/debug/deps/libring-e82822a696c0904a.rlib" "/opt/rustwide/target/debug/deps/libspin-c4098cd951aef6c9.rlib" "/opt/rustwide/target/debug/deps/libuntrusted-5ec0aa78ed8cda5c.rlib" "/opt/rustwide/target/debug/deps/libserde_json-777efad8a2b3bd28.rlib" "/opt/rustwide/target/debug/deps/libryu-5f304b1b6393964f.rlib" "/opt/rustwide/target/debug/deps/libbrotli-7330c5557c3f0c80.rlib" "/opt/rustwide/target/debug/deps/libbrotli_decompressor-3890bcd9fb862d86.rlib" "/opt/rustwide/target/debug/deps/liballoc_stdlib-42567218896c8315.rlib" "/opt/rustwide/target/debug/deps/liballoc_no_stdlib-bb643994833d65b7.rlib" "/opt/rustwide/target/debug/deps/librand-a26225ab170c83b9.rlib" "/opt/rustwide/target/debug/deps/librand_chacha-93c229a7eeb7ab43.rlib" "/opt/rustwide/target/debug/deps/libppv_lite86-9f808eb911999ef2.rlib" "/opt/rustwide/target/debug/deps/librand_core-c8190ea9532a8248.rlib" "/opt/rustwide/target/debug/deps/libgetrandom-68b0603389864cc3.rlib" "/opt/rustwide/target/debug/deps/libcfg_if-61dc7a6799e72b18.rlib" "/opt/rustwide/target/debug/deps/libpercent_encoding-49b444c3b52ed2a4.rlib" "/opt/rustwide/target/debug/deps/libtwilight_validate-7dd59e107cea42e9.rlib" "/opt/rustwide/target/debug/deps/libtwilight_model-2679628415a23ba4.rlib" "/opt/rustwide/target/debug/deps/libtime-160de5996511f7b1.rlib" "/opt/rustwide/target/debug/deps/libtime_core-7af5d6eb87ec9652.rlib" "/opt/rustwide/target/debug/deps/libderanged-b91eb2e9a304f3c1.rlib" "/opt/rustwide/target/debug/deps/libpowerfmt-e8908707a005dea9.rlib" "/opt/rustwide/target/debug/deps/libbitflags-0d1a13f1df24a140.rlib" "/opt/rustwide/target/debug/deps/libserde_value-2d68c3b2251d8209.rlib" "/opt/rustwide/target/debug/deps/libordered_float-1f7ed88b288fd351.rlib" "/opt/rustwide/target/debug/deps/libnum_traits-021f0c8717b1cfd6.rlib" "/opt/rustwide/target/debug/deps/libtwilight_http_ratelimiting-3ee01207f2991e00.rlib" "/opt/rustwide/target/debug/deps/libhyper-e32dd06bd29535d4.rlib" "/opt/rustwide/target/debug/deps/libwant-0be28e71d2a5cee8.rlib" "/opt/rustwide/target/debug/deps/libtry_lock-ba0ec0947155aa20.rlib" "/opt/rustwide/target/debug/deps/libhttparse-64f1ffbeda450424.rlib" "/opt/rustwide/target/debug/deps/libh2-a0405022d265aa5a.rlib" "/opt/rustwide/target/debug/deps/libindexmap-8fc97cbaa956011a.rlib" "/opt/rustwide/target/debug/deps/libequivalent-daf5c71f5fc642dd.rlib" "/opt/rustwide/target/debug/deps/libhashbrown-3d9e58c92093ae49.rlib" "/opt/rustwide/target/debug/deps/libslab-6eb39baadbe9101c.rlib" "/opt/rustwide/target/debug/deps/libtokio_util-b5df2fda019a1bb2.rlib" "/opt/rustwide/target/debug/deps/libfutures_sink-8957e1e23a8e4733.rlib" "/opt/rustwide/target/debug/deps/libtower_service-104d6e83d5ce383d.rlib" "/opt/rustwide/target/debug/deps/libtracing-42ec4e43d2abc794.rlib" "/opt/rustwide/target/debug/deps/libtracing_core-de9779e9c86396c9.rlib" "/opt/rustwide/target/debug/deps/libonce_cell-63be820ac0ed0954.rlib" "/opt/rustwide/target/debug/deps/libfutures_channel-3151a32f36b687de.rlib" "/opt/rustwide/target/debug/deps/libhttp_body-3c42bd17f1cfc680.rlib" "/opt/rustwide/target/debug/deps/libfutures_util-1a7373afa847b361.rlib" "/opt/rustwide/target/debug/deps/libfutures_task-5fc1932153e73866.rlib" "/opt/rustwide/target/debug/deps/libpin_utils-741f7d9d160e4a16.rlib" "/opt/rustwide/target/debug/deps/libfutures_core-9cff0d103c3b3c9e.rlib" "/opt/rustwide/target/debug/deps/libtokio-9e829d61bae02a7c.rlib" "/opt/rustwide/target/debug/deps/libsocket2-2489340dad73c28d.rlib" "/opt/rustwide/target/debug/deps/libmio-1f577062c0615c74.rlib" "/opt/rustwide/target/debug/deps/liblibc-f01c1240f7c859d0.rlib" "/opt/rustwide/target/debug/deps/libpin_project_lite-e0757e0deaa2f8a0.rlib" "/opt/rustwide/target/debug/deps/libhttp-087a4805b82b800b.rlib" "/opt/rustwide/target/debug/deps/libitoa-5f181af53b99b92c.rlib" "/opt/rustwide/target/debug/deps/libbytes-0a052f49710012b1.rlib" "/opt/rustwide/target/debug/deps/libfnv-18bf5144d055e772.rlib" "/opt/rustwide/target/debug/deps/libserde-9afbaac62fb45c03.rlib" "/opt/rustwide/rustup-home/toolchains/1.75.0-x86_64-unknown-linux-gnu/lib/rustlib/x86_64-unknown-linux-gnu/lib/libstd-90f6ddbf82de36ec.rlib" "/opt/rustwide/rustup-home/toolchains/1.75.0-x86_64-unknown-linux-gnu/lib/rustlib/x86_64-unknown-linux-gnu/lib/libpanic_unwind-480c41e9d4e1f677.rlib" "/opt/rustwide/rustup-home/toolchains/1.75.0-x86_64-unknown-linux-gnu/lib/rustlib/x86_64-unknown-linux-gnu/lib/libobject-db744c0ca03eed1d.rlib" "/opt/rustwide/rustup-home/toolchains/1.75.0-x86_64-unknown-linux-gnu/lib/rustlib/x86_64-unknown-linux-gnu/lib/libmemchr-8ba652dc7d4b285a.rlib" "/opt/rustwide/rustup-home/toolchains/1.75.0-x86_64-unknown-linux-gnu/lib/rustlib/x86_64-unknown-linux-gnu/lib/libaddr2line-d5f4520a9ebc0d58.rlib" "/opt/rustwide/rustup-home/toolchains/1.75.0-x86_64-unknown-linux-gnu/lib/rustlib/x86_64-unknown-linux-gnu/lib/libgimli-4ad84de58f0cb463.rlib" "/opt/rustwide/rustup-home/toolchains/1.75.0-x86_64-unknown-linux-gnu/lib/rustlib/x86_64-unknown-linux-gnu/lib/librustc_demangle-0d10aae2e0f38735.rlib" "/opt/rustwide/rustup-home/toolchains/1.75.0-x86_64-unknown-linux-gnu/lib/rustlib/x86_64-unknown-linux-gnu/lib/libstd_detect-0c17cff739e6745b.rlib" "/opt/rustwide/rustup-home/toolchains/1.75.0-x86_64-unknown-linux-gnu/lib/rustlib/x86_64-unknown-linux-gnu/lib/libhashbrown-b29e17139dde1aa8.rlib" "/opt/rustwide/rustup-home/toolchains/1.75.0-x86_64-unknown-linux-gnu/lib/rustlib/x86_64-unknown-linux-gnu/lib/librustc_std_workspace_alloc-1f975299829cc7bd.rlib" "/opt/rustwide/rustup-home/toolchains/1.75.0-x86_64-unknown-linux-gnu/lib/rustlib/x86_64-unknown-linux-gnu/lib/libminiz_oxide-86bae3bc3079f89b.rlib" "/opt/rustwide/rustup-home/toolchains/1.75.0-x86_64-unknown-linux-gnu/lib/rustlib/x86_64-unknown-linux-gnu/lib/libadler-321b82c30dffdf5f.rlib" "/opt/rustwide/rustup-home/toolchains/1.75.0-x86_64-unknown-linux-gnu/lib/rustlib/x86_64-unknown-linux-gnu/lib/libunwind-3dd8a6810a0bdfef.rlib" "/opt/rustwide/rustup-home/toolchains/1.75.0-x86_64-unknown-linux-gnu/lib/rustlib/x86_64-unknown-linux-gnu/lib/libcfg_if-eb39a61c0c879984.rlib" "/opt/rustwide/rustup-home/toolchains/1.75.0-x86_64-unknown-linux-gnu/lib/rustlib/x86_64-unknown-linux-gnu/lib/liblibc-aa769569f91c3548.rlib" "/opt/rustwide/rustup-home/toolchains/1.75.0-x86_64-unknown-linux-gnu/lib/rustlib/x86_64-unknown-linux-gnu/lib/liballoc-510a192a50a983ed.rlib" "/opt/rustwide/rustup-home/toolchains/1.75.0-x86_64-unknown-linux-gnu/lib/rustlib/x86_64-unknown-linux-gnu/lib/librustc_std_workspace_core-0577018320f99037.rlib" "/opt/rustwide/rustup-home/toolchains/1.75.0-x86_64-unknown-linux-gnu/lib/rustlib/x86_64-unknown-linux-gnu/lib/libcore-193cf992125ccd4c.rlib" "/opt/rustwide/rustup-home/toolchains/1.75.0-x86_64-unknown-linux-gnu/lib/rustlib/x86_64-unknown-linux-gnu/lib/libcompiler_builtins-8e138eaf26ebb4a8.rlib" "-Wl,-Bdynamic" "-lgcc_s" "-lutil" "-lrt" "-lpthread" "-lm" "-ldl" "-lc" "-Wl,--eh-frame-hdr" "-Wl,-z,noexecstack" "-L" "/opt/rustwide/rustup-home/toolchains/1.75.0-x86_64-unknown-linux-gnu/lib/rustlib/x86_64-unknown-linux-gnu/lib" "-o" "/opt/rustwide/target/debug/deps/attachment_sticker-6ffb7a06c3d4dbaf" "-Wl,--gc-sections" "-pie" "-Wl,-z,relro,-z,now" "-nodefaultlibs"
[INFO] [stdout]   = note: collect2: fatal error: ld terminated with signal 9 [Killed]
[INFO] [stdout]           compilation terminated.
[INFO] [stdout]           
[INFO] [stdout] 
[INFO] [stdout] 
[INFO] [stdout] error: aborting due to previous error
[INFO] [stdout] 
[INFO] [stdout] 
[INFO] [stderr] error: could not compile `sparkle-impostor` (test "attachment_sticker") due to 2 previous errors
[INFO] [stdout] error: linking with `cc` failed: exit status: 1
[INFO] [stdout]   |
[INFO] [stdout]   = note: LC_ALL="C" PATH="/opt/rustwide/rustup-home/toolchains/1.75.0-x86_64-unknown-linux-gnu/lib/rustlib/x86_64-unknown-linux-gnu/bin:/opt/rustwide/cargo-home/bin:/usr/local/sbin:/usr/local/bin:/usr/sbin:/usr/bin:/sbin:/bin" VSLANG="1033" "cc" "-m64" "/tmp/rustcl6PUyC/symbols.o" "/opt/rustwide/target/debug/deps/username-d65d78dd325ff9ab.username.5109224f99ce9ad9-cgu.00.rcgu.o" "/opt/rustwide/target/debug/deps/username-d65d78dd325ff9ab.username.5109224f99ce9ad9-cgu.01.rcgu.o" "/opt/rustwide/target/debug/deps/username-d65d78dd325ff9ab.username.5109224f99ce9ad9-cgu.02.rcgu.o" "/opt/rustwide/target/debug/deps/username-d65d78dd325ff9ab.username.5109224f99ce9ad9-cgu.03.rcgu.o" "/opt/rustwide/target/debug/deps/username-d65d78dd325ff9ab.username.5109224f99ce9ad9-cgu.04.rcgu.o" "/opt/rustwide/target/debug/deps/username-d65d78dd325ff9ab.username.5109224f99ce9ad9-cgu.05.rcgu.o" "/opt/rustwide/target/debug/deps/username-d65d78dd325ff9ab.username.5109224f99ce9ad9-cgu.06.rcgu.o" "/opt/rustwide/target/debug/deps/username-d65d78dd325ff9ab.username.5109224f99ce9ad9-cgu.07.rcgu.o" "/opt/rustwide/target/debug/deps/username-d65d78dd325ff9ab.username.5109224f99ce9ad9-cgu.08.rcgu.o" "/opt/rustwide/target/debug/deps/username-d65d78dd325ff9ab.username.5109224f99ce9ad9-cgu.09.rcgu.o" "/opt/rustwide/target/debug/deps/username-d65d78dd325ff9ab.username.5109224f99ce9ad9-cgu.10.rcgu.o" "/opt/rustwide/target/debug/deps/username-d65d78dd325ff9ab.username.5109224f99ce9ad9-cgu.11.rcgu.o" "/opt/rustwide/target/debug/deps/username-d65d78dd325ff9ab.username.5109224f99ce9ad9-cgu.12.rcgu.o" "/opt/rustwide/target/debug/deps/username-d65d78dd325ff9ab.username.5109224f99ce9ad9-cgu.13.rcgu.o" "/opt/rustwide/target/debug/deps/username-d65d78dd325ff9ab.username.5109224f99ce9ad9-cgu.14.rcgu.o" "/opt/rustwide/target/debug/deps/username-d65d78dd325ff9ab.username.5109224f99ce9ad9-cgu.15.rcgu.o" "/opt/rustwide/target/debug/deps/username-d65d78dd325ff9ab.4mic0dqm07lk437x.rcgu.o" "-Wl,--as-needed" "-L" "/opt/rustwide/target/debug/deps" "-L" "/opt/rustwide/target/debug/build/ring-5cf128a7b2bc9ab1/out" "-L" "/opt/rustwide/target/debug/build/ring-ae1094daeb7701d6/out" "-L" "/opt/rustwide/rustup-home/toolchains/1.75.0-x86_64-unknown-linux-gnu/lib/rustlib/x86_64-unknown-linux-gnu/lib" "-Wl,-Bstatic" "/opt/rustwide/target/debug/deps/libanyhow-e9a5ecf78886fda3.rlib" "/opt/rustwide/rustup-home/toolchains/1.75.0-x86_64-unknown-linux-gnu/lib/rustlib/x86_64-unknown-linux-gnu/lib/libtest-3df1bed8075ce1de.rlib" "/opt/rustwide/rustup-home/toolchains/1.75.0-x86_64-unknown-linux-gnu/lib/rustlib/x86_64-unknown-linux-gnu/lib/libgetopts-2076fd86b325cb5d.rlib" "/opt/rustwide/rustup-home/toolchains/1.75.0-x86_64-unknown-linux-gnu/lib/rustlib/x86_64-unknown-linux-gnu/lib/libunicode_width-caa7152ee70c190f.rlib" "/opt/rustwide/rustup-home/toolchains/1.75.0-x86_64-unknown-linux-gnu/lib/rustlib/x86_64-unknown-linux-gnu/lib/librustc_std_workspace_std-04e6425e07f02a3c.rlib" "/opt/rustwide/target/debug/deps/libsparkle_impostor-98f5612f2b38f815.rlib" "/opt/rustwide/target/debug/deps/libthiserror-d1996b3b5c5b4ac9.rlib" "/opt/rustwide/target/debug/deps/libtwilight_util-35f30693c1297fa4.rlib" "/opt/rustwide/target/debug/deps/libtwilight_http-7338a6c6d0566308.rlib" "/opt/rustwide/target/debug/deps/libhyper_rustls-bf0dbf016980a28f.rlib" "/opt/rustwide/target/debug/deps/librustls_native_certs-5360b5a42937407c.rlib" "/opt/rustwide/target/debug/deps/librustls_pemfile-ffdc2f3224e5aa74.rlib" "/opt/rustwide/target/debug/deps/libbase64-c757f6e1d18850a5.rlib" "/opt/rustwide/target/debug/deps/libopenssl_probe-d850575132083d7c.rlib" "/opt/rustwide/target/debug/deps/libtokio_rustls-1b73da6474b1bfa1.rlib" "/opt/rustwide/target/debug/deps/librustls-4f1b53341aa8644a.rlib" "/opt/rustwide/target/debug/deps/libsct-0fec37b1da7d6100.rlib" "/opt/rustwide/target/debug/deps/libwebpki-d0c2d084ba060bea.rlib" "/opt/rustwide/target/debug/deps/libring-9190f87eb7d956a1.rlib" "/opt/rustwide/target/debug/deps/libspin-1881e9d9c2fdf875.rlib" "/opt/rustwide/target/debug/deps/libuntrusted-66bbe55c9f09dd46.rlib" "/opt/rustwide/target/debug/deps/libring-e82822a696c0904a.rlib" "/opt/rustwide/target/debug/deps/libspin-c4098cd951aef6c9.rlib" "/opt/rustwide/target/debug/deps/libuntrusted-5ec0aa78ed8cda5c.rlib" "/opt/rustwide/target/debug/deps/libserde_json-777efad8a2b3bd28.rlib" "/opt/rustwide/target/debug/deps/libryu-5f304b1b6393964f.rlib" "/opt/rustwide/target/debug/deps/libbrotli-7330c5557c3f0c80.rlib" "/opt/rustwide/target/debug/deps/libbrotli_decompressor-3890bcd9fb862d86.rlib" "/opt/rustwide/target/debug/deps/liballoc_stdlib-42567218896c8315.rlib" "/opt/rustwide/target/debug/deps/liballoc_no_stdlib-bb643994833d65b7.rlib" "/opt/rustwide/target/debug/deps/librand-a26225ab170c83b9.rlib" "/opt/rustwide/target/debug/deps/librand_chacha-93c229a7eeb7ab43.rlib" "/opt/rustwide/target/debug/deps/libppv_lite86-9f808eb911999ef2.rlib" "/opt/rustwide/target/debug/deps/librand_core-c8190ea9532a8248.rlib" "/opt/rustwide/target/debug/deps/libgetrandom-68b0603389864cc3.rlib" "/opt/rustwide/target/debug/deps/libcfg_if-61dc7a6799e72b18.rlib" "/opt/rustwide/target/debug/deps/libpercent_encoding-49b444c3b52ed2a4.rlib" "/opt/rustwide/target/debug/deps/libtwilight_http_ratelimiting-3ee01207f2991e00.rlib" "/opt/rustwide/target/debug/deps/libhyper-e32dd06bd29535d4.rlib" "/opt/rustwide/target/debug/deps/libwant-0be28e71d2a5cee8.rlib" "/opt/rustwide/target/debug/deps/libtry_lock-ba0ec0947155aa20.rlib" "/opt/rustwide/target/debug/deps/libhttparse-64f1ffbeda450424.rlib" "/opt/rustwide/target/debug/deps/libh2-a0405022d265aa5a.rlib" "/opt/rustwide/target/debug/deps/libindexmap-8fc97cbaa956011a.rlib" "/opt/rustwide/target/debug/deps/libequivalent-daf5c71f5fc642dd.rlib" "/opt/rustwide/target/debug/deps/libhashbrown-3d9e58c92093ae49.rlib" "/opt/rustwide/target/debug/deps/libslab-6eb39baadbe9101c.rlib" "/opt/rustwide/target/debug/deps/libtokio_util-b5df2fda019a1bb2.rlib" "/opt/rustwide/target/debug/deps/libfutures_sink-8957e1e23a8e4733.rlib" "/opt/rustwide/target/debug/deps/libtower_service-104d6e83d5ce383d.rlib" "/opt/rustwide/target/debug/deps/libtracing-42ec4e43d2abc794.rlib" "/opt/rustwide/target/debug/deps/libtracing_core-de9779e9c86396c9.rlib" "/opt/rustwide/target/debug/deps/libonce_cell-63be820ac0ed0954.rlib" "/opt/rustwide/target/debug/deps/libfutures_channel-3151a32f36b687de.rlib" "/opt/rustwide/target/debug/deps/libhttp_body-3c42bd17f1cfc680.rlib" "/opt/rustwide/target/debug/deps/libfutures_util-1a7373afa847b361.rlib" "/opt/rustwide/target/debug/deps/libfutures_task-5fc1932153e73866.rlib" "/opt/rustwide/target/debug/deps/libpin_utils-741f7d9d160e4a16.rlib" "/opt/rustwide/target/debug/deps/libfutures_core-9cff0d103c3b3c9e.rlib" "/opt/rustwide/target/debug/deps/libtokio-9e829d61bae02a7c.rlib" "/opt/rustwide/target/debug/deps/libsocket2-2489340dad73c28d.rlib" "/opt/rustwide/target/debug/deps/libmio-1f577062c0615c74.rlib" "/opt/rustwide/target/debug/deps/liblibc-f01c1240f7c859d0.rlib" "/opt/rustwide/target/debug/deps/libpin_project_lite-e0757e0deaa2f8a0.rlib" "/opt/rustwide/target/debug/deps/libhttp-087a4805b82b800b.rlib" "/opt/rustwide/target/debug/deps/libitoa-5f181af53b99b92c.rlib" "/opt/rustwide/target/debug/deps/libbytes-0a052f49710012b1.rlib" "/opt/rustwide/target/debug/deps/libfnv-18bf5144d055e772.rlib" "/opt/rustwide/target/debug/deps/libdotenvy-43f7f200f84b2c16.rlib" "/opt/rustwide/target/debug/deps/libtwilight_validate-7dd59e107cea42e9.rlib" "/opt/rustwide/target/debug/deps/libtwilight_model-2679628415a23ba4.rlib" "/opt/rustwide/target/debug/deps/libtime-160de5996511f7b1.rlib" "/opt/rustwide/target/debug/deps/libtime_core-7af5d6eb87ec9652.rlib" "/opt/rustwide/target/debug/deps/libderanged-b91eb2e9a304f3c1.rlib" "/opt/rustwide/target/debug/deps/libpowerfmt-e8908707a005dea9.rlib" "/opt/rustwide/target/debug/deps/libbitflags-0d1a13f1df24a140.rlib" "/opt/rustwide/target/debug/deps/libserde_value-2d68c3b2251d8209.rlib" "/opt/rustwide/target/debug/deps/libordered_float-1f7ed88b288fd351.rlib" "/opt/rustwide/target/debug/deps/libnum_traits-021f0c8717b1cfd6.rlib" "/opt/rustwide/target/debug/deps/libserde-9afbaac62fb45c03.rlib" "/opt/rustwide/rustup-home/toolchains/1.75.0-x86_64-unknown-linux-gnu/lib/rustlib/x86_64-unknown-linux-gnu/lib/libstd-90f6ddbf82de36ec.rlib" "/opt/rustwide/rustup-home/toolchains/1.75.0-x86_64-unknown-linux-gnu/lib/rustlib/x86_64-unknown-linux-gnu/lib/libpanic_unwind-480c41e9d4e1f677.rlib" "/opt/rustwide/rustup-home/toolchains/1.75.0-x86_64-unknown-linux-gnu/lib/rustlib/x86_64-unknown-linux-gnu/lib/libobject-db744c0ca03eed1d.rlib" "/opt/rustwide/rustup-home/toolchains/1.75.0-x86_64-unknown-linux-gnu/lib/rustlib/x86_64-unknown-linux-gnu/lib/libmemchr-8ba652dc7d4b285a.rlib" "/opt/rustwide/rustup-home/toolchains/1.75.0-x86_64-unknown-linux-gnu/lib/rustlib/x86_64-unknown-linux-gnu/lib/libaddr2line-d5f4520a9ebc0d58.rlib" "/opt/rustwide/rustup-home/toolchains/1.75.0-x86_64-unknown-linux-gnu/lib/rustlib/x86_64-unknown-linux-gnu/lib/libgimli-4ad84de58f0cb463.rlib" "/opt/rustwide/rustup-home/toolchains/1.75.0-x86_64-unknown-linux-gnu/lib/rustlib/x86_64-unknown-linux-gnu/lib/librustc_demangle-0d10aae2e0f38735.rlib" "/opt/rustwide/rustup-home/toolchains/1.75.0-x86_64-unknown-linux-gnu/lib/rustlib/x86_64-unknown-linux-gnu/lib/libstd_detect-0c17cff739e6745b.rlib" "/opt/rustwide/rustup-home/toolchains/1.75.0-x86_64-unknown-linux-gnu/lib/rustlib/x86_64-unknown-linux-gnu/lib/libhashbrown-b29e17139dde1aa8.rlib" "/opt/rustwide/rustup-home/toolchains/1.75.0-x86_64-unknown-linux-gnu/lib/rustlib/x86_64-unknown-linux-gnu/lib/librustc_std_workspace_alloc-1f975299829cc7bd.rlib" "/opt/rustwide/rustup-home/toolchains/1.75.0-x86_64-unknown-linux-gnu/lib/rustlib/x86_64-unknown-linux-gnu/lib/libminiz_oxide-86bae3bc3079f89b.rlib" "/opt/rustwide/rustup-home/toolchains/1.75.0-x86_64-unknown-linux-gnu/lib/rustlib/x86_64-unknown-linux-gnu/lib/libadler-321b82c30dffdf5f.rlib" "/opt/rustwide/rustup-home/toolchains/1.75.0-x86_64-unknown-linux-gnu/lib/rustlib/x86_64-unknown-linux-gnu/lib/libunwind-3dd8a6810a0bdfef.rlib" "/opt/rustwide/rustup-home/toolchains/1.75.0-x86_64-unknown-linux-gnu/lib/rustlib/x86_64-unknown-linux-gnu/lib/libcfg_if-eb39a61c0c879984.rlib" "/opt/rustwide/rustup-home/toolchains/1.75.0-x86_64-unknown-linux-gnu/lib/rustlib/x86_64-unknown-linux-gnu/lib/liblibc-aa769569f91c3548.rlib" "/opt/rustwide/rustup-home/toolchains/1.75.0-x86_64-unknown-linux-gnu/lib/rustlib/x86_64-unknown-linux-gnu/lib/liballoc-510a192a50a983ed.rlib" "/opt/rustwide/rustup-home/toolchains/1.75.0-x86_64-unknown-linux-gnu/lib/rustlib/x86_64-unknown-linux-gnu/lib/librustc_std_workspace_core-0577018320f99037.rlib" "/opt/rustwide/rustup-home/toolchains/1.75.0-x86_64-unknown-linux-gnu/lib/rustlib/x86_64-unknown-linux-gnu/lib/libcore-193cf992125ccd4c.rlib" "/opt/rustwide/rustup-home/toolchains/1.75.0-x86_64-unknown-linux-gnu/lib/rustlib/x86_64-unknown-linux-gnu/lib/libcompiler_builtins-8e138eaf26ebb4a8.rlib" "-Wl,-Bdynamic" "-lgcc_s" "-lutil" "-lrt" "-lpthread" "-lm" "-ldl" "-lc" "-Wl,--eh-frame-hdr" "-Wl,-z,noexecstack" "-L" "/opt/rustwide/rustup-home/toolchains/1.75.0-x86_64-unknown-linux-gnu/lib/rustlib/x86_64-unknown-linux-gnu/lib" "-o" "/opt/rustwide/target/debug/deps/username-d65d78dd325ff9ab" "-Wl,--gc-sections" "-pie" "-Wl,-z,relro,-z,now" "-nodefaultlibs"
[INFO] [stdout]   = note: collect2: fatal error: ld terminated with signal 9 [Killed]
[INFO] [stdout]           compilation terminated.
[INFO] [stdout]           
[INFO] [stdout] 
[INFO] [stdout] 
[INFO] [stdout] error: aborting due to previous error
[INFO] [stdout] 
[INFO] [stdout] 
[INFO] [stderr] error: could not compile `sparkle-impostor` (test "username") due to 2 previous errors
[INFO] running `Command { std: "docker" "inspect" "bf206297bb6edd826008b85663d3f09eff4c4a9316cb3404a1532e6bf42b9c55", kill_on_drop: false }`
[INFO] running `Command { std: "docker" "rm" "-f" "bf206297bb6edd826008b85663d3f09eff4c4a9316cb3404a1532e6bf42b9c55", kill_on_drop: false }`
[INFO] [stdout] bf206297bb6edd826008b85663d3f09eff4c4a9316cb3404a1532e6bf42b9c55
