[INFO] fetching crate space-filling 0.4.0...
[INFO] testing space-filling-0.4.0 against 1.75.0 for beta-1.76-1
[INFO] extracting crate space-filling 0.4.0 into /workspace/builds/worker-2-tc1/source
[INFO] validating manifest of crates.io crate space-filling 0.4.0 on toolchain 1.75.0
[INFO] running `Command { std: CARGO_HOME="/workspace/cargo-home" RUSTUP_HOME="/workspace/rustup-home" "/workspace/cargo-home/bin/cargo" "+1.75.0" "metadata" "--manifest-path" "Cargo.toml" "--no-deps", kill_on_drop: false }`
[INFO] started tweaking crates.io crate space-filling 0.4.0
[INFO] removed 0 missing examples
[INFO] finished tweaking crates.io crate space-filling 0.4.0
[INFO] tweaked toml for crates.io crate space-filling 0.4.0 written to /workspace/builds/worker-2-tc1/source/Cargo.toml
[INFO] crate crates.io crate space-filling 0.4.0 already has a lockfile, it will not be regenerated
[INFO] running `Command { std: CARGO_HOME="/workspace/cargo-home" RUSTUP_HOME="/workspace/rustup-home" "/workspace/cargo-home/bin/cargo" "+1.75.0" "fetch" "--manifest-path" "Cargo.toml", kill_on_drop: false }`
[INFO] [stderr]  Downloading crates ...
[INFO] [stderr]   Downloaded open v1.7.1
[INFO] running `Command { std: "docker" "create" "-v" "/var/lib/crater-agent-workspace/builds/worker-2-tc1/target:/opt/rustwide/target:rw,Z" "-v" "/var/lib/crater-agent-workspace/builds/worker-2-tc1/source:/opt/rustwide/workdir:ro,Z" "-v" "/var/lib/crater-agent-workspace/cargo-home:/opt/rustwide/cargo-home:ro,Z" "-v" "/var/lib/crater-agent-workspace/rustup-home:/opt/rustwide/rustup-home:ro,Z" "-e" "SOURCE_DIR=/opt/rustwide/workdir" "-e" "CARGO_TARGET_DIR=/opt/rustwide/target" "-e" "CARGO_HOME=/opt/rustwide/cargo-home" "-e" "RUSTUP_HOME=/opt/rustwide/rustup-home" "-w" "/opt/rustwide/workdir" "-m" "1610612736" "--user" "0:0" "--network" "none" "ghcr.io/rust-lang/crates-build-env/linux@sha256:2788e3201cd34a07e3172128adcd8b3090168a8e3bcc40d7c032b9dda1df7d1c" "/opt/rustwide/cargo-home/bin/cargo" "+1.75.0" "metadata" "--no-deps" "--format-version=1", kill_on_drop: false }`
[INFO] [stdout] fb305bf54bc9aa39336b7574ed1d99fbe7f7e297ae0b4bc03c9c6db9b34cdbe9
[INFO] running `Command { std: "docker" "start" "-a" "fb305bf54bc9aa39336b7574ed1d99fbe7f7e297ae0b4bc03c9c6db9b34cdbe9", kill_on_drop: false }`
[INFO] running `Command { std: "docker" "inspect" "fb305bf54bc9aa39336b7574ed1d99fbe7f7e297ae0b4bc03c9c6db9b34cdbe9", kill_on_drop: false }`
[INFO] running `Command { std: "docker" "rm" "-f" "fb305bf54bc9aa39336b7574ed1d99fbe7f7e297ae0b4bc03c9c6db9b34cdbe9", kill_on_drop: false }`
[INFO] [stdout] fb305bf54bc9aa39336b7574ed1d99fbe7f7e297ae0b4bc03c9c6db9b34cdbe9
[INFO] running `Command { std: "docker" "create" "-v" "/var/lib/crater-agent-workspace/builds/worker-2-tc1/target:/opt/rustwide/target:rw,Z" "-v" "/var/lib/crater-agent-workspace/builds/worker-2-tc1/source:/opt/rustwide/workdir:ro,Z" "-v" "/var/lib/crater-agent-workspace/cargo-home:/opt/rustwide/cargo-home:ro,Z" "-v" "/var/lib/crater-agent-workspace/rustup-home:/opt/rustwide/rustup-home:ro,Z" "-e" "SOURCE_DIR=/opt/rustwide/workdir" "-e" "CARGO_TARGET_DIR=/opt/rustwide/target" "-e" "CARGO_INCREMENTAL=0" "-e" "RUST_BACKTRACE=full" "-e" "RUSTFLAGS=--cap-lints=warn" "-e" "RUSTDOCFLAGS=--cap-lints=warn" "-e" "CARGO_HOME=/opt/rustwide/cargo-home" "-e" "RUSTUP_HOME=/opt/rustwide/rustup-home" "-w" "/opt/rustwide/workdir" "-m" "1610612736" "--user" "0:0" "--network" "none" "ghcr.io/rust-lang/crates-build-env/linux@sha256:2788e3201cd34a07e3172128adcd8b3090168a8e3bcc40d7c032b9dda1df7d1c" "/opt/rustwide/cargo-home/bin/cargo" "+1.75.0" "build" "--frozen" "--message-format=json", kill_on_drop: false }`
[INFO] [stdout] 4e26b656896bfb01c78c31799ca22b460b75a246e09fe5afd4d306b0f2b92648
[INFO] running `Command { std: "docker" "start" "-a" "4e26b656896bfb01c78c31799ca22b460b75a246e09fe5afd4d306b0f2b92648", kill_on_drop: false }`
[INFO] [stderr]    Compiling libc v0.2.146
[INFO] [stderr]    Compiling num-traits v0.2.15
[INFO] [stderr]    Compiling rayon-core v1.11.0
[INFO] [stderr]    Compiling anyhow v1.0.71
[INFO] [stderr]    Compiling rand_core v0.6.4
[INFO] [stderr]    Compiling humansize v1.1.1
[INFO] [stderr]    Compiling crossbeam-channel v0.5.8
[INFO] [stderr]    Compiling crossbeam-epoch v0.9.15
[INFO] [stderr]    Compiling rand_pcg v0.3.1
[INFO] [stderr]    Compiling rand v0.8.5
[INFO] [stderr]    Compiling crossbeam-deque v0.8.3
[INFO] [stderr]    Compiling num_cpus v1.15.0
[INFO] [stderr]    Compiling euclid v0.22.9
[INFO] [stderr]    Compiling rayon v1.7.0
[INFO] [stderr]    Compiling space-filling v0.4.0 (/opt/rustwide/workdir)
[INFO] [stderr]     Finished dev [unoptimized + debuginfo] target(s) in 3.33s
[INFO] running `Command { std: "docker" "inspect" "4e26b656896bfb01c78c31799ca22b460b75a246e09fe5afd4d306b0f2b92648", kill_on_drop: false }`
[INFO] running `Command { std: "docker" "rm" "-f" "4e26b656896bfb01c78c31799ca22b460b75a246e09fe5afd4d306b0f2b92648", kill_on_drop: false }`
[INFO] [stdout] 4e26b656896bfb01c78c31799ca22b460b75a246e09fe5afd4d306b0f2b92648
[INFO] running `Command { std: "docker" "create" "-v" "/var/lib/crater-agent-workspace/builds/worker-2-tc1/target:/opt/rustwide/target:rw,Z" "-v" "/var/lib/crater-agent-workspace/builds/worker-2-tc1/source:/opt/rustwide/workdir:ro,Z" "-v" "/var/lib/crater-agent-workspace/cargo-home:/opt/rustwide/cargo-home:ro,Z" "-v" "/var/lib/crater-agent-workspace/rustup-home:/opt/rustwide/rustup-home:ro,Z" "-e" "SOURCE_DIR=/opt/rustwide/workdir" "-e" "CARGO_TARGET_DIR=/opt/rustwide/target" "-e" "CARGO_INCREMENTAL=0" "-e" "RUST_BACKTRACE=full" "-e" "RUSTFLAGS=--cap-lints=warn" "-e" "RUSTDOCFLAGS=--cap-lints=warn" "-e" "CARGO_HOME=/opt/rustwide/cargo-home" "-e" "RUSTUP_HOME=/opt/rustwide/rustup-home" "-w" "/opt/rustwide/workdir" "-m" "1610612736" "--user" "0:0" "--network" "none" "ghcr.io/rust-lang/crates-build-env/linux@sha256:2788e3201cd34a07e3172128adcd8b3090168a8e3bcc40d7c032b9dda1df7d1c" "/opt/rustwide/cargo-home/bin/cargo" "+1.75.0" "test" "--frozen" "--no-run" "--message-format=json", kill_on_drop: false }`
[INFO] [stdout] 7f7a90842ce5e789c715efe22ec00a2ebca46f40361d27daf891fe541e7a66ac
[INFO] running `Command { std: "docker" "start" "-a" "7f7a90842ce5e789c715efe22ec00a2ebca46f40361d27daf891fe541e7a66ac", kill_on_drop: false }`
[INFO] [stderr]    Compiling num-traits v0.2.15
[INFO] [stderr]    Compiling memchr v2.5.0
[INFO] [stderr]    Compiling pathdiff v0.2.1
[INFO] [stderr]    Compiling regex-syntax v0.7.2
[INFO] [stderr]    Compiling any_ascii v0.1.7
[INFO] [stderr]    Compiling walkdir v2.3.3
[INFO] [stderr]    Compiling open v1.7.1
[INFO] [stderr]    Compiling lexical-sort v0.3.1
[INFO] [stderr]    Compiling aho-corasick v1.0.2
[INFO] [stderr]    Compiling euclid v0.22.9
[INFO] [stderr]    Compiling num-complex v0.4.3
[INFO] [stderr]    Compiling regex v1.8.4
[INFO] [stderr]    Compiling space-filling v0.4.0 (/opt/rustwide/workdir)
[INFO] [stdout] error[E0432]: unresolved imports `crate::drawing`, `image`
[INFO] [stdout]    --> src/solver/adf/tests.rs:5:5
[INFO] [stdout]     |
[INFO] [stdout] 5   |     drawing,
[INFO] [stdout]     |     ^^^^^^^ no `drawing` in the root
[INFO] [stdout] ...
[INFO] [stdout] 11  |   image::{Rgba, RgbaImage},
[INFO] [stdout]     |   ^^^^^ use of undeclared crate or module `image`
[INFO] [stdout]     |
[INFO] [stdout] note: found an item that was configured out
[INFO] [stdout]    --> src/lib.rs:174:9
[INFO] [stdout]     |
[INFO] [stdout] 174 | pub mod drawing;
[INFO] [stdout]     |         ^^^^^^^
[INFO] [stdout]     = note: the item is gated behind the `drawing` feature
[INFO] [stdout] 
[INFO] [stdout] 
[INFO] [stdout] error[E0432]: unresolved import `image`
[INFO] [stdout]   --> src/solver/adf/tests.rs:93:8
[INFO] [stdout]    |
[INFO] [stdout] 93 |   use {image::Pixel, drawing::Draw};
[INFO] [stdout]    |        ^^^^^ use of undeclared crate or module `image`
[INFO] [stdout] 
[INFO] [stdout] 
[INFO] [stdout] error[E0599]: no method named `draw_layout` found for struct `quadtree::Quadtree` in the current scope
[INFO] [stdout]   --> src/solver/adf/tests.rs:36:12
[INFO] [stdout]    |
[INFO] [stdout] 36 |   adf.tree.draw_layout(&mut image);
[INFO] [stdout]    |            ^^^^^^^^^^^ method not found in `Quadtree<Vec<Arc<dyn Fn(Point2D<f64, WorldSpace>) -> f64>>, f64>`
[INFO] [stdout]    |
[INFO] [stdout]   ::: src/solver/adf/quadtree.rs:15:1
[INFO] [stdout]    |
[INFO] [stdout] 15 | pub struct Quadtree<Data, Float> {
[INFO] [stdout]    | -------------------------------- method `draw_layout` not found for this struct
[INFO] [stdout] 
[INFO] [stdout] 
[INFO] [stdout] error[E0599]: no method named `texture` found for struct `ADF` in the current scope
[INFO] [stdout]   --> src/solver/adf/tests.rs:98:6
[INFO] [stdout]    |
[INFO] [stdout] 97 | /   representation
[INFO] [stdout] 98 | |     .texture(image::Luma([255]).to_rgba())
[INFO] [stdout]    | |     -^^^^^^^ method not found in `ADF<f64>`
[INFO] [stdout]    | |_____|
[INFO] [stdout]    | 
[INFO] [stdout]    |
[INFO] [stdout]   ::: src/solver/adf/mod.rs:28:1
[INFO] [stdout]    |
[INFO] [stdout] 28 |   pub struct ADF<Float> {
[INFO] [stdout]    |   --------------------- method `texture` not found for this struct
[INFO] [stdout] 
[INFO] [stdout] 
[INFO] [stdout] error[E0433]: failed to resolve: use of undeclared crate or module `image`
[INFO] [stdout]   --> src/solver/adf/tests.rs:98:14
[INFO] [stdout]    |
[INFO] [stdout] 98 |     .texture(image::Luma([255]).to_rgba())
[INFO] [stdout]    |              ^^^^^ use of undeclared crate or module `image`
[INFO] [stdout] 
[INFO] [stdout] 
[INFO] [stdout] error[E0599]: no method named `display_sdf` found for struct `ADF` in the current scope
[INFO] [stdout]    --> src/solver/adf/tests.rs:137:8
[INFO] [stdout]     |
[INFO] [stdout] 136 | /     representation
[INFO] [stdout] 137 | |       .display_sdf(&mut image, 3.5)
[INFO] [stdout]     | |       -^^^^^^^^^^^ method not found in `ADF<{float}>`
[INFO] [stdout]     | |_______|
[INFO] [stdout]     | 
[INFO] [stdout]     |
[INFO] [stdout]    ::: src/solver/adf/mod.rs:28:1
[INFO] [stdout]     |
[INFO] [stdout] 28  |   pub struct ADF<Float> {
[INFO] [stdout]     |   --------------------- method `display_sdf` not found for this struct
[INFO] [stdout] 
[INFO] [stdout] 
[INFO] [stdout] error[E0599]: no method named `texture` found for struct `geometry::Scale` in the current scope
[INFO] [stdout]    --> src/solver/adf/tests.rs:149:10
[INFO] [stdout]     |
[INFO] [stdout] 146 | /       Circle
[INFO] [stdout] 147 | |         .translate(local_max.point.to_vector())
[INFO] [stdout] 148 | |         .scale(local_max.distance)
[INFO] [stdout] 149 | |         .texture(Rgba([0x45, 0x8F, 0xF5, 0x7F]))
[INFO] [stdout]     | |         -^^^^^^^ method not found in `Scale<Translation<Circle, {float}>, {float}>`
[INFO] [stdout]     | |_________|
[INFO] [stdout]     | 
[INFO] [stdout]     |
[INFO] [stdout]    ::: src/geometry/mod.rs:104:1
[INFO] [stdout]     |
[INFO] [stdout] 104 |   pub struct Scale<S, T> {
[INFO] [stdout]     |   ---------------------- method `texture` not found for this struct
[INFO] [stdout] 
[INFO] [stdout] 
[INFO] [stdout] error[E0599]: no method named `texture` found for struct `geometry::Scale` in the current scope
[INFO] [stdout]    --> src/solver/adf/tests.rs:168:12
[INFO] [stdout]     |
[INFO] [stdout] 168 |     circle.texture(Rgba([0x45, 0x8F, 0xF5, 0xFF]))
[INFO] [stdout]     |            ^^^^^^^ method not found in `Scale<Translation<Circle, f64>, f64>`
[INFO] [stdout]     |
[INFO] [stdout]    ::: src/geometry/mod.rs:104:1
[INFO] [stdout]     |
[INFO] [stdout] 104 | pub struct Scale<S, T> {
[INFO] [stdout]     | ---------------------- method `texture` not found for this struct
[INFO] [stdout] 
[INFO] [stdout] 
[INFO] [stdout] error[E0599]: no method named `texture` found for struct `geometry::Scale` in the current scope
[INFO] [stdout]    --> src/solver/adf/tests.rs:177:10
[INFO] [stdout]     |
[INFO] [stdout] 174 | /       Circle
[INFO] [stdout] 175 | |         .translate(local_max.point.to_vector())
[INFO] [stdout] 176 | |         .scale(local_max.distance * 4.0)
[INFO] [stdout] 177 | |         .texture(Rgba([0xFF, 0, 0, 0x7F]))
[INFO] [stdout]     | |         -^^^^^^^ method not found in `Scale<Translation<Circle, f64>, f64>`
[INFO] [stdout]     | |_________|
[INFO] [stdout]     | 
[INFO] [stdout]     |
[INFO] [stdout]    ::: src/geometry/mod.rs:104:1
[INFO] [stdout]     |
[INFO] [stdout] 104 |   pub struct Scale<S, T> {
[INFO] [stdout]     |   ---------------------- method `texture` not found for this struct
[INFO] [stdout] 
[INFO] [stdout] 
[INFO] [stdout] error[E0599]: no method named `draw_bounding` found for struct `quadtree::Quadtree` in the current scope
[INFO] [stdout]    --> src/solver/adf/tests.rs:181:25
[INFO] [stdout]     |
[INFO] [stdout] 181 |     representation.tree.draw_bounding(domain, &mut image);
[INFO] [stdout]     |                         ^^^^^^^^^^^^^ method not found in `Quadtree<Vec<Arc<dyn Fn(Point2D<f64, WorldSpace>) -> f64>>, f64>`
[INFO] [stdout]     |
[INFO] [stdout]    ::: src/solver/adf/quadtree.rs:15:1
[INFO] [stdout]     |
[INFO] [stdout] 15  | pub struct Quadtree<Data, Float> {
[INFO] [stdout]     | -------------------------------- method `draw_bounding` not found for this struct
[INFO] [stdout] 
[INFO] [stdout] 
[INFO] [stdout] error: aborting due to 10 previous errors
[INFO] [stdout] 
[INFO] [stdout] 
[INFO] [stdout] Some errors have detailed explanations: E0432, E0433, E0599.
[INFO] [stdout] 
[INFO] [stdout] For more information about an error, try `rustc --explain E0432`.
[INFO] [stdout] 
[INFO] [stderr] error: could not compile `space-filling` (lib test) due to 11 previous errors
[INFO] running `Command { std: "docker" "inspect" "7f7a90842ce5e789c715efe22ec00a2ebca46f40361d27daf891fe541e7a66ac", kill_on_drop: false }`
[INFO] running `Command { std: "docker" "rm" "-f" "7f7a90842ce5e789c715efe22ec00a2ebca46f40361d27daf891fe541e7a66ac", kill_on_drop: false }`
[INFO] [stdout] 7f7a90842ce5e789c715efe22ec00a2ebca46f40361d27daf891fe541e7a66ac
[INFO] testing space-filling-0.4.0 against beta-2023-12-22 for beta-1.76-1
[INFO] extracting crate space-filling 0.4.0 into /workspace/builds/worker-2-tc2/source
[INFO] validating manifest of crates.io crate space-filling 0.4.0 on toolchain beta-2023-12-22
[INFO] running `Command { std: CARGO_HOME="/workspace/cargo-home" RUSTUP_HOME="/workspace/rustup-home" "/workspace/cargo-home/bin/cargo" "+beta-2023-12-22" "metadata" "--manifest-path" "Cargo.toml" "--no-deps", kill_on_drop: false }`
[INFO] started tweaking crates.io crate space-filling 0.4.0
[INFO] removed 0 missing examples
[INFO] finished tweaking crates.io crate space-filling 0.4.0
[INFO] tweaked toml for crates.io crate space-filling 0.4.0 written to /workspace/builds/worker-2-tc2/source/Cargo.toml
[INFO] crate crates.io crate space-filling 0.4.0 already has a lockfile, it will not be regenerated
[INFO] running `Command { std: CARGO_HOME="/workspace/cargo-home" RUSTUP_HOME="/workspace/rustup-home" "/workspace/cargo-home/bin/cargo" "+beta-2023-12-22" "fetch" "--manifest-path" "Cargo.toml", kill_on_drop: false }`
[INFO] running `Command { std: "docker" "create" "-v" "/var/lib/crater-agent-workspace/builds/worker-2-tc2/target:/opt/rustwide/target:rw,Z" "-v" "/var/lib/crater-agent-workspace/builds/worker-2-tc2/source:/opt/rustwide/workdir:ro,Z" "-v" "/var/lib/crater-agent-workspace/cargo-home:/opt/rustwide/cargo-home:ro,Z" "-v" "/var/lib/crater-agent-workspace/rustup-home:/opt/rustwide/rustup-home:ro,Z" "-e" "SOURCE_DIR=/opt/rustwide/workdir" "-e" "CARGO_TARGET_DIR=/opt/rustwide/target" "-e" "CARGO_HOME=/opt/rustwide/cargo-home" "-e" "RUSTUP_HOME=/opt/rustwide/rustup-home" "-w" "/opt/rustwide/workdir" "-m" "1610612736" "--user" "0:0" "--network" "none" "ghcr.io/rust-lang/crates-build-env/linux@sha256:2788e3201cd34a07e3172128adcd8b3090168a8e3bcc40d7c032b9dda1df7d1c" "/opt/rustwide/cargo-home/bin/cargo" "+beta-2023-12-22" "metadata" "--no-deps" "--format-version=1", kill_on_drop: false }`
[INFO] [stdout] 0c6271928b11dd709a405afe07e3977d69c138e71d6b047a702736a02f85ea91
[INFO] running `Command { std: "docker" "start" "-a" "0c6271928b11dd709a405afe07e3977d69c138e71d6b047a702736a02f85ea91", kill_on_drop: false }`
[INFO] running `Command { std: "docker" "inspect" "0c6271928b11dd709a405afe07e3977d69c138e71d6b047a702736a02f85ea91", kill_on_drop: false }`
[INFO] running `Command { std: "docker" "rm" "-f" "0c6271928b11dd709a405afe07e3977d69c138e71d6b047a702736a02f85ea91", kill_on_drop: false }`
[INFO] [stdout] 0c6271928b11dd709a405afe07e3977d69c138e71d6b047a702736a02f85ea91
[INFO] running `Command { std: "docker" "create" "-v" "/var/lib/crater-agent-workspace/builds/worker-2-tc2/target:/opt/rustwide/target:rw,Z" "-v" "/var/lib/crater-agent-workspace/builds/worker-2-tc2/source:/opt/rustwide/workdir:ro,Z" "-v" "/var/lib/crater-agent-workspace/cargo-home:/opt/rustwide/cargo-home:ro,Z" "-v" "/var/lib/crater-agent-workspace/rustup-home:/opt/rustwide/rustup-home:ro,Z" "-e" "SOURCE_DIR=/opt/rustwide/workdir" "-e" "CARGO_TARGET_DIR=/opt/rustwide/target" "-e" "CARGO_INCREMENTAL=0" "-e" "RUST_BACKTRACE=full" "-e" "RUSTFLAGS=--cap-lints=warn" "-e" "RUSTDOCFLAGS=--cap-lints=warn" "-e" "CARGO_HOME=/opt/rustwide/cargo-home" "-e" "RUSTUP_HOME=/opt/rustwide/rustup-home" "-w" "/opt/rustwide/workdir" "-m" "1610612736" "--user" "0:0" "--network" "none" "ghcr.io/rust-lang/crates-build-env/linux@sha256:2788e3201cd34a07e3172128adcd8b3090168a8e3bcc40d7c032b9dda1df7d1c" "/opt/rustwide/cargo-home/bin/cargo" "+beta-2023-12-22" "build" "--frozen" "--message-format=json", kill_on_drop: false }`
[INFO] [stdout] ad0b60bb6695b91b1e2331236b83724b9799313cce101fb1b330e1a7699acd67
[INFO] running `Command { std: "docker" "start" "-a" "ad0b60bb6695b91b1e2331236b83724b9799313cce101fb1b330e1a7699acd67", kill_on_drop: false }`
[INFO] [stderr]    Compiling libc v0.2.146
[INFO] [stderr]    Compiling num-traits v0.2.15
[INFO] [stderr]    Compiling rayon-core v1.11.0
[INFO] [stderr]    Compiling anyhow v1.0.71
[INFO] [stderr]    Compiling rand_core v0.6.4
[INFO] [stderr]    Compiling humansize v1.1.1
[INFO] [stderr]    Compiling crossbeam-epoch v0.9.15
[INFO] [stderr]    Compiling crossbeam-channel v0.5.8
[INFO] [stderr]    Compiling rand v0.8.5
[INFO] [stderr]    Compiling rand_pcg v0.3.1
[INFO] [stderr]    Compiling crossbeam-deque v0.8.3
[INFO] [stderr]    Compiling num_cpus v1.15.0
[INFO] [stderr]    Compiling euclid v0.22.9
[INFO] [stderr]    Compiling rayon v1.7.0
[INFO] [stderr]    Compiling space-filling v0.4.0 (/opt/rustwide/workdir)
[INFO] [stdout] warning: assigning to `&T` is undefined behavior, consider using an `UnsafeCell`
[INFO] [stdout]   --> src/solver/argmax2d/mod.rs:36:14
[INFO] [stdout]    |
[INFO] [stdout] 36 |     unsafe { *(ptr as *const DistPoint<f32, f32, WorldSpace> as *mut _) = dist }
[INFO] [stdout]    |              ^^^^^^^^^^^^^^^^^^^^^^^^^^^^^^^^^^^^^^^^^^^^^^^^^^^^^^^^^^^^^^^^^
[INFO] [stdout]    |
[INFO] [stdout]    = note: for more information, visit <https://doc.rust-lang.org/book/ch15-05-interior-mutability.html>
[INFO] [stdout]    = note: `#[warn(invalid_reference_casting)]` on by default
[INFO] [stdout] 
[INFO] [stdout] 
[INFO] [stdout] warning: casting `&T` to `&mut T` is undefined behavior, even if the reference is unused, consider instead using an `UnsafeCell`
[INFO] [stdout]    --> src/solver/adf/mod.rs:242:5
[INFO] [stdout]     |
[INFO] [stdout] 242 |     &mut *(ptr as *const Self as *mut _)
[INFO] [stdout]     |     ^^^^^^^^^^^^^^^^^^^^^^^^^^^^^^^^^^^^
[INFO] [stdout]     |
[INFO] [stdout]     = note: for more information, visit <https://doc.rust-lang.org/book/ch15-05-interior-mutability.html>
[INFO] [stdout]     = note: even for types with interior mutability, the only legal way to obtain a mutable pointer from a shared reference is through `UnsafeCell::get`
[INFO] [stdout] 
[INFO] [stdout] 
[INFO] [stdout] warning: 2 warnings emitted
[INFO] [stdout] 
[INFO] [stdout] 
[INFO] [stderr]     Finished dev [unoptimized + debuginfo] target(s) in 5.59s
[INFO] running `Command { std: "docker" "inspect" "ad0b60bb6695b91b1e2331236b83724b9799313cce101fb1b330e1a7699acd67", kill_on_drop: false }`
[INFO] running `Command { std: "docker" "rm" "-f" "ad0b60bb6695b91b1e2331236b83724b9799313cce101fb1b330e1a7699acd67", kill_on_drop: false }`
[INFO] [stdout] ad0b60bb6695b91b1e2331236b83724b9799313cce101fb1b330e1a7699acd67
[INFO] running `Command { std: "docker" "create" "-v" "/var/lib/crater-agent-workspace/builds/worker-2-tc2/target:/opt/rustwide/target:rw,Z" "-v" "/var/lib/crater-agent-workspace/builds/worker-2-tc2/source:/opt/rustwide/workdir:ro,Z" "-v" "/var/lib/crater-agent-workspace/cargo-home:/opt/rustwide/cargo-home:ro,Z" "-v" "/var/lib/crater-agent-workspace/rustup-home:/opt/rustwide/rustup-home:ro,Z" "-e" "SOURCE_DIR=/opt/rustwide/workdir" "-e" "CARGO_TARGET_DIR=/opt/rustwide/target" "-e" "CARGO_INCREMENTAL=0" "-e" "RUST_BACKTRACE=full" "-e" "RUSTFLAGS=--cap-lints=warn" "-e" "RUSTDOCFLAGS=--cap-lints=warn" "-e" "CARGO_HOME=/opt/rustwide/cargo-home" "-e" "RUSTUP_HOME=/opt/rustwide/rustup-home" "-w" "/opt/rustwide/workdir" "-m" "1610612736" "--user" "0:0" "--network" "none" "ghcr.io/rust-lang/crates-build-env/linux@sha256:2788e3201cd34a07e3172128adcd8b3090168a8e3bcc40d7c032b9dda1df7d1c" "/opt/rustwide/cargo-home/bin/cargo" "+beta-2023-12-22" "test" "--frozen" "--no-run" "--message-format=json", kill_on_drop: false }`
[INFO] [stdout] 70325fbd384b50304a6f724ae2a00929243b565aa2d0daa5f5de62752598fa6a
[INFO] running `Command { std: "docker" "start" "-a" "70325fbd384b50304a6f724ae2a00929243b565aa2d0daa5f5de62752598fa6a", kill_on_drop: false }`
[INFO] [stderr]    Compiling num-traits v0.2.15
[INFO] [stderr]    Compiling memchr v2.5.0
[INFO] [stderr]    Compiling pathdiff v0.2.1
[INFO] [stderr]    Compiling any_ascii v0.1.7
[INFO] [stderr]    Compiling regex-syntax v0.7.2
[INFO] [stderr]    Compiling walkdir v2.3.3
[INFO] [stderr]    Compiling open v1.7.1
[INFO] [stderr]    Compiling lexical-sort v0.3.1
[INFO] [stderr]    Compiling aho-corasick v1.0.2
[INFO] [stderr]    Compiling euclid v0.22.9
[INFO] [stderr]    Compiling num-complex v0.4.3
[INFO] [stderr]    Compiling regex v1.8.4
[INFO] [stderr]    Compiling space-filling v0.4.0 (/opt/rustwide/workdir)
[INFO] [stdout] warning: assigning to `&T` is undefined behavior, consider using an `UnsafeCell`
[INFO] [stdout]   --> src/solver/argmax2d/mod.rs:36:14
[INFO] [stdout]    |
[INFO] [stdout] 36 |     unsafe { *(ptr as *const DistPoint<f32, f32, WorldSpace> as *mut _) = dist }
[INFO] [stdout]    |              ^^^^^^^^^^^^^^^^^^^^^^^^^^^^^^^^^^^^^^^^^^^^^^^^^^^^^^^^^^^^^^^^^
[INFO] [stdout]    |
[INFO] [stdout]    = note: for more information, visit <https://doc.rust-lang.org/book/ch15-05-interior-mutability.html>
[INFO] [stdout]    = note: `#[warn(invalid_reference_casting)]` on by default
[INFO] [stdout] 
[INFO] [stdout] 
[INFO] [stdout] warning: casting `&T` to `&mut T` is undefined behavior, even if the reference is unused, consider instead using an `UnsafeCell`
[INFO] [stdout]    --> src/solver/adf/mod.rs:242:5
[INFO] [stdout]     |
[INFO] [stdout] 242 |     &mut *(ptr as *const Self as *mut _)
[INFO] [stdout]     |     ^^^^^^^^^^^^^^^^^^^^^^^^^^^^^^^^^^^^
[INFO] [stdout]     |
[INFO] [stdout]     = note: for more information, visit <https://doc.rust-lang.org/book/ch15-05-interior-mutability.html>
[INFO] [stdout]     = note: even for types with interior mutability, the only legal way to obtain a mutable pointer from a shared reference is through `UnsafeCell::get`
[INFO] [stdout] 
[INFO] [stdout] 
[INFO] [stdout] warning: 2 warnings emitted
[INFO] [stdout] 
[INFO] [stdout] 
[INFO] [stdout] error[E0432]: unresolved imports `crate::drawing`, `image`
[INFO] [stdout]    --> src/solver/adf/tests.rs:5:5
[INFO] [stdout]     |
[INFO] [stdout] 5   |     drawing,
[INFO] [stdout]     |     ^^^^^^^ no `drawing` in the root
[INFO] [stdout] ...
[INFO] [stdout] 11  |   image::{Rgba, RgbaImage},
[INFO] [stdout]     |   ^^^^^ use of undeclared crate or module `image`
[INFO] [stdout]     |
[INFO] [stdout] note: found an item that was configured out
[INFO] [stdout]    --> src/lib.rs:174:9
[INFO] [stdout]     |
[INFO] [stdout] 174 | pub mod drawing;
[INFO] [stdout]     |         ^^^^^^^
[INFO] [stdout]     = note: the item is gated behind the `drawing` feature
[INFO] [stdout] 
[INFO] [stdout] 
[INFO] [stdout] error[E0432]: unresolved import `image`
[INFO] [stdout]   --> src/solver/adf/tests.rs:93:8
[INFO] [stdout]    |
[INFO] [stdout] 93 |   use {image::Pixel, drawing::Draw};
[INFO] [stdout]    |        ^^^^^ use of undeclared crate or module `image`
[INFO] [stdout] 
[INFO] [stdout] 
[INFO] [stdout] error[E0599]: no method named `draw_layout` found for struct `quadtree::Quadtree` in the current scope
[INFO] [stdout]   --> src/solver/adf/tests.rs:36:12
[INFO] [stdout]    |
[INFO] [stdout] 36 |   adf.tree.draw_layout(&mut image);
[INFO] [stdout]    |            ^^^^^^^^^^^ method not found in `Quadtree<Vec<Arc<dyn Fn(Point2D<f64, WorldSpace>) -> f64>>, f64>`
[INFO] [stdout]    |
[INFO] [stdout]   ::: src/solver/adf/quadtree.rs:15:1
[INFO] [stdout]    |
[INFO] [stdout] 15 | pub struct Quadtree<Data, Float> {
[INFO] [stdout]    | -------------------------------- method `draw_layout` not found for this struct
[INFO] [stdout] 
[INFO] [stdout] 
[INFO] [stdout] error[E0599]: no method named `texture` found for struct `ADF` in the current scope
[INFO] [stdout]   --> src/solver/adf/tests.rs:98:6
[INFO] [stdout]    |
[INFO] [stdout] 97 | /   representation
[INFO] [stdout] 98 | |     .texture(image::Luma([255]).to_rgba())
[INFO] [stdout]    | |     -^^^^^^^ method not found in `ADF<f64>`
[INFO] [stdout]    | |_____|
[INFO] [stdout]    | 
[INFO] [stdout]    |
[INFO] [stdout]   ::: src/solver/adf/mod.rs:28:1
[INFO] [stdout]    |
[INFO] [stdout] 28 |   pub struct ADF<Float> {
[INFO] [stdout]    |   --------------------- method `texture` not found for this struct
[INFO] [stdout] 
[INFO] [stdout] 
[INFO] [stdout] error[E0433]: failed to resolve: use of undeclared crate or module `image`
[INFO] [stdout]   --> src/solver/adf/tests.rs:98:14
[INFO] [stdout]    |
[INFO] [stdout] 98 |     .texture(image::Luma([255]).to_rgba())
[INFO] [stdout]    |              ^^^^^ use of undeclared crate or module `image`
[INFO] [stdout] 
[INFO] [stdout] 
[INFO] [stdout] error[E0599]: no method named `display_sdf` found for struct `ADF` in the current scope
[INFO] [stdout]    --> src/solver/adf/tests.rs:137:8
[INFO] [stdout]     |
[INFO] [stdout] 136 | /     representation
[INFO] [stdout] 137 | |       .display_sdf(&mut image, 3.5)
[INFO] [stdout]     | |       -^^^^^^^^^^^ method not found in `ADF<{float}>`
[INFO] [stdout]     | |_______|
[INFO] [stdout]     | 
[INFO] [stdout]     |
[INFO] [stdout]    ::: src/solver/adf/mod.rs:28:1
[INFO] [stdout]     |
[INFO] [stdout] 28  |   pub struct ADF<Float> {
[INFO] [stdout]     |   --------------------- method `display_sdf` not found for this struct
[INFO] [stdout] 
[INFO] [stdout] 
[INFO] [stdout] error[E0599]: no method named `texture` found for struct `geometry::Scale` in the current scope
[INFO] [stdout]    --> src/solver/adf/tests.rs:149:10
[INFO] [stdout]     |
[INFO] [stdout] 146 | /       Circle
[INFO] [stdout] 147 | |         .translate(local_max.point.to_vector())
[INFO] [stdout] 148 | |         .scale(local_max.distance)
[INFO] [stdout] 149 | |         .texture(Rgba([0x45, 0x8F, 0xF5, 0x7F]))
[INFO] [stdout]     | |         -^^^^^^^ method not found in `Scale<Translation<Circle, {float}>, {float}>`
[INFO] [stdout]     | |_________|
[INFO] [stdout]     | 
[INFO] [stdout]     |
[INFO] [stdout]    ::: src/geometry/mod.rs:104:1
[INFO] [stdout]     |
[INFO] [stdout] 104 |   pub struct Scale<S, T> {
[INFO] [stdout]     |   ---------------------- method `texture` not found for this struct
[INFO] [stdout] 
[INFO] [stdout] 
[INFO] [stdout] error[E0599]: no method named `texture` found for struct `geometry::Scale` in the current scope
[INFO] [stdout]    --> src/solver/adf/tests.rs:168:12
[INFO] [stdout]     |
[INFO] [stdout] 168 |     circle.texture(Rgba([0x45, 0x8F, 0xF5, 0xFF]))
[INFO] [stdout]     |            ^^^^^^^ method not found in `Scale<Translation<Circle, f64>, f64>`
[INFO] [stdout]     |
[INFO] [stdout]    ::: src/geometry/mod.rs:104:1
[INFO] [stdout]     |
[INFO] [stdout] 104 | pub struct Scale<S, T> {
[INFO] [stdout]     | ---------------------- method `texture` not found for this struct
[INFO] [stdout] 
[INFO] [stdout] 
[INFO] [stdout] error[E0599]: no method named `texture` found for struct `geometry::Scale` in the current scope
[INFO] [stdout]    --> src/solver/adf/tests.rs:177:10
[INFO] [stdout]     |
[INFO] [stdout] 174 | /       Circle
[INFO] [stdout] 175 | |         .translate(local_max.point.to_vector())
[INFO] [stdout] 176 | |         .scale(local_max.distance * 4.0)
[INFO] [stdout] 177 | |         .texture(Rgba([0xFF, 0, 0, 0x7F]))
[INFO] [stdout]     | |         -^^^^^^^ method not found in `Scale<Translation<Circle, f64>, f64>`
[INFO] [stdout]     | |_________|
[INFO] [stdout]     | 
[INFO] [stdout]     |
[INFO] [stdout]    ::: src/geometry/mod.rs:104:1
[INFO] [stdout]     |
[INFO] [stdout] 104 |   pub struct Scale<S, T> {
[INFO] [stdout]     |   ---------------------- method `texture` not found for this struct
[INFO] [stdout] 
[INFO] [stdout] 
[INFO] [stdout] error[E0599]: no method named `draw_bounding` found for struct `quadtree::Quadtree` in the current scope
[INFO] [stdout]    --> src/solver/adf/tests.rs:181:25
[INFO] [stdout]     |
[INFO] [stdout] 181 |     representation.tree.draw_bounding(domain, &mut image);
[INFO] [stdout]     |                         ^^^^^^^^^^^^^ method not found in `Quadtree<Vec<Arc<dyn Fn(Point2D<f64, WorldSpace>) -> f64>>, f64>`
[INFO] [stdout]     |
[INFO] [stdout]    ::: src/solver/adf/quadtree.rs:15:1
[INFO] [stdout]     |
[INFO] [stdout] 15  | pub struct Quadtree<Data, Float> {
[INFO] [stdout]     | -------------------------------- method `draw_bounding` not found for this struct
[INFO] [stdout] 
[INFO] [stdout] 
[INFO] [stdout] error: aborting due to 10 previous errors
[INFO] [stdout] 
[INFO] [stdout] 
[INFO] [stdout] Some errors have detailed explanations: E0432, E0433, E0599.
[INFO] [stdout] 
[INFO] [stdout] For more information about an error, try `rustc --explain E0432`.
[INFO] [stdout] 
[INFO] [stderr] error: could not compile `space-filling` (lib test) due to 11 previous errors
[INFO] running `Command { std: "docker" "inspect" "70325fbd384b50304a6f724ae2a00929243b565aa2d0daa5f5de62752598fa6a", kill_on_drop: false }`
[INFO] running `Command { std: "docker" "rm" "-f" "70325fbd384b50304a6f724ae2a00929243b565aa2d0daa5f5de62752598fa6a", kill_on_drop: false }`
[INFO] [stdout] 70325fbd384b50304a6f724ae2a00929243b565aa2d0daa5f5de62752598fa6a
