[INFO] fetching crate sp-api-proc-macro 13.0.0...
[INFO] testing sp-api-proc-macro-13.0.0 against 1.75.0 for beta-1.76-1
[INFO] extracting crate sp-api-proc-macro 13.0.0 into /workspace/builds/worker-3-tc1/source
[INFO] validating manifest of crates.io crate sp-api-proc-macro 13.0.0 on toolchain 1.75.0
[INFO] running `Command { std: CARGO_HOME="/workspace/cargo-home" RUSTUP_HOME="/workspace/rustup-home" "/workspace/cargo-home/bin/cargo" "+1.75.0" "metadata" "--manifest-path" "Cargo.toml" "--no-deps", kill_on_drop: false }`
[INFO] started tweaking crates.io crate sp-api-proc-macro 13.0.0
[INFO] finished tweaking crates.io crate sp-api-proc-macro 13.0.0
[INFO] tweaked toml for crates.io crate sp-api-proc-macro 13.0.0 written to /workspace/builds/worker-3-tc1/source/Cargo.toml
[INFO] running `Command { std: CARGO_HOME="/workspace/cargo-home" RUSTUP_HOME="/workspace/rustup-home" "/workspace/cargo-home/bin/cargo" "+1.75.0" "generate-lockfile" "--manifest-path" "Cargo.toml", kill_on_drop: false }`
[INFO] [stderr]     Blocking waiting for file lock on package cache
[INFO] [stderr]     Updating crates.io index
[INFO] running `Command { std: CARGO_HOME="/workspace/cargo-home" RUSTUP_HOME="/workspace/rustup-home" "/workspace/cargo-home/bin/cargo" "+1.75.0" "fetch" "--manifest-path" "Cargo.toml", kill_on_drop: false }`
[INFO] [stderr]     Blocking waiting for file lock on package cache
[INFO] running `Command { std: "docker" "create" "-v" "/var/lib/crater-agent-workspace/builds/worker-3-tc1/target:/opt/rustwide/target:rw,Z" "-v" "/var/lib/crater-agent-workspace/builds/worker-3-tc1/source:/opt/rustwide/workdir:ro,Z" "-v" "/var/lib/crater-agent-workspace/cargo-home:/opt/rustwide/cargo-home:ro,Z" "-v" "/var/lib/crater-agent-workspace/rustup-home:/opt/rustwide/rustup-home:ro,Z" "-e" "SOURCE_DIR=/opt/rustwide/workdir" "-e" "CARGO_TARGET_DIR=/opt/rustwide/target" "-e" "CARGO_HOME=/opt/rustwide/cargo-home" "-e" "RUSTUP_HOME=/opt/rustwide/rustup-home" "-w" "/opt/rustwide/workdir" "-m" "1610612736" "--user" "0:0" "--network" "none" "ghcr.io/rust-lang/crates-build-env/linux@sha256:2788e3201cd34a07e3172128adcd8b3090168a8e3bcc40d7c032b9dda1df7d1c" "/opt/rustwide/cargo-home/bin/cargo" "+1.75.0" "metadata" "--no-deps" "--format-version=1", kill_on_drop: false }`
[INFO] [stdout] 0eb538dba6eadccb473f63f781187789b841824fc269a80266b2fc3b89e2ea9c
[INFO] running `Command { std: "docker" "start" "-a" "0eb538dba6eadccb473f63f781187789b841824fc269a80266b2fc3b89e2ea9c", kill_on_drop: false }`
[INFO] running `Command { std: "docker" "inspect" "0eb538dba6eadccb473f63f781187789b841824fc269a80266b2fc3b89e2ea9c", kill_on_drop: false }`
[INFO] running `Command { std: "docker" "rm" "-f" "0eb538dba6eadccb473f63f781187789b841824fc269a80266b2fc3b89e2ea9c", kill_on_drop: false }`
[INFO] [stdout] 0eb538dba6eadccb473f63f781187789b841824fc269a80266b2fc3b89e2ea9c
[INFO] running `Command { std: "docker" "create" "-v" "/var/lib/crater-agent-workspace/builds/worker-3-tc1/target:/opt/rustwide/target:rw,Z" "-v" "/var/lib/crater-agent-workspace/builds/worker-3-tc1/source:/opt/rustwide/workdir:ro,Z" "-v" "/var/lib/crater-agent-workspace/cargo-home:/opt/rustwide/cargo-home:ro,Z" "-v" "/var/lib/crater-agent-workspace/rustup-home:/opt/rustwide/rustup-home:ro,Z" "-e" "SOURCE_DIR=/opt/rustwide/workdir" "-e" "CARGO_TARGET_DIR=/opt/rustwide/target" "-e" "CARGO_INCREMENTAL=0" "-e" "RUST_BACKTRACE=full" "-e" "RUSTFLAGS=--cap-lints=warn" "-e" "RUSTDOCFLAGS=--cap-lints=warn" "-e" "CARGO_HOME=/opt/rustwide/cargo-home" "-e" "RUSTUP_HOME=/opt/rustwide/rustup-home" "-w" "/opt/rustwide/workdir" "-m" "1610612736" "--user" "0:0" "--network" "none" "ghcr.io/rust-lang/crates-build-env/linux@sha256:2788e3201cd34a07e3172128adcd8b3090168a8e3bcc40d7c032b9dda1df7d1c" "/opt/rustwide/cargo-home/bin/cargo" "+1.75.0" "build" "--frozen" "--message-format=json", kill_on_drop: false }`
[INFO] [stdout] e27a46df19669e8025bfdbd1dbd8548493e70e4a35ec90d16d61e27d37523102
[INFO] running `Command { std: "docker" "start" "-a" "e27a46df19669e8025bfdbd1dbd8548493e70e4a35ec90d16d61e27d37523102", kill_on_drop: false }`
[INFO] [stderr]    Compiling version_check v0.9.4
[INFO] [stderr]    Compiling typenum v1.17.0
[INFO] [stderr]    Compiling proc-macro2 v1.0.75
[INFO] [stderr]    Compiling memchr v2.7.1
[INFO] [stderr]    Compiling autocfg v1.1.0
[INFO] [stderr]    Compiling unicode-ident v1.0.12
[INFO] [stderr]    Compiling hashbrown v0.14.3
[INFO] [stderr]    Compiling equivalent v1.0.1
[INFO] [stderr]    Compiling subtle v2.5.0
[INFO] [stderr]    Compiling regex-syntax v0.8.2
[INFO] [stderr]    Compiling toml_datetime v0.6.5
[INFO] [stderr]    Compiling generic-array v0.14.7
[INFO] [stderr]    Compiling fs-err v2.11.0
[INFO] [stderr]    Compiling expander v2.0.0
[INFO] [stderr]    Compiling aho-corasick v1.1.2
[INFO] [stderr]    Compiling indexmap v2.1.0
[INFO] [stderr]    Compiling winnow v0.5.32
[INFO] [stderr]    Compiling lazy_static v1.4.0
[INFO] [stderr]    Compiling quote v1.0.35
[INFO] [stderr]    Compiling once_cell v1.19.0
[INFO] [stderr]    Compiling syn v2.0.48
[INFO] [stderr]    Compiling regex-automata v0.4.3
[INFO] [stderr]    Compiling crypto-common v0.1.6
[INFO] [stderr]    Compiling block-buffer v0.10.4
[INFO] [stderr]    Compiling digest v0.10.7
[INFO] [stderr]    Compiling toml_edit v0.19.15
[INFO] [stderr]    Compiling blake2 v0.10.6
[INFO] [stderr]    Compiling proc-macro-crate v1.3.1
[INFO] [stderr]    Compiling regex v1.10.2
[INFO] [stderr]    Compiling Inflector v0.11.4
[INFO] [stderr]    Compiling sp-api-proc-macro v13.0.0 (/opt/rustwide/workdir)
[INFO] [stdout] warning: unused import: `ToTokens`
[INFO] [stdout]   --> src/utils.rs:22:34
[INFO] [stdout]    |
[INFO] [stdout] 22 | use quote::{format_ident, quote, ToTokens};
[INFO] [stdout]    |                                  ^^^^^^^^
[INFO] [stdout]    |
[INFO] [stdout]    = note: `#[warn(unused_imports)]` on by default
[INFO] [stdout] 
[INFO] [stdout] 
[INFO] [stdout] warning: 1 warning emitted
[INFO] [stdout] 
[INFO] [stdout] 
[INFO] [stderr]     Finished dev [unoptimized + debuginfo] target(s) in 33.81s
[INFO] running `Command { std: "docker" "inspect" "e27a46df19669e8025bfdbd1dbd8548493e70e4a35ec90d16d61e27d37523102", kill_on_drop: false }`
[INFO] running `Command { std: "docker" "rm" "-f" "e27a46df19669e8025bfdbd1dbd8548493e70e4a35ec90d16d61e27d37523102", kill_on_drop: false }`
[INFO] [stdout] e27a46df19669e8025bfdbd1dbd8548493e70e4a35ec90d16d61e27d37523102
[INFO] running `Command { std: "docker" "create" "-v" "/var/lib/crater-agent-workspace/builds/worker-3-tc1/target:/opt/rustwide/target:rw,Z" "-v" "/var/lib/crater-agent-workspace/builds/worker-3-tc1/source:/opt/rustwide/workdir:ro,Z" "-v" "/var/lib/crater-agent-workspace/cargo-home:/opt/rustwide/cargo-home:ro,Z" "-v" "/var/lib/crater-agent-workspace/rustup-home:/opt/rustwide/rustup-home:ro,Z" "-e" "SOURCE_DIR=/opt/rustwide/workdir" "-e" "CARGO_TARGET_DIR=/opt/rustwide/target" "-e" "CARGO_INCREMENTAL=0" "-e" "RUST_BACKTRACE=full" "-e" "RUSTFLAGS=--cap-lints=warn" "-e" "RUSTDOCFLAGS=--cap-lints=warn" "-e" "CARGO_HOME=/opt/rustwide/cargo-home" "-e" "RUSTUP_HOME=/opt/rustwide/rustup-home" "-w" "/opt/rustwide/workdir" "-m" "1610612736" "--user" "0:0" "--network" "none" "ghcr.io/rust-lang/crates-build-env/linux@sha256:2788e3201cd34a07e3172128adcd8b3090168a8e3bcc40d7c032b9dda1df7d1c" "/opt/rustwide/cargo-home/bin/cargo" "+1.75.0" "test" "--frozen" "--no-run" "--message-format=json", kill_on_drop: false }`
[INFO] [stdout] 715c418f90dff2e2286b846e14e9514c82972f3aae5ed2a86d80f71b0019fe68
[INFO] running `Command { std: "docker" "start" "-a" "715c418f90dff2e2286b846e14e9514c82972f3aae5ed2a86d80f71b0019fe68", kill_on_drop: false }`
[INFO] [stderr]    Compiling assert_matches v1.5.0
[INFO] [stderr]    Compiling sp-api-proc-macro v13.0.0 (/opt/rustwide/workdir)
[INFO] [stdout] warning: unused import: `ToTokens`
[INFO] [stdout]   --> src/utils.rs:22:34
[INFO] [stdout]    |
[INFO] [stdout] 22 | use quote::{format_ident, quote, ToTokens};
[INFO] [stdout]    |                                  ^^^^^^^^
[INFO] [stdout]    |
[INFO] [stdout]    = note: `#[warn(unused_imports)]` on by default
[INFO] [stdout] 
[INFO] [stdout] 
[INFO] [stdout] warning: unused import: `ToTokens`
[INFO] [stdout]   --> src/utils.rs:22:34
[INFO] [stdout]    |
[INFO] [stdout] 22 | use quote::{format_ident, quote, ToTokens};
[INFO] [stdout]    |                                  ^^^^^^^^
[INFO] [stdout]    |
[INFO] [stdout]    = note: `#[warn(unused_imports)]` on by default
[INFO] [stdout] 
[INFO] [stdout] 
[INFO] [stdout] error[E0425]: cannot find function `get_doc_literals` in this scope
[INFO] [stdout]    --> src/utils.rs:304:14
[INFO] [stdout]     |
[INFO] [stdout] 304 |         let docs = get_doc_literals(&attrs);
[INFO] [stdout]     |                    ^^^^^^^^^^^^^^^^ not found in this scope
[INFO] [stdout] 
[INFO] [stdout] 
[INFO] [stdout] error[E0425]: cannot find function `filter_cfg_attributes` in this scope
[INFO] [stdout]    --> src/utils.rs:323:18
[INFO] [stdout]     |
[INFO] [stdout] 323 |         let filtered = filter_cfg_attributes(&attrs);
[INFO] [stdout]     |                        ^^^^^^^^^^^^^^^^^^^^^ not found in this scope
[INFO] [stdout] 
[INFO] [stdout] 
[INFO] [stdout] error: aborting due to 2 previous errors; 1 warning emitted
[INFO] [stdout] 
[INFO] [stdout] 
[INFO] [stdout] For more information about this error, try `rustc --explain E0425`.
[INFO] [stdout] 
[INFO] [stderr] error: could not compile `sp-api-proc-macro` (lib test) due to 3 previous errors; 1 warning emitted
[INFO] [stderr] warning: build failed, waiting for other jobs to finish...
[INFO] [stdout] warning: 1 warning emitted
[INFO] [stdout] 
[INFO] [stdout] 
[INFO] running `Command { std: "docker" "inspect" "715c418f90dff2e2286b846e14e9514c82972f3aae5ed2a86d80f71b0019fe68", kill_on_drop: false }`
[INFO] running `Command { std: "docker" "rm" "-f" "715c418f90dff2e2286b846e14e9514c82972f3aae5ed2a86d80f71b0019fe68", kill_on_drop: false }`
[INFO] [stdout] 715c418f90dff2e2286b846e14e9514c82972f3aae5ed2a86d80f71b0019fe68
[INFO] testing sp-api-proc-macro-13.0.0 against beta-2023-12-22 for beta-1.76-1
[INFO] extracting crate sp-api-proc-macro 13.0.0 into /workspace/builds/worker-3-tc2/source
[INFO] validating manifest of crates.io crate sp-api-proc-macro 13.0.0 on toolchain beta-2023-12-22
[INFO] running `Command { std: CARGO_HOME="/workspace/cargo-home" RUSTUP_HOME="/workspace/rustup-home" "/workspace/cargo-home/bin/cargo" "+beta-2023-12-22" "metadata" "--manifest-path" "Cargo.toml" "--no-deps", kill_on_drop: false }`
[INFO] started tweaking crates.io crate sp-api-proc-macro 13.0.0
[INFO] finished tweaking crates.io crate sp-api-proc-macro 13.0.0
[INFO] tweaked toml for crates.io crate sp-api-proc-macro 13.0.0 written to /workspace/builds/worker-3-tc2/source/Cargo.toml
[INFO] running `Command { std: CARGO_HOME="/workspace/cargo-home" RUSTUP_HOME="/workspace/rustup-home" "/workspace/cargo-home/bin/cargo" "+beta-2023-12-22" "generate-lockfile" "--manifest-path" "Cargo.toml", kill_on_drop: false }`
[INFO] [stderr]     Updating crates.io index
[INFO] running `Command { std: CARGO_HOME="/workspace/cargo-home" RUSTUP_HOME="/workspace/rustup-home" "/workspace/cargo-home/bin/cargo" "+beta-2023-12-22" "fetch" "--manifest-path" "Cargo.toml", kill_on_drop: false }`
[INFO] running `Command { std: "docker" "create" "-v" "/var/lib/crater-agent-workspace/builds/worker-3-tc2/target:/opt/rustwide/target:rw,Z" "-v" "/var/lib/crater-agent-workspace/builds/worker-3-tc2/source:/opt/rustwide/workdir:ro,Z" "-v" "/var/lib/crater-agent-workspace/cargo-home:/opt/rustwide/cargo-home:ro,Z" "-v" "/var/lib/crater-agent-workspace/rustup-home:/opt/rustwide/rustup-home:ro,Z" "-e" "SOURCE_DIR=/opt/rustwide/workdir" "-e" "CARGO_TARGET_DIR=/opt/rustwide/target" "-e" "CARGO_HOME=/opt/rustwide/cargo-home" "-e" "RUSTUP_HOME=/opt/rustwide/rustup-home" "-w" "/opt/rustwide/workdir" "-m" "1610612736" "--user" "0:0" "--network" "none" "ghcr.io/rust-lang/crates-build-env/linux@sha256:2788e3201cd34a07e3172128adcd8b3090168a8e3bcc40d7c032b9dda1df7d1c" "/opt/rustwide/cargo-home/bin/cargo" "+beta-2023-12-22" "metadata" "--no-deps" "--format-version=1", kill_on_drop: false }`
[INFO] [stdout] 97504b7ab41b52f96b486fb51e897e026126045750d52bd79d1d0721795f4ab9
[INFO] running `Command { std: "docker" "start" "-a" "97504b7ab41b52f96b486fb51e897e026126045750d52bd79d1d0721795f4ab9", kill_on_drop: false }`
[INFO] running `Command { std: "docker" "inspect" "97504b7ab41b52f96b486fb51e897e026126045750d52bd79d1d0721795f4ab9", kill_on_drop: false }`
[INFO] running `Command { std: "docker" "rm" "-f" "97504b7ab41b52f96b486fb51e897e026126045750d52bd79d1d0721795f4ab9", kill_on_drop: false }`
[INFO] [stdout] 97504b7ab41b52f96b486fb51e897e026126045750d52bd79d1d0721795f4ab9
[INFO] running `Command { std: "docker" "create" "-v" "/var/lib/crater-agent-workspace/builds/worker-3-tc2/target:/opt/rustwide/target:rw,Z" "-v" "/var/lib/crater-agent-workspace/builds/worker-3-tc2/source:/opt/rustwide/workdir:ro,Z" "-v" "/var/lib/crater-agent-workspace/cargo-home:/opt/rustwide/cargo-home:ro,Z" "-v" "/var/lib/crater-agent-workspace/rustup-home:/opt/rustwide/rustup-home:ro,Z" "-e" "SOURCE_DIR=/opt/rustwide/workdir" "-e" "CARGO_TARGET_DIR=/opt/rustwide/target" "-e" "CARGO_INCREMENTAL=0" "-e" "RUST_BACKTRACE=full" "-e" "RUSTFLAGS=--cap-lints=warn" "-e" "RUSTDOCFLAGS=--cap-lints=warn" "-e" "CARGO_HOME=/opt/rustwide/cargo-home" "-e" "RUSTUP_HOME=/opt/rustwide/rustup-home" "-w" "/opt/rustwide/workdir" "-m" "1610612736" "--user" "0:0" "--network" "none" "ghcr.io/rust-lang/crates-build-env/linux@sha256:2788e3201cd34a07e3172128adcd8b3090168a8e3bcc40d7c032b9dda1df7d1c" "/opt/rustwide/cargo-home/bin/cargo" "+beta-2023-12-22" "build" "--frozen" "--message-format=json", kill_on_drop: false }`
[INFO] [stdout] 328894bd6eb26cd907b181615015f0bb42c1d07d0e2c5933dedc7b7ad60f7bbc
[INFO] running `Command { std: "docker" "start" "-a" "328894bd6eb26cd907b181615015f0bb42c1d07d0e2c5933dedc7b7ad60f7bbc", kill_on_drop: false }`
[INFO] [stderr]    Compiling version_check v0.9.4
[INFO] [stderr]    Compiling typenum v1.17.0
[INFO] [stderr]    Compiling proc-macro2 v1.0.75
[INFO] [stderr]    Compiling autocfg v1.1.0
[INFO] [stderr]    Compiling unicode-ident v1.0.12
[INFO] [stderr]    Compiling memchr v2.7.1
[INFO] [stderr]    Compiling hashbrown v0.14.3
[INFO] [stderr]    Compiling subtle v2.5.0
[INFO] [stderr]    Compiling equivalent v1.0.1
[INFO] [stderr]    Compiling regex-syntax v0.8.2
[INFO] [stderr]    Compiling expander v2.0.0
[INFO] [stderr]    Compiling generic-array v0.14.7
[INFO] [stderr]    Compiling toml_datetime v0.6.5
[INFO] [stderr]    Compiling fs-err v2.11.0
[INFO] [stderr]    Compiling winnow v0.5.32
[INFO] [stderr]    Compiling once_cell v1.19.0
[INFO] [stderr]    Compiling aho-corasick v1.1.2
[INFO] [stderr]    Compiling indexmap v2.1.0
[INFO] [stderr]    Compiling quote v1.0.35
[INFO] [stderr]    Compiling lazy_static v1.4.0
[INFO] [stderr]    Compiling syn v2.0.48
[INFO] [stderr]    Compiling crypto-common v0.1.6
[INFO] [stderr]    Compiling block-buffer v0.10.4
[INFO] [stderr]    Compiling digest v0.10.7
[INFO] [stderr]    Compiling regex-automata v0.4.3
[INFO] [stderr]    Compiling blake2 v0.10.6
[INFO] [stderr]    Compiling toml_edit v0.19.15
[INFO] [stderr]    Compiling proc-macro-crate v1.3.1
[INFO] [stderr]    Compiling regex v1.10.2
[INFO] [stderr]    Compiling Inflector v0.11.4
[INFO] [stderr]    Compiling sp-api-proc-macro v13.0.0 (/opt/rustwide/workdir)
[INFO] [stdout] warning: unused import: `ToTokens`
[INFO] [stdout]   --> src/utils.rs:22:34
[INFO] [stdout]    |
[INFO] [stdout] 22 | use quote::{format_ident, quote, ToTokens};
[INFO] [stdout]    |                                  ^^^^^^^^
[INFO] [stdout]    |
[INFO] [stdout]    = note: `#[warn(unused_imports)]` on by default
[INFO] [stdout] 
[INFO] [stdout] 
[INFO] [stdout] warning: 1 warning emitted
[INFO] [stdout] 
[INFO] [stdout] 
[INFO] [stderr]     Finished dev [unoptimized + debuginfo] target(s) in 29.40s
[INFO] running `Command { std: "docker" "inspect" "328894bd6eb26cd907b181615015f0bb42c1d07d0e2c5933dedc7b7ad60f7bbc", kill_on_drop: false }`
[INFO] running `Command { std: "docker" "rm" "-f" "328894bd6eb26cd907b181615015f0bb42c1d07d0e2c5933dedc7b7ad60f7bbc", kill_on_drop: false }`
[INFO] [stdout] 328894bd6eb26cd907b181615015f0bb42c1d07d0e2c5933dedc7b7ad60f7bbc
[INFO] running `Command { std: "docker" "create" "-v" "/var/lib/crater-agent-workspace/builds/worker-3-tc2/target:/opt/rustwide/target:rw,Z" "-v" "/var/lib/crater-agent-workspace/builds/worker-3-tc2/source:/opt/rustwide/workdir:ro,Z" "-v" "/var/lib/crater-agent-workspace/cargo-home:/opt/rustwide/cargo-home:ro,Z" "-v" "/var/lib/crater-agent-workspace/rustup-home:/opt/rustwide/rustup-home:ro,Z" "-e" "SOURCE_DIR=/opt/rustwide/workdir" "-e" "CARGO_TARGET_DIR=/opt/rustwide/target" "-e" "CARGO_INCREMENTAL=0" "-e" "RUST_BACKTRACE=full" "-e" "RUSTFLAGS=--cap-lints=warn" "-e" "RUSTDOCFLAGS=--cap-lints=warn" "-e" "CARGO_HOME=/opt/rustwide/cargo-home" "-e" "RUSTUP_HOME=/opt/rustwide/rustup-home" "-w" "/opt/rustwide/workdir" "-m" "1610612736" "--user" "0:0" "--network" "none" "ghcr.io/rust-lang/crates-build-env/linux@sha256:2788e3201cd34a07e3172128adcd8b3090168a8e3bcc40d7c032b9dda1df7d1c" "/opt/rustwide/cargo-home/bin/cargo" "+beta-2023-12-22" "test" "--frozen" "--no-run" "--message-format=json", kill_on_drop: false }`
[INFO] [stdout] 84cc23f7a5bcdf6ef50b1c47d5db901c67c270b985b77db3da9bfd9c5ab92693
[INFO] running `Command { std: "docker" "start" "-a" "84cc23f7a5bcdf6ef50b1c47d5db901c67c270b985b77db3da9bfd9c5ab92693", kill_on_drop: false }`
[INFO] [stderr]    Compiling assert_matches v1.5.0
[INFO] [stderr]    Compiling sp-api-proc-macro v13.0.0 (/opt/rustwide/workdir)
[INFO] [stdout] warning: unused import: `ToTokens`
[INFO] [stdout]   --> src/utils.rs:22:34
[INFO] [stdout]    |
[INFO] [stdout] 22 | use quote::{format_ident, quote, ToTokens};
[INFO] [stdout]    |                                  ^^^^^^^^
[INFO] [stdout]    |
[INFO] [stdout]    = note: `#[warn(unused_imports)]` on by default
[INFO] [stdout] 
[INFO] [stdout] 
[INFO] [stdout] warning: unused import: `ToTokens`
[INFO] [stdout]   --> src/utils.rs:22:34
[INFO] [stdout]    |
[INFO] [stdout] 22 | use quote::{format_ident, quote, ToTokens};
[INFO] [stdout]    |                                  ^^^^^^^^
[INFO] [stdout]    |
[INFO] [stdout]    = note: `#[warn(unused_imports)]` on by default
[INFO] [stdout] 
[INFO] [stdout] 
[INFO] [stdout] error[E0425]: cannot find function `get_doc_literals` in this scope
[INFO] [stdout]    --> src/utils.rs:304:14
[INFO] [stdout]     |
[INFO] [stdout] 304 |         let docs = get_doc_literals(&attrs);
[INFO] [stdout]     |                    ^^^^^^^^^^^^^^^^ not found in this scope
[INFO] [stdout] 
[INFO] [stdout] 
[INFO] [stdout] error[E0425]: cannot find function `filter_cfg_attributes` in this scope
[INFO] [stdout]    --> src/utils.rs:323:18
[INFO] [stdout]     |
[INFO] [stdout] 323 |         let filtered = filter_cfg_attributes(&attrs);
[INFO] [stdout]     |                        ^^^^^^^^^^^^^^^^^^^^^ not found in this scope
[INFO] [stdout] 
[INFO] [stdout] 
[INFO] [stdout] error: aborting due to 2 previous errors; 1 warning emitted
[INFO] [stdout] 
[INFO] [stdout] 
[INFO] [stdout] For more information about this error, try `rustc --explain E0425`.
[INFO] [stdout] 
[INFO] [stderr] error: could not compile `sp-api-proc-macro` (lib test) due to 3 previous errors; 1 warning emitted
[INFO] [stderr] warning: build failed, waiting for other jobs to finish...
[INFO] [stdout] warning: 1 warning emitted
[INFO] [stdout] 
[INFO] [stdout] 
[INFO] running `Command { std: "docker" "inspect" "84cc23f7a5bcdf6ef50b1c47d5db901c67c270b985b77db3da9bfd9c5ab92693", kill_on_drop: false }`
[INFO] running `Command { std: "docker" "rm" "-f" "84cc23f7a5bcdf6ef50b1c47d5db901c67c270b985b77db3da9bfd9c5ab92693", kill_on_drop: false }`
[INFO] [stdout] 84cc23f7a5bcdf6ef50b1c47d5db901c67c270b985b77db3da9bfd9c5ab92693
