[INFO] fetching crate soroban-spec 20.0.0-rc2...
[INFO] testing soroban-spec-20.0.0-rc2 against 1.75.0 for beta-1.76-1
[INFO] extracting crate soroban-spec 20.0.0-rc2 into /workspace/builds/worker-2-tc1/source
[INFO] validating manifest of crates.io crate soroban-spec 20.0.0-rc2 on toolchain 1.75.0
[INFO] running `Command { std: CARGO_HOME="/workspace/cargo-home" RUSTUP_HOME="/workspace/rustup-home" "/workspace/cargo-home/bin/cargo" "+1.75.0" "metadata" "--manifest-path" "Cargo.toml" "--no-deps", kill_on_drop: false }`
[INFO] started tweaking crates.io crate soroban-spec 20.0.0-rc2
[INFO] finished tweaking crates.io crate soroban-spec 20.0.0-rc2
[INFO] tweaked toml for crates.io crate soroban-spec 20.0.0-rc2 written to /workspace/builds/worker-2-tc1/source/Cargo.toml
[INFO] running `Command { std: CARGO_HOME="/workspace/cargo-home" RUSTUP_HOME="/workspace/rustup-home" "/workspace/cargo-home/bin/cargo" "+1.75.0" "generate-lockfile" "--manifest-path" "Cargo.toml", kill_on_drop: false }`
[INFO] [stderr]     Updating crates.io index
[INFO] running `Command { std: CARGO_HOME="/workspace/cargo-home" RUSTUP_HOME="/workspace/rustup-home" "/workspace/cargo-home/bin/cargo" "+1.75.0" "fetch" "--manifest-path" "Cargo.toml", kill_on_drop: false }`
[INFO] [stderr]  Downloading crates ...
[INFO] [stderr]   Downloaded stellar-strkey v0.0.8
[INFO] [stderr]   Downloaded wasmparser v0.88.0
[INFO] [stderr]   Downloaded escape-bytes v0.1.1
[INFO] [stderr]   Downloaded crate-git-revision v0.0.6
[INFO] [stderr]   Downloaded stellar-xdr v20.0.2
[INFO] running `Command { std: "docker" "create" "-v" "/var/lib/crater-agent-workspace/builds/worker-2-tc1/target:/opt/rustwide/target:rw,Z" "-v" "/var/lib/crater-agent-workspace/builds/worker-2-tc1/source:/opt/rustwide/workdir:ro,Z" "-v" "/var/lib/crater-agent-workspace/cargo-home:/opt/rustwide/cargo-home:ro,Z" "-v" "/var/lib/crater-agent-workspace/rustup-home:/opt/rustwide/rustup-home:ro,Z" "-e" "SOURCE_DIR=/opt/rustwide/workdir" "-e" "CARGO_TARGET_DIR=/opt/rustwide/target" "-e" "CARGO_HOME=/opt/rustwide/cargo-home" "-e" "RUSTUP_HOME=/opt/rustwide/rustup-home" "-w" "/opt/rustwide/workdir" "-m" "1610612736" "--user" "0:0" "--network" "none" "ghcr.io/rust-lang/crates-build-env/linux@sha256:2788e3201cd34a07e3172128adcd8b3090168a8e3bcc40d7c032b9dda1df7d1c" "/opt/rustwide/cargo-home/bin/cargo" "+1.75.0" "metadata" "--no-deps" "--format-version=1", kill_on_drop: false }`
[INFO] [stdout] 789a33fce240124764879c16bb5c5fd232c5d7f6a57ddd22f01d0720a599fd8f
[INFO] running `Command { std: "docker" "start" "-a" "789a33fce240124764879c16bb5c5fd232c5d7f6a57ddd22f01d0720a599fd8f", kill_on_drop: false }`
[INFO] running `Command { std: "docker" "inspect" "789a33fce240124764879c16bb5c5fd232c5d7f6a57ddd22f01d0720a599fd8f", kill_on_drop: false }`
[INFO] running `Command { std: "docker" "rm" "-f" "789a33fce240124764879c16bb5c5fd232c5d7f6a57ddd22f01d0720a599fd8f", kill_on_drop: false }`
[INFO] [stdout] 789a33fce240124764879c16bb5c5fd232c5d7f6a57ddd22f01d0720a599fd8f
[INFO] running `Command { std: "docker" "create" "-v" "/var/lib/crater-agent-workspace/builds/worker-2-tc1/target:/opt/rustwide/target:rw,Z" "-v" "/var/lib/crater-agent-workspace/builds/worker-2-tc1/source:/opt/rustwide/workdir:ro,Z" "-v" "/var/lib/crater-agent-workspace/cargo-home:/opt/rustwide/cargo-home:ro,Z" "-v" "/var/lib/crater-agent-workspace/rustup-home:/opt/rustwide/rustup-home:ro,Z" "-e" "SOURCE_DIR=/opt/rustwide/workdir" "-e" "CARGO_TARGET_DIR=/opt/rustwide/target" "-e" "CARGO_INCREMENTAL=0" "-e" "RUST_BACKTRACE=full" "-e" "RUSTFLAGS=--cap-lints=warn" "-e" "RUSTDOCFLAGS=--cap-lints=warn" "-e" "CARGO_HOME=/opt/rustwide/cargo-home" "-e" "RUSTUP_HOME=/opt/rustwide/rustup-home" "-w" "/opt/rustwide/workdir" "-m" "1610612736" "--user" "0:0" "--network" "none" "ghcr.io/rust-lang/crates-build-env/linux@sha256:2788e3201cd34a07e3172128adcd8b3090168a8e3bcc40d7c032b9dda1df7d1c" "/opt/rustwide/cargo-home/bin/cargo" "+1.75.0" "build" "--frozen" "--message-format=json", kill_on_drop: false }`
[INFO] [stdout] 176c27ad141be7c8496ed46fdee72cfa16ae56280fa771905220f3b4f79546a1
[INFO] running `Command { std: "docker" "start" "-a" "176c27ad141be7c8496ed46fdee72cfa16ae56280fa771905220f3b4f79546a1", kill_on_drop: false }`
[INFO] [stderr]    Compiling ryu v1.0.16
[INFO] [stderr]    Compiling itoa v1.0.10
[INFO] [stderr]    Compiling fnv v1.0.7
[INFO] [stderr]    Compiling strsim v0.10.0
[INFO] [stderr]    Compiling ident_case v1.0.1
[INFO] [stderr]    Compiling base32 v0.4.0
[INFO] [stderr]    Compiling serde_json v1.0.111
[INFO] [stderr]    Compiling escape-bytes v0.1.1
[INFO] [stderr]    Compiling syn v2.0.48
[INFO] [stderr]    Compiling wasmparser v0.88.0
[INFO] [stderr]    Compiling darling_core v0.20.3
[INFO] [stderr]    Compiling serde_derive v1.0.194
[INFO] [stderr]    Compiling thiserror-impl v1.0.56
[INFO] [stderr]    Compiling darling_macro v0.20.3
[INFO] [stderr]    Compiling thiserror v1.0.56
[INFO] [stderr]    Compiling darling v0.20.3
[INFO] [stderr]    Compiling serde_with_macros v3.4.0
[INFO] [stderr]    Compiling crate-git-revision v0.0.6
[INFO] [stderr]    Compiling serde v1.0.194
[INFO] [stderr]    Compiling stellar-strkey v0.0.8
[INFO] [stderr]    Compiling stellar-xdr v20.0.2
[INFO] [stderr]    Compiling hex v0.4.3
[INFO] [stderr]    Compiling serde_with v3.4.0
[INFO] [stderr]    Compiling soroban-spec v20.0.0-rc2 (/opt/rustwide/workdir)
[INFO] [stdout] error[E0432]: unresolved imports `stellar_xdr::DepthLimitedRead`, `stellar_xdr::ReadXdr`, `stellar_xdr::ScSpecEntry`
[INFO] [stdout]  --> src/read.rs:3:25
[INFO] [stdout]   |
[INFO] [stdout] 3 | use stellar_xdr::{self, DepthLimitedRead, ReadXdr, ScSpecEntry};
[INFO] [stdout]   |                         ^^^^^^^^^^^^^^^^  ^^^^^^^  ^^^^^^^^^^^ no `ScSpecEntry` in the root
[INFO] [stdout]   |                         |                 |
[INFO] [stdout]   |                         |                 no `ReadXdr` in the root
[INFO] [stdout]   |                         no `DepthLimitedRead` in the root
[INFO] [stdout]   |
[INFO] [stdout]   = help: consider importing one of these items instead:
[INFO] [stdout]           crate::read::stellar_xdr::curr::ReadXdr
[INFO] [stdout]           stellar_xdr::curr::ReadXdr
[INFO] [stdout]   = help: consider importing one of these items instead:
[INFO] [stdout]           crate::read::stellar_xdr::curr::ScSpecEntry
[INFO] [stdout]           crate::read::stellar_xdr::curr::Type::ScSpecEntry
[INFO] [stdout]           crate::read::stellar_xdr::curr::TypeVariant::ScSpecEntry
[INFO] [stdout]           stellar_xdr::curr::ScSpecEntry
[INFO] [stdout]           stellar_xdr::curr::Type::ScSpecEntry
[INFO] [stdout]           stellar_xdr::curr::TypeVariant::ScSpecEntry
[INFO] [stdout] 
[INFO] [stdout] 
[INFO] [stdout] error[E0412]: cannot find type `Error` in crate `stellar_xdr`
[INFO] [stdout]   --> src/read.rs:13:27
[INFO] [stdout]    |
[INFO] [stdout] 13 |     ParseXdr(stellar_xdr::Error),
[INFO] [stdout]    |                           ^^^^^ not found in `stellar_xdr`
[INFO] [stdout]    |
[INFO] [stdout] help: consider importing one of these items
[INFO] [stdout]    |
[INFO] [stdout] 1  + use core::error::Error;
[INFO] [stdout]    |
[INFO] [stdout] 1  + use core::fmt::Error;
[INFO] [stdout]    |
[INFO] [stdout] 1  + use crate::read::stellar_xdr::curr::Error;
[INFO] [stdout]    |
[INFO] [stdout] 1  + use std::error::Error;
[INFO] [stdout]    |
[INFO] [stdout]      and 3 other candidates
[INFO] [stdout] help: if you import `Error`, refer to it directly
[INFO] [stdout]    |
[INFO] [stdout] 13 -     ParseXdr(stellar_xdr::Error),
[INFO] [stdout] 13 +     ParseXdr(Error),
[INFO] [stdout]    |
[INFO] [stdout] 
[INFO] [stdout] 
[INFO] [stdout] error[E0412]: cannot find type `Error` in crate `stellar_xdr`
[INFO] [stdout]   --> src/read.rs:21:72
[INFO] [stdout]    |
[INFO] [stdout] 21 | pub fn parse_raw(spec: &[u8]) -> Result<Vec<ScSpecEntry>, stellar_xdr::Error> {
[INFO] [stdout]    |                                                                        ^^^^^ not found in `stellar_xdr`
[INFO] [stdout]    |
[INFO] [stdout] help: consider importing one of these items
[INFO] [stdout]    |
[INFO] [stdout] 1  + use core::error::Error;
[INFO] [stdout]    |
[INFO] [stdout] 1  + use core::fmt::Error;
[INFO] [stdout]    |
[INFO] [stdout] 1  + use crate::read::stellar_xdr::curr::Error;
[INFO] [stdout]    |
[INFO] [stdout] 1  + use std::error::Error;
[INFO] [stdout]    |
[INFO] [stdout]      and 3 other candidates
[INFO] [stdout] help: if you import `Error`, refer to it directly
[INFO] [stdout]    |
[INFO] [stdout] 21 - pub fn parse_raw(spec: &[u8]) -> Result<Vec<ScSpecEntry>, stellar_xdr::Error> {
[INFO] [stdout] 21 + pub fn parse_raw(spec: &[u8]) -> Result<Vec<ScSpecEntry>, Error> {
[INFO] [stdout]    |
[INFO] [stdout] 
[INFO] [stdout] 
[INFO] [stdout] error[E0412]: cannot find type `Error` in crate `stellar_xdr`
[INFO] [stdout]   --> src/read.rs:33:24
[INFO] [stdout]    |
[INFO] [stdout] 33 |     Parse(stellar_xdr::Error),
[INFO] [stdout]    |                        ^^^^^ not found in `stellar_xdr`
[INFO] [stdout]    |
[INFO] [stdout] help: consider importing one of these items
[INFO] [stdout]    |
[INFO] [stdout] 1  + use core::error::Error;
[INFO] [stdout]    |
[INFO] [stdout] 1  + use core::fmt::Error;
[INFO] [stdout]    |
[INFO] [stdout] 1  + use crate::read::stellar_xdr::curr::Error;
[INFO] [stdout]    |
[INFO] [stdout] 1  + use std::error::Error;
[INFO] [stdout]    |
[INFO] [stdout]      and 3 other candidates
[INFO] [stdout] help: if you import `Error`, refer to it directly
[INFO] [stdout]    |
[INFO] [stdout] 33 -     Parse(stellar_xdr::Error),
[INFO] [stdout] 33 +     Parse(Error),
[INFO] [stdout]    |
[INFO] [stdout] 
[INFO] [stdout] 
[INFO] [stdout] error: aborting due to 4 previous errors
[INFO] [stdout] 
[INFO] [stdout] 
[INFO] [stdout] Some errors have detailed explanations: E0412, E0432.
[INFO] [stdout] 
[INFO] [stdout] For more information about an error, try `rustc --explain E0412`.
[INFO] [stdout] 
[INFO] [stderr] error: could not compile `soroban-spec` (lib) due to 5 previous errors
[INFO] [stderr] warning: build failed, waiting for other jobs to finish...
[INFO] running `Command { std: "docker" "inspect" "176c27ad141be7c8496ed46fdee72cfa16ae56280fa771905220f3b4f79546a1", kill_on_drop: false }`
[INFO] running `Command { std: "docker" "rm" "-f" "176c27ad141be7c8496ed46fdee72cfa16ae56280fa771905220f3b4f79546a1", kill_on_drop: false }`
[INFO] [stdout] 176c27ad141be7c8496ed46fdee72cfa16ae56280fa771905220f3b4f79546a1
[INFO] testing soroban-spec-20.0.0-rc2 against beta-2023-12-22 for beta-1.76-1
[INFO] extracting crate soroban-spec 20.0.0-rc2 into /workspace/builds/worker-2-tc2/source
[INFO] validating manifest of crates.io crate soroban-spec 20.0.0-rc2 on toolchain beta-2023-12-22
[INFO] running `Command { std: CARGO_HOME="/workspace/cargo-home" RUSTUP_HOME="/workspace/rustup-home" "/workspace/cargo-home/bin/cargo" "+beta-2023-12-22" "metadata" "--manifest-path" "Cargo.toml" "--no-deps", kill_on_drop: false }`
[INFO] started tweaking crates.io crate soroban-spec 20.0.0-rc2
[INFO] finished tweaking crates.io crate soroban-spec 20.0.0-rc2
[INFO] tweaked toml for crates.io crate soroban-spec 20.0.0-rc2 written to /workspace/builds/worker-2-tc2/source/Cargo.toml
[INFO] running `Command { std: CARGO_HOME="/workspace/cargo-home" RUSTUP_HOME="/workspace/rustup-home" "/workspace/cargo-home/bin/cargo" "+beta-2023-12-22" "generate-lockfile" "--manifest-path" "Cargo.toml", kill_on_drop: false }`
[INFO] [stderr]     Updating crates.io index
[INFO] running `Command { std: CARGO_HOME="/workspace/cargo-home" RUSTUP_HOME="/workspace/rustup-home" "/workspace/cargo-home/bin/cargo" "+beta-2023-12-22" "fetch" "--manifest-path" "Cargo.toml", kill_on_drop: false }`
[INFO] running `Command { std: "docker" "create" "-v" "/var/lib/crater-agent-workspace/builds/worker-2-tc2/target:/opt/rustwide/target:rw,Z" "-v" "/var/lib/crater-agent-workspace/builds/worker-2-tc2/source:/opt/rustwide/workdir:ro,Z" "-v" "/var/lib/crater-agent-workspace/cargo-home:/opt/rustwide/cargo-home:ro,Z" "-v" "/var/lib/crater-agent-workspace/rustup-home:/opt/rustwide/rustup-home:ro,Z" "-e" "SOURCE_DIR=/opt/rustwide/workdir" "-e" "CARGO_TARGET_DIR=/opt/rustwide/target" "-e" "CARGO_HOME=/opt/rustwide/cargo-home" "-e" "RUSTUP_HOME=/opt/rustwide/rustup-home" "-w" "/opt/rustwide/workdir" "-m" "1610612736" "--user" "0:0" "--network" "none" "ghcr.io/rust-lang/crates-build-env/linux@sha256:2788e3201cd34a07e3172128adcd8b3090168a8e3bcc40d7c032b9dda1df7d1c" "/opt/rustwide/cargo-home/bin/cargo" "+beta-2023-12-22" "metadata" "--no-deps" "--format-version=1", kill_on_drop: false }`
[INFO] [stdout] aa315f074c7e01f82fe5bffa6d00b274bf217dea890cb1b8fb4fba2dd4f77580
[INFO] running `Command { std: "docker" "start" "-a" "aa315f074c7e01f82fe5bffa6d00b274bf217dea890cb1b8fb4fba2dd4f77580", kill_on_drop: false }`
[INFO] running `Command { std: "docker" "inspect" "aa315f074c7e01f82fe5bffa6d00b274bf217dea890cb1b8fb4fba2dd4f77580", kill_on_drop: false }`
[INFO] running `Command { std: "docker" "rm" "-f" "aa315f074c7e01f82fe5bffa6d00b274bf217dea890cb1b8fb4fba2dd4f77580", kill_on_drop: false }`
[INFO] [stdout] aa315f074c7e01f82fe5bffa6d00b274bf217dea890cb1b8fb4fba2dd4f77580
[INFO] running `Command { std: "docker" "create" "-v" "/var/lib/crater-agent-workspace/builds/worker-2-tc2/target:/opt/rustwide/target:rw,Z" "-v" "/var/lib/crater-agent-workspace/builds/worker-2-tc2/source:/opt/rustwide/workdir:ro,Z" "-v" "/var/lib/crater-agent-workspace/cargo-home:/opt/rustwide/cargo-home:ro,Z" "-v" "/var/lib/crater-agent-workspace/rustup-home:/opt/rustwide/rustup-home:ro,Z" "-e" "SOURCE_DIR=/opt/rustwide/workdir" "-e" "CARGO_TARGET_DIR=/opt/rustwide/target" "-e" "CARGO_INCREMENTAL=0" "-e" "RUST_BACKTRACE=full" "-e" "RUSTFLAGS=--cap-lints=warn" "-e" "RUSTDOCFLAGS=--cap-lints=warn" "-e" "CARGO_HOME=/opt/rustwide/cargo-home" "-e" "RUSTUP_HOME=/opt/rustwide/rustup-home" "-w" "/opt/rustwide/workdir" "-m" "1610612736" "--user" "0:0" "--network" "none" "ghcr.io/rust-lang/crates-build-env/linux@sha256:2788e3201cd34a07e3172128adcd8b3090168a8e3bcc40d7c032b9dda1df7d1c" "/opt/rustwide/cargo-home/bin/cargo" "+beta-2023-12-22" "build" "--frozen" "--message-format=json", kill_on_drop: false }`
[INFO] [stdout] 7841d1effa0bd3df7296a455fc2586a97fbb852537639cd6916d6c28d5e53347
[INFO] running `Command { std: "docker" "start" "-a" "7841d1effa0bd3df7296a455fc2586a97fbb852537639cd6916d6c28d5e53347", kill_on_drop: false }`
[INFO] [stderr]    Compiling itoa v1.0.10
[INFO] [stderr]    Compiling ryu v1.0.16
[INFO] [stderr]    Compiling strsim v0.10.0
[INFO] [stderr]    Compiling ident_case v1.0.1
[INFO] [stderr]    Compiling fnv v1.0.7
[INFO] [stderr]    Compiling base32 v0.4.0
[INFO] [stderr]    Compiling escape-bytes v0.1.1
[INFO] [stderr]    Compiling serde_json v1.0.111
[INFO] [stderr]    Compiling syn v2.0.48
[INFO] [stderr]    Compiling wasmparser v0.88.0
[INFO] [stderr]    Compiling darling_core v0.20.3
[INFO] [stderr]    Compiling serde_derive v1.0.194
[INFO] [stderr]    Compiling thiserror-impl v1.0.56
[INFO] [stderr]    Compiling darling_macro v0.20.3
[INFO] [stderr]    Compiling thiserror v1.0.56
[INFO] [stderr]    Compiling darling v0.20.3
[INFO] [stderr]    Compiling serde_with_macros v3.4.0
[INFO] [stderr]    Compiling crate-git-revision v0.0.6
[INFO] [stderr]    Compiling serde v1.0.194
[INFO] [stderr]    Compiling stellar-strkey v0.0.8
[INFO] [stderr]    Compiling stellar-xdr v20.0.2
[INFO] [stderr]    Compiling serde_with v3.4.0
[INFO] [stderr]    Compiling hex v0.4.3
[INFO] [stderr]    Compiling soroban-spec v20.0.0-rc2 (/opt/rustwide/workdir)
[INFO] [stdout] error[E0432]: unresolved imports `stellar_xdr::DepthLimitedRead`, `stellar_xdr::ReadXdr`, `stellar_xdr::ScSpecEntry`
[INFO] [stdout]  --> src/read.rs:3:25
[INFO] [stdout]   |
[INFO] [stdout] 3 | use stellar_xdr::{self, DepthLimitedRead, ReadXdr, ScSpecEntry};
[INFO] [stdout]   |                         ^^^^^^^^^^^^^^^^  ^^^^^^^  ^^^^^^^^^^^ no `ScSpecEntry` in the root
[INFO] [stdout]   |                         |                 |
[INFO] [stdout]   |                         |                 no `ReadXdr` in the root
[INFO] [stdout]   |                         no `DepthLimitedRead` in the root
[INFO] [stdout]   |
[INFO] [stdout]   = help: consider importing one of these items instead:
[INFO] [stdout]           crate::read::stellar_xdr::curr::ReadXdr
[INFO] [stdout]           stellar_xdr::curr::ReadXdr
[INFO] [stdout]   = help: consider importing one of these items instead:
[INFO] [stdout]           crate::read::stellar_xdr::curr::ScSpecEntry
[INFO] [stdout]           crate::read::stellar_xdr::curr::Type::ScSpecEntry
[INFO] [stdout]           crate::read::stellar_xdr::curr::TypeVariant::ScSpecEntry
[INFO] [stdout]           stellar_xdr::curr::ScSpecEntry
[INFO] [stdout]           stellar_xdr::curr::Type::ScSpecEntry
[INFO] [stdout]           stellar_xdr::curr::TypeVariant::ScSpecEntry
[INFO] [stdout] 
[INFO] [stdout] 
[INFO] [stdout] error[E0412]: cannot find type `Error` in crate `stellar_xdr`
[INFO] [stdout]   --> src/read.rs:13:27
[INFO] [stdout]    |
[INFO] [stdout] 13 |     ParseXdr(stellar_xdr::Error),
[INFO] [stdout]    |                           ^^^^^ not found in `stellar_xdr`
[INFO] [stdout]    |
[INFO] [stdout] help: consider importing one of these items
[INFO] [stdout]    |
[INFO] [stdout] 1  + use core::error::Error;
[INFO] [stdout]    |
[INFO] [stdout] 1  + use core::fmt::Error;
[INFO] [stdout]    |
[INFO] [stdout] 1  + use crate::read::stellar_xdr::curr::Error;
[INFO] [stdout]    |
[INFO] [stdout] 1  + use std::error::Error;
[INFO] [stdout]    |
[INFO] [stdout]      and 3 other candidates
[INFO] [stdout] help: if you import `Error`, refer to it directly
[INFO] [stdout]    |
[INFO] [stdout] 13 -     ParseXdr(stellar_xdr::Error),
[INFO] [stdout] 13 +     ParseXdr(Error),
[INFO] [stdout]    |
[INFO] [stdout] 
[INFO] [stdout] 
[INFO] [stdout] error[E0412]: cannot find type `Error` in crate `stellar_xdr`
[INFO] [stdout]   --> src/read.rs:21:72
[INFO] [stdout]    |
[INFO] [stdout] 21 | pub fn parse_raw(spec: &[u8]) -> Result<Vec<ScSpecEntry>, stellar_xdr::Error> {
[INFO] [stdout]    |                                                                        ^^^^^ not found in `stellar_xdr`
[INFO] [stdout]    |
[INFO] [stdout] help: consider importing one of these items
[INFO] [stdout]    |
[INFO] [stdout] 1  + use core::error::Error;
[INFO] [stdout]    |
[INFO] [stdout] 1  + use core::fmt::Error;
[INFO] [stdout]    |
[INFO] [stdout] 1  + use crate::read::stellar_xdr::curr::Error;
[INFO] [stdout]    |
[INFO] [stdout] 1  + use std::error::Error;
[INFO] [stdout]    |
[INFO] [stdout]      and 3 other candidates
[INFO] [stdout] help: if you import `Error`, refer to it directly
[INFO] [stdout]    |
[INFO] [stdout] 21 - pub fn parse_raw(spec: &[u8]) -> Result<Vec<ScSpecEntry>, stellar_xdr::Error> {
[INFO] [stdout] 21 + pub fn parse_raw(spec: &[u8]) -> Result<Vec<ScSpecEntry>, Error> {
[INFO] [stdout]    |
[INFO] [stdout] 
[INFO] [stdout] 
[INFO] [stdout] error[E0412]: cannot find type `Error` in crate `stellar_xdr`
[INFO] [stdout]   --> src/read.rs:33:24
[INFO] [stdout]    |
[INFO] [stdout] 33 |     Parse(stellar_xdr::Error),
[INFO] [stdout]    |                        ^^^^^ not found in `stellar_xdr`
[INFO] [stdout]    |
[INFO] [stdout] help: consider importing one of these items
[INFO] [stdout]    |
[INFO] [stdout] 1  + use core::error::Error;
[INFO] [stdout]    |
[INFO] [stdout] 1  + use core::fmt::Error;
[INFO] [stdout]    |
[INFO] [stdout] 1  + use crate::read::stellar_xdr::curr::Error;
[INFO] [stdout]    |
[INFO] [stdout] 1  + use std::error::Error;
[INFO] [stdout]    |
[INFO] [stdout]      and 3 other candidates
[INFO] [stdout] help: if you import `Error`, refer to it directly
[INFO] [stdout]    |
[INFO] [stdout] 33 -     Parse(stellar_xdr::Error),
[INFO] [stdout] 33 +     Parse(Error),
[INFO] [stdout]    |
[INFO] [stdout] 
[INFO] [stdout] 
[INFO] [stdout] error: aborting due to 4 previous errors
[INFO] [stdout] 
[INFO] [stdout] 
[INFO] [stdout] Some errors have detailed explanations: E0412, E0432.
[INFO] [stdout] 
[INFO] [stdout] For more information about an error, try `rustc --explain E0412`.
[INFO] [stdout] 
[INFO] [stderr] error: could not compile `soroban-spec` (lib) due to 5 previous errors
[INFO] [stderr] warning: build failed, waiting for other jobs to finish...
[INFO] running `Command { std: "docker" "inspect" "7841d1effa0bd3df7296a455fc2586a97fbb852537639cd6916d6c28d5e53347", kill_on_drop: false }`
[INFO] running `Command { std: "docker" "rm" "-f" "7841d1effa0bd3df7296a455fc2586a97fbb852537639cd6916d6c28d5e53347", kill_on_drop: false }`
[INFO] [stdout] 7841d1effa0bd3df7296a455fc2586a97fbb852537639cd6916d6c28d5e53347
