[INFO] fetching crate soroban-spec-typescript 20.0.0-rc.4.1...
[INFO] testing soroban-spec-typescript-20.0.0-rc.4.1 against 1.75.0 for beta-1.76-1
[INFO] extracting crate soroban-spec-typescript 20.0.0-rc.4.1 into /workspace/builds/worker-4-tc1/source
[INFO] validating manifest of crates.io crate soroban-spec-typescript 20.0.0-rc.4.1 on toolchain 1.75.0
[INFO] running `Command { std: CARGO_HOME="/workspace/cargo-home" RUSTUP_HOME="/workspace/rustup-home" "/workspace/cargo-home/bin/cargo" "+1.75.0" "metadata" "--manifest-path" "Cargo.toml" "--no-deps", kill_on_drop: false }`
[INFO] started tweaking crates.io crate soroban-spec-typescript 20.0.0-rc.4.1
[INFO] finished tweaking crates.io crate soroban-spec-typescript 20.0.0-rc.4.1
[INFO] tweaked toml for crates.io crate soroban-spec-typescript 20.0.0-rc.4.1 written to /workspace/builds/worker-4-tc1/source/Cargo.toml
[INFO] running `Command { std: CARGO_HOME="/workspace/cargo-home" RUSTUP_HOME="/workspace/rustup-home" "/workspace/cargo-home/bin/cargo" "+1.75.0" "generate-lockfile" "--manifest-path" "Cargo.toml", kill_on_drop: false }`
[INFO] [stderr]     Updating crates.io index
[INFO] running `Command { std: CARGO_HOME="/workspace/cargo-home" RUSTUP_HOME="/workspace/rustup-home" "/workspace/cargo-home/bin/cargo" "+1.75.0" "fetch" "--manifest-path" "Cargo.toml", kill_on_drop: false }`
[INFO] [stderr]  Downloading crates ...
[INFO] [stderr]   Downloaded temp-dir v0.1.12
[INFO] [stderr]   Downloaded soroban-spec v20.0.3
[INFO] [stderr]   Downloaded escape-bytes v0.1.1
[INFO] [stderr]   Downloaded crate-git-revision v0.0.6
[INFO] [stderr]   Downloaded stellar-strkey v0.0.8
[INFO] [stderr]   Downloaded wasmparser v0.88.0
[INFO] [stderr]   Downloaded stellar-xdr v20.0.2
[INFO] running `Command { std: "docker" "create" "-v" "/var/lib/crater-agent-workspace/builds/worker-4-tc1/target:/opt/rustwide/target:rw,Z" "-v" "/var/lib/crater-agent-workspace/builds/worker-4-tc1/source:/opt/rustwide/workdir:ro,Z" "-v" "/var/lib/crater-agent-workspace/cargo-home:/opt/rustwide/cargo-home:ro,Z" "-v" "/var/lib/crater-agent-workspace/rustup-home:/opt/rustwide/rustup-home:ro,Z" "-e" "SOURCE_DIR=/opt/rustwide/workdir" "-e" "CARGO_TARGET_DIR=/opt/rustwide/target" "-e" "CARGO_HOME=/opt/rustwide/cargo-home" "-e" "RUSTUP_HOME=/opt/rustwide/rustup-home" "-w" "/opt/rustwide/workdir" "-m" "1610612736" "--user" "0:0" "--network" "none" "ghcr.io/rust-lang/crates-build-env/linux@sha256:2788e3201cd34a07e3172128adcd8b3090168a8e3bcc40d7c032b9dda1df7d1c" "/opt/rustwide/cargo-home/bin/cargo" "+1.75.0" "metadata" "--no-deps" "--format-version=1", kill_on_drop: false }`
[INFO] [stdout] cfb0b4f079fccf677ba12480723a54ac13ef6617e6bf07fa4fe293f898cb7b1b
[INFO] running `Command { std: "docker" "start" "-a" "cfb0b4f079fccf677ba12480723a54ac13ef6617e6bf07fa4fe293f898cb7b1b", kill_on_drop: false }`
[INFO] running `Command { std: "docker" "inspect" "cfb0b4f079fccf677ba12480723a54ac13ef6617e6bf07fa4fe293f898cb7b1b", kill_on_drop: false }`
[INFO] running `Command { std: "docker" "rm" "-f" "cfb0b4f079fccf677ba12480723a54ac13ef6617e6bf07fa4fe293f898cb7b1b", kill_on_drop: false }`
[INFO] [stdout] cfb0b4f079fccf677ba12480723a54ac13ef6617e6bf07fa4fe293f898cb7b1b
[INFO] running `Command { std: "docker" "create" "-v" "/var/lib/crater-agent-workspace/builds/worker-4-tc1/target:/opt/rustwide/target:rw,Z" "-v" "/var/lib/crater-agent-workspace/builds/worker-4-tc1/source:/opt/rustwide/workdir:ro,Z" "-v" "/var/lib/crater-agent-workspace/cargo-home:/opt/rustwide/cargo-home:ro,Z" "-v" "/var/lib/crater-agent-workspace/rustup-home:/opt/rustwide/rustup-home:ro,Z" "-e" "SOURCE_DIR=/opt/rustwide/workdir" "-e" "CARGO_TARGET_DIR=/opt/rustwide/target" "-e" "CARGO_INCREMENTAL=0" "-e" "RUST_BACKTRACE=full" "-e" "RUSTFLAGS=--cap-lints=warn" "-e" "RUSTDOCFLAGS=--cap-lints=warn" "-e" "CARGO_HOME=/opt/rustwide/cargo-home" "-e" "RUSTUP_HOME=/opt/rustwide/rustup-home" "-w" "/opt/rustwide/workdir" "-m" "1610612736" "--user" "0:0" "--network" "none" "ghcr.io/rust-lang/crates-build-env/linux@sha256:2788e3201cd34a07e3172128adcd8b3090168a8e3bcc40d7c032b9dda1df7d1c" "/opt/rustwide/cargo-home/bin/cargo" "+1.75.0" "build" "--frozen" "--message-format=json", kill_on_drop: false }`
[INFO] [stdout] 93b3196b64fe524ca2f18a57cc3021754c68bf9ef9937c30726a4316a39ce105
[INFO] running `Command { std: "docker" "start" "-a" "93b3196b64fe524ca2f18a57cc3021754c68bf9ef9937c30726a4316a39ce105", kill_on_drop: false }`
[INFO] [stderr]    Compiling unicode-ident v1.0.12
[INFO] [stderr]    Compiling fnv v1.0.7
[INFO] [stderr]    Compiling proc-macro2 v1.0.75
[INFO] [stderr]    Compiling base32 v0.4.0
[INFO] [stderr]    Compiling indexmap v1.9.3
[INFO] [stderr]    Compiling hashbrown v0.12.3
[INFO] [stderr]    Compiling base64 v0.13.1
[INFO] [stderr]    Compiling prettyplease v0.2.16
[INFO] [stderr]    Compiling escape-bytes v0.1.1
[INFO] [stderr]    Compiling generic-array v0.14.7
[INFO] [stderr]    Compiling either v1.9.0
[INFO] [stderr]    Compiling glob v0.3.1
[INFO] [stderr]    Compiling serde_json v1.0.111
[INFO] [stderr]    Compiling heck v0.4.1
[INFO] [stderr]    Compiling itertools v0.10.5
[INFO] [stderr]    Compiling block-buffer v0.9.0
[INFO] [stderr]    Compiling digest v0.9.0
[INFO] [stderr]    Compiling sha2 v0.9.9
[INFO] [stderr]    Compiling quote v1.0.35
[INFO] [stderr]    Compiling syn v2.0.48
[INFO] [stderr]    Compiling wasmparser v0.88.0
[INFO] [stderr]    Compiling include_dir_macros v0.7.3
[INFO] [stderr]    Compiling include_dir v0.7.3
[INFO] [stderr]    Compiling darling_core v0.20.3
[INFO] [stderr]    Compiling serde_derive v1.0.194
[INFO] [stderr]    Compiling thiserror-impl v1.0.56
[INFO] [stderr]    Compiling darling_macro v0.20.3
[INFO] [stderr]    Compiling thiserror v1.0.56
[INFO] [stderr]    Compiling darling v0.20.3
[INFO] [stderr]    Compiling serde_with_macros v3.4.0
[INFO] [stderr]    Compiling crate-git-revision v0.0.6
[INFO] [stderr]    Compiling serde v1.0.194
[INFO] [stderr]    Compiling stellar-strkey v0.0.8
[INFO] [stderr]    Compiling stellar-xdr v20.0.2
[INFO] [stderr]    Compiling hex v0.4.3
[INFO] [stderr]    Compiling serde_with v3.4.0
[INFO] [stderr]    Compiling soroban-spec v20.0.3
[INFO] [stderr]    Compiling soroban-spec-typescript v20.0.0-rc.4.1 (/opt/rustwide/workdir)
[INFO] [stdout] error[E0432]: unresolved imports `stellar_xdr::ScSpecEntry`, `stellar_xdr::WriteXdr`
[INFO] [stdout]   --> src/lib.rs:13:19
[INFO] [stdout]    |
[INFO] [stdout] 13 | use stellar_xdr::{ScSpecEntry, WriteXdr};
[INFO] [stdout]    |                   ^^^^^^^^^^^  ^^^^^^^^ no `WriteXdr` in the root
[INFO] [stdout]    |                   |
[INFO] [stdout]    |                   no `ScSpecEntry` in the root
[INFO] [stdout]    |
[INFO] [stdout]    = help: consider importing one of these items instead:
[INFO] [stdout]            stellar_xdr::curr::ScSpecEntry
[INFO] [stdout]            stellar_xdr::curr::Type::ScSpecEntry
[INFO] [stdout]            stellar_xdr::curr::TypeVariant::ScSpecEntry
[INFO] [stdout]    = help: consider importing this trait instead:
[INFO] [stdout]            stellar_xdr::curr::WriteXdr
[INFO] [stdout] 
[INFO] [stdout] 
[INFO] [stdout] error[E0432]: unresolved import `stellar_xdr::ScSpecEntry`
[INFO] [stdout]  --> src/boilerplate.rs:9:5
[INFO] [stdout]   |
[INFO] [stdout] 9 | use stellar_xdr::ScSpecEntry;
[INFO] [stdout]   |     ^^^^^^^^^^^^^^^^^^^^^^^^ no `ScSpecEntry` in the root
[INFO] [stdout]   |
[INFO] [stdout] help: consider importing one of these items instead
[INFO] [stdout]   |
[INFO] [stdout] 9 | use crate::ScSpecEntry;
[INFO] [stdout]   |     ~~~~~~~~~~~~~~~~~~
[INFO] [stdout] 9 | use stellar_xdr::curr::ScSpecEntry;
[INFO] [stdout]   |     ~~~~~~~~~~~~~~~~~~~~~~~~~~~~~~
[INFO] [stdout] 9 | use stellar_xdr::curr::Type::ScSpecEntry;
[INFO] [stdout]   |     ~~~~~~~~~~~~~~~~~~~~~~~~~~~~~~~~~~~~
[INFO] [stdout] 9 | use stellar_xdr::curr::TypeVariant::ScSpecEntry;
[INFO] [stdout]   |     ~~~~~~~~~~~~~~~~~~~~~~~~~~~~~~~~~~~~~~~~~~~
[INFO] [stdout] 
[INFO] [stdout] 
[INFO] [stdout] error[E0432]: unresolved imports `stellar_xdr::ScSpecEntry`, `stellar_xdr::ScSpecFunctionInputV0`, `stellar_xdr::ScSpecTypeDef`, `stellar_xdr::ScSpecUdtEnumCaseV0`, `stellar_xdr::ScSpecUdtErrorEnumCaseV0`, `stellar_xdr::ScSpecUdtStructFieldV0`, `stellar_xdr::ScSpecUdtStructV0`, `stellar_xdr::ScSpecUdtUnionCaseV0`
[INFO] [stdout]  --> src/types.rs:3:5
[INFO] [stdout]   |
[INFO] [stdout] 3 |     ScSpecEntry, ScSpecFunctionInputV0, ScSpecTypeDef, ScSpecUdtEnumCaseV0,
[INFO] [stdout]   |     ^^^^^^^^^^^  ^^^^^^^^^^^^^^^^^^^^^  ^^^^^^^^^^^^^  ^^^^^^^^^^^^^^^^^^^ no `ScSpecUdtEnumCaseV0` in the root
[INFO] [stdout]   |     |            |                      |
[INFO] [stdout]   |     |            |                      no `ScSpecTypeDef` in the root
[INFO] [stdout]   |     |            no `ScSpecFunctionInputV0` in the root
[INFO] [stdout]   |     no `ScSpecEntry` in the root
[INFO] [stdout] 4 |     ScSpecUdtErrorEnumCaseV0, ScSpecUdtStructFieldV0, ScSpecUdtStructV0, ScSpecUdtUnionCaseV0,
[INFO] [stdout]   |     ^^^^^^^^^^^^^^^^^^^^^^^^  ^^^^^^^^^^^^^^^^^^^^^^  ^^^^^^^^^^^^^^^^^  ^^^^^^^^^^^^^^^^^^^^ no `ScSpecUdtUnionCaseV0` in the root
[INFO] [stdout]   |     |                         |                       |
[INFO] [stdout]   |     |                         |                       no `ScSpecUdtStructV0` in the root
[INFO] [stdout]   |     |                         no `ScSpecUdtStructFieldV0` in the root
[INFO] [stdout]   |     no `ScSpecUdtErrorEnumCaseV0` in the root
[INFO] [stdout]   |
[INFO] [stdout]   = help: consider importing one of these items instead:
[INFO] [stdout]           crate::ScSpecEntry
[INFO] [stdout]           stellar_xdr::curr::ScSpecEntry
[INFO] [stdout]           stellar_xdr::curr::Type::ScSpecEntry
[INFO] [stdout]           stellar_xdr::curr::TypeVariant::ScSpecEntry
[INFO] [stdout]   = help: consider importing one of these items instead:
[INFO] [stdout]           stellar_xdr::curr::ScSpecFunctionInputV0
[INFO] [stdout]           stellar_xdr::curr::Type::ScSpecFunctionInputV0
[INFO] [stdout]           stellar_xdr::curr::TypeVariant::ScSpecFunctionInputV0
[INFO] [stdout]   = help: consider importing one of these items instead:
[INFO] [stdout]           stellar_xdr::curr::ScSpecTypeDef
[INFO] [stdout]           stellar_xdr::curr::Type::ScSpecTypeDef
[INFO] [stdout]           stellar_xdr::curr::TypeVariant::ScSpecTypeDef
[INFO] [stdout]   = help: consider importing one of these items instead:
[INFO] [stdout]           stellar_xdr::curr::ScSpecUdtEnumCaseV0
[INFO] [stdout]           stellar_xdr::curr::Type::ScSpecUdtEnumCaseV0
[INFO] [stdout]           stellar_xdr::curr::TypeVariant::ScSpecUdtEnumCaseV0
[INFO] [stdout]   = help: consider importing one of these items instead:
[INFO] [stdout]           stellar_xdr::curr::ScSpecUdtErrorEnumCaseV0
[INFO] [stdout]           stellar_xdr::curr::Type::ScSpecUdtErrorEnumCaseV0
[INFO] [stdout]           stellar_xdr::curr::TypeVariant::ScSpecUdtErrorEnumCaseV0
[INFO] [stdout]   = help: consider importing one of these items instead:
[INFO] [stdout]           stellar_xdr::curr::ScSpecUdtStructFieldV0
[INFO] [stdout]           stellar_xdr::curr::Type::ScSpecUdtStructFieldV0
[INFO] [stdout]           stellar_xdr::curr::TypeVariant::ScSpecUdtStructFieldV0
[INFO] [stdout]   = help: consider importing one of these items instead:
[INFO] [stdout]           stellar_xdr::curr::ScSpecUdtStructV0
[INFO] [stdout]           stellar_xdr::curr::Type::ScSpecUdtStructV0
[INFO] [stdout]           stellar_xdr::curr::TypeVariant::ScSpecUdtStructV0
[INFO] [stdout]   = help: consider importing one of these items instead:
[INFO] [stdout]           stellar_xdr::curr::ScSpecUdtUnionCaseV0
[INFO] [stdout]           stellar_xdr::curr::Type::ScSpecUdtUnionCaseV0
[INFO] [stdout]           stellar_xdr::curr::TypeVariant::ScSpecUdtUnionCaseV0
[INFO] [stdout] 
[INFO] [stdout] 
[INFO] [stdout] error[E0412]: cannot find type `Error` in crate `stellar_xdr`
[INFO] [stdout]   --> src/lib.rs:30:24
[INFO] [stdout]    |
[INFO] [stdout] 30 |     Parse(stellar_xdr::Error),
[INFO] [stdout]    |                        ^^^^^ not found in `stellar_xdr`
[INFO] [stdout]    |
[INFO] [stdout] help: consider importing one of these items
[INFO] [stdout]    |
[INFO] [stdout] 7  + use core::error::Error;
[INFO] [stdout]    |
[INFO] [stdout] 7  + use core::fmt::Error;
[INFO] [stdout]    |
[INFO] [stdout] 7  + use crate::io::Error;
[INFO] [stdout]    |
[INFO] [stdout] 7  + use serde::__private::doc::Error;
[INFO] [stdout]    |
[INFO] [stdout]      and 9 other candidates
[INFO] [stdout] help: if you import `Error`, refer to it directly
[INFO] [stdout]    |
[INFO] [stdout] 30 -     Parse(stellar_xdr::Error),
[INFO] [stdout] 30 +     Parse(Error),
[INFO] [stdout]    |
[INFO] [stdout] 
[INFO] [stdout] 
[INFO] [stdout] error: aborting due to 4 previous errors
[INFO] [stdout] 
[INFO] [stdout] 
[INFO] [stdout] Some errors have detailed explanations: E0412, E0432.
[INFO] [stdout] 
[INFO] [stdout] For more information about an error, try `rustc --explain E0412`.
[INFO] [stdout] 
[INFO] [stderr] error: could not compile `soroban-spec-typescript` (lib) due to 5 previous errors
[INFO] [stderr] warning: build failed, waiting for other jobs to finish...
[INFO] running `Command { std: "docker" "inspect" "93b3196b64fe524ca2f18a57cc3021754c68bf9ef9937c30726a4316a39ce105", kill_on_drop: false }`
[INFO] running `Command { std: "docker" "rm" "-f" "93b3196b64fe524ca2f18a57cc3021754c68bf9ef9937c30726a4316a39ce105", kill_on_drop: false }`
[INFO] [stdout] 93b3196b64fe524ca2f18a57cc3021754c68bf9ef9937c30726a4316a39ce105
