[INFO] fetching crate soroban-spec-tools 20.0.0-rc.4.1...
[INFO] testing soroban-spec-tools-20.0.0-rc.4.1 against 1.75.0 for beta-1.76-1
[INFO] extracting crate soroban-spec-tools 20.0.0-rc.4.1 into /workspace/builds/worker-0-tc1/source
[INFO] validating manifest of crates.io crate soroban-spec-tools 20.0.0-rc.4.1 on toolchain 1.75.0
[INFO] running `Command { std: CARGO_HOME="/workspace/cargo-home" RUSTUP_HOME="/workspace/rustup-home" "/workspace/cargo-home/bin/cargo" "+1.75.0" "metadata" "--manifest-path" "Cargo.toml" "--no-deps", kill_on_drop: false }`
[INFO] started tweaking crates.io crate soroban-spec-tools 20.0.0-rc.4.1
[INFO] finished tweaking crates.io crate soroban-spec-tools 20.0.0-rc.4.1
[INFO] tweaked toml for crates.io crate soroban-spec-tools 20.0.0-rc.4.1 written to /workspace/builds/worker-0-tc1/source/Cargo.toml
[INFO] running `Command { std: CARGO_HOME="/workspace/cargo-home" RUSTUP_HOME="/workspace/rustup-home" "/workspace/cargo-home/bin/cargo" "+1.75.0" "generate-lockfile" "--manifest-path" "Cargo.toml", kill_on_drop: false }`
[INFO] [stderr]     Blocking waiting for file lock on package cache
[INFO] [stderr]     Updating crates.io index
[INFO] running `Command { std: CARGO_HOME="/workspace/cargo-home" RUSTUP_HOME="/workspace/rustup-home" "/workspace/cargo-home/bin/cargo" "+1.75.0" "fetch" "--manifest-path" "Cargo.toml", kill_on_drop: false }`
[INFO] [stderr]     Blocking waiting for file lock on package cache
[INFO] [stderr]  Downloading crates ...
[INFO] [stderr]   Downloaded stellar-strkey v0.0.7
[INFO] [stderr]   Downloaded wasmparser v0.90.0
[INFO] running `Command { std: "docker" "create" "-v" "/var/lib/crater-agent-workspace/builds/worker-0-tc1/target:/opt/rustwide/target:rw,Z" "-v" "/var/lib/crater-agent-workspace/builds/worker-0-tc1/source:/opt/rustwide/workdir:ro,Z" "-v" "/var/lib/crater-agent-workspace/cargo-home:/opt/rustwide/cargo-home:ro,Z" "-v" "/var/lib/crater-agent-workspace/rustup-home:/opt/rustwide/rustup-home:ro,Z" "-e" "SOURCE_DIR=/opt/rustwide/workdir" "-e" "CARGO_TARGET_DIR=/opt/rustwide/target" "-e" "CARGO_HOME=/opt/rustwide/cargo-home" "-e" "RUSTUP_HOME=/opt/rustwide/rustup-home" "-w" "/opt/rustwide/workdir" "-m" "1610612736" "--user" "0:0" "--network" "none" "ghcr.io/rust-lang/crates-build-env/linux@sha256:2788e3201cd34a07e3172128adcd8b3090168a8e3bcc40d7c032b9dda1df7d1c" "/opt/rustwide/cargo-home/bin/cargo" "+1.75.0" "metadata" "--no-deps" "--format-version=1", kill_on_drop: false }`
[INFO] [stdout] 69cf586e04d461b7ff9d1318c884a853b583fa91720f27eb92953541ed0130fd
[INFO] running `Command { std: "docker" "start" "-a" "69cf586e04d461b7ff9d1318c884a853b583fa91720f27eb92953541ed0130fd", kill_on_drop: false }`
[INFO] running `Command { std: "docker" "inspect" "69cf586e04d461b7ff9d1318c884a853b583fa91720f27eb92953541ed0130fd", kill_on_drop: false }`
[INFO] running `Command { std: "docker" "rm" "-f" "69cf586e04d461b7ff9d1318c884a853b583fa91720f27eb92953541ed0130fd", kill_on_drop: false }`
[INFO] [stdout] 69cf586e04d461b7ff9d1318c884a853b583fa91720f27eb92953541ed0130fd
[INFO] running `Command { std: "docker" "create" "-v" "/var/lib/crater-agent-workspace/builds/worker-0-tc1/target:/opt/rustwide/target:rw,Z" "-v" "/var/lib/crater-agent-workspace/builds/worker-0-tc1/source:/opt/rustwide/workdir:ro,Z" "-v" "/var/lib/crater-agent-workspace/cargo-home:/opt/rustwide/cargo-home:ro,Z" "-v" "/var/lib/crater-agent-workspace/rustup-home:/opt/rustwide/rustup-home:ro,Z" "-e" "SOURCE_DIR=/opt/rustwide/workdir" "-e" "CARGO_TARGET_DIR=/opt/rustwide/target" "-e" "CARGO_INCREMENTAL=0" "-e" "RUST_BACKTRACE=full" "-e" "RUSTFLAGS=--cap-lints=warn" "-e" "RUSTDOCFLAGS=--cap-lints=warn" "-e" "CARGO_HOME=/opt/rustwide/cargo-home" "-e" "RUSTUP_HOME=/opt/rustwide/rustup-home" "-w" "/opt/rustwide/workdir" "-m" "1610612736" "--user" "0:0" "--network" "none" "ghcr.io/rust-lang/crates-build-env/linux@sha256:2788e3201cd34a07e3172128adcd8b3090168a8e3bcc40d7c032b9dda1df7d1c" "/opt/rustwide/cargo-home/bin/cargo" "+1.75.0" "build" "--frozen" "--message-format=json", kill_on_drop: false }`
[INFO] [stdout] 520895394dceb655dd7c4f8b9272126cc7d6e103e56022d035d3aef3c0afb411
[INFO] running `Command { std: "docker" "start" "-a" "520895394dceb655dd7c4f8b9272126cc7d6e103e56022d035d3aef3c0afb411", kill_on_drop: false }`
[INFO] [stderr]    Compiling ident_case v1.0.1
[INFO] [stderr]    Compiling serde v1.0.194
[INFO] [stderr]    Compiling fnv v1.0.7
[INFO] [stderr]    Compiling strsim v0.10.0
[INFO] [stderr]    Compiling base32 v0.4.0
[INFO] [stderr]    Compiling escape-bytes v0.1.1
[INFO] [stderr]    Compiling either v1.9.0
[INFO] [stderr]    Compiling ethnum v1.5.0
[INFO] [stderr]    Compiling syn v2.0.48
[INFO] [stderr]    Compiling wasmparser v0.88.0
[INFO] [stderr]    Compiling wasmparser v0.90.0
[INFO] [stderr]    Compiling itertools v0.10.5
[INFO] [stderr]    Compiling serde_json v1.0.111
[INFO] [stderr]    Compiling darling_core v0.20.3
[INFO] [stderr]    Compiling serde_derive v1.0.194
[INFO] [stderr]    Compiling thiserror-impl v1.0.56
[INFO] [stderr]    Compiling darling_macro v0.20.3
[INFO] [stderr]    Compiling thiserror v1.0.56
[INFO] [stderr]    Compiling darling v0.20.3
[INFO] [stderr]    Compiling stellar-strkey v0.0.7
[INFO] [stderr]    Compiling serde_with_macros v3.4.0
[INFO] [stderr]    Compiling crate-git-revision v0.0.6
[INFO] [stderr]    Compiling stellar-strkey v0.0.8
[INFO] [stderr]    Compiling stellar-xdr v20.0.2
[INFO] [stderr]    Compiling serde_with v3.4.0
[INFO] [stderr]    Compiling hex v0.4.3
[INFO] [stderr]    Compiling soroban-spec v20.0.3
[INFO] [stderr]    Compiling soroban-spec-tools v20.0.0-rc.4.1 (/opt/rustwide/workdir)
[INFO] [stdout] error[E0432]: unresolved imports `stellar_xdr::AccountId`, `stellar_xdr::BytesM`, `stellar_xdr::ContractExecutable`, `stellar_xdr::Error`, `stellar_xdr::Hash`, `stellar_xdr::Int128Parts`, `stellar_xdr::Int256Parts`, `stellar_xdr::PublicKey`, `stellar_xdr::ScAddress`, `stellar_xdr::ScBytes`, `stellar_xdr::ScContractInstance`, `stellar_xdr::ScMap`, `stellar_xdr::ScMapEntry`, `stellar_xdr::ScNonceKey`, `stellar_xdr::ScSpecEntry`, `stellar_xdr::ScSpecFunctionV0`, `stellar_xdr::ScSpecTypeDef`, `stellar_xdr::ScSpecTypeMap`, `stellar_xdr::ScSpecTypeOption`, `stellar_xdr::ScSpecTypeResult`, `stellar_xdr::ScSpecTypeTuple`, `stellar_xdr::ScSpecTypeUdt`, `stellar_xdr::ScSpecTypeVec`, `stellar_xdr::ScSpecUdtEnumV0`, `stellar_xdr::ScSpecUdtErrorEnumCaseV0`, `stellar_xdr::ScSpecUdtErrorEnumV0`, `stellar_xdr::ScSpecUdtStructV0`, `stellar_xdr::ScSpecUdtUnionCaseTupleV0`, `stellar_xdr::ScSpecUdtUnionCaseV0`, `stellar_xdr::ScSpecUdtUnionCaseVoidV0`, `stellar_xdr::ScSpecUdtUnionV0`, `stellar_xdr::ScString`, `stellar_xdr::ScSymbol`, `stellar_xdr::ScVal`, `stellar_xdr::ScVec`, `stellar_xdr::StringM`, `stellar_xdr::UInt128Parts`, `stellar_xdr::UInt256Parts`, `stellar_xdr::Uint256`, `stellar_xdr::VecM`
[INFO] [stdout]   --> src/lib.rs:7:5
[INFO] [stdout]    |
[INFO] [stdout] 7  |     AccountId, BytesM, ContractExecutable, Error as XdrError, Hash, Int128Parts, Int256Parts,
[INFO] [stdout]    |     ^^^^^^^^^  ^^^^^^  ^^^^^^^^^^^^^^^^^^  ^^^^^^^^^^^^^^^^^  ^^^^  ^^^^^^^^^^^  ^^^^^^^^^^^ no `Int256Parts` in the root
[INFO] [stdout]    |     |          |       |                   |                  |     |
[INFO] [stdout]    |     |          |       |                   |                  |     no `Int128Parts` in the root
[INFO] [stdout]    |     |          |       |                   |                  no `Hash` in the root
[INFO] [stdout]    |     |          |       |                   no `Error` in the root
[INFO] [stdout]    |     |          |       no `ContractExecutable` in the root
[INFO] [stdout]    |     |          no `BytesM` in the root
[INFO] [stdout]    |     no `AccountId` in the root
[INFO] [stdout] 8  |     PublicKey, ScAddress, ScBytes, ScContractInstance, ScMap, ScMapEntry, ScNonceKey, ScSpecEntry,
[INFO] [stdout]    |     ^^^^^^^^^  ^^^^^^^^^  ^^^^^^^  ^^^^^^^^^^^^^^^^^^  ^^^^^  ^^^^^^^^^^  ^^^^^^^^^^  ^^^^^^^^^^^
[INFO] [stdout]    |     |          |          |
[INFO] [stdout]    |     |          |          no `ScBytes` in the root
[INFO] [stdout]    |     |          no `ScAddress` in the root
[INFO] [stdout]    |     no `PublicKey` in the root
[INFO] [stdout] 9  |     ScSpecFunctionV0, ScSpecTypeDef as ScType, ScSpecTypeMap, ScSpecTypeOption, ScSpecTypeResult,
[INFO] [stdout]    |     ^^^^^^^^^^^^^^^^  ^^^^^^^^^^^^^^^^^^^^^^^  ^^^^^^^^^^^^^  ^^^^^^^^^^^^^^^^  ^^^^^^^^^^^^^^^^
[INFO] [stdout] 10 |     ScSpecTypeTuple, ScSpecTypeUdt, ScSpecTypeVec, ScSpecUdtEnumV0, ScSpecUdtErrorEnumCaseV0,
[INFO] [stdout]    |     ^^^^^^^^^^^^^^^  ^^^^^^^^^^^^^  ^^^^^^^^^^^^^  ^^^^^^^^^^^^^^^  ^^^^^^^^^^^^^^^^^^^^^^^^
[INFO] [stdout] 11 |     ScSpecUdtErrorEnumV0, ScSpecUdtStructV0, ScSpecUdtUnionCaseTupleV0, ScSpecUdtUnionCaseV0,
[INFO] [stdout]    |     ^^^^^^^^^^^^^^^^^^^^  ^^^^^^^^^^^^^^^^^  ^^^^^^^^^^^^^^^^^^^^^^^^^  ^^^^^^^^^^^^^^^^^^^^
[INFO] [stdout] 12 |     ScSpecUdtUnionCaseVoidV0, ScSpecUdtUnionV0, ScString, ScSymbol, ScVal, ScVec, StringM,
[INFO] [stdout]    |     ^^^^^^^^^^^^^^^^^^^^^^^^  ^^^^^^^^^^^^^^^^  ^^^^^^^^  ^^^^^^^^  ^^^^^  ^^^^^  ^^^^^^^
[INFO] [stdout] 13 |     UInt128Parts, UInt256Parts, Uint256, VecM,
[INFO] [stdout]    |     ^^^^^^^^^^^^  ^^^^^^^^^^^^  ^^^^^^^  ^^^^
[INFO] [stdout]    |
[INFO] [stdout]    = help: consider importing one of these items instead:
[INFO] [stdout]            stellar_xdr::curr::AccountId
[INFO] [stdout]            stellar_xdr::curr::Type::AccountId
[INFO] [stdout]            stellar_xdr::curr::TypeVariant::AccountId
[INFO] [stdout]    = help: consider importing this struct instead:
[INFO] [stdout]            stellar_xdr::curr::BytesM
[INFO] [stdout]    = help: consider importing one of these items instead:
[INFO] [stdout]            stellar_xdr::curr::ContractExecutable
[INFO] [stdout]            stellar_xdr::curr::Type::ContractExecutable
[INFO] [stdout]            stellar_xdr::curr::TypeVariant::ContractExecutable
[INFO] [stdout]    = help: consider importing one of these items instead:
[INFO] [stdout]            crate::utils::Error
[INFO] [stdout]            serde_json::Error
[INFO] [stdout]            std::error::Error
[INFO] [stdout]            std::fmt::Error
[INFO] [stdout]            std::io::Error
[INFO] [stdout]            stellar_xdr::curr::Error
[INFO] [stdout]            stellar_xdr::curr::ScSpecType::Error
[INFO] [stdout]            stellar_xdr::curr::ScSpecTypeDef::Error
[INFO] [stdout]            stellar_xdr::curr::ScVal::Error
[INFO] [stdout]            stellar_xdr::curr::ScValType::Error
[INFO] [stdout]            core::error::Error
[INFO] [stdout]            core::fmt::Error
[INFO] [stdout]    = help: consider importing one of these items instead:
[INFO] [stdout]            std::hash::Hash
[INFO] [stdout]            stellar_xdr::curr::Hash
[INFO] [stdout]            stellar_xdr::curr::Memo::Hash
[INFO] [stdout]            stellar_xdr::curr::MemoType::Hash
[INFO] [stdout]            stellar_xdr::curr::Type::Hash
[INFO] [stdout]            stellar_xdr::curr::TypeVariant::Hash
[INFO] [stdout]            core::hash::Hash
[INFO] [stdout]    = help: consider importing one of these items instead:
[INFO] [stdout]            stellar_xdr::curr::Int128Parts
[INFO] [stdout]            stellar_xdr::curr::Type::Int128Parts
[INFO] [stdout]            stellar_xdr::curr::TypeVariant::Int128Parts
[INFO] [stdout]    = help: consider importing one of these items instead:
[INFO] [stdout]            stellar_xdr::curr::Int256Parts
[INFO] [stdout]            stellar_xdr::curr::Type::Int256Parts
[INFO] [stdout]            stellar_xdr::curr::TypeVariant::Int256Parts
[INFO] [stdout]    = help: consider importing one of these items instead:
[INFO] [stdout]            stellar_strkey::ed25519::PublicKey
[INFO] [stdout]            stellar_xdr::curr::PublicKey
[INFO] [stdout]            stellar_xdr::curr::Type::PublicKey
[INFO] [stdout]            stellar_xdr::curr::TypeVariant::PublicKey
[INFO] [stdout]    = help: consider importing one of these items instead:
[INFO] [stdout]            stellar_xdr::curr::ScAddress
[INFO] [stdout]            stellar_xdr::curr::Type::ScAddress
[INFO] [stdout]            stellar_xdr::curr::TypeVariant::ScAddress
[INFO] [stdout]    = help: consider importing one of these items instead:
[INFO] [stdout]            stellar_xdr::curr::ScBytes
[INFO] [stdout]            stellar_xdr::curr::Type::ScBytes
[INFO] [stdout]            stellar_xdr::curr::TypeVariant::ScBytes
[INFO] [stdout] 
[INFO] [stdout] 
[INFO] [stdout] error[E0432]: unresolved imports `stellar_xdr::DepthLimitedRead`, `stellar_xdr::ReadXdr`, `stellar_xdr::ScEnvMetaEntry`, `stellar_xdr::ScMetaEntry`, `stellar_xdr::ScMetaV0`, `stellar_xdr::ScSpecEntry`, `stellar_xdr::ScSpecFunctionV0`, `stellar_xdr::ScSpecUdtEnumV0`, `stellar_xdr::ScSpecUdtErrorEnumV0`, `stellar_xdr::ScSpecUdtStructV0`, `stellar_xdr::ScSpecUdtUnionV0`, `stellar_xdr::StringM`
[INFO] [stdout]   --> src/utils.rs:9:5
[INFO] [stdout]    |
[INFO] [stdout] 9  |     DepthLimitedRead, ReadXdr, ScEnvMetaEntry, ScMetaEntry, ScMetaV0, ScSpecEntry,
[INFO] [stdout]    |     ^^^^^^^^^^^^^^^^  ^^^^^^^  ^^^^^^^^^^^^^^  ^^^^^^^^^^^  ^^^^^^^^  ^^^^^^^^^^^ no `ScSpecEntry` in the root
[INFO] [stdout]    |     |                 |        |               |            |
[INFO] [stdout]    |     |                 |        |               |            no `ScMetaV0` in the root
[INFO] [stdout]    |     |                 |        |               no `ScMetaEntry` in the root
[INFO] [stdout]    |     |                 |        no `ScEnvMetaEntry` in the root
[INFO] [stdout]    |     |                 no `ReadXdr` in the root
[INFO] [stdout]    |     no `DepthLimitedRead` in the root
[INFO] [stdout] 10 |     ScSpecFunctionV0, ScSpecUdtEnumV0, ScSpecUdtErrorEnumV0, ScSpecUdtStructV0, ScSpecUdtUnionV0,
[INFO] [stdout]    |     ^^^^^^^^^^^^^^^^  ^^^^^^^^^^^^^^^  ^^^^^^^^^^^^^^^^^^^^  ^^^^^^^^^^^^^^^^^  ^^^^^^^^^^^^^^^^
[INFO] [stdout]    |     |                 |                |                     |
[INFO] [stdout]    |     |                 |                |                     no `ScSpecUdtStructV0` in the root
[INFO] [stdout]    |     |                 |                no `ScSpecUdtErrorEnumV0` in the root
[INFO] [stdout]    |     |                 no `ScSpecUdtEnumV0` in the root
[INFO] [stdout]    |     no `ScSpecFunctionV0` in the root
[INFO] [stdout] 11 |     StringM,
[INFO] [stdout]    |     ^^^^^^^
[INFO] [stdout]    |
[INFO] [stdout]    = help: consider importing this trait instead:
[INFO] [stdout]            stellar_xdr::curr::ReadXdr
[INFO] [stdout]    = help: consider importing one of these items instead:
[INFO] [stdout]            stellar_xdr::curr::ScEnvMetaEntry
[INFO] [stdout]            stellar_xdr::curr::Type::ScEnvMetaEntry
[INFO] [stdout]            stellar_xdr::curr::TypeVariant::ScEnvMetaEntry
[INFO] [stdout]    = help: consider importing one of these items instead:
[INFO] [stdout]            stellar_xdr::curr::ScMetaEntry
[INFO] [stdout]            stellar_xdr::curr::Type::ScMetaEntry
[INFO] [stdout]            stellar_xdr::curr::TypeVariant::ScMetaEntry
[INFO] [stdout]    = help: consider importing one of these items instead:
[INFO] [stdout]            stellar_xdr::curr::ScMetaEntry::ScMetaV0
[INFO] [stdout]            stellar_xdr::curr::ScMetaKind::ScMetaV0
[INFO] [stdout]            stellar_xdr::curr::ScMetaV0
[INFO] [stdout]            stellar_xdr::curr::Type::ScMetaV0
[INFO] [stdout]            stellar_xdr::curr::TypeVariant::ScMetaV0
[INFO] [stdout]    = help: consider importing one of these items instead:
[INFO] [stdout]            crate::ScSpecEntry
[INFO] [stdout]            stellar_xdr::curr::ScSpecEntry
[INFO] [stdout]            stellar_xdr::curr::Type::ScSpecEntry
[INFO] [stdout]            stellar_xdr::curr::TypeVariant::ScSpecEntry
[INFO] [stdout]    = help: consider importing one of these items instead:
[INFO] [stdout]            crate::ScSpecFunctionV0
[INFO] [stdout]            stellar_xdr::curr::ScSpecFunctionV0
[INFO] [stdout]            stellar_xdr::curr::Type::ScSpecFunctionV0
[INFO] [stdout]            stellar_xdr::curr::TypeVariant::ScSpecFunctionV0
[INFO] [stdout]    = help: consider importing one of these items instead:
[INFO] [stdout]            crate::ScSpecUdtEnumV0
[INFO] [stdout]            stellar_xdr::curr::ScSpecUdtEnumV0
[INFO] [stdout]            stellar_xdr::curr::Type::ScSpecUdtEnumV0
[INFO] [stdout]            stellar_xdr::curr::TypeVariant::ScSpecUdtEnumV0
[INFO] [stdout]    = help: consider importing one of these items instead:
[INFO] [stdout]            crate::ScSpecUdtErrorEnumV0
[INFO] [stdout]            stellar_xdr::curr::ScSpecUdtErrorEnumV0
[INFO] [stdout]            stellar_xdr::curr::Type::ScSpecUdtErrorEnumV0
[INFO] [stdout]            stellar_xdr::curr::TypeVariant::ScSpecUdtErrorEnumV0
[INFO] [stdout]    = help: consider importing one of these items instead:
[INFO] [stdout]            crate::ScSpecUdtStructV0
[INFO] [stdout]            stellar_xdr::curr::ScSpecUdtStructV0
[INFO] [stdout]            stellar_xdr::curr::Type::ScSpecUdtStructV0
[INFO] [stdout]            stellar_xdr::curr::TypeVariant::ScSpecUdtStructV0
[INFO] [stdout] 
[INFO] [stdout] 
[INFO] [stdout] error[E0412]: cannot find type `Error` in crate `stellar_xdr`
[INFO] [stdout]   --> src/utils.rs:36:30
[INFO] [stdout]    |
[INFO] [stdout] 36 |     Xdr(#[from] stellar_xdr::Error),
[INFO] [stdout]    |                              ^^^^^ not found in `stellar_xdr`
[INFO] [stdout]    |
[INFO] [stdout] help: consider importing one of these items
[INFO] [stdout]    |
[INFO] [stdout] 1  + use core::error::Error;
[INFO] [stdout]    |
[INFO] [stdout] 1  + use core::fmt::Error;
[INFO] [stdout]    |
[INFO] [stdout] 1  + use crate::Error;
[INFO] [stdout]    |
[INFO] [stdout] 1  + use crate::utils::io::Error;
[INFO] [stdout]    |
[INFO] [stdout]      and 5 other candidates
[INFO] [stdout] help: if you import `Error`, refer to it directly
[INFO] [stdout]    |
[INFO] [stdout] 36 -     Xdr(#[from] stellar_xdr::Error),
[INFO] [stdout] 36 +     Xdr(#[from] Error),
[INFO] [stdout]    |
[INFO] [stdout] 
[INFO] [stdout] 
[INFO] [stdout] error[E0412]: cannot find type `Error` in crate `stellar_xdr`
[INFO] [stdout]   --> src/utils.rs:66:56
[INFO] [stdout]    |
[INFO] [stdout] 66 |                 .collect::<Result<Vec<_>, stellar_xdr::Error>>()?
[INFO] [stdout]    |                                                        ^^^^^ not found in `stellar_xdr`
[INFO] [stdout]    |
[INFO] [stdout] help: consider importing one of these items
[INFO] [stdout]    |
[INFO] [stdout] 1  + use core::error::Error;
[INFO] [stdout]    |
[INFO] [stdout] 1  + use core::fmt::Error;
[INFO] [stdout]    |
[INFO] [stdout] 1  + use crate::Error;
[INFO] [stdout]    |
[INFO] [stdout] 1  + use crate::utils::io::Error;
[INFO] [stdout]    |
[INFO] [stdout]      and 5 other candidates
[INFO] [stdout] help: if you import `Error`, refer to it directly
[INFO] [stdout]    |
[INFO] [stdout] 66 -                 .collect::<Result<Vec<_>, stellar_xdr::Error>>()?
[INFO] [stdout] 66 +                 .collect::<Result<Vec<_>, Error>>()?
[INFO] [stdout]    |
[INFO] [stdout] 
[INFO] [stdout] 
[INFO] [stdout] error[E0412]: cannot find type `Error` in crate `stellar_xdr`
[INFO] [stdout]   --> src/utils.rs:77:56
[INFO] [stdout]    |
[INFO] [stdout] 77 |                 .collect::<Result<Vec<_>, stellar_xdr::Error>>()?
[INFO] [stdout]    |                                                        ^^^^^ not found in `stellar_xdr`
[INFO] [stdout]    |
[INFO] [stdout] help: consider importing one of these items
[INFO] [stdout]    |
[INFO] [stdout] 1  + use core::error::Error;
[INFO] [stdout]    |
[INFO] [stdout] 1  + use core::fmt::Error;
[INFO] [stdout]    |
[INFO] [stdout] 1  + use crate::Error;
[INFO] [stdout]    |
[INFO] [stdout] 1  + use crate::utils::io::Error;
[INFO] [stdout]    |
[INFO] [stdout]      and 5 other candidates
[INFO] [stdout] help: if you import `Error`, refer to it directly
[INFO] [stdout]    |
[INFO] [stdout] 77 -                 .collect::<Result<Vec<_>, stellar_xdr::Error>>()?
[INFO] [stdout] 77 +                 .collect::<Result<Vec<_>, Error>>()?
[INFO] [stdout]    |
[INFO] [stdout] 
[INFO] [stdout] 
[INFO] [stdout] error[E0412]: cannot find type `Error` in crate `stellar_xdr`
[INFO] [stdout]   --> src/utils.rs:88:56
[INFO] [stdout]    |
[INFO] [stdout] 88 |                 .collect::<Result<Vec<_>, stellar_xdr::Error>>()?
[INFO] [stdout]    |                                                        ^^^^^ not found in `stellar_xdr`
[INFO] [stdout]    |
[INFO] [stdout] help: consider importing one of these items
[INFO] [stdout]    |
[INFO] [stdout] 1  + use core::error::Error;
[INFO] [stdout]    |
[INFO] [stdout] 1  + use core::fmt::Error;
[INFO] [stdout]    |
[INFO] [stdout] 1  + use crate::Error;
[INFO] [stdout]    |
[INFO] [stdout] 1  + use crate::utils::io::Error;
[INFO] [stdout]    |
[INFO] [stdout]      and 5 other candidates
[INFO] [stdout] help: if you import `Error`, refer to it directly
[INFO] [stdout]    |
[INFO] [stdout] 88 -                 .collect::<Result<Vec<_>, stellar_xdr::Error>>()?
[INFO] [stdout] 88 +                 .collect::<Result<Vec<_>, Error>>()?
[INFO] [stdout]    |
[INFO] [stdout] 
[INFO] [stdout] 
[INFO] [stdout] error[E0433]: failed to resolve: could not find `ScSpecUdtUnionCaseV0` in `stellar_xdr`
[INFO] [stdout]     --> src/lib.rs:1178:34
[INFO] [stdout]      |
[INFO] [stdout] 1178 |                     stellar_xdr::ScSpecUdtUnionCaseV0::VoidV0(ScSpecUdtUnionCaseVoidV0 {
[INFO] [stdout]      |                                  ^^^^^^^^^^^^^^^^^^^^ could not find `ScSpecUdtUnionCaseV0` in `stellar_xdr`
[INFO] [stdout]      |
[INFO] [stdout] help: consider importing this enum
[INFO] [stdout]      |
[INFO] [stdout] 2    + use stellar_xdr::curr::ScSpecUdtUnionCaseV0;
[INFO] [stdout]      |
[INFO] [stdout] help: if you import `ScSpecUdtUnionCaseV0`, refer to it directly
[INFO] [stdout]      |
[INFO] [stdout] 1178 -                     stellar_xdr::ScSpecUdtUnionCaseV0::VoidV0(ScSpecUdtUnionCaseVoidV0 {
[INFO] [stdout] 1178 +                     ScSpecUdtUnionCaseV0::VoidV0(ScSpecUdtUnionCaseVoidV0 {
[INFO] [stdout]      |
[INFO] [stdout] 
[INFO] [stdout] 
[INFO] [stdout] error[E0433]: failed to resolve: could not find `ScSpecUdtUnionCaseV0` in `stellar_xdr`
[INFO] [stdout]     --> src/lib.rs:1182:34
[INFO] [stdout]      |
[INFO] [stdout] 1182 |                     stellar_xdr::ScSpecUdtUnionCaseV0::TupleV0(ScSpecUdtUnionCaseTupleV0 {
[INFO] [stdout]      |                                  ^^^^^^^^^^^^^^^^^^^^ could not find `ScSpecUdtUnionCaseV0` in `stellar_xdr`
[INFO] [stdout]      |
[INFO] [stdout] help: consider importing this enum
[INFO] [stdout]      |
[INFO] [stdout] 2    + use stellar_xdr::curr::ScSpecUdtUnionCaseV0;
[INFO] [stdout]      |
[INFO] [stdout] help: if you import `ScSpecUdtUnionCaseV0`, refer to it directly
[INFO] [stdout]      |
[INFO] [stdout] 1182 -                     stellar_xdr::ScSpecUdtUnionCaseV0::TupleV0(ScSpecUdtUnionCaseTupleV0 {
[INFO] [stdout] 1182 +                     ScSpecUdtUnionCaseV0::TupleV0(ScSpecUdtUnionCaseTupleV0 {
[INFO] [stdout]      |
[INFO] [stdout] 
[INFO] [stdout] 
[INFO] [stdout] error[E0433]: failed to resolve: could not find `ScSpecUdtUnionCaseV0` in `stellar_xdr`
[INFO] [stdout]     --> src/lib.rs:1334:30
[INFO] [stdout]      |
[INFO] [stdout] 1334 |                 stellar_xdr::ScSpecUdtUnionCaseV0::VoidV0(ScSpecUdtUnionCaseVoidV0 {
[INFO] [stdout]      |                              ^^^^^^^^^^^^^^^^^^^^ could not find `ScSpecUdtUnionCaseV0` in `stellar_xdr`
[INFO] [stdout]      |
[INFO] [stdout] help: consider importing this enum
[INFO] [stdout]      |
[INFO] [stdout] 2    + use stellar_xdr::curr::ScSpecUdtUnionCaseV0;
[INFO] [stdout]      |
[INFO] [stdout] help: if you import `ScSpecUdtUnionCaseV0`, refer to it directly
[INFO] [stdout]      |
[INFO] [stdout] 1334 -                 stellar_xdr::ScSpecUdtUnionCaseV0::VoidV0(ScSpecUdtUnionCaseVoidV0 {
[INFO] [stdout] 1334 +                 ScSpecUdtUnionCaseV0::VoidV0(ScSpecUdtUnionCaseVoidV0 {
[INFO] [stdout]      |
[INFO] [stdout] 
[INFO] [stdout] 
[INFO] [stdout] error[E0433]: failed to resolve: could not find `ScSpecUdtUnionCaseV0` in `stellar_xdr`
[INFO] [stdout]     --> src/lib.rs:1338:30
[INFO] [stdout]      |
[INFO] [stdout] 1338 |                 stellar_xdr::ScSpecUdtUnionCaseV0::TupleV0(ScSpecUdtUnionCaseTupleV0 {
[INFO] [stdout]      |                              ^^^^^^^^^^^^^^^^^^^^ could not find `ScSpecUdtUnionCaseV0` in `stellar_xdr`
[INFO] [stdout]      |
[INFO] [stdout] help: consider importing this enum
[INFO] [stdout]      |
[INFO] [stdout] 2    + use stellar_xdr::curr::ScSpecUdtUnionCaseV0;
[INFO] [stdout]      |
[INFO] [stdout] help: if you import `ScSpecUdtUnionCaseV0`, refer to it directly
[INFO] [stdout]      |
[INFO] [stdout] 1338 -                 stellar_xdr::ScSpecUdtUnionCaseV0::TupleV0(ScSpecUdtUnionCaseTupleV0 {
[INFO] [stdout] 1338 +                 ScSpecUdtUnionCaseV0::TupleV0(ScSpecUdtUnionCaseTupleV0 {
[INFO] [stdout]      |
[INFO] [stdout] 
[INFO] [stdout] 
[INFO] [stdout] error: aborting due to 10 previous errors
[INFO] [stdout] 
[INFO] [stdout] 
[INFO] [stdout] Some errors have detailed explanations: E0412, E0432, E0433.
[INFO] [stdout] 
[INFO] [stdout] For more information about an error, try `rustc --explain E0412`.
[INFO] [stdout] 
[INFO] [stderr] error: could not compile `soroban-spec-tools` (lib) due to 11 previous errors
[INFO] [stderr] warning: build failed, waiting for other jobs to finish...
[INFO] running `Command { std: "docker" "inspect" "520895394dceb655dd7c4f8b9272126cc7d6e103e56022d035d3aef3c0afb411", kill_on_drop: false }`
[INFO] running `Command { std: "docker" "rm" "-f" "520895394dceb655dd7c4f8b9272126cc7d6e103e56022d035d3aef3c0afb411", kill_on_drop: false }`
[INFO] [stdout] 520895394dceb655dd7c4f8b9272126cc7d6e103e56022d035d3aef3c0afb411
[INFO] testing soroban-spec-tools-20.0.0-rc.4.1 against beta-2023-12-22 for beta-1.76-1
[INFO] extracting crate soroban-spec-tools 20.0.0-rc.4.1 into /workspace/builds/worker-0-tc2/source
[INFO] validating manifest of crates.io crate soroban-spec-tools 20.0.0-rc.4.1 on toolchain beta-2023-12-22
[INFO] running `Command { std: CARGO_HOME="/workspace/cargo-home" RUSTUP_HOME="/workspace/rustup-home" "/workspace/cargo-home/bin/cargo" "+beta-2023-12-22" "metadata" "--manifest-path" "Cargo.toml" "--no-deps", kill_on_drop: false }`
[INFO] started tweaking crates.io crate soroban-spec-tools 20.0.0-rc.4.1
[INFO] finished tweaking crates.io crate soroban-spec-tools 20.0.0-rc.4.1
[INFO] tweaked toml for crates.io crate soroban-spec-tools 20.0.0-rc.4.1 written to /workspace/builds/worker-0-tc2/source/Cargo.toml
[INFO] running `Command { std: CARGO_HOME="/workspace/cargo-home" RUSTUP_HOME="/workspace/rustup-home" "/workspace/cargo-home/bin/cargo" "+beta-2023-12-22" "generate-lockfile" "--manifest-path" "Cargo.toml", kill_on_drop: false }`
[INFO] [stderr]     Updating crates.io index
[INFO] running `Command { std: CARGO_HOME="/workspace/cargo-home" RUSTUP_HOME="/workspace/rustup-home" "/workspace/cargo-home/bin/cargo" "+beta-2023-12-22" "fetch" "--manifest-path" "Cargo.toml", kill_on_drop: false }`
[INFO] running `Command { std: "docker" "create" "-v" "/var/lib/crater-agent-workspace/builds/worker-0-tc2/target:/opt/rustwide/target:rw,Z" "-v" "/var/lib/crater-agent-workspace/builds/worker-0-tc2/source:/opt/rustwide/workdir:ro,Z" "-v" "/var/lib/crater-agent-workspace/cargo-home:/opt/rustwide/cargo-home:ro,Z" "-v" "/var/lib/crater-agent-workspace/rustup-home:/opt/rustwide/rustup-home:ro,Z" "-e" "SOURCE_DIR=/opt/rustwide/workdir" "-e" "CARGO_TARGET_DIR=/opt/rustwide/target" "-e" "CARGO_HOME=/opt/rustwide/cargo-home" "-e" "RUSTUP_HOME=/opt/rustwide/rustup-home" "-w" "/opt/rustwide/workdir" "-m" "1610612736" "--user" "0:0" "--network" "none" "ghcr.io/rust-lang/crates-build-env/linux@sha256:2788e3201cd34a07e3172128adcd8b3090168a8e3bcc40d7c032b9dda1df7d1c" "/opt/rustwide/cargo-home/bin/cargo" "+beta-2023-12-22" "metadata" "--no-deps" "--format-version=1", kill_on_drop: false }`
[INFO] [stdout] 8241fb040d804ffd7879b7bbc01f23466d4496833467271d5b7992726ab256a2
[INFO] running `Command { std: "docker" "start" "-a" "8241fb040d804ffd7879b7bbc01f23466d4496833467271d5b7992726ab256a2", kill_on_drop: false }`
[INFO] running `Command { std: "docker" "inspect" "8241fb040d804ffd7879b7bbc01f23466d4496833467271d5b7992726ab256a2", kill_on_drop: false }`
[INFO] running `Command { std: "docker" "rm" "-f" "8241fb040d804ffd7879b7bbc01f23466d4496833467271d5b7992726ab256a2", kill_on_drop: false }`
[INFO] [stdout] 8241fb040d804ffd7879b7bbc01f23466d4496833467271d5b7992726ab256a2
[INFO] running `Command { std: "docker" "create" "-v" "/var/lib/crater-agent-workspace/builds/worker-0-tc2/target:/opt/rustwide/target:rw,Z" "-v" "/var/lib/crater-agent-workspace/builds/worker-0-tc2/source:/opt/rustwide/workdir:ro,Z" "-v" "/var/lib/crater-agent-workspace/cargo-home:/opt/rustwide/cargo-home:ro,Z" "-v" "/var/lib/crater-agent-workspace/rustup-home:/opt/rustwide/rustup-home:ro,Z" "-e" "SOURCE_DIR=/opt/rustwide/workdir" "-e" "CARGO_TARGET_DIR=/opt/rustwide/target" "-e" "CARGO_INCREMENTAL=0" "-e" "RUST_BACKTRACE=full" "-e" "RUSTFLAGS=--cap-lints=warn" "-e" "RUSTDOCFLAGS=--cap-lints=warn" "-e" "CARGO_HOME=/opt/rustwide/cargo-home" "-e" "RUSTUP_HOME=/opt/rustwide/rustup-home" "-w" "/opt/rustwide/workdir" "-m" "1610612736" "--user" "0:0" "--network" "none" "ghcr.io/rust-lang/crates-build-env/linux@sha256:2788e3201cd34a07e3172128adcd8b3090168a8e3bcc40d7c032b9dda1df7d1c" "/opt/rustwide/cargo-home/bin/cargo" "+beta-2023-12-22" "build" "--frozen" "--message-format=json", kill_on_drop: false }`
[INFO] [stdout] e9313ea97318a0cd9a276726c1532645ab6cf5e4f04f6f85a89cf8223357c499
[INFO] running `Command { std: "docker" "start" "-a" "e9313ea97318a0cd9a276726c1532645ab6cf5e4f04f6f85a89cf8223357c499", kill_on_drop: false }`
[INFO] [stderr]    Compiling serde v1.0.194
[INFO] [stderr]    Compiling fnv v1.0.7
[INFO] [stderr]    Compiling ident_case v1.0.1
[INFO] [stderr]    Compiling strsim v0.10.0
[INFO] [stderr]    Compiling base32 v0.4.0
[INFO] [stderr]    Compiling escape-bytes v0.1.1
[INFO] [stderr]    Compiling either v1.9.0
[INFO] [stderr]    Compiling ethnum v1.5.0
[INFO] [stderr]    Compiling syn v2.0.48
[INFO] [stderr]    Compiling wasmparser v0.88.0
[INFO] [stderr]    Compiling wasmparser v0.90.0
[INFO] [stderr]    Compiling itertools v0.10.5
[INFO] [stderr]    Compiling serde_json v1.0.111
[INFO] [stderr]    Compiling darling_core v0.20.3
[INFO] [stderr]    Compiling serde_derive v1.0.194
[INFO] [stderr]    Compiling thiserror-impl v1.0.56
[INFO] [stderr]    Compiling darling_macro v0.20.3
[INFO] [stderr]    Compiling thiserror v1.0.56
[INFO] [stderr]    Compiling stellar-strkey v0.0.7
[INFO] [stderr]    Compiling darling v0.20.3
[INFO] [stderr]    Compiling serde_with_macros v3.4.0
[INFO] [stderr]    Compiling crate-git-revision v0.0.6
[INFO] [stderr]    Compiling stellar-strkey v0.0.8
[INFO] [stderr]    Compiling stellar-xdr v20.0.2
[INFO] [stderr]    Compiling serde_with v3.4.0
[INFO] [stderr]    Compiling hex v0.4.3
[INFO] [stderr]    Compiling soroban-spec v20.0.3
[INFO] [stderr]    Compiling soroban-spec-tools v20.0.0-rc.4.1 (/opt/rustwide/workdir)
[INFO] [stdout] error[E0432]: unresolved imports `stellar_xdr::AccountId`, `stellar_xdr::BytesM`, `stellar_xdr::ContractExecutable`, `stellar_xdr::Error`, `stellar_xdr::Hash`, `stellar_xdr::Int128Parts`, `stellar_xdr::Int256Parts`, `stellar_xdr::PublicKey`, `stellar_xdr::ScAddress`, `stellar_xdr::ScBytes`, `stellar_xdr::ScContractInstance`, `stellar_xdr::ScMap`, `stellar_xdr::ScMapEntry`, `stellar_xdr::ScNonceKey`, `stellar_xdr::ScSpecEntry`, `stellar_xdr::ScSpecFunctionV0`, `stellar_xdr::ScSpecTypeDef`, `stellar_xdr::ScSpecTypeMap`, `stellar_xdr::ScSpecTypeOption`, `stellar_xdr::ScSpecTypeResult`, `stellar_xdr::ScSpecTypeTuple`, `stellar_xdr::ScSpecTypeUdt`, `stellar_xdr::ScSpecTypeVec`, `stellar_xdr::ScSpecUdtEnumV0`, `stellar_xdr::ScSpecUdtErrorEnumCaseV0`, `stellar_xdr::ScSpecUdtErrorEnumV0`, `stellar_xdr::ScSpecUdtStructV0`, `stellar_xdr::ScSpecUdtUnionCaseTupleV0`, `stellar_xdr::ScSpecUdtUnionCaseV0`, `stellar_xdr::ScSpecUdtUnionCaseVoidV0`, `stellar_xdr::ScSpecUdtUnionV0`, `stellar_xdr::ScString`, `stellar_xdr::ScSymbol`, `stellar_xdr::ScVal`, `stellar_xdr::ScVec`, `stellar_xdr::StringM`, `stellar_xdr::UInt128Parts`, `stellar_xdr::UInt256Parts`, `stellar_xdr::Uint256`, `stellar_xdr::VecM`
[INFO] [stdout]   --> src/lib.rs:7:5
[INFO] [stdout]    |
[INFO] [stdout] 7  |     AccountId, BytesM, ContractExecutable, Error as XdrError, Hash, Int128Parts, Int256Parts,
[INFO] [stdout]    |     ^^^^^^^^^  ^^^^^^  ^^^^^^^^^^^^^^^^^^  ^^^^^^^^^^^^^^^^^  ^^^^  ^^^^^^^^^^^  ^^^^^^^^^^^ no `Int256Parts` in the root
[INFO] [stdout]    |     |          |       |                   |                  |     |
[INFO] [stdout]    |     |          |       |                   |                  |     no `Int128Parts` in the root
[INFO] [stdout]    |     |          |       |                   |                  no `Hash` in the root
[INFO] [stdout]    |     |          |       |                   no `Error` in the root
[INFO] [stdout]    |     |          |       no `ContractExecutable` in the root
[INFO] [stdout]    |     |          no `BytesM` in the root
[INFO] [stdout]    |     no `AccountId` in the root
[INFO] [stdout] 8  |     PublicKey, ScAddress, ScBytes, ScContractInstance, ScMap, ScMapEntry, ScNonceKey, ScSpecEntry,
[INFO] [stdout]    |     ^^^^^^^^^  ^^^^^^^^^  ^^^^^^^  ^^^^^^^^^^^^^^^^^^  ^^^^^  ^^^^^^^^^^  ^^^^^^^^^^  ^^^^^^^^^^^
[INFO] [stdout]    |     |          |          |
[INFO] [stdout]    |     |          |          no `ScBytes` in the root
[INFO] [stdout]    |     |          no `ScAddress` in the root
[INFO] [stdout]    |     no `PublicKey` in the root
[INFO] [stdout] 9  |     ScSpecFunctionV0, ScSpecTypeDef as ScType, ScSpecTypeMap, ScSpecTypeOption, ScSpecTypeResult,
[INFO] [stdout]    |     ^^^^^^^^^^^^^^^^  ^^^^^^^^^^^^^^^^^^^^^^^  ^^^^^^^^^^^^^  ^^^^^^^^^^^^^^^^  ^^^^^^^^^^^^^^^^
[INFO] [stdout] 10 |     ScSpecTypeTuple, ScSpecTypeUdt, ScSpecTypeVec, ScSpecUdtEnumV0, ScSpecUdtErrorEnumCaseV0,
[INFO] [stdout]    |     ^^^^^^^^^^^^^^^  ^^^^^^^^^^^^^  ^^^^^^^^^^^^^  ^^^^^^^^^^^^^^^  ^^^^^^^^^^^^^^^^^^^^^^^^
[INFO] [stdout] 11 |     ScSpecUdtErrorEnumV0, ScSpecUdtStructV0, ScSpecUdtUnionCaseTupleV0, ScSpecUdtUnionCaseV0,
[INFO] [stdout]    |     ^^^^^^^^^^^^^^^^^^^^  ^^^^^^^^^^^^^^^^^  ^^^^^^^^^^^^^^^^^^^^^^^^^  ^^^^^^^^^^^^^^^^^^^^
[INFO] [stdout] 12 |     ScSpecUdtUnionCaseVoidV0, ScSpecUdtUnionV0, ScString, ScSymbol, ScVal, ScVec, StringM,
[INFO] [stdout]    |     ^^^^^^^^^^^^^^^^^^^^^^^^  ^^^^^^^^^^^^^^^^  ^^^^^^^^  ^^^^^^^^  ^^^^^  ^^^^^  ^^^^^^^
[INFO] [stdout] 13 |     UInt128Parts, UInt256Parts, Uint256, VecM,
[INFO] [stdout]    |     ^^^^^^^^^^^^  ^^^^^^^^^^^^  ^^^^^^^  ^^^^
[INFO] [stdout]    |
[INFO] [stdout]    = help: consider importing one of these items instead:
[INFO] [stdout]            stellar_xdr::curr::AccountId
[INFO] [stdout]            stellar_xdr::curr::Type::AccountId
[INFO] [stdout]            stellar_xdr::curr::TypeVariant::AccountId
[INFO] [stdout]    = help: consider importing this struct instead:
[INFO] [stdout]            stellar_xdr::curr::BytesM
[INFO] [stdout]    = help: consider importing one of these items instead:
[INFO] [stdout]            stellar_xdr::curr::ContractExecutable
[INFO] [stdout]            stellar_xdr::curr::Type::ContractExecutable
[INFO] [stdout]            stellar_xdr::curr::TypeVariant::ContractExecutable
[INFO] [stdout]    = help: consider importing one of these items instead:
[INFO] [stdout]            core::error::Error
[INFO] [stdout]            core::fmt::Error
[INFO] [stdout]            crate::utils::Error
[INFO] [stdout]            serde_json::Error
[INFO] [stdout]            std::error::Error
[INFO] [stdout]            std::fmt::Error
[INFO] [stdout]            std::io::Error
[INFO] [stdout]            stellar_xdr::curr::Error
[INFO] [stdout]            stellar_xdr::curr::ScSpecType::Error
[INFO] [stdout]            stellar_xdr::curr::ScSpecTypeDef::Error
[INFO] [stdout]            stellar_xdr::curr::ScVal::Error
[INFO] [stdout]            stellar_xdr::curr::ScValType::Error
[INFO] [stdout]    = help: consider importing one of these items instead:
[INFO] [stdout]            core::hash::Hash
[INFO] [stdout]            std::hash::Hash
[INFO] [stdout]            stellar_xdr::curr::Hash
[INFO] [stdout]            stellar_xdr::curr::Memo::Hash
[INFO] [stdout]            stellar_xdr::curr::MemoType::Hash
[INFO] [stdout]            stellar_xdr::curr::Type::Hash
[INFO] [stdout]            stellar_xdr::curr::TypeVariant::Hash
[INFO] [stdout]    = help: consider importing one of these items instead:
[INFO] [stdout]            stellar_xdr::curr::Int128Parts
[INFO] [stdout]            stellar_xdr::curr::Type::Int128Parts
[INFO] [stdout]            stellar_xdr::curr::TypeVariant::Int128Parts
[INFO] [stdout]    = help: consider importing one of these items instead:
[INFO] [stdout]            stellar_xdr::curr::Int256Parts
[INFO] [stdout]            stellar_xdr::curr::Type::Int256Parts
[INFO] [stdout]            stellar_xdr::curr::TypeVariant::Int256Parts
[INFO] [stdout]    = help: consider importing one of these items instead:
[INFO] [stdout]            stellar_strkey::ed25519::PublicKey
[INFO] [stdout]            stellar_xdr::curr::PublicKey
[INFO] [stdout]            stellar_xdr::curr::Type::PublicKey
[INFO] [stdout]            stellar_xdr::curr::TypeVariant::PublicKey
[INFO] [stdout]    = help: consider importing one of these items instead:
[INFO] [stdout]            stellar_xdr::curr::ScAddress
[INFO] [stdout]            stellar_xdr::curr::Type::ScAddress
[INFO] [stdout]            stellar_xdr::curr::TypeVariant::ScAddress
[INFO] [stdout]    = help: consider importing one of these items instead:
[INFO] [stdout]            stellar_xdr::curr::ScBytes
[INFO] [stdout]            stellar_xdr::curr::Type::ScBytes
[INFO] [stdout]            stellar_xdr::curr::TypeVariant::ScBytes
[INFO] [stdout] 
[INFO] [stdout] 
[INFO] [stdout] error[E0432]: unresolved imports `stellar_xdr::DepthLimitedRead`, `stellar_xdr::ReadXdr`, `stellar_xdr::ScEnvMetaEntry`, `stellar_xdr::ScMetaEntry`, `stellar_xdr::ScMetaV0`, `stellar_xdr::ScSpecEntry`, `stellar_xdr::ScSpecFunctionV0`, `stellar_xdr::ScSpecUdtEnumV0`, `stellar_xdr::ScSpecUdtErrorEnumV0`, `stellar_xdr::ScSpecUdtStructV0`, `stellar_xdr::ScSpecUdtUnionV0`, `stellar_xdr::StringM`
[INFO] [stdout]   --> src/utils.rs:9:5
[INFO] [stdout]    |
[INFO] [stdout] 9  |     DepthLimitedRead, ReadXdr, ScEnvMetaEntry, ScMetaEntry, ScMetaV0, ScSpecEntry,
[INFO] [stdout]    |     ^^^^^^^^^^^^^^^^  ^^^^^^^  ^^^^^^^^^^^^^^  ^^^^^^^^^^^  ^^^^^^^^  ^^^^^^^^^^^ no `ScSpecEntry` in the root
[INFO] [stdout]    |     |                 |        |               |            |
[INFO] [stdout]    |     |                 |        |               |            no `ScMetaV0` in the root
[INFO] [stdout]    |     |                 |        |               no `ScMetaEntry` in the root
[INFO] [stdout]    |     |                 |        no `ScEnvMetaEntry` in the root
[INFO] [stdout]    |     |                 no `ReadXdr` in the root
[INFO] [stdout]    |     no `DepthLimitedRead` in the root
[INFO] [stdout] 10 |     ScSpecFunctionV0, ScSpecUdtEnumV0, ScSpecUdtErrorEnumV0, ScSpecUdtStructV0, ScSpecUdtUnionV0,
[INFO] [stdout]    |     ^^^^^^^^^^^^^^^^  ^^^^^^^^^^^^^^^  ^^^^^^^^^^^^^^^^^^^^  ^^^^^^^^^^^^^^^^^  ^^^^^^^^^^^^^^^^
[INFO] [stdout]    |     |                 |                |                     |
[INFO] [stdout]    |     |                 |                |                     no `ScSpecUdtStructV0` in the root
[INFO] [stdout]    |     |                 |                no `ScSpecUdtErrorEnumV0` in the root
[INFO] [stdout]    |     |                 no `ScSpecUdtEnumV0` in the root
[INFO] [stdout]    |     no `ScSpecFunctionV0` in the root
[INFO] [stdout] 11 |     StringM,
[INFO] [stdout]    |     ^^^^^^^
[INFO] [stdout]    |
[INFO] [stdout]    = help: consider importing this trait instead:
[INFO] [stdout]            stellar_xdr::curr::ReadXdr
[INFO] [stdout]    = help: consider importing one of these items instead:
[INFO] [stdout]            stellar_xdr::curr::ScEnvMetaEntry
[INFO] [stdout]            stellar_xdr::curr::Type::ScEnvMetaEntry
[INFO] [stdout]            stellar_xdr::curr::TypeVariant::ScEnvMetaEntry
[INFO] [stdout]    = help: consider importing one of these items instead:
[INFO] [stdout]            stellar_xdr::curr::ScMetaEntry
[INFO] [stdout]            stellar_xdr::curr::Type::ScMetaEntry
[INFO] [stdout]            stellar_xdr::curr::TypeVariant::ScMetaEntry
[INFO] [stdout]    = help: consider importing one of these items instead:
[INFO] [stdout]            stellar_xdr::curr::ScMetaEntry::ScMetaV0
[INFO] [stdout]            stellar_xdr::curr::ScMetaKind::ScMetaV0
[INFO] [stdout]            stellar_xdr::curr::ScMetaV0
[INFO] [stdout]            stellar_xdr::curr::Type::ScMetaV0
[INFO] [stdout]            stellar_xdr::curr::TypeVariant::ScMetaV0
[INFO] [stdout]    = help: consider importing one of these items instead:
[INFO] [stdout]            crate::ScSpecEntry
[INFO] [stdout]            stellar_xdr::curr::ScSpecEntry
[INFO] [stdout]            stellar_xdr::curr::Type::ScSpecEntry
[INFO] [stdout]            stellar_xdr::curr::TypeVariant::ScSpecEntry
[INFO] [stdout]    = help: consider importing one of these items instead:
[INFO] [stdout]            crate::ScSpecFunctionV0
[INFO] [stdout]            stellar_xdr::curr::ScSpecFunctionV0
[INFO] [stdout]            stellar_xdr::curr::Type::ScSpecFunctionV0
[INFO] [stdout]            stellar_xdr::curr::TypeVariant::ScSpecFunctionV0
[INFO] [stdout]    = help: consider importing one of these items instead:
[INFO] [stdout]            crate::ScSpecUdtEnumV0
[INFO] [stdout]            stellar_xdr::curr::ScSpecUdtEnumV0
[INFO] [stdout]            stellar_xdr::curr::Type::ScSpecUdtEnumV0
[INFO] [stdout]            stellar_xdr::curr::TypeVariant::ScSpecUdtEnumV0
[INFO] [stdout]    = help: consider importing one of these items instead:
[INFO] [stdout]            crate::ScSpecUdtErrorEnumV0
[INFO] [stdout]            stellar_xdr::curr::ScSpecUdtErrorEnumV0
[INFO] [stdout]            stellar_xdr::curr::Type::ScSpecUdtErrorEnumV0
[INFO] [stdout]            stellar_xdr::curr::TypeVariant::ScSpecUdtErrorEnumV0
[INFO] [stdout]    = help: consider importing one of these items instead:
[INFO] [stdout]            crate::ScSpecUdtStructV0
[INFO] [stdout]            stellar_xdr::curr::ScSpecUdtStructV0
[INFO] [stdout]            stellar_xdr::curr::Type::ScSpecUdtStructV0
[INFO] [stdout]            stellar_xdr::curr::TypeVariant::ScSpecUdtStructV0
[INFO] [stdout] 
[INFO] [stdout] 
[INFO] [stdout] error[E0412]: cannot find type `Error` in crate `stellar_xdr`
[INFO] [stdout]   --> src/utils.rs:36:30
[INFO] [stdout]    |
[INFO] [stdout] 36 |     Xdr(#[from] stellar_xdr::Error),
[INFO] [stdout]    |                              ^^^^^ not found in `stellar_xdr`
[INFO] [stdout]    |
[INFO] [stdout] help: consider importing one of these items
[INFO] [stdout]    |
[INFO] [stdout] 1  + use core::error::Error;
[INFO] [stdout]    |
[INFO] [stdout] 1  + use core::fmt::Error;
[INFO] [stdout]    |
[INFO] [stdout] 1  + use crate::Error;
[INFO] [stdout]    |
[INFO] [stdout] 1  + use crate::utils::io::Error;
[INFO] [stdout]    |
[INFO] [stdout]      and 5 other candidates
[INFO] [stdout] help: if you import `Error`, refer to it directly
[INFO] [stdout]    |
[INFO] [stdout] 36 -     Xdr(#[from] stellar_xdr::Error),
[INFO] [stdout] 36 +     Xdr(#[from] Error),
[INFO] [stdout]    |
[INFO] [stdout] 
[INFO] [stdout] 
[INFO] [stdout] error[E0412]: cannot find type `Error` in crate `stellar_xdr`
[INFO] [stdout]   --> src/utils.rs:66:56
[INFO] [stdout]    |
[INFO] [stdout] 66 |                 .collect::<Result<Vec<_>, stellar_xdr::Error>>()?
[INFO] [stdout]    |                                                        ^^^^^ not found in `stellar_xdr`
[INFO] [stdout]    |
[INFO] [stdout] help: consider importing one of these items
[INFO] [stdout]    |
[INFO] [stdout] 1  + use core::error::Error;
[INFO] [stdout]    |
[INFO] [stdout] 1  + use core::fmt::Error;
[INFO] [stdout]    |
[INFO] [stdout] 1  + use crate::Error;
[INFO] [stdout]    |
[INFO] [stdout] 1  + use crate::utils::io::Error;
[INFO] [stdout]    |
[INFO] [stdout]      and 5 other candidates
[INFO] [stdout] help: if you import `Error`, refer to it directly
[INFO] [stdout]    |
[INFO] [stdout] 66 -                 .collect::<Result<Vec<_>, stellar_xdr::Error>>()?
[INFO] [stdout] 66 +                 .collect::<Result<Vec<_>, Error>>()?
[INFO] [stdout]    |
[INFO] [stdout] 
[INFO] [stdout] 
[INFO] [stdout] error[E0412]: cannot find type `Error` in crate `stellar_xdr`
[INFO] [stdout]   --> src/utils.rs:77:56
[INFO] [stdout]    |
[INFO] [stdout] 77 |                 .collect::<Result<Vec<_>, stellar_xdr::Error>>()?
[INFO] [stdout]    |                                                        ^^^^^ not found in `stellar_xdr`
[INFO] [stdout]    |
[INFO] [stdout] help: consider importing one of these items
[INFO] [stdout]    |
[INFO] [stdout] 1  + use core::error::Error;
[INFO] [stdout]    |
[INFO] [stdout] 1  + use core::fmt::Error;
[INFO] [stdout]    |
[INFO] [stdout] 1  + use crate::Error;
[INFO] [stdout]    |
[INFO] [stdout] 1  + use crate::utils::io::Error;
[INFO] [stdout]    |
[INFO] [stdout]      and 5 other candidates
[INFO] [stdout] help: if you import `Error`, refer to it directly
[INFO] [stdout]    |
[INFO] [stdout] 77 -                 .collect::<Result<Vec<_>, stellar_xdr::Error>>()?
[INFO] [stdout] 77 +                 .collect::<Result<Vec<_>, Error>>()?
[INFO] [stdout]    |
[INFO] [stdout] 
[INFO] [stdout] 
[INFO] [stdout] error[E0412]: cannot find type `Error` in crate `stellar_xdr`
[INFO] [stdout]   --> src/utils.rs:88:56
[INFO] [stdout]    |
[INFO] [stdout] 88 |                 .collect::<Result<Vec<_>, stellar_xdr::Error>>()?
[INFO] [stdout]    |                                                        ^^^^^ not found in `stellar_xdr`
[INFO] [stdout]    |
[INFO] [stdout] help: consider importing one of these items
[INFO] [stdout]    |
[INFO] [stdout] 1  + use core::error::Error;
[INFO] [stdout]    |
[INFO] [stdout] 1  + use core::fmt::Error;
[INFO] [stdout]    |
[INFO] [stdout] 1  + use crate::Error;
[INFO] [stdout]    |
[INFO] [stdout] 1  + use crate::utils::io::Error;
[INFO] [stdout]    |
[INFO] [stdout]      and 5 other candidates
[INFO] [stdout] help: if you import `Error`, refer to it directly
[INFO] [stdout]    |
[INFO] [stdout] 88 -                 .collect::<Result<Vec<_>, stellar_xdr::Error>>()?
[INFO] [stdout] 88 +                 .collect::<Result<Vec<_>, Error>>()?
[INFO] [stdout]    |
[INFO] [stdout] 
[INFO] [stdout] 
[INFO] [stdout] error[E0433]: failed to resolve: could not find `ScSpecUdtUnionCaseV0` in `stellar_xdr`
[INFO] [stdout]     --> src/lib.rs:1178:34
[INFO] [stdout]      |
[INFO] [stdout] 1178 |                     stellar_xdr::ScSpecUdtUnionCaseV0::VoidV0(ScSpecUdtUnionCaseVoidV0 {
[INFO] [stdout]      |                                  ^^^^^^^^^^^^^^^^^^^^ could not find `ScSpecUdtUnionCaseV0` in `stellar_xdr`
[INFO] [stdout]      |
[INFO] [stdout] help: consider importing this enum
[INFO] [stdout]      |
[INFO] [stdout] 2    + use stellar_xdr::curr::ScSpecUdtUnionCaseV0;
[INFO] [stdout]      |
[INFO] [stdout] help: if you import `ScSpecUdtUnionCaseV0`, refer to it directly
[INFO] [stdout]      |
[INFO] [stdout] 1178 -                     stellar_xdr::ScSpecUdtUnionCaseV0::VoidV0(ScSpecUdtUnionCaseVoidV0 {
[INFO] [stdout] 1178 +                     ScSpecUdtUnionCaseV0::VoidV0(ScSpecUdtUnionCaseVoidV0 {
[INFO] [stdout]      |
[INFO] [stdout] 
[INFO] [stdout] 
[INFO] [stdout] error[E0433]: failed to resolve: could not find `ScSpecUdtUnionCaseV0` in `stellar_xdr`
[INFO] [stdout]     --> src/lib.rs:1182:34
[INFO] [stdout]      |
[INFO] [stdout] 1182 |                     stellar_xdr::ScSpecUdtUnionCaseV0::TupleV0(ScSpecUdtUnionCaseTupleV0 {
[INFO] [stdout]      |                                  ^^^^^^^^^^^^^^^^^^^^ could not find `ScSpecUdtUnionCaseV0` in `stellar_xdr`
[INFO] [stdout]      |
[INFO] [stdout] help: consider importing this enum
[INFO] [stdout]      |
[INFO] [stdout] 2    + use stellar_xdr::curr::ScSpecUdtUnionCaseV0;
[INFO] [stdout]      |
[INFO] [stdout] help: if you import `ScSpecUdtUnionCaseV0`, refer to it directly
[INFO] [stdout]      |
[INFO] [stdout] 1182 -                     stellar_xdr::ScSpecUdtUnionCaseV0::TupleV0(ScSpecUdtUnionCaseTupleV0 {
[INFO] [stdout] 1182 +                     ScSpecUdtUnionCaseV0::TupleV0(ScSpecUdtUnionCaseTupleV0 {
[INFO] [stdout]      |
[INFO] [stdout] 
[INFO] [stdout] 
[INFO] [stdout] error[E0433]: failed to resolve: could not find `ScSpecUdtUnionCaseV0` in `stellar_xdr`
[INFO] [stdout]     --> src/lib.rs:1334:30
[INFO] [stdout]      |
[INFO] [stdout] 1334 |                 stellar_xdr::ScSpecUdtUnionCaseV0::VoidV0(ScSpecUdtUnionCaseVoidV0 {
[INFO] [stdout]      |                              ^^^^^^^^^^^^^^^^^^^^ could not find `ScSpecUdtUnionCaseV0` in `stellar_xdr`
[INFO] [stdout]      |
[INFO] [stdout] help: consider importing this enum
[INFO] [stdout]      |
[INFO] [stdout] 2    + use stellar_xdr::curr::ScSpecUdtUnionCaseV0;
[INFO] [stdout]      |
[INFO] [stdout] help: if you import `ScSpecUdtUnionCaseV0`, refer to it directly
[INFO] [stdout]      |
[INFO] [stdout] 1334 -                 stellar_xdr::ScSpecUdtUnionCaseV0::VoidV0(ScSpecUdtUnionCaseVoidV0 {
[INFO] [stdout] 1334 +                 ScSpecUdtUnionCaseV0::VoidV0(ScSpecUdtUnionCaseVoidV0 {
[INFO] [stdout]      |
[INFO] [stdout] 
[INFO] [stdout] 
[INFO] [stdout] error[E0433]: failed to resolve: could not find `ScSpecUdtUnionCaseV0` in `stellar_xdr`
[INFO] [stdout]     --> src/lib.rs:1338:30
[INFO] [stdout]      |
[INFO] [stdout] 1338 |                 stellar_xdr::ScSpecUdtUnionCaseV0::TupleV0(ScSpecUdtUnionCaseTupleV0 {
[INFO] [stdout]      |                              ^^^^^^^^^^^^^^^^^^^^ could not find `ScSpecUdtUnionCaseV0` in `stellar_xdr`
[INFO] [stdout]      |
[INFO] [stdout] help: consider importing this enum
[INFO] [stdout]      |
[INFO] [stdout] 2    + use stellar_xdr::curr::ScSpecUdtUnionCaseV0;
[INFO] [stdout]      |
[INFO] [stdout] help: if you import `ScSpecUdtUnionCaseV0`, refer to it directly
[INFO] [stdout]      |
[INFO] [stdout] 1338 -                 stellar_xdr::ScSpecUdtUnionCaseV0::TupleV0(ScSpecUdtUnionCaseTupleV0 {
[INFO] [stdout] 1338 +                 ScSpecUdtUnionCaseV0::TupleV0(ScSpecUdtUnionCaseTupleV0 {
[INFO] [stdout]      |
[INFO] [stdout] 
[INFO] [stdout] 
[INFO] [stdout] error: aborting due to 10 previous errors
[INFO] [stdout] 
[INFO] [stdout] 
[INFO] [stdout] Some errors have detailed explanations: E0412, E0432, E0433.
[INFO] [stdout] 
[INFO] [stdout] For more information about an error, try `rustc --explain E0412`.
[INFO] [stdout] 
[INFO] [stderr] error: could not compile `soroban-spec-tools` (lib) due to 11 previous errors
[INFO] [stderr] warning: build failed, waiting for other jobs to finish...
[INFO] running `Command { std: "docker" "inspect" "e9313ea97318a0cd9a276726c1532645ab6cf5e4f04f6f85a89cf8223357c499", kill_on_drop: false }`
[INFO] running `Command { std: "docker" "rm" "-f" "e9313ea97318a0cd9a276726c1532645ab6cf5e4f04f6f85a89cf8223357c499", kill_on_drop: false }`
[INFO] [stdout] e9313ea97318a0cd9a276726c1532645ab6cf5e4f04f6f85a89cf8223357c499
