[INFO] fetching crate soroban-spec-json 20.0.0-rc.4.1...
[INFO] testing soroban-spec-json-20.0.0-rc.4.1 against 1.75.0 for beta-1.76-1
[INFO] extracting crate soroban-spec-json 20.0.0-rc.4.1 into /workspace/builds/worker-5-tc1/source
[INFO] validating manifest of crates.io crate soroban-spec-json 20.0.0-rc.4.1 on toolchain 1.75.0
[INFO] running `Command { std: CARGO_HOME="/workspace/cargo-home" RUSTUP_HOME="/workspace/rustup-home" "/workspace/cargo-home/bin/cargo" "+1.75.0" "metadata" "--manifest-path" "Cargo.toml" "--no-deps", kill_on_drop: false }`
[INFO] started tweaking crates.io crate soroban-spec-json 20.0.0-rc.4.1
[INFO] finished tweaking crates.io crate soroban-spec-json 20.0.0-rc.4.1
[INFO] tweaked toml for crates.io crate soroban-spec-json 20.0.0-rc.4.1 written to /workspace/builds/worker-5-tc1/source/Cargo.toml
[INFO] running `Command { std: CARGO_HOME="/workspace/cargo-home" RUSTUP_HOME="/workspace/rustup-home" "/workspace/cargo-home/bin/cargo" "+1.75.0" "generate-lockfile" "--manifest-path" "Cargo.toml", kill_on_drop: false }`
[INFO] [stderr]     Updating crates.io index
[INFO] running `Command { std: CARGO_HOME="/workspace/cargo-home" RUSTUP_HOME="/workspace/rustup-home" "/workspace/cargo-home/bin/cargo" "+1.75.0" "fetch" "--manifest-path" "Cargo.toml", kill_on_drop: false }`
[INFO] [stderr]     Blocking waiting for file lock on package cache
[INFO] [stderr]     Blocking waiting for file lock on package cache
[INFO] [stderr]  Downloading crates ...
[INFO] [stderr]   Downloaded soroban-spec v20.0.3
[INFO] [stderr]   Downloaded base32 v0.4.0
[INFO] [stderr]   Downloaded stellar-strkey v0.0.8
[INFO] [stderr]   Downloaded crate-git-revision v0.0.6
[INFO] [stderr]   Downloaded escape-bytes v0.1.1
[INFO] [stderr]   Downloaded wasmparser v0.88.0
[INFO] [stderr]   Downloaded stellar-xdr v20.0.2
[INFO] running `Command { std: "docker" "create" "-v" "/var/lib/crater-agent-workspace/builds/worker-5-tc1/target:/opt/rustwide/target:rw,Z" "-v" "/var/lib/crater-agent-workspace/builds/worker-5-tc1/source:/opt/rustwide/workdir:ro,Z" "-v" "/var/lib/crater-agent-workspace/cargo-home:/opt/rustwide/cargo-home:ro,Z" "-v" "/var/lib/crater-agent-workspace/rustup-home:/opt/rustwide/rustup-home:ro,Z" "-e" "SOURCE_DIR=/opt/rustwide/workdir" "-e" "CARGO_TARGET_DIR=/opt/rustwide/target" "-e" "CARGO_HOME=/opt/rustwide/cargo-home" "-e" "RUSTUP_HOME=/opt/rustwide/rustup-home" "-w" "/opt/rustwide/workdir" "-m" "1610612736" "--user" "0:0" "--network" "none" "ghcr.io/rust-lang/crates-build-env/linux@sha256:2788e3201cd34a07e3172128adcd8b3090168a8e3bcc40d7c032b9dda1df7d1c" "/opt/rustwide/cargo-home/bin/cargo" "+1.75.0" "metadata" "--no-deps" "--format-version=1", kill_on_drop: false }`
[INFO] [stdout] a0f41c0b78455c74259e5fb488fec8c8c43f6afff5c8b43cb7a4ee714d7e9c64
[INFO] running `Command { std: "docker" "start" "-a" "a0f41c0b78455c74259e5fb488fec8c8c43f6afff5c8b43cb7a4ee714d7e9c64", kill_on_drop: false }`
[INFO] running `Command { std: "docker" "inspect" "a0f41c0b78455c74259e5fb488fec8c8c43f6afff5c8b43cb7a4ee714d7e9c64", kill_on_drop: false }`
[INFO] running `Command { std: "docker" "rm" "-f" "a0f41c0b78455c74259e5fb488fec8c8c43f6afff5c8b43cb7a4ee714d7e9c64", kill_on_drop: false }`
[INFO] [stdout] a0f41c0b78455c74259e5fb488fec8c8c43f6afff5c8b43cb7a4ee714d7e9c64
[INFO] running `Command { std: "docker" "create" "-v" "/var/lib/crater-agent-workspace/builds/worker-5-tc1/target:/opt/rustwide/target:rw,Z" "-v" "/var/lib/crater-agent-workspace/builds/worker-5-tc1/source:/opt/rustwide/workdir:ro,Z" "-v" "/var/lib/crater-agent-workspace/cargo-home:/opt/rustwide/cargo-home:ro,Z" "-v" "/var/lib/crater-agent-workspace/rustup-home:/opt/rustwide/rustup-home:ro,Z" "-e" "SOURCE_DIR=/opt/rustwide/workdir" "-e" "CARGO_TARGET_DIR=/opt/rustwide/target" "-e" "CARGO_INCREMENTAL=0" "-e" "RUST_BACKTRACE=full" "-e" "RUSTFLAGS=--cap-lints=warn" "-e" "RUSTDOCFLAGS=--cap-lints=warn" "-e" "CARGO_HOME=/opt/rustwide/cargo-home" "-e" "RUSTUP_HOME=/opt/rustwide/rustup-home" "-w" "/opt/rustwide/workdir" "-m" "1610612736" "--user" "0:0" "--network" "none" "ghcr.io/rust-lang/crates-build-env/linux@sha256:2788e3201cd34a07e3172128adcd8b3090168a8e3bcc40d7c032b9dda1df7d1c" "/opt/rustwide/cargo-home/bin/cargo" "+1.75.0" "build" "--frozen" "--message-format=json", kill_on_drop: false }`
[INFO] [stdout] e49b3b955fbb67b100c6006accd2b141ee0f6fe220b4245aff35aa784de300c6
[INFO] running `Command { std: "docker" "start" "-a" "e49b3b955fbb67b100c6006accd2b141ee0f6fe220b4245aff35aa784de300c6", kill_on_drop: false }`
[INFO] [stderr]    Compiling strsim v0.10.0
[INFO] [stderr]    Compiling ident_case v1.0.1
[INFO] [stderr]    Compiling serde v1.0.194
[INFO] [stderr]    Compiling fnv v1.0.7
[INFO] [stderr]    Compiling generic-array v0.14.7
[INFO] [stderr]    Compiling base32 v0.4.0
[INFO] [stderr]    Compiling escape-bytes v0.1.1
[INFO] [stderr]    Compiling cpufeatures v0.2.12
[INFO] [stderr]    Compiling base64 v0.13.1
[INFO] [stderr]    Compiling opaque-debug v0.3.0
[INFO] [stderr]    Compiling syn v2.0.48
[INFO] [stderr]    Compiling wasmparser v0.88.0
[INFO] [stderr]    Compiling digest v0.9.0
[INFO] [stderr]    Compiling block-buffer v0.9.0
[INFO] [stderr]    Compiling sha2 v0.9.9
[INFO] [stderr]    Compiling serde_json v1.0.111
[INFO] [stderr]    Compiling darling_core v0.20.3
[INFO] [stderr]    Compiling serde_derive v1.0.194
[INFO] [stderr]    Compiling thiserror-impl v1.0.56
[INFO] [stderr]    Compiling darling_macro v0.20.3
[INFO] [stderr]    Compiling thiserror v1.0.56
[INFO] [stderr]    Compiling darling v0.20.3
[INFO] [stderr]    Compiling serde_with_macros v3.4.0
[INFO] [stderr]    Compiling crate-git-revision v0.0.6
[INFO] [stderr]    Compiling stellar-strkey v0.0.8
[INFO] [stderr]    Compiling stellar-xdr v20.0.2
[INFO] [stderr]    Compiling serde_with v3.4.0
[INFO] [stderr]    Compiling hex v0.4.3
[INFO] [stderr]    Compiling soroban-spec v20.0.3
[INFO] [stderr]    Compiling soroban-spec-json v20.0.0-rc.4.1 (/opt/rustwide/workdir)
[INFO] [stdout] error[E0432]: unresolved imports `stellar_xdr::ScSpecEntry`, `stellar_xdr::ScSpecFunctionInputV0`, `stellar_xdr::ScSpecTypeDef`, `stellar_xdr::ScSpecUdtEnumCaseV0`, `stellar_xdr::ScSpecUdtErrorEnumCaseV0`, `stellar_xdr::ScSpecUdtStructFieldV0`, `stellar_xdr::ScSpecUdtUnionCaseV0`
[INFO] [stdout]  --> src/types.rs:3:5
[INFO] [stdout]   |
[INFO] [stdout] 3 |     ScSpecEntry, ScSpecFunctionInputV0, ScSpecTypeDef, ScSpecUdtEnumCaseV0,
[INFO] [stdout]   |     ^^^^^^^^^^^  ^^^^^^^^^^^^^^^^^^^^^  ^^^^^^^^^^^^^  ^^^^^^^^^^^^^^^^^^^ no `ScSpecUdtEnumCaseV0` in the root
[INFO] [stdout]   |     |            |                      |
[INFO] [stdout]   |     |            |                      no `ScSpecTypeDef` in the root
[INFO] [stdout]   |     |            no `ScSpecFunctionInputV0` in the root
[INFO] [stdout]   |     no `ScSpecEntry` in the root
[INFO] [stdout] 4 |     ScSpecUdtErrorEnumCaseV0, ScSpecUdtStructFieldV0, ScSpecUdtUnionCaseV0,
[INFO] [stdout]   |     ^^^^^^^^^^^^^^^^^^^^^^^^  ^^^^^^^^^^^^^^^^^^^^^^  ^^^^^^^^^^^^^^^^^^^^ no `ScSpecUdtUnionCaseV0` in the root
[INFO] [stdout]   |     |                         |
[INFO] [stdout]   |     |                         no `ScSpecUdtStructFieldV0` in the root
[INFO] [stdout]   |     no `ScSpecUdtErrorEnumCaseV0` in the root
[INFO] [stdout]   |
[INFO] [stdout]   = help: consider importing one of these items instead:
[INFO] [stdout]           stellar_xdr::curr::ScSpecEntry
[INFO] [stdout]           stellar_xdr::curr::Type::ScSpecEntry
[INFO] [stdout]           stellar_xdr::curr::TypeVariant::ScSpecEntry
[INFO] [stdout]   = help: consider importing one of these items instead:
[INFO] [stdout]           stellar_xdr::curr::ScSpecFunctionInputV0
[INFO] [stdout]           stellar_xdr::curr::Type::ScSpecFunctionInputV0
[INFO] [stdout]           stellar_xdr::curr::TypeVariant::ScSpecFunctionInputV0
[INFO] [stdout]   = help: consider importing one of these items instead:
[INFO] [stdout]           stellar_xdr::curr::ScSpecTypeDef
[INFO] [stdout]           stellar_xdr::curr::Type::ScSpecTypeDef
[INFO] [stdout]           stellar_xdr::curr::TypeVariant::ScSpecTypeDef
[INFO] [stdout]   = help: consider importing one of these items instead:
[INFO] [stdout]           stellar_xdr::curr::ScSpecUdtEnumCaseV0
[INFO] [stdout]           stellar_xdr::curr::Type::ScSpecUdtEnumCaseV0
[INFO] [stdout]           stellar_xdr::curr::TypeVariant::ScSpecUdtEnumCaseV0
[INFO] [stdout]   = help: consider importing one of these items instead:
[INFO] [stdout]           stellar_xdr::curr::ScSpecUdtErrorEnumCaseV0
[INFO] [stdout]           stellar_xdr::curr::Type::ScSpecUdtErrorEnumCaseV0
[INFO] [stdout]           stellar_xdr::curr::TypeVariant::ScSpecUdtErrorEnumCaseV0
[INFO] [stdout]   = help: consider importing one of these items instead:
[INFO] [stdout]           stellar_xdr::curr::ScSpecUdtStructFieldV0
[INFO] [stdout]           stellar_xdr::curr::Type::ScSpecUdtStructFieldV0
[INFO] [stdout]           stellar_xdr::curr::TypeVariant::ScSpecUdtStructFieldV0
[INFO] [stdout]   = help: consider importing one of these items instead:
[INFO] [stdout]           stellar_xdr::curr::ScSpecUdtUnionCaseV0
[INFO] [stdout]           stellar_xdr::curr::Type::ScSpecUdtUnionCaseV0
[INFO] [stdout]           stellar_xdr::curr::TypeVariant::ScSpecUdtUnionCaseV0
[INFO] [stdout] 
[INFO] [stdout] 
[INFO] [stdout] error[E0432]: unresolved import `stellar_xdr::ScSpecEntry`
[INFO] [stdout]  --> src/lib.rs:6:5
[INFO] [stdout]   |
[INFO] [stdout] 6 | use stellar_xdr::ScSpecEntry;
[INFO] [stdout]   |     ^^^^^^^^^^^^^^^^^^^^^^^^ no `ScSpecEntry` in the root
[INFO] [stdout]   |
[INFO] [stdout] help: consider importing one of these items instead
[INFO] [stdout]   |
[INFO] [stdout] 6 | use stellar_xdr::curr::ScSpecEntry;
[INFO] [stdout]   |     ~~~~~~~~~~~~~~~~~~~~~~~~~~~~~~
[INFO] [stdout] 6 | use stellar_xdr::curr::Type::ScSpecEntry;
[INFO] [stdout]   |     ~~~~~~~~~~~~~~~~~~~~~~~~~~~~~~~~~~~~
[INFO] [stdout] 6 | use stellar_xdr::curr::TypeVariant::ScSpecEntry;
[INFO] [stdout]   |     ~~~~~~~~~~~~~~~~~~~~~~~~~~~~~~~~~~~~~~~~~~~
[INFO] [stdout] 
[INFO] [stdout] 
[INFO] [stdout] error[E0412]: cannot find type `Error` in crate `stellar_xdr`
[INFO] [stdout]   --> src/lib.rs:19:24
[INFO] [stdout]    |
[INFO] [stdout] 19 |     Parse(stellar_xdr::Error),
[INFO] [stdout]    |                        ^^^^^ not found in `stellar_xdr`
[INFO] [stdout]    |
[INFO] [stdout] help: consider importing one of these items
[INFO] [stdout]    |
[INFO] [stdout] 1  + use core::error::Error;
[INFO] [stdout]    |
[INFO] [stdout] 1  + use core::fmt::Error;
[INFO] [stdout]    |
[INFO] [stdout] 1  + use crate::io::Error;
[INFO] [stdout]    |
[INFO] [stdout] 1  + use serde::__private::doc::Error;
[INFO] [stdout]    |
[INFO] [stdout]      and 9 other candidates
[INFO] [stdout] help: if you import `Error`, refer to it directly
[INFO] [stdout]    |
[INFO] [stdout] 19 -     Parse(stellar_xdr::Error),
[INFO] [stdout] 19 +     Parse(Error),
[INFO] [stdout]    |
[INFO] [stdout] 
[INFO] [stdout] 
[INFO] [stdout] error: aborting due to 3 previous errors
[INFO] [stdout] 
[INFO] [stdout] 
[INFO] [stdout] Some errors have detailed explanations: E0412, E0432.
[INFO] [stdout] 
[INFO] [stdout] For more information about an error, try `rustc --explain E0412`.
[INFO] [stdout] 
[INFO] [stderr] error: could not compile `soroban-spec-json` (lib) due to 4 previous errors
[INFO] [stderr] warning: build failed, waiting for other jobs to finish...
[INFO] running `Command { std: "docker" "inspect" "e49b3b955fbb67b100c6006accd2b141ee0f6fe220b4245aff35aa784de300c6", kill_on_drop: false }`
[INFO] running `Command { std: "docker" "rm" "-f" "e49b3b955fbb67b100c6006accd2b141ee0f6fe220b4245aff35aa784de300c6", kill_on_drop: false }`
[INFO] [stdout] e49b3b955fbb67b100c6006accd2b141ee0f6fe220b4245aff35aa784de300c6
[INFO] testing soroban-spec-json-20.0.0-rc.4.1 against beta-2023-12-22 for beta-1.76-1
[INFO] extracting crate soroban-spec-json 20.0.0-rc.4.1 into /workspace/builds/worker-5-tc2/source
[INFO] validating manifest of crates.io crate soroban-spec-json 20.0.0-rc.4.1 on toolchain beta-2023-12-22
[INFO] running `Command { std: CARGO_HOME="/workspace/cargo-home" RUSTUP_HOME="/workspace/rustup-home" "/workspace/cargo-home/bin/cargo" "+beta-2023-12-22" "metadata" "--manifest-path" "Cargo.toml" "--no-deps", kill_on_drop: false }`
[INFO] started tweaking crates.io crate soroban-spec-json 20.0.0-rc.4.1
[INFO] finished tweaking crates.io crate soroban-spec-json 20.0.0-rc.4.1
[INFO] tweaked toml for crates.io crate soroban-spec-json 20.0.0-rc.4.1 written to /workspace/builds/worker-5-tc2/source/Cargo.toml
[INFO] running `Command { std: CARGO_HOME="/workspace/cargo-home" RUSTUP_HOME="/workspace/rustup-home" "/workspace/cargo-home/bin/cargo" "+beta-2023-12-22" "generate-lockfile" "--manifest-path" "Cargo.toml", kill_on_drop: false }`
[INFO] [stderr]     Updating crates.io index
[INFO] running `Command { std: CARGO_HOME="/workspace/cargo-home" RUSTUP_HOME="/workspace/rustup-home" "/workspace/cargo-home/bin/cargo" "+beta-2023-12-22" "fetch" "--manifest-path" "Cargo.toml", kill_on_drop: false }`
[INFO] running `Command { std: "docker" "create" "-v" "/var/lib/crater-agent-workspace/builds/worker-5-tc2/target:/opt/rustwide/target:rw,Z" "-v" "/var/lib/crater-agent-workspace/builds/worker-5-tc2/source:/opt/rustwide/workdir:ro,Z" "-v" "/var/lib/crater-agent-workspace/cargo-home:/opt/rustwide/cargo-home:ro,Z" "-v" "/var/lib/crater-agent-workspace/rustup-home:/opt/rustwide/rustup-home:ro,Z" "-e" "SOURCE_DIR=/opt/rustwide/workdir" "-e" "CARGO_TARGET_DIR=/opt/rustwide/target" "-e" "CARGO_HOME=/opt/rustwide/cargo-home" "-e" "RUSTUP_HOME=/opt/rustwide/rustup-home" "-w" "/opt/rustwide/workdir" "-m" "1610612736" "--user" "0:0" "--network" "none" "ghcr.io/rust-lang/crates-build-env/linux@sha256:2788e3201cd34a07e3172128adcd8b3090168a8e3bcc40d7c032b9dda1df7d1c" "/opt/rustwide/cargo-home/bin/cargo" "+beta-2023-12-22" "metadata" "--no-deps" "--format-version=1", kill_on_drop: false }`
[INFO] [stdout] d698271b158a22a7f1f011b69d1f35303cae4b2c100585ef5741507382091e65
[INFO] running `Command { std: "docker" "start" "-a" "d698271b158a22a7f1f011b69d1f35303cae4b2c100585ef5741507382091e65", kill_on_drop: false }`
[INFO] running `Command { std: "docker" "inspect" "d698271b158a22a7f1f011b69d1f35303cae4b2c100585ef5741507382091e65", kill_on_drop: false }`
[INFO] running `Command { std: "docker" "rm" "-f" "d698271b158a22a7f1f011b69d1f35303cae4b2c100585ef5741507382091e65", kill_on_drop: false }`
[INFO] [stdout] d698271b158a22a7f1f011b69d1f35303cae4b2c100585ef5741507382091e65
[INFO] running `Command { std: "docker" "create" "-v" "/var/lib/crater-agent-workspace/builds/worker-5-tc2/target:/opt/rustwide/target:rw,Z" "-v" "/var/lib/crater-agent-workspace/builds/worker-5-tc2/source:/opt/rustwide/workdir:ro,Z" "-v" "/var/lib/crater-agent-workspace/cargo-home:/opt/rustwide/cargo-home:ro,Z" "-v" "/var/lib/crater-agent-workspace/rustup-home:/opt/rustwide/rustup-home:ro,Z" "-e" "SOURCE_DIR=/opt/rustwide/workdir" "-e" "CARGO_TARGET_DIR=/opt/rustwide/target" "-e" "CARGO_INCREMENTAL=0" "-e" "RUST_BACKTRACE=full" "-e" "RUSTFLAGS=--cap-lints=warn" "-e" "RUSTDOCFLAGS=--cap-lints=warn" "-e" "CARGO_HOME=/opt/rustwide/cargo-home" "-e" "RUSTUP_HOME=/opt/rustwide/rustup-home" "-w" "/opt/rustwide/workdir" "-m" "1610612736" "--user" "0:0" "--network" "none" "ghcr.io/rust-lang/crates-build-env/linux@sha256:2788e3201cd34a07e3172128adcd8b3090168a8e3bcc40d7c032b9dda1df7d1c" "/opt/rustwide/cargo-home/bin/cargo" "+beta-2023-12-22" "build" "--frozen" "--message-format=json", kill_on_drop: false }`
[INFO] [stdout] bd4aaa7040280bb4427136616f2900b4d57d2a7c44ec397d8fa77d28149c443e
[INFO] running `Command { std: "docker" "start" "-a" "bd4aaa7040280bb4427136616f2900b4d57d2a7c44ec397d8fa77d28149c443e", kill_on_drop: false }`
[INFO] [stderr]    Compiling fnv v1.0.7
[INFO] [stderr]    Compiling strsim v0.10.0
[INFO] [stderr]    Compiling serde v1.0.194
[INFO] [stderr]    Compiling ident_case v1.0.1
[INFO] [stderr]    Compiling base32 v0.4.0
[INFO] [stderr]    Compiling generic-array v0.14.7
[INFO] [stderr]    Compiling escape-bytes v0.1.1
[INFO] [stderr]    Compiling cpufeatures v0.2.12
[INFO] [stderr]    Compiling base64 v0.13.1
[INFO] [stderr]    Compiling opaque-debug v0.3.0
[INFO] [stderr]    Compiling syn v2.0.48
[INFO] [stderr]    Compiling wasmparser v0.88.0
[INFO] [stderr]    Compiling digest v0.9.0
[INFO] [stderr]    Compiling block-buffer v0.9.0
[INFO] [stderr]    Compiling sha2 v0.9.9
[INFO] [stderr]    Compiling serde_json v1.0.111
[INFO] [stderr]    Compiling darling_core v0.20.3
[INFO] [stderr]    Compiling serde_derive v1.0.194
[INFO] [stderr]    Compiling thiserror-impl v1.0.56
[INFO] [stderr]    Compiling darling_macro v0.20.3
[INFO] [stderr]    Compiling thiserror v1.0.56
[INFO] [stderr]    Compiling darling v0.20.3
[INFO] [stderr]    Compiling serde_with_macros v3.4.0
[INFO] [stderr]    Compiling crate-git-revision v0.0.6
[INFO] [stderr]    Compiling stellar-strkey v0.0.8
[INFO] [stderr]    Compiling stellar-xdr v20.0.2
[INFO] [stderr]    Compiling serde_with v3.4.0
[INFO] [stderr]    Compiling hex v0.4.3
[INFO] [stderr]    Compiling soroban-spec v20.0.3
[INFO] [stderr]    Compiling soroban-spec-json v20.0.0-rc.4.1 (/opt/rustwide/workdir)
[INFO] [stdout] error[E0432]: unresolved imports `stellar_xdr::ScSpecEntry`, `stellar_xdr::ScSpecFunctionInputV0`, `stellar_xdr::ScSpecTypeDef`, `stellar_xdr::ScSpecUdtEnumCaseV0`, `stellar_xdr::ScSpecUdtErrorEnumCaseV0`, `stellar_xdr::ScSpecUdtStructFieldV0`, `stellar_xdr::ScSpecUdtUnionCaseV0`
[INFO] [stdout]  --> src/types.rs:3:5
[INFO] [stdout]   |
[INFO] [stdout] 3 |     ScSpecEntry, ScSpecFunctionInputV0, ScSpecTypeDef, ScSpecUdtEnumCaseV0,
[INFO] [stdout]   |     ^^^^^^^^^^^  ^^^^^^^^^^^^^^^^^^^^^  ^^^^^^^^^^^^^  ^^^^^^^^^^^^^^^^^^^ no `ScSpecUdtEnumCaseV0` in the root
[INFO] [stdout]   |     |            |                      |
[INFO] [stdout]   |     |            |                      no `ScSpecTypeDef` in the root
[INFO] [stdout]   |     |            no `ScSpecFunctionInputV0` in the root
[INFO] [stdout]   |     no `ScSpecEntry` in the root
[INFO] [stdout] 4 |     ScSpecUdtErrorEnumCaseV0, ScSpecUdtStructFieldV0, ScSpecUdtUnionCaseV0,
[INFO] [stdout]   |     ^^^^^^^^^^^^^^^^^^^^^^^^  ^^^^^^^^^^^^^^^^^^^^^^  ^^^^^^^^^^^^^^^^^^^^ no `ScSpecUdtUnionCaseV0` in the root
[INFO] [stdout]   |     |                         |
[INFO] [stdout]   |     |                         no `ScSpecUdtStructFieldV0` in the root
[INFO] [stdout]   |     no `ScSpecUdtErrorEnumCaseV0` in the root
[INFO] [stdout]   |
[INFO] [stdout]   = help: consider importing one of these items instead:
[INFO] [stdout]           stellar_xdr::curr::ScSpecEntry
[INFO] [stdout]           stellar_xdr::curr::Type::ScSpecEntry
[INFO] [stdout]           stellar_xdr::curr::TypeVariant::ScSpecEntry
[INFO] [stdout]   = help: consider importing one of these items instead:
[INFO] [stdout]           stellar_xdr::curr::ScSpecFunctionInputV0
[INFO] [stdout]           stellar_xdr::curr::Type::ScSpecFunctionInputV0
[INFO] [stdout]           stellar_xdr::curr::TypeVariant::ScSpecFunctionInputV0
[INFO] [stdout]   = help: consider importing one of these items instead:
[INFO] [stdout]           stellar_xdr::curr::ScSpecTypeDef
[INFO] [stdout]           stellar_xdr::curr::Type::ScSpecTypeDef
[INFO] [stdout]           stellar_xdr::curr::TypeVariant::ScSpecTypeDef
[INFO] [stdout]   = help: consider importing one of these items instead:
[INFO] [stdout]           stellar_xdr::curr::ScSpecUdtEnumCaseV0
[INFO] [stdout]           stellar_xdr::curr::Type::ScSpecUdtEnumCaseV0
[INFO] [stdout]           stellar_xdr::curr::TypeVariant::ScSpecUdtEnumCaseV0
[INFO] [stdout]   = help: consider importing one of these items instead:
[INFO] [stdout]           stellar_xdr::curr::ScSpecUdtErrorEnumCaseV0
[INFO] [stdout]           stellar_xdr::curr::Type::ScSpecUdtErrorEnumCaseV0
[INFO] [stdout]           stellar_xdr::curr::TypeVariant::ScSpecUdtErrorEnumCaseV0
[INFO] [stdout]   = help: consider importing one of these items instead:
[INFO] [stdout]           stellar_xdr::curr::ScSpecUdtStructFieldV0
[INFO] [stdout]           stellar_xdr::curr::Type::ScSpecUdtStructFieldV0
[INFO] [stdout]           stellar_xdr::curr::TypeVariant::ScSpecUdtStructFieldV0
[INFO] [stdout]   = help: consider importing one of these items instead:
[INFO] [stdout]           stellar_xdr::curr::ScSpecUdtUnionCaseV0
[INFO] [stdout]           stellar_xdr::curr::Type::ScSpecUdtUnionCaseV0
[INFO] [stdout]           stellar_xdr::curr::TypeVariant::ScSpecUdtUnionCaseV0
[INFO] [stdout] 
[INFO] [stdout] 
[INFO] [stdout] error[E0432]: unresolved import `stellar_xdr::ScSpecEntry`
[INFO] [stdout]  --> src/lib.rs:6:5
[INFO] [stdout]   |
[INFO] [stdout] 6 | use stellar_xdr::ScSpecEntry;
[INFO] [stdout]   |     ^^^^^^^^^^^^^^^^^^^^^^^^ no `ScSpecEntry` in the root
[INFO] [stdout]   |
[INFO] [stdout] help: consider importing one of these items instead
[INFO] [stdout]   |
[INFO] [stdout] 6 | use stellar_xdr::curr::ScSpecEntry;
[INFO] [stdout]   |     ~~~~~~~~~~~~~~~~~~~~~~~~~~~~~~
[INFO] [stdout] 6 | use stellar_xdr::curr::Type::ScSpecEntry;
[INFO] [stdout]   |     ~~~~~~~~~~~~~~~~~~~~~~~~~~~~~~~~~~~~
[INFO] [stdout] 6 | use stellar_xdr::curr::TypeVariant::ScSpecEntry;
[INFO] [stdout]   |     ~~~~~~~~~~~~~~~~~~~~~~~~~~~~~~~~~~~~~~~~~~~
[INFO] [stdout] 
[INFO] [stdout] 
[INFO] [stdout] error[E0412]: cannot find type `Error` in crate `stellar_xdr`
[INFO] [stdout]   --> src/lib.rs:19:24
[INFO] [stdout]    |
[INFO] [stdout] 19 |     Parse(stellar_xdr::Error),
[INFO] [stdout]    |                        ^^^^^ not found in `stellar_xdr`
[INFO] [stdout]    |
[INFO] [stdout] help: consider importing one of these items
[INFO] [stdout]    |
[INFO] [stdout] 1  + use core::error::Error;
[INFO] [stdout]    |
[INFO] [stdout] 1  + use core::fmt::Error;
[INFO] [stdout]    |
[INFO] [stdout] 1  + use crate::io::Error;
[INFO] [stdout]    |
[INFO] [stdout] 1  + use serde::__private::doc::Error;
[INFO] [stdout]    |
[INFO] [stdout]      and 9 other candidates
[INFO] [stdout] help: if you import `Error`, refer to it directly
[INFO] [stdout]    |
[INFO] [stdout] 19 -     Parse(stellar_xdr::Error),
[INFO] [stdout] 19 +     Parse(Error),
[INFO] [stdout]    |
[INFO] [stdout] 
[INFO] [stdout] 
[INFO] [stdout] error: aborting due to 3 previous errors
[INFO] [stdout] 
[INFO] [stdout] 
[INFO] [stdout] Some errors have detailed explanations: E0412, E0432.
[INFO] [stdout] 
[INFO] [stdout] For more information about an error, try `rustc --explain E0412`.
[INFO] [stdout] 
[INFO] [stderr] error: could not compile `soroban-spec-json` (lib) due to 4 previous errors
[INFO] [stderr] warning: build failed, waiting for other jobs to finish...
[INFO] running `Command { std: "docker" "inspect" "bd4aaa7040280bb4427136616f2900b4d57d2a7c44ec397d8fa77d28149c443e", kill_on_drop: false }`
[INFO] running `Command { std: "docker" "rm" "-f" "bd4aaa7040280bb4427136616f2900b4d57d2a7c44ec397d8fa77d28149c443e", kill_on_drop: false }`
[INFO] [stdout] bd4aaa7040280bb4427136616f2900b4d57d2a7c44ec397d8fa77d28149c443e
