[INFO] fetching crate soroban-ledger-snapshot 20.0.0-rc2...
[INFO] testing soroban-ledger-snapshot-20.0.0-rc2 against 1.75.0 for beta-1.76-1
[INFO] extracting crate soroban-ledger-snapshot 20.0.0-rc2 into /workspace/builds/worker-5-tc1/source
[INFO] validating manifest of crates.io crate soroban-ledger-snapshot 20.0.0-rc2 on toolchain 1.75.0
[INFO] running `Command { std: CARGO_HOME="/workspace/cargo-home" RUSTUP_HOME="/workspace/rustup-home" "/workspace/cargo-home/bin/cargo" "+1.75.0" "metadata" "--manifest-path" "Cargo.toml" "--no-deps", kill_on_drop: false }`
[INFO] started tweaking crates.io crate soroban-ledger-snapshot 20.0.0-rc2
[INFO] finished tweaking crates.io crate soroban-ledger-snapshot 20.0.0-rc2
[INFO] tweaked toml for crates.io crate soroban-ledger-snapshot 20.0.0-rc2 written to /workspace/builds/worker-5-tc1/source/Cargo.toml
[INFO] running `Command { std: CARGO_HOME="/workspace/cargo-home" RUSTUP_HOME="/workspace/rustup-home" "/workspace/cargo-home/bin/cargo" "+1.75.0" "generate-lockfile" "--manifest-path" "Cargo.toml", kill_on_drop: false }`
[INFO] [stderr]     Updating crates.io index
[INFO] running `Command { std: CARGO_HOME="/workspace/cargo-home" RUSTUP_HOME="/workspace/rustup-home" "/workspace/cargo-home/bin/cargo" "+1.75.0" "fetch" "--manifest-path" "Cargo.toml", kill_on_drop: false }`
[INFO] [stderr]  Downloading crates ...
[INFO] [stderr]   Downloaded soroban-builtin-sdk-macros v20.0.2
[INFO] [stderr]   Downloaded soroban-env-macros v20.0.2
[INFO] [stderr]   Downloaded thiserror-impl v1.0.55
[INFO] [stderr]   Downloaded escape-bytes v0.1.1
[INFO] [stderr]   Downloaded soroban-env-common v20.0.2
[INFO] [stderr]   Downloaded thiserror v1.0.55
[INFO] [stderr]   Downloaded soroban-wasmi v0.31.1-soroban.20.0.0
[INFO] [stderr]   Downloaded stellar-xdr v20.0.2
[INFO] [stderr]   Downloaded soroban-env-host v20.0.2
[INFO] [stderr]   Downloaded ed25519-dalek v2.0.0
[INFO] [stderr]   Downloaded stellar-strkey v0.0.8
[INFO] [stderr]   Downloaded crate-git-revision v0.0.6
[INFO] [stderr]   Downloaded wasmi_core v0.13.0
[INFO] running `Command { std: "docker" "create" "-v" "/var/lib/crater-agent-workspace/builds/worker-5-tc1/target:/opt/rustwide/target:rw,Z" "-v" "/var/lib/crater-agent-workspace/builds/worker-5-tc1/source:/opt/rustwide/workdir:ro,Z" "-v" "/var/lib/crater-agent-workspace/cargo-home:/opt/rustwide/cargo-home:ro,Z" "-v" "/var/lib/crater-agent-workspace/rustup-home:/opt/rustwide/rustup-home:ro,Z" "-e" "SOURCE_DIR=/opt/rustwide/workdir" "-e" "CARGO_TARGET_DIR=/opt/rustwide/target" "-e" "CARGO_HOME=/opt/rustwide/cargo-home" "-e" "RUSTUP_HOME=/opt/rustwide/rustup-home" "-w" "/opt/rustwide/workdir" "-m" "1610612736" "--user" "0:0" "--network" "none" "ghcr.io/rust-lang/crates-build-env/linux@sha256:2788e3201cd34a07e3172128adcd8b3090168a8e3bcc40d7c032b9dda1df7d1c" "/opt/rustwide/cargo-home/bin/cargo" "+1.75.0" "metadata" "--no-deps" "--format-version=1", kill_on_drop: false }`
[INFO] [stdout] a96e5108b033fddc10cefdac8a00133642f0f3a7d37a7ab076e3da5dcf5db457
[INFO] running `Command { std: "docker" "start" "-a" "a96e5108b033fddc10cefdac8a00133642f0f3a7d37a7ab076e3da5dcf5db457", kill_on_drop: false }`
[INFO] running `Command { std: "docker" "inspect" "a96e5108b033fddc10cefdac8a00133642f0f3a7d37a7ab076e3da5dcf5db457", kill_on_drop: false }`
[INFO] running `Command { std: "docker" "rm" "-f" "a96e5108b033fddc10cefdac8a00133642f0f3a7d37a7ab076e3da5dcf5db457", kill_on_drop: false }`
[INFO] [stdout] a96e5108b033fddc10cefdac8a00133642f0f3a7d37a7ab076e3da5dcf5db457
[INFO] running `Command { std: "docker" "create" "-v" "/var/lib/crater-agent-workspace/builds/worker-5-tc1/target:/opt/rustwide/target:rw,Z" "-v" "/var/lib/crater-agent-workspace/builds/worker-5-tc1/source:/opt/rustwide/workdir:ro,Z" "-v" "/var/lib/crater-agent-workspace/cargo-home:/opt/rustwide/cargo-home:ro,Z" "-v" "/var/lib/crater-agent-workspace/rustup-home:/opt/rustwide/rustup-home:ro,Z" "-e" "SOURCE_DIR=/opt/rustwide/workdir" "-e" "CARGO_TARGET_DIR=/opt/rustwide/target" "-e" "CARGO_INCREMENTAL=0" "-e" "RUST_BACKTRACE=full" "-e" "RUSTFLAGS=--cap-lints=warn" "-e" "RUSTDOCFLAGS=--cap-lints=warn" "-e" "CARGO_HOME=/opt/rustwide/cargo-home" "-e" "RUSTUP_HOME=/opt/rustwide/rustup-home" "-w" "/opt/rustwide/workdir" "-m" "1610612736" "--user" "0:0" "--network" "none" "ghcr.io/rust-lang/crates-build-env/linux@sha256:2788e3201cd34a07e3172128adcd8b3090168a8e3bcc40d7c032b9dda1df7d1c" "/opt/rustwide/cargo-home/bin/cargo" "+1.75.0" "build" "--frozen" "--message-format=json", kill_on_drop: false }`
[INFO] [stdout] e7e39481d18a29f51bc0979ac20c2e19831ed90887ad833ba89a2c5ddc3f7b0f
[INFO] running `Command { std: "docker" "start" "-a" "e7e39481d18a29f51bc0979ac20c2e19831ed90887ad833ba89a2c5ddc3f7b0f", kill_on_drop: false }`
[INFO] [stderr]    Compiling proc-macro2 v1.0.69
[INFO] [stderr]    Compiling zeroize v1.7.0
[INFO] [stderr]    Compiling serde v1.0.192
[INFO] [stderr]    Compiling serde_json v1.0.108
[INFO] [stderr]    Compiling const-oid v0.9.6
[INFO] [stderr]    Compiling subtle v2.5.0
[INFO] [stderr]    Compiling fnv v1.0.7
[INFO] [stderr]    Compiling generic-array v0.14.7
[INFO] [stderr]    Compiling thiserror v1.0.55
[INFO] [stderr]    Compiling semver v1.0.21
[INFO] [stderr]    Compiling getrandom v0.2.11
[INFO] [stderr]    Compiling base32 v0.4.0
[INFO] [stderr]    Compiling base16ct v0.2.0
[INFO] [stderr]    Compiling escape-bytes v0.1.1
[INFO] [stderr]    Compiling either v1.9.0
[INFO] [stderr]    Compiling platforms v3.3.0
[INFO] [stderr]    Compiling der v0.7.8
[INFO] [stderr]    Compiling rand_core v0.6.4
[INFO] [stderr]    Compiling indexmap-nostd v0.4.0
[INFO] [stderr]    Compiling downcast-rs v1.2.0
[INFO] [stderr]    Compiling hex v0.4.3
[INFO] [stderr]    Compiling itertools v0.11.0
[INFO] [stderr]    Compiling num-integer v0.1.45
[INFO] [stderr]    Compiling wasmi_core v0.13.0
[INFO] [stderr]    Compiling base64 v0.13.1
[INFO] [stderr]    Compiling wasmi_arena v0.4.0
[INFO] [stderr]    Compiling spin v0.9.8
[INFO] [stderr]    Compiling rustc_version v0.4.0
[INFO] [stderr]    Compiling smallvec v1.11.2
[INFO] [stderr]    Compiling ff v0.13.0
[INFO] [stderr]    Compiling wasmparser-nostd v0.100.1
[INFO] [stderr]    Compiling rand_chacha v0.3.1
[INFO] [stderr]    Compiling once_cell v1.19.0
[INFO] [stderr]    Compiling soroban-env-host v20.0.2
[INFO] [stderr]    Compiling ethnum v1.5.0
[INFO] [stderr]    Compiling group v0.13.0
[INFO] [stderr]    Compiling hex-literal v0.4.1
[INFO] [stderr]    Compiling curve25519-dalek v4.1.1
[INFO] [stderr]    Compiling rand v0.8.5
[INFO] [stderr]    Compiling block-buffer v0.10.4
[INFO] [stderr]    Compiling crypto-common v0.1.6
[INFO] [stderr]    Compiling crypto-bigint v0.5.5
[INFO] [stderr]    Compiling digest v0.10.7
[INFO] [stderr]    Compiling signature v2.2.0
[INFO] [stderr]    Compiling quote v1.0.33
[INFO] [stderr]    Compiling hmac v0.12.1
[INFO] [stderr]    Compiling sha2 v0.10.8
[INFO] [stderr]    Compiling sha3 v0.10.8
[INFO] [stderr]    Compiling ed25519 v2.2.3
[INFO] [stderr]    Compiling rfc6979 v0.4.0
[INFO] [stderr]    Compiling syn v2.0.39
[INFO] [stderr]    Compiling spki v0.7.3
[INFO] [stderr]    Compiling sec1 v0.7.3
[INFO] [stderr]    Compiling pkcs8 v0.10.2
[INFO] [stderr]    Compiling elliptic-curve v0.13.8
[INFO] [stderr]    Compiling ecdsa v0.16.9
[INFO] [stderr]    Compiling k256 v0.13.1
[INFO] [stderr]    Compiling soroban-wasmi v0.31.1-soroban.20.0.0
[INFO] [stderr]    Compiling darling_core v0.20.3
[INFO] [stderr]    Compiling serde_derive v1.0.192
[INFO] [stderr]    Compiling thiserror-impl v1.0.55
[INFO] [stderr]    Compiling curve25519-dalek-derive v0.1.1
[INFO] [stderr]    Compiling num-derive v0.4.1
[INFO] [stderr]    Compiling soroban-builtin-sdk-macros v20.0.2
[INFO] [stderr]    Compiling darling_macro v0.20.3
[INFO] [stderr]    Compiling ed25519-dalek v2.0.0
[INFO] [stderr]    Compiling darling v0.20.3
[INFO] [stderr]    Compiling serde_with_macros v3.4.0
[INFO] [stderr]    Compiling serde_with v3.4.0
[INFO] [stderr]    Compiling crate-git-revision v0.0.6
[INFO] [stderr]    Compiling stellar-strkey v0.0.8
[INFO] [stderr]    Compiling stellar-xdr v20.0.2
[INFO] [stderr]    Compiling soroban-env-common v20.0.2
[INFO] [stderr]    Compiling soroban-env-macros v20.0.2
[INFO] [stderr]    Compiling soroban-ledger-snapshot v20.0.0-rc2 (/opt/rustwide/workdir)
[INFO] [stdout] error[E0560]: struct `LedgerInfo` has no field named `min_persistent_entry_expiration`
[INFO] [stdout]   --> src/lib.rs:75:13
[INFO] [stdout]    |
[INFO] [stdout] 75 |             min_persistent_entry_expiration: self.min_persistent_entry_expiration,
[INFO] [stdout]    |             ^^^^^^^^^^^^^^^^^^^^^^^^^^^^^^^ help: a field with a similar name exists: `min_persistent_entry_ttl`
[INFO] [stdout] 
[INFO] [stdout] 
[INFO] [stdout] error[E0560]: struct `LedgerInfo` has no field named `min_temp_entry_expiration`
[INFO] [stdout]   --> src/lib.rs:76:13
[INFO] [stdout]    |
[INFO] [stdout] 76 |             min_temp_entry_expiration: self.min_temp_entry_expiration,
[INFO] [stdout]    |             ^^^^^^^^^^^^^^^^^^^^^^^^^ `LedgerInfo` does not have this field
[INFO] [stdout]    |
[INFO] [stdout]    = note: available fields are: `min_temp_entry_ttl`, `min_persistent_entry_ttl`, `max_entry_ttl`
[INFO] [stdout] 
[INFO] [stdout] 
[INFO] [stdout] error[E0560]: struct `LedgerInfo` has no field named `max_entry_expiration`
[INFO] [stdout]   --> src/lib.rs:77:13
[INFO] [stdout]    |
[INFO] [stdout] 77 |             max_entry_expiration: self.max_entry_expiration,
[INFO] [stdout]    |             ^^^^^^^^^^^^^^^^^^^^ `LedgerInfo` does not have this field
[INFO] [stdout]    |
[INFO] [stdout]    = note: available fields are: `min_temp_entry_ttl`, `min_persistent_entry_ttl`, `max_entry_ttl`
[INFO] [stdout] 
[INFO] [stdout] 
[INFO] [stdout] error: aborting due to 3 previous errors
[INFO] [stdout] 
[INFO] [stdout] 
[INFO] [stdout] For more information about this error, try `rustc --explain E0560`.
[INFO] [stdout] 
[INFO] [stderr] error: could not compile `soroban-ledger-snapshot` (lib) due to 4 previous errors
[INFO] [stderr] warning: build failed, waiting for other jobs to finish...
[INFO] running `Command { std: "docker" "inspect" "e7e39481d18a29f51bc0979ac20c2e19831ed90887ad833ba89a2c5ddc3f7b0f", kill_on_drop: false }`
[INFO] running `Command { std: "docker" "rm" "-f" "e7e39481d18a29f51bc0979ac20c2e19831ed90887ad833ba89a2c5ddc3f7b0f", kill_on_drop: false }`
[INFO] [stdout] e7e39481d18a29f51bc0979ac20c2e19831ed90887ad833ba89a2c5ddc3f7b0f
