[INFO] fetching crate sonic-rs 0.2.4...
[INFO] testing sonic-rs-0.2.4 against 1.75.0 for beta-1.76-1
[INFO] extracting crate sonic-rs 0.2.4 into /workspace/builds/worker-0-tc1/source
[INFO] validating manifest of crates.io crate sonic-rs 0.2.4 on toolchain 1.75.0
[INFO] running `Command { std: CARGO_HOME="/workspace/cargo-home" RUSTUP_HOME="/workspace/rustup-home" "/workspace/cargo-home/bin/cargo" "+1.75.0" "metadata" "--manifest-path" "Cargo.toml" "--no-deps", kill_on_drop: false }`
[INFO] removed /workspace/builds/worker-0-tc1/source/.cargo/config
[INFO] removed /workspace/builds/worker-0-tc1/source/rust-toolchain.toml
[INFO] started tweaking crates.io crate sonic-rs 0.2.4
[INFO] finished tweaking crates.io crate sonic-rs 0.2.4
[INFO] tweaked toml for crates.io crate sonic-rs 0.2.4 written to /workspace/builds/worker-0-tc1/source/Cargo.toml
[INFO] crate crates.io crate sonic-rs 0.2.4 already has a lockfile, it will not be regenerated
[INFO] running `Command { std: CARGO_HOME="/workspace/cargo-home" RUSTUP_HOME="/workspace/rustup-home" "/workspace/cargo-home/bin/cargo" "+1.75.0" "fetch" "--manifest-path" "Cargo.toml", kill_on_drop: false }`
[INFO] [stderr]     Updating crates.io index
[INFO] [stderr]  Downloading crates ...
[INFO] [stderr]   Downloaded ref-cast v1.0.20
[INFO] [stderr]   Downloaded ref-cast-impl v1.0.20
[INFO] [stderr]   Downloaded value-trait v0.8.0
[INFO] [stderr]   Downloaded core_affinity v0.8.1
[INFO] [stderr]   Downloaded gjson v0.8.1
[INFO] [stderr]   Downloaded simd-json v0.13.2
[INFO] [stderr]   Downloaded faststr v0.2.11
[INFO] running `Command { std: "docker" "create" "-v" "/var/lib/crater-agent-workspace/builds/worker-0-tc1/target:/opt/rustwide/target:rw,Z" "-v" "/var/lib/crater-agent-workspace/builds/worker-0-tc1/source:/opt/rustwide/workdir:ro,Z" "-v" "/var/lib/crater-agent-workspace/cargo-home:/opt/rustwide/cargo-home:ro,Z" "-v" "/var/lib/crater-agent-workspace/rustup-home:/opt/rustwide/rustup-home:ro,Z" "-e" "SOURCE_DIR=/opt/rustwide/workdir" "-e" "CARGO_TARGET_DIR=/opt/rustwide/target" "-e" "CARGO_HOME=/opt/rustwide/cargo-home" "-e" "RUSTUP_HOME=/opt/rustwide/rustup-home" "-w" "/opt/rustwide/workdir" "-m" "1610612736" "--user" "0:0" "--network" "none" "ghcr.io/rust-lang/crates-build-env/linux@sha256:2788e3201cd34a07e3172128adcd8b3090168a8e3bcc40d7c032b9dda1df7d1c" "/opt/rustwide/cargo-home/bin/cargo" "+1.75.0" "metadata" "--no-deps" "--format-version=1", kill_on_drop: false }`
[INFO] [stdout] 6389e5d6263eb1b5347e51128533d2f98daf95123b2cec5d2a247ab9b83d1d44
[INFO] running `Command { std: "docker" "start" "-a" "6389e5d6263eb1b5347e51128533d2f98daf95123b2cec5d2a247ab9b83d1d44", kill_on_drop: false }`
[INFO] running `Command { std: "docker" "inspect" "6389e5d6263eb1b5347e51128533d2f98daf95123b2cec5d2a247ab9b83d1d44", kill_on_drop: false }`
[INFO] running `Command { std: "docker" "rm" "-f" "6389e5d6263eb1b5347e51128533d2f98daf95123b2cec5d2a247ab9b83d1d44", kill_on_drop: false }`
[INFO] [stdout] 6389e5d6263eb1b5347e51128533d2f98daf95123b2cec5d2a247ab9b83d1d44
[INFO] running `Command { std: "docker" "create" "-v" "/var/lib/crater-agent-workspace/builds/worker-0-tc1/target:/opt/rustwide/target:rw,Z" "-v" "/var/lib/crater-agent-workspace/builds/worker-0-tc1/source:/opt/rustwide/workdir:ro,Z" "-v" "/var/lib/crater-agent-workspace/cargo-home:/opt/rustwide/cargo-home:ro,Z" "-v" "/var/lib/crater-agent-workspace/rustup-home:/opt/rustwide/rustup-home:ro,Z" "-e" "SOURCE_DIR=/opt/rustwide/workdir" "-e" "CARGO_TARGET_DIR=/opt/rustwide/target" "-e" "CARGO_INCREMENTAL=0" "-e" "RUST_BACKTRACE=full" "-e" "RUSTFLAGS=--cap-lints=warn" "-e" "RUSTDOCFLAGS=--cap-lints=warn" "-e" "CARGO_HOME=/opt/rustwide/cargo-home" "-e" "RUSTUP_HOME=/opt/rustwide/rustup-home" "-w" "/opt/rustwide/workdir" "-m" "1610612736" "--user" "0:0" "--network" "none" "ghcr.io/rust-lang/crates-build-env/linux@sha256:2788e3201cd34a07e3172128adcd8b3090168a8e3bcc40d7c032b9dda1df7d1c" "/opt/rustwide/cargo-home/bin/cargo" "+1.75.0" "build" "--frozen" "--message-format=json", kill_on_drop: false }`
[INFO] [stdout] 6a35874d80bad3f83522a337e434c934189458c0d63ba8da0af9a43d4331ab32
[INFO] running `Command { std: "docker" "start" "-a" "6a35874d80bad3f83522a337e434c934189458c0d63ba8da0af9a43d4331ab32", kill_on_drop: false }`
[INFO] [stderr]    Compiling proc-macro2 v1.0.67
[INFO] [stderr]    Compiling libm v0.2.7
[INFO] [stderr]    Compiling serde v1.0.188
[INFO] [stderr]    Compiling packed_simd v0.3.9
[INFO] [stderr]    Compiling thiserror v1.0.49
[INFO] [stderr]    Compiling num-traits v0.2.16
[INFO] [stderr]    Compiling bytes v1.5.0
[INFO] [stderr]    Compiling bumpalo v3.14.0
[INFO] [stderr]    Compiling itoa v1.0.9
[INFO] [stderr]    Compiling smallvec v1.11.1
[INFO] [stderr]    Compiling simdutf8 v0.1.4
[INFO] [stderr]    Compiling ryu v1.0.15
[INFO] [stderr]    Compiling quote v1.0.33
[INFO] [stderr]    Compiling syn v2.0.37
[INFO] [stderr]    Compiling thiserror-impl v1.0.49
[INFO] [stderr]    Compiling faststr v0.2.11
[INFO] [stdout] error[E0554]: `#![feature]` may not be used on the stable release channel
[INFO] [stdout]    --> /opt/rustwide/cargo-home/registry/src/index.crates.io-6f17d22bba15001f/packed_simd-0.3.9/src/lib.rs:214:1
[INFO] [stdout]     |
[INFO] [stdout] 214 | / #![feature(
[INFO] [stdout] 215 | |     adt_const_params,
[INFO] [stdout] 216 | |     repr_simd,
[INFO] [stdout] 217 | |     rustc_attrs,
[INFO] [stdout] ...   |
[INFO] [stdout] 224 | |     custom_inner_attributes,
[INFO] [stdout] 225 | | )]
[INFO] [stdout]     | |__^
[INFO] [stdout] 
[INFO] [stdout] 
[INFO] [stdout] error[E0554]: `#![feature]` may not be used on the stable release channel
[INFO] [stdout]    --> /opt/rustwide/cargo-home/registry/src/index.crates.io-6f17d22bba15001f/packed_simd-0.3.9/src/lib.rs:219:5
[INFO] [stdout]     |
[INFO] [stdout] 219 |     stdsimd,
[INFO] [stdout]     |     ^^^^^^^
[INFO] [stdout] 
[INFO] [stdout] 
[INFO] [stdout] error[E0554]: `#![feature]` may not be used on the stable release channel
[INFO] [stdout]    --> /opt/rustwide/cargo-home/registry/src/index.crates.io-6f17d22bba15001f/packed_simd-0.3.9/src/lib.rs:222:5
[INFO] [stdout]     |
[INFO] [stdout] 222 |     core_intrinsics,
[INFO] [stdout]     |     ^^^^^^^^^^^^^^^
[INFO] [stdout] 
[INFO] [stdout] 
[INFO] [stdout] error: aborting due to 3 previous errors
[INFO] [stdout] 
[INFO] [stdout] 
[INFO] [stdout] For more information about this error, try `rustc --explain E0554`.
[INFO] [stdout] 
[INFO] [stderr] error: could not compile `packed_simd` (lib) due to 4 previous errors
[INFO] running `Command { std: "docker" "inspect" "6a35874d80bad3f83522a337e434c934189458c0d63ba8da0af9a43d4331ab32", kill_on_drop: false }`
[INFO] running `Command { std: "docker" "rm" "-f" "6a35874d80bad3f83522a337e434c934189458c0d63ba8da0af9a43d4331ab32", kill_on_drop: false }`
[INFO] [stdout] 6a35874d80bad3f83522a337e434c934189458c0d63ba8da0af9a43d4331ab32
