[INFO] fetching crate sonic-channel 1.1.0...
[INFO] testing sonic-channel-1.1.0 against 1.75.0 for beta-1.76-1
[INFO] extracting crate sonic-channel 1.1.0 into /workspace/builds/worker-7-tc1/source
[INFO] validating manifest of crates.io crate sonic-channel 1.1.0 on toolchain 1.75.0
[INFO] running `Command { std: CARGO_HOME="/workspace/cargo-home" RUSTUP_HOME="/workspace/rustup-home" "/workspace/cargo-home/bin/cargo" "+1.75.0" "metadata" "--manifest-path" "Cargo.toml" "--no-deps", kill_on_drop: false }`
[INFO] started tweaking crates.io crate sonic-channel 1.1.0
[INFO] finished tweaking crates.io crate sonic-channel 1.1.0
[INFO] tweaked toml for crates.io crate sonic-channel 1.1.0 written to /workspace/builds/worker-7-tc1/source/Cargo.toml
[INFO] running `Command { std: CARGO_HOME="/workspace/cargo-home" RUSTUP_HOME="/workspace/rustup-home" "/workspace/cargo-home/bin/cargo" "+1.75.0" "generate-lockfile" "--manifest-path" "Cargo.toml", kill_on_drop: false }`
[INFO] [stderr]     Updating crates.io index
[INFO] running `Command { std: CARGO_HOME="/workspace/cargo-home" RUSTUP_HOME="/workspace/rustup-home" "/workspace/cargo-home/bin/cargo" "+1.75.0" "fetch" "--manifest-path" "Cargo.toml", kill_on_drop: false }`
[INFO] [stderr]  Downloading crates ...
[INFO] [stderr]   Downloaded whatlang v0.16.4
[INFO] running `Command { std: "docker" "create" "-v" "/var/lib/crater-agent-workspace/builds/worker-7-tc1/target:/opt/rustwide/target:rw,Z" "-v" "/var/lib/crater-agent-workspace/builds/worker-7-tc1/source:/opt/rustwide/workdir:ro,Z" "-v" "/var/lib/crater-agent-workspace/cargo-home:/opt/rustwide/cargo-home:ro,Z" "-v" "/var/lib/crater-agent-workspace/rustup-home:/opt/rustwide/rustup-home:ro,Z" "-e" "SOURCE_DIR=/opt/rustwide/workdir" "-e" "CARGO_TARGET_DIR=/opt/rustwide/target" "-e" "CARGO_HOME=/opt/rustwide/cargo-home" "-e" "RUSTUP_HOME=/opt/rustwide/rustup-home" "-w" "/opt/rustwide/workdir" "-m" "1610612736" "--user" "0:0" "--network" "none" "ghcr.io/rust-lang/crates-build-env/linux@sha256:2788e3201cd34a07e3172128adcd8b3090168a8e3bcc40d7c032b9dda1df7d1c" "/opt/rustwide/cargo-home/bin/cargo" "+1.75.0" "metadata" "--no-deps" "--format-version=1", kill_on_drop: false }`
[INFO] [stdout] 4976f5a9601b061990537c6064da6c215016770057720ea8ce61e9b6c806f547
[INFO] running `Command { std: "docker" "start" "-a" "4976f5a9601b061990537c6064da6c215016770057720ea8ce61e9b6c806f547", kill_on_drop: false }`
[INFO] running `Command { std: "docker" "inspect" "4976f5a9601b061990537c6064da6c215016770057720ea8ce61e9b6c806f547", kill_on_drop: false }`
[INFO] running `Command { std: "docker" "rm" "-f" "4976f5a9601b061990537c6064da6c215016770057720ea8ce61e9b6c806f547", kill_on_drop: false }`
[INFO] [stdout] 4976f5a9601b061990537c6064da6c215016770057720ea8ce61e9b6c806f547
[INFO] running `Command { std: "docker" "create" "-v" "/var/lib/crater-agent-workspace/builds/worker-7-tc1/target:/opt/rustwide/target:rw,Z" "-v" "/var/lib/crater-agent-workspace/builds/worker-7-tc1/source:/opt/rustwide/workdir:ro,Z" "-v" "/var/lib/crater-agent-workspace/cargo-home:/opt/rustwide/cargo-home:ro,Z" "-v" "/var/lib/crater-agent-workspace/rustup-home:/opt/rustwide/rustup-home:ro,Z" "-e" "SOURCE_DIR=/opt/rustwide/workdir" "-e" "CARGO_TARGET_DIR=/opt/rustwide/target" "-e" "CARGO_INCREMENTAL=0" "-e" "RUST_BACKTRACE=full" "-e" "RUSTFLAGS=--cap-lints=warn" "-e" "RUSTDOCFLAGS=--cap-lints=warn" "-e" "CARGO_HOME=/opt/rustwide/cargo-home" "-e" "RUSTUP_HOME=/opt/rustwide/rustup-home" "-w" "/opt/rustwide/workdir" "-m" "1610612736" "--user" "0:0" "--network" "none" "ghcr.io/rust-lang/crates-build-env/linux@sha256:2788e3201cd34a07e3172128adcd8b3090168a8e3bcc40d7c032b9dda1df7d1c" "/opt/rustwide/cargo-home/bin/cargo" "+1.75.0" "build" "--frozen" "--message-format=json", kill_on_drop: false }`
[INFO] [stdout] e231727590460da9270f53f9be42df1f94fb1e83fc010d9fb1455879d5e0f779
[INFO] running `Command { std: "docker" "start" "-a" "e231727590460da9270f53f9be42df1f94fb1e83fc010d9fb1455879d5e0f779", kill_on_drop: false }`
[INFO] [stderr]    Compiling ahash v0.8.7
[INFO] [stderr]    Compiling zerocopy v0.7.32
[INFO] [stderr]    Compiling allocator-api2 v0.2.16
[INFO] [stderr]    Compiling hashbrown v0.14.3
[INFO] [stderr]    Compiling whatlang v0.16.4
[INFO] [stderr]    Compiling sonic-channel v1.1.0 (/opt/rustwide/workdir)
[INFO] [stderr]     Finished dev [unoptimized + debuginfo] target(s) in 3.53s
[INFO] running `Command { std: "docker" "inspect" "e231727590460da9270f53f9be42df1f94fb1e83fc010d9fb1455879d5e0f779", kill_on_drop: false }`
[INFO] running `Command { std: "docker" "rm" "-f" "e231727590460da9270f53f9be42df1f94fb1e83fc010d9fb1455879d5e0f779", kill_on_drop: false }`
[INFO] [stdout] e231727590460da9270f53f9be42df1f94fb1e83fc010d9fb1455879d5e0f779
[INFO] running `Command { std: "docker" "create" "-v" "/var/lib/crater-agent-workspace/builds/worker-7-tc1/target:/opt/rustwide/target:rw,Z" "-v" "/var/lib/crater-agent-workspace/builds/worker-7-tc1/source:/opt/rustwide/workdir:ro,Z" "-v" "/var/lib/crater-agent-workspace/cargo-home:/opt/rustwide/cargo-home:ro,Z" "-v" "/var/lib/crater-agent-workspace/rustup-home:/opt/rustwide/rustup-home:ro,Z" "-e" "SOURCE_DIR=/opt/rustwide/workdir" "-e" "CARGO_TARGET_DIR=/opt/rustwide/target" "-e" "CARGO_INCREMENTAL=0" "-e" "RUST_BACKTRACE=full" "-e" "RUSTFLAGS=--cap-lints=warn" "-e" "RUSTDOCFLAGS=--cap-lints=warn" "-e" "CARGO_HOME=/opt/rustwide/cargo-home" "-e" "RUSTUP_HOME=/opt/rustwide/rustup-home" "-w" "/opt/rustwide/workdir" "-m" "1610612736" "--user" "0:0" "--network" "none" "ghcr.io/rust-lang/crates-build-env/linux@sha256:2788e3201cd34a07e3172128adcd8b3090168a8e3bcc40d7c032b9dda1df7d1c" "/opt/rustwide/cargo-home/bin/cargo" "+1.75.0" "test" "--frozen" "--no-run" "--message-format=json", kill_on_drop: false }`
[INFO] [stdout] c65b012ae970c6e1d6da6b1f00e1f146a92b4ddde63478d536e16ed738e2f500
[INFO] running `Command { std: "docker" "start" "-a" "c65b012ae970c6e1d6da6b1f00e1f146a92b4ddde63478d536e16ed738e2f500", kill_on_drop: false }`
[INFO] [stderr]    Compiling sonic-channel v1.1.0 (/opt/rustwide/workdir)
[INFO] [stdout] error[E0412]: cannot find type `IngestChannel` in this scope
[INFO] [stdout]  --> tests/common.rs:8:26
[INFO] [stdout]   |
[INFO] [stdout] 8 | pub fn ingest_start() -> IngestChannel {
[INFO] [stdout]   |                          ^^^^^^^^^^^^^ not found in this scope
[INFO] [stdout] 
[INFO] [stdout] 
[INFO] [stdout] error[E0412]: cannot find type `IngestChannel` in this scope
[INFO] [stdout]  --> tests/common.rs:8:26
[INFO] [stdout]   |
[INFO] [stdout] 8 | pub fn ingest_start() -> IngestChannel {
[INFO] [stdout]   |                          ^^^^^^^^^^^^^ not found in this scope
[INFO] [stdout] 
[INFO] [stdout] 
[INFO] [stdout] error[E0412]: cannot find type `ControlChannel` in this scope
[INFO] [stdout]   --> tests/common.rs:16:27
[INFO] [stdout]    |
[INFO] [stdout] 16 | pub fn control_start() -> ControlChannel {
[INFO] [stdout]    |                           ^^^^^^^^^^^^^^ not found in this scope
[INFO] [stdout] 
[INFO] [stdout] 
[INFO] [stdout] error[E0412]: cannot find type `IngestChannel` in this scope
[INFO] [stdout]  --> tests/common.rs:8:26
[INFO] [stdout]   |
[INFO] [stdout] 8 | pub fn ingest_start() -> IngestChannel {
[INFO] [stdout]   |                          ^^^^^^^^^^^^^ not found in this scope
[INFO] [stdout] 
[INFO] [stdout] 
[INFO] [stdout] error[E0412]: cannot find type `ControlChannel` in this scope
[INFO] [stdout]   --> tests/common.rs:16:27
[INFO] [stdout]    |
[INFO] [stdout] 16 | pub fn control_start() -> ControlChannel {
[INFO] [stdout]    |                           ^^^^^^^^^^^^^^ not found in this scope
[INFO] [stdout] 
[INFO] [stdout] 
[INFO] [stdout] error[E0433]: failed to resolve: use of undeclared type `IngestChannel`
[INFO] [stdout]  --> tests/common.rs:9:5
[INFO] [stdout]   |
[INFO] [stdout] 9 |     IngestChannel::start(HOST, PASS).expect("The Sonic server must be running")
[INFO] [stdout]   |     ^^^^^^^^^^^^^ use of undeclared type `IngestChannel`
[INFO] [stdout] 
[INFO] [stdout] 
[INFO] [stdout] error[E0412]: cannot find type `IngestChannel` in this scope
[INFO] [stdout]  --> tests/common.rs:8:26
[INFO] [stdout]   |
[INFO] [stdout] 8 | pub fn ingest_start() -> IngestChannel {
[INFO] [stdout]   |                          ^^^^^^^^^^^^^ not found in this scope
[INFO] [stdout] 
[INFO] [stdout] 
[INFO] [stdout] error[E0412]: cannot find type `ControlChannel` in this scope
[INFO] [stdout]   --> tests/common.rs:16:27
[INFO] [stdout]    |
[INFO] [stdout] 16 | pub fn control_start() -> ControlChannel {
[INFO] [stdout]    |                           ^^^^^^^^^^^^^^ not found in this scope
[INFO] [stdout] 
[INFO] [stdout] 
[INFO] [stdout] error[E0412]: cannot find type `IngestChannel` in this scope
[INFO] [stdout]  --> tests/common.rs:8:26
[INFO] [stdout]   |
[INFO] [stdout] 8 | pub fn ingest_start() -> IngestChannel {
[INFO] [stdout]   |                          ^^^^^^^^^^^^^ not found in this scope
[INFO] [stdout] 
[INFO] [stdout] 
[INFO] [stdout] error[E0412]: cannot find type `ControlChannel` in this scope
[INFO] [stdout]   --> tests/common.rs:16:27
[INFO] [stdout]    |
[INFO] [stdout] 16 | pub fn control_start() -> ControlChannel {
[INFO] [stdout]    |                           ^^^^^^^^^^^^^^ not found in this scope
[INFO] [stdout] 
[INFO] [stdout] 
[INFO] [stdout] error[E0433]: failed to resolve: use of undeclared type `IngestChannel`
[INFO] [stdout]  --> tests/common.rs:9:5
[INFO] [stdout]   |
[INFO] [stdout] 9 |     IngestChannel::start(HOST, PASS).expect("The Sonic server must be running")
[INFO] [stdout]   |     ^^^^^^^^^^^^^ use of undeclared type `IngestChannel`
[INFO] [stdout] 
[INFO] [stdout] 
[INFO] [stdout] error[E0433]: failed to resolve: use of undeclared type `ControlChannel`
[INFO] [stdout]   --> tests/common.rs:17:5
[INFO] [stdout]    |
[INFO] [stdout] 17 |     ControlChannel::start(HOST, PASS).expect("The Sonic server must be running")
[INFO] [stdout]    |     ^^^^^^^^^^^^^^ use of undeclared type `ControlChannel`
[INFO] [stdout] 
[INFO] [stdout] 
[INFO] [stdout] error[E0433]: failed to resolve: use of undeclared type `FlushRequest`
[INFO] [stdout]   --> tests/common.rs:26:16
[INFO] [stdout]    |
[INFO] [stdout] 26 |         .flush(FlushRequest::bucket(collection, bucket))
[INFO] [stdout]    |                ^^^^^^^^^^^^
[INFO] [stdout]    |                |
[INFO] [stdout]    |                use of undeclared type `FlushRequest`
[INFO] [stdout]    |                help: a struct with a similar name exists: `ListRequest`
[INFO] [stdout] 
[INFO] [stdout] 
[INFO] [stdout] error[E0433]: failed to resolve: use of undeclared type `IngestChannel`
[INFO] [stdout]  --> tests/common.rs:9:5
[INFO] [stdout]   |
[INFO] [stdout] 9 |     IngestChannel::start(HOST, PASS).expect("The Sonic server must be running")
[INFO] [stdout]   |     ^^^^^^^^^^^^^ use of undeclared type `IngestChannel`
[INFO] [stdout] 
[INFO] [stdout] 
[INFO] [stdout] error[E0433]: failed to resolve: use of undeclared type `ControlChannel`
[INFO] [stdout]   --> tests/common.rs:17:5
[INFO] [stdout]    |
[INFO] [stdout] 17 |     ControlChannel::start(HOST, PASS).expect("The Sonic server must be running")
[INFO] [stdout]    |     ^^^^^^^^^^^^^^ use of undeclared type `ControlChannel`
[INFO] [stdout] 
[INFO] [stdout] 
[INFO] [stdout] error[E0412]: cannot find type `ControlChannel` in this scope
[INFO] [stdout]   --> tests/common.rs:16:27
[INFO] [stdout]    |
[INFO] [stdout] 16 | pub fn control_start() -> ControlChannel {
[INFO] [stdout]    |                           ^^^^^^^^^^^^^^ not found in this scope
[INFO] [stdout] 
[INFO] [stdout] 
[INFO] [stdout] error[E0433]: failed to resolve: use of undeclared type `ControlChannel`
[INFO] [stdout]   --> tests/common.rs:17:5
[INFO] [stdout]    |
[INFO] [stdout] 17 |     ControlChannel::start(HOST, PASS).expect("The Sonic server must be running")
[INFO] [stdout]    |     ^^^^^^^^^^^^^^ use of undeclared type `ControlChannel`
[INFO] [stdout] 
[INFO] [stdout] 
[INFO] [stdout] error[E0433]: failed to resolve: use of undeclared type `FlushRequest`
[INFO] [stdout]   --> tests/common.rs:26:16
[INFO] [stdout]    |
[INFO] [stdout] 26 |         .flush(FlushRequest::bucket(collection, bucket))
[INFO] [stdout]    |                ^^^^^^^^^^^^
[INFO] [stdout]    |                |
[INFO] [stdout]    |                use of undeclared type `FlushRequest`
[INFO] [stdout]    |                help: a struct with a similar name exists: `ListRequest`
[INFO] [stdout] 
[INFO] [stdout] 
[INFO] [stdout] error[E0433]: failed to resolve: use of undeclared type `FlushRequest`
[INFO] [stdout]   --> tests/common.rs:26:16
[INFO] [stdout]    |
[INFO] [stdout] 26 |         .flush(FlushRequest::bucket(collection, bucket))
[INFO] [stdout]    |                ^^^^^^^^^^^^
[INFO] [stdout]    |                |
[INFO] [stdout]    |                use of undeclared type `FlushRequest`
[INFO] [stdout]    |                help: a struct with a similar name exists: `ListRequest`
[INFO] [stdout] 
[INFO] [stdout] 
[INFO] [stdout] error[E0433]: failed to resolve: use of undeclared type `IngestChannel`
[INFO] [stdout]  --> tests/common.rs:9:5
[INFO] [stdout]   |
[INFO] [stdout] 9 |     IngestChannel::start(HOST, PASS).expect("The Sonic server must be running")
[INFO] [stdout]   |     ^^^^^^^^^^^^^ use of undeclared type `IngestChannel`
[INFO] [stdout] 
[INFO] [stdout] 
[INFO] [stdout] error[E0433]: failed to resolve: use of undeclared type `PushRequest`
[INFO] [stdout]   --> tests/push_command.rs:13:31
[INFO] [stdout]    |
[INFO] [stdout] 13 |     match ingest_channel.push(PushRequest::new(
[INFO] [stdout]    |                               ^^^^^^^^^^^
[INFO] [stdout]    |                               |
[INFO] [stdout]    |                               use of undeclared type `PushRequest`
[INFO] [stdout]    |                               help: a struct with a similar name exists: `ListRequest`
[INFO] [stdout] 
[INFO] [stdout] 
[INFO] [stdout] error[E0433]: failed to resolve: use of undeclared type `ControlChannel`
[INFO] [stdout]   --> tests/common.rs:17:5
[INFO] [stdout]    |
[INFO] [stdout] 17 |     ControlChannel::start(HOST, PASS).expect("The Sonic server must be running")
[INFO] [stdout]    |     ^^^^^^^^^^^^^^ use of undeclared type `ControlChannel`
[INFO] [stdout] 
[INFO] [stdout] 
[INFO] [stdout] error[E0433]: failed to resolve: use of undeclared type `PushRequest`
[INFO] [stdout]   --> tests/suggest_command.rs:15:15
[INFO] [stdout]    |
[INFO] [stdout] 15 |         .push(PushRequest::new(dest.clone().obj("1"), title))
[INFO] [stdout]    |               ^^^^^^^^^^^
[INFO] [stdout]    |               |
[INFO] [stdout]    |               use of undeclared type `PushRequest`
[INFO] [stdout]    |               help: a struct with a similar name exists: `ListRequest`
[INFO] [stdout] 
[INFO] [stdout] 
[INFO] [stdout] error[E0433]: failed to resolve: use of undeclared type `FlushRequest`
[INFO] [stdout]   --> tests/common.rs:26:16
[INFO] [stdout]    |
[INFO] [stdout] 26 |         .flush(FlushRequest::bucket(collection, bucket))
[INFO] [stdout]    |                ^^^^^^^^^^^^
[INFO] [stdout]    |                |
[INFO] [stdout]    |                use of undeclared type `FlushRequest`
[INFO] [stdout]    |                help: a struct with a similar name exists: `ListRequest`
[INFO] [stdout] 
[INFO] [stdout] 
[INFO] [stdout] error[E0433]: failed to resolve: use of undeclared type `IngestChannel`
[INFO] [stdout]  --> tests/common.rs:9:5
[INFO] [stdout]   |
[INFO] [stdout] 9 |     IngestChannel::start(HOST, PASS).expect("The Sonic server must be running")
[INFO] [stdout]   |     ^^^^^^^^^^^^^ use of undeclared type `IngestChannel`
[INFO] [stdout] 
[INFO] [stdout] 
[INFO] [stdout] error[E0433]: failed to resolve: use of undeclared type `PushRequest`
[INFO] [stdout]   --> tests/query_command.rs:15:15
[INFO] [stdout]    |
[INFO] [stdout] 15 |         .push(PushRequest::new(dest.clone().obj("1"), title))
[INFO] [stdout]    |               ^^^^^^^^^^^
[INFO] [stdout]    |               |
[INFO] [stdout]    |               use of undeclared type `PushRequest`
[INFO] [stdout]    |               help: a struct with a similar name exists: `ListRequest`
[INFO] [stdout] 
[INFO] [stdout] 
[INFO] [stdout] error[E0433]: failed to resolve: use of undeclared type `PushRequest`
[INFO] [stdout]   --> tests/push_command.rs:32:9
[INFO] [stdout]    |
[INFO] [stdout] 32 |         PushRequest::new(dest.obj("1"), "Открытый пирог с орехами и сгущенкой").lang(Lang::Rus),
[INFO] [stdout]    |         ^^^^^^^^^^^
[INFO] [stdout]    |         |
[INFO] [stdout]    |         use of undeclared type `PushRequest`
[INFO] [stdout]    |         help: a struct with a similar name exists: `ListRequest`
[INFO] [stdout] 
[INFO] [stdout] 
[INFO] [stdout] error[E0433]: failed to resolve: use of undeclared type `PushRequest`
[INFO] [stdout]   --> tests/push_command.rs:54:31
[INFO] [stdout]    |
[INFO] [stdout] 54 |     match ingest_channel.push(PushRequest::new(dest.obj("1"), multiline_text)) {
[INFO] [stdout]    |                               ^^^^^^^^^^^
[INFO] [stdout]    |                               |
[INFO] [stdout]    |                               use of undeclared type `PushRequest`
[INFO] [stdout]    |                               help: a struct with a similar name exists: `ListRequest`
[INFO] [stdout] 
[INFO] [stdout] 
[INFO] [stdout] error[E0433]: failed to resolve: use of undeclared type `ControlChannel`
[INFO] [stdout]   --> tests/common.rs:17:5
[INFO] [stdout]    |
[INFO] [stdout] 17 |     ControlChannel::start(HOST, PASS).expect("The Sonic server must be running")
[INFO] [stdout]    |     ^^^^^^^^^^^^^^ use of undeclared type `ControlChannel`
[INFO] [stdout] 
[INFO] [stdout] 
[INFO] [stdout] error: aborting due to 8 previous errors
[INFO] [stdout] 
[INFO] [stdout] 
[INFO] [stdout] error[E0433]: failed to resolve: use of undeclared type `FlushRequest`
[INFO] [stdout]   --> tests/common.rs:26:16
[INFO] [stdout]    |
[INFO] [stdout] 26 |         .flush(FlushRequest::bucket(collection, bucket))
[INFO] [stdout]    |                ^^^^^^^^^^^^
[INFO] [stdout]    |                |
[INFO] [stdout]    |                use of undeclared type `FlushRequest`
[INFO] [stdout]    |                help: a struct with a similar name exists: `ListRequest`
[INFO] [stdout] 
[INFO] [stdout] 
[INFO] [stdout] Some errors have detailed explanations: E0412, E0433.
[INFO] [stdout] 
[INFO] [stdout] For more information about an error, try `rustc --explain E0412`.
[INFO] [stdout] 
[INFO] [stdout] error[E0433]: failed to resolve: use of undeclared type `PushRequest`
[INFO] [stdout]   --> tests/query_command.rs:43:15
[INFO] [stdout]    |
[INFO] [stdout] 43 |         .push(PushRequest::new(dest.clone().obj("1"), multiline_text))
[INFO] [stdout]    |               ^^^^^^^^^^^
[INFO] [stdout]    |               |
[INFO] [stdout]    |               use of undeclared type `PushRequest`
[INFO] [stdout]    |               help: a struct with a similar name exists: `ListRequest`
[INFO] [stdout] 
[INFO] [stdout] 
[INFO] [stdout] error: aborting due to 5 previous errors
[INFO] [stdout] 
[INFO] [stdout] 
[INFO] [stdout] error: aborting due to 6 previous errors
[INFO] [stdout] 
[INFO] [stdout] 
[INFO] [stdout] error[E0433]: failed to resolve: use of undeclared type `PushRequest`
[INFO] [stdout]   --> tests/list_command.rs:15:15
[INFO] [stdout]    |
[INFO] [stdout] 15 |         .push(PushRequest::new(dest.clone().obj("1"), title))
[INFO] [stdout]    |               ^^^^^^^^^^^
[INFO] [stdout]    |               |
[INFO] [stdout]    |               use of undeclared type `PushRequest`
[INFO] [stdout]    |               help: a struct with a similar name exists: `ListRequest`
[INFO] [stdout] 
[INFO] [stdout] 
[INFO] [stdout] Some errors have detailed explanations: E0412, E0433.
[INFO] [stdout] 
[INFO] [stdout] For more information about an error, try `rustc --explain E0412`.
[INFO] [stdout] 
[INFO] [stdout] error[E0433]: failed to resolve: use of undeclared type `PushRequest`
[INFO] [stdout]   --> tests/query_command.rs:68:15
[INFO] [stdout]    |
[INFO] [stdout] 68 |         .push(PushRequest::new(
[INFO] [stdout]    |               ^^^^^^^^^^^
[INFO] [stdout]    |               |
[INFO] [stdout]    |               use of undeclared type `PushRequest`
[INFO] [stdout]    |               help: a struct with a similar name exists: `ListRequest`
[INFO] [stdout] 
[INFO] [stdout] 
[INFO] [stdout] error[E0433]: failed to resolve: use of undeclared type `PushRequest`
[INFO] [stdout]   --> tests/query_command.rs:74:15
[INFO] [stdout]    |
[INFO] [stdout] 74 |         .push(PushRequest::new(
[INFO] [stdout]    |               ^^^^^^^^^^^
[INFO] [stdout]    |               |
[INFO] [stdout]    |               use of undeclared type `PushRequest`
[INFO] [stdout]    |               help: a struct with a similar name exists: `ListRequest`
[INFO] [stdout] 
[INFO] [stdout] 
[INFO] [stdout] error[E0433]: failed to resolve: use of undeclared type `PushRequest`
[INFO] [stdout]   --> tests/query_command.rs:80:15
[INFO] [stdout]    |
[INFO] [stdout] 80 |         .push(PushRequest::new(
[INFO] [stdout]    |               ^^^^^^^^^^^
[INFO] [stdout]    |               |
[INFO] [stdout]    |               use of undeclared type `PushRequest`
[INFO] [stdout]    |               help: a struct with a similar name exists: `ListRequest`
[INFO] [stdout] 
[INFO] [stdout] 
[INFO] [stdout] error[E0433]: failed to resolve: use of undeclared type `PushRequest`
[INFO] [stdout]    --> tests/query_command.rs:105:15
[INFO] [stdout]     |
[INFO] [stdout] 105 |         .push(PushRequest::new(
[INFO] [stdout]     |               ^^^^^^^^^^^
[INFO] [stdout]     |               |
[INFO] [stdout]     |               use of undeclared type `PushRequest`
[INFO] [stdout]     |               help: a struct with a similar name exists: `ListRequest`
[INFO] [stdout] 
[INFO] [stdout] 
[INFO] [stdout] error[E0433]: failed to resolve: use of undeclared type `PushRequest`
[INFO] [stdout]    --> tests/query_command.rs:111:15
[INFO] [stdout]     |
[INFO] [stdout] 111 |         .push(PushRequest::new(
[INFO] [stdout]     |               ^^^^^^^^^^^
[INFO] [stdout]     |               |
[INFO] [stdout]     |               use of undeclared type `PushRequest`
[INFO] [stdout]     |               help: a struct with a similar name exists: `ListRequest`
[INFO] [stdout] 
[INFO] [stdout] 
[INFO] [stdout] error[E0433]: failed to resolve: use of undeclared type `PushRequest`
[INFO] [stdout]    --> tests/query_command.rs:117:15
[INFO] [stdout]     |
[INFO] [stdout] 117 |         .push(PushRequest::new(
[INFO] [stdout]     |               ^^^^^^^^^^^
[INFO] [stdout]     |               |
[INFO] [stdout]     |               use of undeclared type `PushRequest`
[INFO] [stdout]     |               help: a struct with a similar name exists: `ListRequest`
[INFO] [stdout] 
[INFO] [stdout] 
[INFO] [stdout] Some errors have detailed explanations: E0412, E0433.
[INFO] [stdout] 
[INFO] [stdout] For more information about an error, try `rustc --explain E0412`.
[INFO] [stdout] 
[INFO] [stdout] error: aborting due to 13 previous errors
[INFO] [stdout] 
[INFO] [stdout] 
[INFO] [stdout] error: aborting due to 6 previous errors
[INFO] [stdout] 
[INFO] [stdout] 
[INFO] [stderr] error: could not compile `sonic-channel` (test "suggest_command") due to 7 previous errors
[INFO] [stdout] Some errors have detailed explanations: E0412, E0433.
[INFO] [stdout] 
[INFO] [stderr] warning: build failed, waiting for other jobs to finish...
[INFO] [stdout] For more information about an error, try `rustc --explain E0412`.
[INFO] [stdout] 
[INFO] [stderr] error: could not compile `sonic-channel` (test "push_command") due to 9 previous errors
[INFO] [stderr] error: could not compile `sonic-channel` (test "common") due to 6 previous errors
[INFO] [stdout] Some errors have detailed explanations: E0412, E0433.
[INFO] [stdout] 
[INFO] [stdout] For more information about an error, try `rustc --explain E0412`.
[INFO] [stdout] 
[INFO] [stderr] error: could not compile `sonic-channel` (test "list_command") due to 7 previous errors
[INFO] [stderr] error: could not compile `sonic-channel` (test "query_command") due to 14 previous errors
[INFO] running `Command { std: "docker" "inspect" "c65b012ae970c6e1d6da6b1f00e1f146a92b4ddde63478d536e16ed738e2f500", kill_on_drop: false }`
[INFO] running `Command { std: "docker" "rm" "-f" "c65b012ae970c6e1d6da6b1f00e1f146a92b4ddde63478d536e16ed738e2f500", kill_on_drop: false }`
[INFO] [stdout] c65b012ae970c6e1d6da6b1f00e1f146a92b4ddde63478d536e16ed738e2f500
