[INFO] fetching crate someip 0.1.1...
[INFO] testing someip-0.1.1 against 1.75.0 for beta-1.76-1
[INFO] extracting crate someip 0.1.1 into /workspace/builds/worker-2-tc1/source
[INFO] validating manifest of crates.io crate someip 0.1.1 on toolchain 1.75.0
[INFO] running `Command { std: CARGO_HOME="/workspace/cargo-home" RUSTUP_HOME="/workspace/rustup-home" "/workspace/cargo-home/bin/cargo" "+1.75.0" "metadata" "--manifest-path" "Cargo.toml" "--no-deps", kill_on_drop: false }`
[INFO] started tweaking crates.io crate someip 0.1.1
[INFO] finished tweaking crates.io crate someip 0.1.1
[INFO] tweaked toml for crates.io crate someip 0.1.1 written to /workspace/builds/worker-2-tc1/source/Cargo.toml
[INFO] running `Command { std: CARGO_HOME="/workspace/cargo-home" RUSTUP_HOME="/workspace/rustup-home" "/workspace/cargo-home/bin/cargo" "+1.75.0" "generate-lockfile" "--manifest-path" "Cargo.toml", kill_on_drop: false }`
[INFO] [stderr]     Updating crates.io index
[INFO] running `Command { std: CARGO_HOME="/workspace/cargo-home" RUSTUP_HOME="/workspace/rustup-home" "/workspace/cargo-home/bin/cargo" "+1.75.0" "fetch" "--manifest-path" "Cargo.toml", kill_on_drop: false }`
[INFO] [stderr]  Downloading crates ...
[INFO] [stderr]   Downloaded simplelog v0.10.2
[INFO] [stderr]   Downloaded someip_parse v0.2.0
[INFO] running `Command { std: "docker" "create" "-v" "/var/lib/crater-agent-workspace/builds/worker-2-tc1/target:/opt/rustwide/target:rw,Z" "-v" "/var/lib/crater-agent-workspace/builds/worker-2-tc1/source:/opt/rustwide/workdir:ro,Z" "-v" "/var/lib/crater-agent-workspace/cargo-home:/opt/rustwide/cargo-home:ro,Z" "-v" "/var/lib/crater-agent-workspace/rustup-home:/opt/rustwide/rustup-home:ro,Z" "-e" "SOURCE_DIR=/opt/rustwide/workdir" "-e" "CARGO_TARGET_DIR=/opt/rustwide/target" "-e" "CARGO_HOME=/opt/rustwide/cargo-home" "-e" "RUSTUP_HOME=/opt/rustwide/rustup-home" "-w" "/opt/rustwide/workdir" "-m" "1610612736" "--user" "0:0" "--network" "none" "ghcr.io/rust-lang/crates-build-env/linux@sha256:2788e3201cd34a07e3172128adcd8b3090168a8e3bcc40d7c032b9dda1df7d1c" "/opt/rustwide/cargo-home/bin/cargo" "+1.75.0" "metadata" "--no-deps" "--format-version=1", kill_on_drop: false }`
[INFO] [stdout] f0309b464d06046433dcd172f68622f3eca2ac2afc9f7f1fdd98f64b61dfbf96
[INFO] running `Command { std: "docker" "start" "-a" "f0309b464d06046433dcd172f68622f3eca2ac2afc9f7f1fdd98f64b61dfbf96", kill_on_drop: false }`
[INFO] running `Command { std: "docker" "inspect" "f0309b464d06046433dcd172f68622f3eca2ac2afc9f7f1fdd98f64b61dfbf96", kill_on_drop: false }`
[INFO] running `Command { std: "docker" "rm" "-f" "f0309b464d06046433dcd172f68622f3eca2ac2afc9f7f1fdd98f64b61dfbf96", kill_on_drop: false }`
[INFO] [stdout] f0309b464d06046433dcd172f68622f3eca2ac2afc9f7f1fdd98f64b61dfbf96
[INFO] running `Command { std: "docker" "create" "-v" "/var/lib/crater-agent-workspace/builds/worker-2-tc1/target:/opt/rustwide/target:rw,Z" "-v" "/var/lib/crater-agent-workspace/builds/worker-2-tc1/source:/opt/rustwide/workdir:ro,Z" "-v" "/var/lib/crater-agent-workspace/cargo-home:/opt/rustwide/cargo-home:ro,Z" "-v" "/var/lib/crater-agent-workspace/rustup-home:/opt/rustwide/rustup-home:ro,Z" "-e" "SOURCE_DIR=/opt/rustwide/workdir" "-e" "CARGO_TARGET_DIR=/opt/rustwide/target" "-e" "CARGO_INCREMENTAL=0" "-e" "RUST_BACKTRACE=full" "-e" "RUSTFLAGS=--cap-lints=warn" "-e" "RUSTDOCFLAGS=--cap-lints=warn" "-e" "CARGO_HOME=/opt/rustwide/cargo-home" "-e" "RUSTUP_HOME=/opt/rustwide/rustup-home" "-w" "/opt/rustwide/workdir" "-m" "1610612736" "--user" "0:0" "--network" "none" "ghcr.io/rust-lang/crates-build-env/linux@sha256:2788e3201cd34a07e3172128adcd8b3090168a8e3bcc40d7c032b9dda1df7d1c" "/opt/rustwide/cargo-home/bin/cargo" "+1.75.0" "build" "--frozen" "--message-format=json", kill_on_drop: false }`
[INFO] [stdout] b19675e70cc3d1e9146b80fafe7afc49c05d95882226881981c0290b224030a8
[INFO] running `Command { std: "docker" "start" "-a" "b19675e70cc3d1e9146b80fafe7afc49c05d95882226881981c0290b224030a8", kill_on_drop: false }`
[INFO] [stderr]    Compiling futures-io v0.3.30
[INFO] [stderr]    Compiling parking v2.2.0
[INFO] [stderr]    Compiling value-bag v1.4.3
[INFO] [stderr]    Compiling fastrand v2.0.1
[INFO] [stderr]    Compiling rustix v0.38.28
[INFO] [stderr]    Compiling tracing-core v0.1.32
[INFO] [stderr]    Compiling io-lifetimes v1.0.11
[INFO] [stderr]    Compiling parking_lot_core v0.9.9
[INFO] [stderr]    Compiling lock_api v0.4.11
[INFO] [stderr]    Compiling linux-raw-sys v0.4.12
[INFO] [stderr]    Compiling aho-corasick v1.1.2
[INFO] [stderr]    Compiling polling v2.8.0
[INFO] [stderr]    Compiling concurrent-queue v2.4.0
[INFO] [stderr]    Compiling rustix v0.37.27
[INFO] [stderr]    Compiling regex-syntax v0.8.2
[INFO] [stderr]    Compiling smallvec v1.11.2
[INFO] [stderr]    Compiling futures-lite v2.1.0
[INFO] [stderr]    Compiling event-listener v4.0.2
[INFO] [stderr]    Compiling atomic-waker v1.1.2
[INFO] [stderr]    Compiling event-listener v2.5.3
[INFO] [stderr]    Compiling scopeguard v1.2.0
[INFO] [stderr]    Compiling tracing v0.1.40
[INFO] [stderr]    Compiling async-task v4.7.0
[INFO] [stderr]    Compiling log v0.4.20
[INFO] [stderr]    Compiling piper v0.2.1
[INFO] [stderr]    Compiling event-listener-strategy v0.4.0
[INFO] [stderr]    Compiling futures-macro v0.3.30
[INFO] [stderr]    Compiling getrandom v0.2.11
[INFO] [stderr]    Compiling futures-channel v0.3.30
[INFO] [stderr]    Compiling async-io v1.13.0
[INFO] [stderr]    Compiling async-lock v3.2.0
[INFO] [stderr]    Compiling async-channel v2.1.1
[INFO] [stderr]    Compiling waker-fn v1.1.1
[INFO] [stderr]    Compiling radium v0.7.0
[INFO] [stderr]    Compiling linux-raw-sys v0.3.8
[INFO] [stderr]    Compiling serde v1.0.194
[INFO] [stderr]    Compiling fastrand v1.9.0
[INFO] [stderr]    Compiling quick-error v1.2.3
[INFO] [stderr]    Compiling rand_core v0.6.4
[INFO] [stderr]    Compiling humantime v1.3.0
[INFO] [stderr]    Compiling parking_lot v0.12.1
[INFO] [stderr]    Compiling async-lock v2.8.0
[INFO] [stderr]    Compiling serde_derive v1.0.194
[INFO] [stderr]    Compiling futures-lite v1.13.0
[INFO] [stderr]    Compiling tokio-macros v2.2.0
[INFO] [stderr]    Compiling mio v0.8.10
[INFO] [stderr]    Compiling signal-hook-registry v1.4.1
[INFO] [stderr]    Compiling atty v0.2.14
[INFO] [stderr]    Compiling async-executor v1.8.0
[INFO] [stderr]    Compiling blocking v1.5.1
[INFO] [stderr]    Compiling socket2 v0.5.5
[INFO] [stderr]    Compiling socket2 v0.4.10
[INFO] [stderr]    Compiling num_cpus v1.16.0
[INFO] [stderr]    Compiling tap v1.0.1
[INFO] [stderr]    Compiling termcolor v1.1.3
[INFO] [stderr]    Compiling async-trait v0.1.77
[INFO] [stderr]    Compiling rand_chacha v0.3.1
[INFO] [stderr]    Compiling wyz v0.5.1
[INFO] [stderr]    Compiling kv-log-macro v1.0.7
[INFO] [stderr]    Compiling async-channel v1.9.0
[INFO] [stderr]    Compiling tokio v1.35.1
[INFO] [stderr]    Compiling thiserror-impl v1.0.56
[INFO] [stderr]    Compiling byteorder v1.5.0
[INFO] [stderr]    Compiling funty v2.0.0
[INFO] [stderr]    Compiling rand v0.8.5
[INFO] [stderr]    Compiling futures-util v0.3.30
[INFO] [stderr]    Compiling someip_parse v0.2.0
[INFO] [stderr]    Compiling regex-automata v0.4.3
[INFO] [stderr]    Compiling bitvec v1.0.1
[INFO] [stderr]    Compiling thiserror v1.0.56
[INFO] [stderr]    Compiling futures-executor v0.3.30
[INFO] [stderr]    Compiling regex v1.10.2
[INFO] [stderr]    Compiling futures v0.3.30
[INFO] [stderr]    Compiling env_logger v0.7.1
[INFO] [stderr]    Compiling polling v3.3.1
[INFO] [stderr]    Compiling async-io v2.2.2
[INFO] [stderr]    Compiling pretty_env_logger v0.4.0
[INFO] [stderr]    Compiling async-global-executor v2.4.1
[INFO] [stderr]    Compiling async-std v1.12.0
[INFO] [stderr]    Compiling tokio-util v0.6.10
[INFO] [stderr]    Compiling bincode v1.3.3
[INFO] [stderr]    Compiling someip v0.1.1 (/opt/rustwide/workdir)
[INFO] [stdout] warning: variable does not need to be mutable
[INFO] [stdout]    --> src/client.rs:402:45
[INFO] [stdout]     |
[INFO] [stdout] 402 | ...                   if let Some(mut pending) = pending_calls.get_mut(&request_id) {
[INFO] [stdout]     |                                   ----^^^^^^^
[INFO] [stdout]     |                                   |
[INFO] [stdout]     |                                   help: remove this `mut`
[INFO] [stdout]     |
[INFO] [stdout]     = note: `#[warn(unused_mut)]` on by default
[INFO] [stdout] 
[INFO] [stdout] 
[INFO] [stdout] warning: variable does not need to be mutable
[INFO] [stdout]    --> src/client.rs:342:36
[INFO] [stdout]     |
[INFO] [stdout] 342 |                        if let Some(mut pending) = pending_calls.get_mut(&request_id) {
[INFO] [stdout]     |                                    ----^^^^^^^
[INFO] [stdout]     |                                    |
[INFO] [stdout]     |                                    help: remove this `mut`
[INFO] [stdout] 
[INFO] [stdout] 
[INFO] [stdout] warning: unused import: `State`
[INFO] [stdout]   --> src/sd_server.rs:19:60
[INFO] [stdout]    |
[INFO] [stdout] 19 |     sd_server_sm::{SDServerStateMachineContainer, SMEvent, State},
[INFO] [stdout]    |                                                            ^^^^^
[INFO] [stdout]    |
[INFO] [stdout]    = note: `#[warn(unused_imports)]` on by default
[INFO] [stdout] 
[INFO] [stdout] 
[INFO] [stdout] warning: variant `StopOfferService` is never constructed
[INFO] [stdout]   --> src/sd_server.rs:46:5
[INFO] [stdout]    |
[INFO] [stdout] 44 | enum SDServerInternalMessage {
[INFO] [stdout]    |      ----------------------- variant in this enum
[INFO] [stdout] 45 |     OfferService(u16),
[INFO] [stdout] 46 |     StopOfferService(u16),
[INFO] [stdout]    |     ^^^^^^^^^^^^^^^^
[INFO] [stdout]    |
[INFO] [stdout]    = note: `#[warn(dead_code)]` on by default
[INFO] [stdout] 
[INFO] [stdout] 
[INFO] [stdout] warning: 4 warnings emitted
[INFO] [stdout] 
[INFO] [stdout] 
[INFO] [stderr]     Finished dev [unoptimized + debuginfo] target(s) in 17.28s
[INFO] running `Command { std: "docker" "inspect" "b19675e70cc3d1e9146b80fafe7afc49c05d95882226881981c0290b224030a8", kill_on_drop: false }`
[INFO] running `Command { std: "docker" "rm" "-f" "b19675e70cc3d1e9146b80fafe7afc49c05d95882226881981c0290b224030a8", kill_on_drop: false }`
[INFO] [stdout] b19675e70cc3d1e9146b80fafe7afc49c05d95882226881981c0290b224030a8
[INFO] running `Command { std: "docker" "create" "-v" "/var/lib/crater-agent-workspace/builds/worker-2-tc1/target:/opt/rustwide/target:rw,Z" "-v" "/var/lib/crater-agent-workspace/builds/worker-2-tc1/source:/opt/rustwide/workdir:ro,Z" "-v" "/var/lib/crater-agent-workspace/cargo-home:/opt/rustwide/cargo-home:ro,Z" "-v" "/var/lib/crater-agent-workspace/rustup-home:/opt/rustwide/rustup-home:ro,Z" "-e" "SOURCE_DIR=/opt/rustwide/workdir" "-e" "CARGO_TARGET_DIR=/opt/rustwide/target" "-e" "CARGO_INCREMENTAL=0" "-e" "RUST_BACKTRACE=full" "-e" "RUSTFLAGS=--cap-lints=warn" "-e" "RUSTDOCFLAGS=--cap-lints=warn" "-e" "CARGO_HOME=/opt/rustwide/cargo-home" "-e" "RUSTUP_HOME=/opt/rustwide/rustup-home" "-w" "/opt/rustwide/workdir" "-m" "1610612736" "--user" "0:0" "--network" "none" "ghcr.io/rust-lang/crates-build-env/linux@sha256:2788e3201cd34a07e3172128adcd8b3090168a8e3bcc40d7c032b9dda1df7d1c" "/opt/rustwide/cargo-home/bin/cargo" "+1.75.0" "test" "--frozen" "--no-run" "--message-format=json", kill_on_drop: false }`
[INFO] [stdout] 51c97312c1ef0a7bb66015016dab1727d212228f6457e5ea6712a8c94b69775a
[INFO] running `Command { std: "docker" "start" "-a" "51c97312c1ef0a7bb66015016dab1727d212228f6457e5ea6712a8c94b69775a", kill_on_drop: false }`
[INFO] [stderr]    Compiling num-traits v0.2.17
[INFO] [stderr]    Compiling iana-time-zone v0.1.59
[INFO] [stdout] warning: variable does not need to be mutable
[INFO] [stdout]    --> src/client.rs:402:45
[INFO] [stdout]     |
[INFO] [stdout] 402 | ...                   if let Some(mut pending) = pending_calls.get_mut(&request_id) {
[INFO] [stdout]     |                                   ----^^^^^^^
[INFO] [stdout]     |                                   |
[INFO] [stdout]     |                                   help: remove this `mut`
[INFO] [stdout]     |
[INFO] [stdout]     = note: `#[warn(unused_mut)]` on by default
[INFO] [stdout] 
[INFO] [stdout] 
[INFO] [stdout] warning: variable does not need to be mutable
[INFO] [stdout]    --> src/client.rs:342:36
[INFO] [stdout]     |
[INFO] [stdout] 342 |                        if let Some(mut pending) = pending_calls.get_mut(&request_id) {
[INFO] [stdout]     |                                    ----^^^^^^^
[INFO] [stdout]     |                                    |
[INFO] [stdout]     |                                    help: remove this `mut`
[INFO] [stdout] 
[INFO] [stdout] 
[INFO] [stdout] warning: unused import: `State`
[INFO] [stdout]   --> src/sd_server.rs:19:60
[INFO] [stdout]    |
[INFO] [stdout] 19 |     sd_server_sm::{SDServerStateMachineContainer, SMEvent, State},
[INFO] [stdout]    |                                                            ^^^^^
[INFO] [stdout]    |
[INFO] [stdout]    = note: `#[warn(unused_imports)]` on by default
[INFO] [stdout] 
[INFO] [stdout] 
[INFO] [stdout] warning: variant `StopOfferService` is never constructed
[INFO] [stdout]   --> src/sd_server.rs:46:5
[INFO] [stdout]    |
[INFO] [stdout] 44 | enum SDServerInternalMessage {
[INFO] [stdout]    |      ----------------------- variant in this enum
[INFO] [stdout] 45 |     OfferService(u16),
[INFO] [stdout] 46 |     StopOfferService(u16),
[INFO] [stdout]    |     ^^^^^^^^^^^^^^^^
[INFO] [stdout]    |
[INFO] [stdout]    = note: `#[warn(dead_code)]` on by default
[INFO] [stdout] 
[INFO] [stdout] 
[INFO] [stdout] warning: 4 warnings emitted
[INFO] [stdout] 
[INFO] [stdout] 
[INFO] [stderr]    Compiling chrono v0.4.31
[INFO] [stderr]    Compiling simplelog v0.10.2
[INFO] [stderr]    Compiling someip v0.1.1 (/opt/rustwide/workdir)
[INFO] [stdout] error[E0432]: unresolved import `someip_derive`
[INFO] [stdout]   --> src/tests.rs:24:5
[INFO] [stdout]    |
[INFO] [stdout] 24 | use someip_derive::*;
[INFO] [stdout]    |     ^^^^^^^^^^^^^ use of undeclared crate or module `someip_derive`
[INFO] [stdout]    |
[INFO] [stdout] help: there is a crate or module with a similar name
[INFO] [stdout]    |
[INFO] [stdout] 24 | use someip_parse::*;
[INFO] [stdout]    |     ~~~~~~~~~~~~
[INFO] [stdout] 
[INFO] [stdout] 
[INFO] [stdout] error: cannot find attribute `service` in this scope
[INFO] [stdout]   --> src/tests.rs:68:3
[INFO] [stdout]    |
[INFO] [stdout] 68 | #[service(
[INFO] [stdout]    |   ^^^^^^^
[INFO] [stdout] 
[INFO] [stdout] 
[INFO] [stdout] error: cannot find attribute `service_impl` in this scope
[INFO] [stdout]   --> src/tests.rs:85:3
[INFO] [stdout]    |
[INFO] [stdout] 85 | #[service_impl(EchoServer)]
[INFO] [stdout]    |   ^^^^^^^^^^^^
[INFO] [stdout] 
[INFO] [stdout] 
[INFO] [stdout] error[E0407]: method `set_value1` is not a member of trait `EchoServer`
[INFO] [stdout]    --> src/tests.rs:104:5
[INFO] [stdout]     |
[INFO] [stdout] 104 | /     fn set_value1(&self, _: Field1) -> Result<(), FieldError> {
[INFO] [stdout] 105 | |         Ok(())
[INFO] [stdout] 106 | |     }
[INFO] [stdout]     | |_____^ not a member of trait `EchoServer`
[INFO] [stdout] 
[INFO] [stdout] 
[INFO] [stdout] error[E0407]: method `get_value1` is not a member of trait `EchoServer`
[INFO] [stdout]    --> src/tests.rs:108:5
[INFO] [stdout]     |
[INFO] [stdout] 108 | /     fn get_value1(&self) -> Result<&Field1, FieldError> {
[INFO] [stdout] 109 | |         Ok(&self.value1)
[INFO] [stdout] 110 | |     }
[INFO] [stdout]     | |_____^ not a member of trait `EchoServer`
[INFO] [stdout] 
[INFO] [stdout] 
[INFO] [stdout] error[E0407]: method `set_value2` is not a member of trait `EchoServer`
[INFO] [stdout]    --> src/tests.rs:111:5
[INFO] [stdout]     |
[INFO] [stdout] 111 | /     fn set_value2(&self, _: std::string::String) -> Result<(), FieldError> {
[INFO] [stdout] 112 | |         Ok(())
[INFO] [stdout] 113 | |     }
[INFO] [stdout]     | |_____^ not a member of trait `EchoServer`
[INFO] [stdout] 
[INFO] [stdout] 
[INFO] [stdout] error[E0407]: method `get_value2` is not a member of trait `EchoServer`
[INFO] [stdout]    --> src/tests.rs:114:5
[INFO] [stdout]     |
[INFO] [stdout] 114 | /     fn get_value2(&self) -> Result<&std::string::String, FieldError> {
[INFO] [stdout] 115 | |         todo!()
[INFO] [stdout] 116 | |     }
[INFO] [stdout]     | |_____^ not a member of trait `EchoServer`
[INFO] [stdout] 
[INFO] [stdout] 
[INFO] [stdout] error[E0407]: method `set_value3` is not a member of trait `EchoServer`
[INFO] [stdout]    --> src/tests.rs:117:5
[INFO] [stdout]     |
[INFO] [stdout] 117 | /     fn set_value3(&self, _: u32) -> Result<(), FieldError> {
[INFO] [stdout] 118 | |         Ok(())
[INFO] [stdout] 119 | |     }
[INFO] [stdout]     | |_____^ not a member of trait `EchoServer`
[INFO] [stdout] 
[INFO] [stdout] 
[INFO] [stdout] error[E0407]: method `get_value3` is not a member of trait `EchoServer`
[INFO] [stdout]    --> src/tests.rs:120:5
[INFO] [stdout]     |
[INFO] [stdout] 120 | /     fn get_value3(&self) -> Result<&u32, FieldError> {
[INFO] [stdout] 121 | |         todo!()
[INFO] [stdout] 122 | |     }
[INFO] [stdout]     | |_____^ not a member of trait `EchoServer`
[INFO] [stdout] 
[INFO] [stdout] 
[INFO] [stdout] warning: unused import: `crate::error::MethodError`
[INFO] [stdout]   --> src/tests.rs:14:5
[INFO] [stdout]    |
[INFO] [stdout] 14 | use crate::error::MethodError;
[INFO] [stdout]    |     ^^^^^^^^^^^^^^^^^^^^^^^^^
[INFO] [stdout]    |
[INFO] [stdout]    = note: `#[warn(unused_imports)]` on by default
[INFO] [stdout] 
[INFO] [stdout] 
[INFO] [stdout] warning: unused import: `ServiceVersion`
[INFO] [stdout]   --> src/tests.rs:15:46
[INFO] [stdout]    |
[INFO] [stdout] 15 | use crate::server::{Server, ServiceInstance, ServiceVersion};
[INFO] [stdout]    |                                              ^^^^^^^^^^^^^^
[INFO] [stdout] 
[INFO] [stdout] 
[INFO] [stdout] warning: unused import: `client::Client`
[INFO] [stdout]   --> src/tests.rs:16:13
[INFO] [stdout]    |
[INFO] [stdout] 16 | use crate::{client::Client, server::ServerRequestHandlerEntry};
[INFO] [stdout]    |             ^^^^^^^^^^^^^^
[INFO] [stdout] 
[INFO] [stdout] 
[INFO] [stdout] warning: unused import: `futures::future::BoxFuture`
[INFO] [stdout]   --> src/tests.rs:32:5
[INFO] [stdout]    |
[INFO] [stdout] 32 | use futures::future::BoxFuture;
[INFO] [stdout]    |     ^^^^^^^^^^^^^^^^^^^^^^^^^^
[INFO] [stdout] 
[INFO] [stdout] 
[INFO] [stdout] warning: variable does not need to be mutable
[INFO] [stdout]    --> src/client.rs:402:45
[INFO] [stdout]     |
[INFO] [stdout] 402 | ...                   if let Some(mut pending) = pending_calls.get_mut(&request_id) {
[INFO] [stdout]     |                                   ----^^^^^^^
[INFO] [stdout]     |                                   |
[INFO] [stdout]     |                                   help: remove this `mut`
[INFO] [stdout]     |
[INFO] [stdout]     = note: `#[warn(unused_mut)]` on by default
[INFO] [stdout] 
[INFO] [stdout] 
[INFO] [stdout] warning: variable does not need to be mutable
[INFO] [stdout]    --> src/client.rs:342:36
[INFO] [stdout]     |
[INFO] [stdout] 342 |                        if let Some(mut pending) = pending_calls.get_mut(&request_id) {
[INFO] [stdout]     |                                    ----^^^^^^^
[INFO] [stdout]     |                                    |
[INFO] [stdout]     |                                    help: remove this `mut`
[INFO] [stdout] 
[INFO] [stdout] 
[INFO] [stdout] error[E0599]: no function or associated item named `create_server_request_handler` found for struct `EchoServerImpl` in the current scope
[INFO] [stdout]    --> src/tests.rs:184:33
[INFO] [stdout]     |
[INFO] [stdout] 86  | pub struct EchoServerImpl {
[INFO] [stdout]     | ------------------------- function or associated item `create_server_request_handler` not found for this struct
[INFO] [stdout] ...
[INFO] [stdout] 184 |                 EchoServerImpl::create_server_request_handler(Arc::new(EchoServerImpl::default()));
[INFO] [stdout]     |                                 ^^^^^^^^^^^^^^^^^^^^^^^^^^^^^ function or associated item not found in `EchoServerImpl`
[INFO] [stdout]     |
[INFO] [stdout]     = help: items from traits can only be used if the trait is implemented and in scope
[INFO] [stdout] note: `server::CreateServerRequestHandler` defines an item `create_server_request_handler`, perhaps you need to implement it
[INFO] [stdout]    --> src/server.rs:49:1
[INFO] [stdout]     |
[INFO] [stdout] 49  | pub trait CreateServerRequestHandler {
[INFO] [stdout]     | ^^^^^^^^^^^^^^^^^^^^^^^^^^^^^^^^^^^^
[INFO] [stdout] 
[INFO] [stdout] 
[INFO] [stdout] error[E0433]: failed to resolve: use of undeclared type `EchoServerProxy`
[INFO] [stdout]    --> src/tests.rs:196:25
[INFO] [stdout]     |
[INFO] [stdout] 196 |         let mut proxy = EchoServerProxy::new(47, 0, config);
[INFO] [stdout]     |                         ^^^^^^^^^^^^^^^
[INFO] [stdout]     |                         |
[INFO] [stdout]     |                         use of undeclared type `EchoServerProxy`
[INFO] [stdout]     |                         help: a trait with a similar name exists: `EchoServer`
[INFO] [stdout] 
[INFO] [stdout] 
[INFO] [stdout] error[E0433]: failed to resolve: use of undeclared type `EchoServerProxy`
[INFO] [stdout]    --> src/tests.rs:200:35
[INFO] [stdout]     |
[INFO] [stdout] 200 |         tokio::spawn(async move { EchoServerProxy::run(proxy_for_task, addr).await });
[INFO] [stdout]     |                                   ^^^^^^^^^^^^^^^
[INFO] [stdout]     |                                   |
[INFO] [stdout]     |                                   use of undeclared type `EchoServerProxy`
[INFO] [stdout]     |                                   help: a trait with a similar name exists: `EchoServer`
[INFO] [stdout] 
[INFO] [stdout] 
[INFO] [stdout] error[E0599]: no function or associated item named `create_server_request_handler` found for struct `EchoServerImpl` in the current scope
[INFO] [stdout]    --> src/tests.rs:272:33
[INFO] [stdout]     |
[INFO] [stdout] 86  | pub struct EchoServerImpl {
[INFO] [stdout]     | ------------------------- function or associated item `create_server_request_handler` not found for this struct
[INFO] [stdout] ...
[INFO] [stdout] 272 |                 EchoServerImpl::create_server_request_handler(Arc::new(EchoServerImpl::default()));
[INFO] [stdout]     |                                 ^^^^^^^^^^^^^^^^^^^^^^^^^^^^^ function or associated item not found in `EchoServerImpl`
[INFO] [stdout]     |
[INFO] [stdout]     = help: items from traits can only be used if the trait is implemented and in scope
[INFO] [stdout] note: `server::CreateServerRequestHandler` defines an item `create_server_request_handler`, perhaps you need to implement it
[INFO] [stdout]    --> src/server.rs:49:1
[INFO] [stdout]     |
[INFO] [stdout] 49  | pub trait CreateServerRequestHandler {
[INFO] [stdout]     | ^^^^^^^^^^^^^^^^^^^^^^^^^^^^^^^^^^^^
[INFO] [stdout] 
[INFO] [stdout] 
[INFO] [stdout] error[E0433]: failed to resolve: use of undeclared type `EchoServerProxy`
[INFO] [stdout]    --> src/tests.rs:303:25
[INFO] [stdout]     |
[INFO] [stdout] 303 |         let mut proxy = EchoServerProxy::new(45, 0, config);
[INFO] [stdout]     |                         ^^^^^^^^^^^^^^^
[INFO] [stdout]     |                         |
[INFO] [stdout]     |                         use of undeclared type `EchoServerProxy`
[INFO] [stdout]     |                         help: a trait with a similar name exists: `EchoServer`
[INFO] [stdout] 
[INFO] [stdout] 
[INFO] [stdout] error[E0433]: failed to resolve: use of undeclared type `EchoServerProxy`
[INFO] [stdout]    --> src/tests.rs:306:35
[INFO] [stdout]     |
[INFO] [stdout] 306 |         tokio::spawn(async move { EchoServerProxy::run_uds(proxy_for_task, client).await });
[INFO] [stdout]     |                                   ^^^^^^^^^^^^^^^
[INFO] [stdout]     |                                   |
[INFO] [stdout]     |                                   use of undeclared type `EchoServerProxy`
[INFO] [stdout]     |                                   help: a trait with a similar name exists: `EchoServer`
[INFO] [stdout] 
[INFO] [stdout] 
[INFO] [stdout] warning: unused import: `State`
[INFO] [stdout]   --> src/sd_server.rs:19:60
[INFO] [stdout]    |
[INFO] [stdout] 19 |     sd_server_sm::{SDServerStateMachineContainer, SMEvent, State},
[INFO] [stdout]    |                                                            ^^^^^
[INFO] [stdout] 
[INFO] [stdout] 
[INFO] [stdout] error: aborting due to 15 previous errors; 7 warnings emitted
[INFO] [stdout] 
[INFO] [stdout] 
[INFO] [stdout] Some errors have detailed explanations: E0407, E0432, E0433, E0599.
[INFO] [stdout] 
[INFO] [stdout] For more information about an error, try `rustc --explain E0407`.
[INFO] [stdout] 
[INFO] [stderr] error: could not compile `someip` (lib test) due to 16 previous errors; 7 warnings emitted
[INFO] running `Command { std: "docker" "inspect" "51c97312c1ef0a7bb66015016dab1727d212228f6457e5ea6712a8c94b69775a", kill_on_drop: false }`
[INFO] running `Command { std: "docker" "rm" "-f" "51c97312c1ef0a7bb66015016dab1727d212228f6457e5ea6712a8c94b69775a", kill_on_drop: false }`
[INFO] [stdout] 51c97312c1ef0a7bb66015016dab1727d212228f6457e5ea6712a8c94b69775a
