[INFO] fetching crate somedoc 0.2.10...
[INFO] testing somedoc-0.2.10 against 1.75.0 for beta-1.76-1
[INFO] extracting crate somedoc 0.2.10 into /workspace/builds/worker-7-tc1/source
[INFO] validating manifest of crates.io crate somedoc 0.2.10 on toolchain 1.75.0
[INFO] running `Command { std: CARGO_HOME="/workspace/cargo-home" RUSTUP_HOME="/workspace/rustup-home" "/workspace/cargo-home/bin/cargo" "+1.75.0" "metadata" "--manifest-path" "Cargo.toml" "--no-deps", kill_on_drop: false }`
[INFO] started tweaking crates.io crate somedoc 0.2.10
[INFO] finished tweaking crates.io crate somedoc 0.2.10
[INFO] tweaked toml for crates.io crate somedoc 0.2.10 written to /workspace/builds/worker-7-tc1/source/Cargo.toml
[INFO] crate crates.io crate somedoc 0.2.10 already has a lockfile, it will not be regenerated
[INFO] running `Command { std: CARGO_HOME="/workspace/cargo-home" RUSTUP_HOME="/workspace/rustup-home" "/workspace/cargo-home/bin/cargo" "+1.75.0" "fetch" "--manifest-path" "Cargo.toml", kill_on_drop: false }`
[INFO] [stderr]     Updating crates.io index
[INFO] [stderr]  Downloading crates ...
[INFO] [stderr]   Downloaded ctor v0.1.19
[INFO] [stderr]   Downloaded proptest v0.10.1
[INFO] [stderr]   Downloaded blob-uuid v0.4.0
[INFO] running `Command { std: "docker" "create" "-v" "/var/lib/crater-agent-workspace/builds/worker-7-tc1/target:/opt/rustwide/target:rw,Z" "-v" "/var/lib/crater-agent-workspace/builds/worker-7-tc1/source:/opt/rustwide/workdir:ro,Z" "-v" "/var/lib/crater-agent-workspace/cargo-home:/opt/rustwide/cargo-home:ro,Z" "-v" "/var/lib/crater-agent-workspace/rustup-home:/opt/rustwide/rustup-home:ro,Z" "-e" "SOURCE_DIR=/opt/rustwide/workdir" "-e" "CARGO_TARGET_DIR=/opt/rustwide/target" "-e" "CARGO_HOME=/opt/rustwide/cargo-home" "-e" "RUSTUP_HOME=/opt/rustwide/rustup-home" "-w" "/opt/rustwide/workdir" "-m" "1610612736" "--user" "0:0" "--network" "none" "ghcr.io/rust-lang/crates-build-env/linux@sha256:2788e3201cd34a07e3172128adcd8b3090168a8e3bcc40d7c032b9dda1df7d1c" "/opt/rustwide/cargo-home/bin/cargo" "+1.75.0" "metadata" "--no-deps" "--format-version=1", kill_on_drop: false }`
[INFO] [stdout] f308554c4c1dcb159f9b7c62c19337ea068578bbdd7b9be58b798f473a4e079f
[INFO] running `Command { std: "docker" "start" "-a" "f308554c4c1dcb159f9b7c62c19337ea068578bbdd7b9be58b798f473a4e079f", kill_on_drop: false }`
[INFO] running `Command { std: "docker" "inspect" "f308554c4c1dcb159f9b7c62c19337ea068578bbdd7b9be58b798f473a4e079f", kill_on_drop: false }`
[INFO] running `Command { std: "docker" "rm" "-f" "f308554c4c1dcb159f9b7c62c19337ea068578bbdd7b9be58b798f473a4e079f", kill_on_drop: false }`
[INFO] [stdout] f308554c4c1dcb159f9b7c62c19337ea068578bbdd7b9be58b798f473a4e079f
[INFO] running `Command { std: "docker" "create" "-v" "/var/lib/crater-agent-workspace/builds/worker-7-tc1/target:/opt/rustwide/target:rw,Z" "-v" "/var/lib/crater-agent-workspace/builds/worker-7-tc1/source:/opt/rustwide/workdir:ro,Z" "-v" "/var/lib/crater-agent-workspace/cargo-home:/opt/rustwide/cargo-home:ro,Z" "-v" "/var/lib/crater-agent-workspace/rustup-home:/opt/rustwide/rustup-home:ro,Z" "-e" "SOURCE_DIR=/opt/rustwide/workdir" "-e" "CARGO_TARGET_DIR=/opt/rustwide/target" "-e" "CARGO_INCREMENTAL=0" "-e" "RUST_BACKTRACE=full" "-e" "RUSTFLAGS=--cap-lints=warn" "-e" "RUSTDOCFLAGS=--cap-lints=warn" "-e" "CARGO_HOME=/opt/rustwide/cargo-home" "-e" "RUSTUP_HOME=/opt/rustwide/rustup-home" "-w" "/opt/rustwide/workdir" "-m" "1610612736" "--user" "0:0" "--network" "none" "ghcr.io/rust-lang/crates-build-env/linux@sha256:2788e3201cd34a07e3172128adcd8b3090168a8e3bcc40d7c032b9dda1df7d1c" "/opt/rustwide/cargo-home/bin/cargo" "+1.75.0" "build" "--frozen" "--message-format=json", kill_on_drop: false }`
[INFO] [stdout] 487c9f4643f4e7e0de9322ece063ee7962ac86f5d5aabd10c2580081973038d6
[INFO] running `Command { std: "docker" "start" "-a" "487c9f4643f4e7e0de9322ece063ee7962ac86f5d5aabd10c2580081973038d6", kill_on_drop: false }`
[INFO] [stderr]    Compiling proc-macro2 v1.0.24
[INFO] [stderr]    Compiling libc v0.2.80
[INFO] [stderr]    Compiling unicode-xid v0.2.1
[INFO] [stderr]    Compiling autocfg v1.0.1
[INFO] [stderr]    Compiling cfg-if v1.0.0
[INFO] [stderr]    Compiling syn v1.0.60
[INFO] [stderr]    Compiling memchr v2.3.4
[INFO] [stderr]    Compiling getrandom v0.2.2
[INFO] [stderr]    Compiling byteorder v1.3.4
[INFO] [stderr]    Compiling serde_derive v1.0.123
[INFO] [stderr]    Compiling gimli v0.23.0
[INFO] [stderr]    Compiling serde v1.0.123
[INFO] [stderr]    Compiling adler v0.2.3
[INFO] [stderr]    Compiling ryu v1.0.5
[INFO] [stderr]    Compiling version_check v0.9.2
[INFO] [stderr]    Compiling lazy_static v1.4.0
[INFO] [stderr]    Compiling serde_json v1.0.62
[INFO] [stderr]    Compiling rustc-demangle v0.1.18
[INFO] [stderr]    Compiling object v0.22.0
[INFO] [stderr]    Compiling thread_local v1.0.1
[INFO] [stderr]    Compiling regex-syntax v0.6.21
[INFO] [stderr]    Compiling itoa v0.4.7
[INFO] [stderr]    Compiling miniz_oxide v0.4.3
[INFO] [stderr]    Compiling error-chain v0.12.4
[INFO] [stderr]    Compiling aho-corasick v0.7.15
[INFO] [stderr]    Compiling base64 v0.10.1
[INFO] [stderr]    Compiling quote v1.0.8
[INFO] [stderr]    Compiling uuid v0.8.2
[INFO] [stderr]    Compiling blob-uuid v0.4.0
[INFO] [stderr]    Compiling regex v1.4.2
[INFO] [stderr]    Compiling addr2line v0.14.0
[INFO] [stderr]    Compiling backtrace v0.3.54
[INFO] [stderr]    Compiling somedoc v0.2.10 (/opt/rustwide/workdir)
[INFO] [stderr]     Finished dev [unoptimized + debuginfo] target(s) in 17.46s
[INFO] running `Command { std: "docker" "inspect" "487c9f4643f4e7e0de9322ece063ee7962ac86f5d5aabd10c2580081973038d6", kill_on_drop: false }`
[INFO] running `Command { std: "docker" "rm" "-f" "487c9f4643f4e7e0de9322ece063ee7962ac86f5d5aabd10c2580081973038d6", kill_on_drop: false }`
[INFO] [stdout] 487c9f4643f4e7e0de9322ece063ee7962ac86f5d5aabd10c2580081973038d6
[INFO] running `Command { std: "docker" "create" "-v" "/var/lib/crater-agent-workspace/builds/worker-7-tc1/target:/opt/rustwide/target:rw,Z" "-v" "/var/lib/crater-agent-workspace/builds/worker-7-tc1/source:/opt/rustwide/workdir:ro,Z" "-v" "/var/lib/crater-agent-workspace/cargo-home:/opt/rustwide/cargo-home:ro,Z" "-v" "/var/lib/crater-agent-workspace/rustup-home:/opt/rustwide/rustup-home:ro,Z" "-e" "SOURCE_DIR=/opt/rustwide/workdir" "-e" "CARGO_TARGET_DIR=/opt/rustwide/target" "-e" "CARGO_INCREMENTAL=0" "-e" "RUST_BACKTRACE=full" "-e" "RUSTFLAGS=--cap-lints=warn" "-e" "RUSTDOCFLAGS=--cap-lints=warn" "-e" "CARGO_HOME=/opt/rustwide/cargo-home" "-e" "RUSTUP_HOME=/opt/rustwide/rustup-home" "-w" "/opt/rustwide/workdir" "-m" "1610612736" "--user" "0:0" "--network" "none" "ghcr.io/rust-lang/crates-build-env/linux@sha256:2788e3201cd34a07e3172128adcd8b3090168a8e3bcc40d7c032b9dda1df7d1c" "/opt/rustwide/cargo-home/bin/cargo" "+1.75.0" "test" "--frozen" "--no-run" "--message-format=json", kill_on_drop: false }`
[INFO] [stdout] 528d58a4ba7ff3893c78486bf734e5e3a67bab1ae87c416593a5cddc620c7b64
[INFO] running `Command { std: "docker" "start" "-a" "528d58a4ba7ff3893c78486bf734e5e3a67bab1ae87c416593a5cddc620c7b64", kill_on_drop: false }`
[INFO] [stderr]    Compiling getrandom v0.1.15
[INFO] [stderr]    Compiling cfg-if v0.1.10
[INFO] [stderr]    Compiling ppv-lite86 v0.2.10
[INFO] [stderr]    Compiling num-traits v0.2.14
[INFO] [stderr]    Compiling bitflags v1.2.1
[INFO] [stderr]    Compiling remove_dir_all v0.5.3
[INFO] [stderr]    Compiling wait-timeout v0.2.0
[INFO] [stderr]    Compiling fnv v1.0.7
[INFO] [stderr]    Compiling cargo-husky v1.5.0
[INFO] [stderr]    Compiling quick-error v1.2.3
[INFO] [stderr]    Compiling bit-vec v0.6.2
[INFO] [stderr]    Compiling difference v2.0.0
[INFO] [stderr]    Compiling ansi_term v0.11.0
[INFO] [stderr]    Compiling bit-set v0.5.2
[INFO] [stderr]    Compiling pretty_assertions v0.6.1
[INFO] [stderr]    Compiling rand_core v0.5.1
[INFO] [stderr]    Compiling rand_chacha v0.2.2
[INFO] [stderr]    Compiling rand_xorshift v0.2.0
[INFO] [stderr]    Compiling rand v0.7.3
[INFO] [stderr]    Compiling tempfile v3.1.0
[INFO] [stderr]    Compiling rusty-fork v0.3.0
[INFO] [stderr]    Compiling proptest v0.10.1
[INFO] [stderr]    Compiling somedoc v0.2.10 (/opt/rustwide/workdir)
[INFO] [stderr] error: could not compile `somedoc` (test "proptest_label")
[INFO] [stderr] 
[INFO] [stderr] Caused by:
[INFO] [stderr]   process didn't exit successfully: `/opt/rustwide/rustup-home/toolchains/1.75.0-x86_64-unknown-linux-gnu/bin/rustc --crate-name proptest_label --edition=2018 tests/proptest_label.rs --error-format=json --json=diagnostic-rendered-ansi,artifacts,future-incompat --emit=dep-info,link -C embed-bitcode=no -C debuginfo=2 --test --cfg 'feature="default"' --cfg 'feature="fmt_html"' --cfg 'feature="fmt_json"' --cfg 'feature="fmt_latex"' --cfg 'feature="fmt_markdown"' --cfg 'feature="serde"' --cfg 'feature="serde_json"' -C metadata=25c56d235013ed45 -C extra-filename=-25c56d235013ed45 --out-dir /opt/rustwide/target/debug/deps -L dependency=/opt/rustwide/target/debug/deps --extern blob_uuid=/opt/rustwide/target/debug/deps/libblob_uuid-3c6856092296f415.rlib --extern cargo_husky=/opt/rustwide/target/debug/deps/libcargo_husky-ecad498833cd43a0.rlib --extern error_chain=/opt/rustwide/target/debug/deps/liberror_chain-013beecf25a587cf.rlib --extern lazy_static=/opt/rustwide/target/debug/deps/liblazy_static-591486ebcb9a7ead.rlib --extern pretty_assertions=/opt/rustwide/target/debug/deps/libpretty_assertions-fb21420955d892df.rlib --extern proptest=/opt/rustwide/target/debug/deps/libproptest-ed635d20ac40687b.rlib --extern regex=/opt/rustwide/target/debug/deps/libregex-5cf7c12834163241.rlib --extern serde=/opt/rustwide/target/debug/deps/libserde-ca041931c56f367d.rlib --extern serde_json=/opt/rustwide/target/debug/deps/libserde_json-2612b7465f399d56.rlib --extern somedoc=/opt/rustwide/target/debug/deps/libsomedoc-c843689474a43538.rlib --cap-lints=warn` (signal: 9, SIGKILL: kill)
[INFO] [stderr] warning: build failed, waiting for other jobs to finish...
[INFO] [stderr] error: could not compile `somedoc` (lib test)
[INFO] [stderr] 
[INFO] [stderr] Caused by:
[INFO] [stderr]   process didn't exit successfully: `/opt/rustwide/rustup-home/toolchains/1.75.0-x86_64-unknown-linux-gnu/bin/rustc --crate-name somedoc --edition=2018 src/lib.rs --error-format=json --json=diagnostic-rendered-ansi,artifacts,future-incompat --emit=dep-info,link -C embed-bitcode=no -C debuginfo=2 --test --cfg 'feature="default"' --cfg 'feature="fmt_html"' --cfg 'feature="fmt_json"' --cfg 'feature="fmt_latex"' --cfg 'feature="fmt_markdown"' --cfg 'feature="serde"' --cfg 'feature="serde_json"' -C metadata=76e4d437fe374f78 -C extra-filename=-76e4d437fe374f78 --out-dir /opt/rustwide/target/debug/deps -L dependency=/opt/rustwide/target/debug/deps --extern blob_uuid=/opt/rustwide/target/debug/deps/libblob_uuid-3c6856092296f415.rlib --extern cargo_husky=/opt/rustwide/target/debug/deps/libcargo_husky-ecad498833cd43a0.rlib --extern error_chain=/opt/rustwide/target/debug/deps/liberror_chain-013beecf25a587cf.rlib --extern lazy_static=/opt/rustwide/target/debug/deps/liblazy_static-591486ebcb9a7ead.rlib --extern pretty_assertions=/opt/rustwide/target/debug/deps/libpretty_assertions-fb21420955d892df.rlib --extern proptest=/opt/rustwide/target/debug/deps/libproptest-ed635d20ac40687b.rlib --extern regex=/opt/rustwide/target/debug/deps/libregex-5cf7c12834163241.rlib --extern serde=/opt/rustwide/target/debug/deps/libserde-ca041931c56f367d.rlib --extern serde_json=/opt/rustwide/target/debug/deps/libserde_json-2612b7465f399d56.rlib --cap-lints=warn` (signal: 9, SIGKILL: kill)
[INFO] [stderr] error: could not compile `somedoc` (test "proptest_character")
[INFO] [stderr] 
[INFO] [stderr] Caused by:
[INFO] [stderr]   process didn't exit successfully: `/opt/rustwide/rustup-home/toolchains/1.75.0-x86_64-unknown-linux-gnu/bin/rustc --crate-name proptest_character --edition=2018 tests/proptest_character.rs --error-format=json --json=diagnostic-rendered-ansi,artifacts,future-incompat --emit=dep-info,link -C embed-bitcode=no -C debuginfo=2 --test --cfg 'feature="default"' --cfg 'feature="fmt_html"' --cfg 'feature="fmt_json"' --cfg 'feature="fmt_latex"' --cfg 'feature="fmt_markdown"' --cfg 'feature="serde"' --cfg 'feature="serde_json"' -C metadata=29e9c30224983e6f -C extra-filename=-29e9c30224983e6f --out-dir /opt/rustwide/target/debug/deps -L dependency=/opt/rustwide/target/debug/deps --extern blob_uuid=/opt/rustwide/target/debug/deps/libblob_uuid-3c6856092296f415.rlib --extern cargo_husky=/opt/rustwide/target/debug/deps/libcargo_husky-ecad498833cd43a0.rlib --extern error_chain=/opt/rustwide/target/debug/deps/liberror_chain-013beecf25a587cf.rlib --extern lazy_static=/opt/rustwide/target/debug/deps/liblazy_static-591486ebcb9a7ead.rlib --extern pretty_assertions=/opt/rustwide/target/debug/deps/libpretty_assertions-fb21420955d892df.rlib --extern proptest=/opt/rustwide/target/debug/deps/libproptest-ed635d20ac40687b.rlib --extern regex=/opt/rustwide/target/debug/deps/libregex-5cf7c12834163241.rlib --extern serde=/opt/rustwide/target/debug/deps/libserde-ca041931c56f367d.rlib --extern serde_json=/opt/rustwide/target/debug/deps/libserde_json-2612b7465f399d56.rlib --extern somedoc=/opt/rustwide/target/debug/deps/libsomedoc-c843689474a43538.rlib --cap-lints=warn` (signal: 9, SIGKILL: kill)
[INFO] [stdout] error: linking with `cc` failed: exit status: 1
[INFO] [stdout]   |
[INFO] [stdout]   = note: LC_ALL="C" PATH="/opt/rustwide/rustup-home/toolchains/1.75.0-x86_64-unknown-linux-gnu/lib/rustlib/x86_64-unknown-linux-gnu/bin:/opt/rustwide/cargo-home/bin:/usr/local/sbin:/usr/local/bin:/usr/sbin:/usr/bin:/sbin:/bin" VSLANG="1033" "cc" "-m64" "/tmp/rustcxb9ZV7/symbols.o" "/opt/rustwide/target/debug/deps/test_caption-e047f40b0aea677b.test_caption.642ca87c8436be5c-cgu.0.rcgu.o" "/opt/rustwide/target/debug/deps/test_caption-e047f40b0aea677b.6amrgy0sw1u6ep0.rcgu.o" "-Wl,--as-needed" "-L" "/opt/rustwide/target/debug/deps" "-L" "/opt/rustwide/rustup-home/toolchains/1.75.0-x86_64-unknown-linux-gnu/lib/rustlib/x86_64-unknown-linux-gnu/lib" "-Wl,-Bstatic" "/opt/rustwide/rustup-home/toolchains/1.75.0-x86_64-unknown-linux-gnu/lib/rustlib/x86_64-unknown-linux-gnu/lib/libtest-3df1bed8075ce1de.rlib" "/opt/rustwide/rustup-home/toolchains/1.75.0-x86_64-unknown-linux-gnu/lib/rustlib/x86_64-unknown-linux-gnu/lib/libgetopts-2076fd86b325cb5d.rlib" "/opt/rustwide/rustup-home/toolchains/1.75.0-x86_64-unknown-linux-gnu/lib/rustlib/x86_64-unknown-linux-gnu/lib/libunicode_width-caa7152ee70c190f.rlib" "/opt/rustwide/rustup-home/toolchains/1.75.0-x86_64-unknown-linux-gnu/lib/rustlib/x86_64-unknown-linux-gnu/lib/librustc_std_workspace_std-04e6425e07f02a3c.rlib" "/opt/rustwide/target/debug/deps/libsomedoc-c843689474a43538.rlib" "/opt/rustwide/target/debug/deps/libblob_uuid-3c6856092296f415.rlib" "/opt/rustwide/target/debug/deps/libuuid-2a7ce9d434360679.rlib" "/opt/rustwide/target/debug/deps/libgetrandom-64125ec0aa31fb33.rlib" "/opt/rustwide/target/debug/deps/libbase64-55b81d996be888d0.rlib" "/opt/rustwide/target/debug/deps/libbyteorder-776134c0f10ee8e7.rlib" "/opt/rustwide/target/debug/deps/libserde_json-2612b7465f399d56.rlib" "/opt/rustwide/target/debug/deps/libryu-aa04a306730705ee.rlib" "/opt/rustwide/target/debug/deps/libitoa-3f4173cfb1c86bd3.rlib" "/opt/rustwide/target/debug/deps/libregex-5cf7c12834163241.rlib" "/opt/rustwide/target/debug/deps/libthread_local-474bd3896e164b9e.rlib" "/opt/rustwide/target/debug/deps/libregex_syntax-3e60288ab29b1bc5.rlib" "/opt/rustwide/target/debug/deps/libaho_corasick-c166807801578ee9.rlib" "/opt/rustwide/target/debug/deps/libmemchr-b5af7574a6574a12.rlib" "/opt/rustwide/target/debug/deps/libserde-ca041931c56f367d.rlib" "/opt/rustwide/target/debug/deps/liblazy_static-591486ebcb9a7ead.rlib" "/opt/rustwide/target/debug/deps/liberror_chain-013beecf25a587cf.rlib" "/opt/rustwide/target/debug/deps/libbacktrace-bc1e2637fc519d5e.rlib" "/opt/rustwide/target/debug/deps/libminiz_oxide-ac344fa413bae1b7.rlib" "/opt/rustwide/target/debug/deps/libadler-b176be1706fbeb74.rlib" "/opt/rustwide/target/debug/deps/libobject-2c8ac5b216c7de1b.rlib" "/opt/rustwide/target/debug/deps/liblibc-7d595fae077ba6bb.rlib" "/opt/rustwide/target/debug/deps/libaddr2line-cb5b7273d23e198e.rlib" "/opt/rustwide/target/debug/deps/libgimli-71a072b9b9008ab3.rlib" "/opt/rustwide/target/debug/deps/libcfg_if-61dc7a6799e72b18.rlib" "/opt/rustwide/target/debug/deps/librustc_demangle-fbcea21fe898b797.rlib" "/opt/rustwide/rustup-home/toolchains/1.75.0-x86_64-unknown-linux-gnu/lib/rustlib/x86_64-unknown-linux-gnu/lib/libstd-90f6ddbf82de36ec.rlib" "/opt/rustwide/rustup-home/toolchains/1.75.0-x86_64-unknown-linux-gnu/lib/rustlib/x86_64-unknown-linux-gnu/lib/libpanic_unwind-480c41e9d4e1f677.rlib" "/opt/rustwide/rustup-home/toolchains/1.75.0-x86_64-unknown-linux-gnu/lib/rustlib/x86_64-unknown-linux-gnu/lib/libobject-db744c0ca03eed1d.rlib" "/opt/rustwide/rustup-home/toolchains/1.75.0-x86_64-unknown-linux-gnu/lib/rustlib/x86_64-unknown-linux-gnu/lib/libmemchr-8ba652dc7d4b285a.rlib" "/opt/rustwide/rustup-home/toolchains/1.75.0-x86_64-unknown-linux-gnu/lib/rustlib/x86_64-unknown-linux-gnu/lib/libaddr2line-d5f4520a9ebc0d58.rlib" "/opt/rustwide/rustup-home/toolchains/1.75.0-x86_64-unknown-linux-gnu/lib/rustlib/x86_64-unknown-linux-gnu/lib/libgimli-4ad84de58f0cb463.rlib" "/opt/rustwide/rustup-home/toolchains/1.75.0-x86_64-unknown-linux-gnu/lib/rustlib/x86_64-unknown-linux-gnu/lib/librustc_demangle-0d10aae2e0f38735.rlib" "/opt/rustwide/rustup-home/toolchains/1.75.0-x86_64-unknown-linux-gnu/lib/rustlib/x86_64-unknown-linux-gnu/lib/libstd_detect-0c17cff739e6745b.rlib" "/opt/rustwide/rustup-home/toolchains/1.75.0-x86_64-unknown-linux-gnu/lib/rustlib/x86_64-unknown-linux-gnu/lib/libhashbrown-b29e17139dde1aa8.rlib" "/opt/rustwide/rustup-home/toolchains/1.75.0-x86_64-unknown-linux-gnu/lib/rustlib/x86_64-unknown-linux-gnu/lib/librustc_std_workspace_alloc-1f975299829cc7bd.rlib" "/opt/rustwide/rustup-home/toolchains/1.75.0-x86_64-unknown-linux-gnu/lib/rustlib/x86_64-unknown-linux-gnu/lib/libminiz_oxide-86bae3bc3079f89b.rlib" "/opt/rustwide/rustup-home/toolchains/1.75.0-x86_64-unknown-linux-gnu/lib/rustlib/x86_64-unknown-linux-gnu/lib/libadler-321b82c30dffdf5f.rlib" "/opt/rustwide/rustup-home/toolchains/1.75.0-x86_64-unknown-linux-gnu/lib/rustlib/x86_64-unknown-linux-gnu/lib/libunwind-3dd8a6810a0bdfef.rlib" "/opt/rustwide/rustup-home/toolchains/1.75.0-x86_64-unknown-linux-gnu/lib/rustlib/x86_64-unknown-linux-gnu/lib/libcfg_if-eb39a61c0c879984.rlib" "/opt/rustwide/rustup-home/toolchains/1.75.0-x86_64-unknown-linux-gnu/lib/rustlib/x86_64-unknown-linux-gnu/lib/liblibc-aa769569f91c3548.rlib" "/opt/rustwide/rustup-home/toolchains/1.75.0-x86_64-unknown-linux-gnu/lib/rustlib/x86_64-unknown-linux-gnu/lib/liballoc-510a192a50a983ed.rlib" "/opt/rustwide/rustup-home/toolchains/1.75.0-x86_64-unknown-linux-gnu/lib/rustlib/x86_64-unknown-linux-gnu/lib/librustc_std_workspace_core-0577018320f99037.rlib" "/opt/rustwide/rustup-home/toolchains/1.75.0-x86_64-unknown-linux-gnu/lib/rustlib/x86_64-unknown-linux-gnu/lib/libcore-193cf992125ccd4c.rlib" "/opt/rustwide/rustup-home/toolchains/1.75.0-x86_64-unknown-linux-gnu/lib/rustlib/x86_64-unknown-linux-gnu/lib/libcompiler_builtins-8e138eaf26ebb4a8.rlib" "-Wl,-Bdynamic" "-lgcc_s" "-lutil" "-lrt" "-lpthread" "-lm" "-ldl" "-lc" "-Wl,--eh-frame-hdr" "-Wl,-z,noexecstack" "-L" "/opt/rustwide/rustup-home/toolchains/1.75.0-x86_64-unknown-linux-gnu/lib/rustlib/x86_64-unknown-linux-gnu/lib" "-o" "/opt/rustwide/target/debug/deps/test_caption-e047f40b0aea677b" "-Wl,--gc-sections" "-pie" "-Wl,-z,relro,-z,now" "-nodefaultlibs"
[INFO] [stdout]   = note: collect2: fatal error: ld terminated with signal 9 [Killed]
[INFO] [stdout]           compilation terminated.
[INFO] [stdout]           
[INFO] [stdout] 
[INFO] [stdout] 
[INFO] [stdout] error: aborting due to previous error
[INFO] [stdout] 
[INFO] [stdout] 
[INFO] [stderr] error: could not compile `somedoc` (test "test_caption") due to 2 previous errors
[INFO] [stdout] error: linking with `cc` failed: exit status: 1
[INFO] [stdout]   |
[INFO] [stdout]   = note: LC_ALL="C" PATH="/opt/rustwide/rustup-home/toolchains/1.75.0-x86_64-unknown-linux-gnu/lib/rustlib/x86_64-unknown-linux-gnu/bin:/opt/rustwide/cargo-home/bin:/usr/local/sbin:/usr/local/bin:/usr/sbin:/usr/bin:/sbin:/bin" VSLANG="1033" "cc" "-m64" "/tmp/rustcykqMMi/symbols.o" "/opt/rustwide/target/debug/deps/test_fmt_strict-a345595da18cfd40.test_fmt_strict.e5c6ad05478f1ee7-cgu.0.rcgu.o" "/opt/rustwide/target/debug/deps/test_fmt_strict-a345595da18cfd40.15dz9t8kpq5u717g.rcgu.o" "-Wl,--as-needed" "-L" "/opt/rustwide/target/debug/deps" "-L" "/opt/rustwide/rustup-home/toolchains/1.75.0-x86_64-unknown-linux-gnu/lib/rustlib/x86_64-unknown-linux-gnu/lib" "-Wl,-Bstatic" "/opt/rustwide/rustup-home/toolchains/1.75.0-x86_64-unknown-linux-gnu/lib/rustlib/x86_64-unknown-linux-gnu/lib/libtest-3df1bed8075ce1de.rlib" "/opt/rustwide/rustup-home/toolchains/1.75.0-x86_64-unknown-linux-gnu/lib/rustlib/x86_64-unknown-linux-gnu/lib/libgetopts-2076fd86b325cb5d.rlib" "/opt/rustwide/rustup-home/toolchains/1.75.0-x86_64-unknown-linux-gnu/lib/rustlib/x86_64-unknown-linux-gnu/lib/libunicode_width-caa7152ee70c190f.rlib" "/opt/rustwide/rustup-home/toolchains/1.75.0-x86_64-unknown-linux-gnu/lib/rustlib/x86_64-unknown-linux-gnu/lib/librustc_std_workspace_std-04e6425e07f02a3c.rlib" "/opt/rustwide/target/debug/deps/libpretty_assertions-fb21420955d892df.rlib" "/opt/rustwide/target/debug/deps/libdifference-d6d136d0781dc2bb.rlib" "/opt/rustwide/target/debug/deps/libansi_term-c26f08fd4ca88f9f.rlib" "/opt/rustwide/target/debug/deps/libsomedoc-c843689474a43538.rlib" "/opt/rustwide/target/debug/deps/libblob_uuid-3c6856092296f415.rlib" "/opt/rustwide/target/debug/deps/libuuid-2a7ce9d434360679.rlib" "/opt/rustwide/target/debug/deps/libgetrandom-64125ec0aa31fb33.rlib" "/opt/rustwide/target/debug/deps/libbase64-55b81d996be888d0.rlib" "/opt/rustwide/target/debug/deps/libbyteorder-776134c0f10ee8e7.rlib" "/opt/rustwide/target/debug/deps/libserde_json-2612b7465f399d56.rlib" "/opt/rustwide/target/debug/deps/libryu-aa04a306730705ee.rlib" "/opt/rustwide/target/debug/deps/libitoa-3f4173cfb1c86bd3.rlib" "/opt/rustwide/target/debug/deps/libregex-5cf7c12834163241.rlib" "/opt/rustwide/target/debug/deps/libthread_local-474bd3896e164b9e.rlib" "/opt/rustwide/target/debug/deps/libregex_syntax-3e60288ab29b1bc5.rlib" "/opt/rustwide/target/debug/deps/libaho_corasick-c166807801578ee9.rlib" "/opt/rustwide/target/debug/deps/libmemchr-b5af7574a6574a12.rlib" "/opt/rustwide/target/debug/deps/libserde-ca041931c56f367d.rlib" "/opt/rustwide/target/debug/deps/liblazy_static-591486ebcb9a7ead.rlib" "/opt/rustwide/target/debug/deps/liberror_chain-013beecf25a587cf.rlib" "/opt/rustwide/target/debug/deps/libbacktrace-bc1e2637fc519d5e.rlib" "/opt/rustwide/target/debug/deps/libminiz_oxide-ac344fa413bae1b7.rlib" "/opt/rustwide/target/debug/deps/libadler-b176be1706fbeb74.rlib" "/opt/rustwide/target/debug/deps/libobject-2c8ac5b216c7de1b.rlib" "/opt/rustwide/target/debug/deps/liblibc-7d595fae077ba6bb.rlib" "/opt/rustwide/target/debug/deps/libaddr2line-cb5b7273d23e198e.rlib" "/opt/rustwide/target/debug/deps/libgimli-71a072b9b9008ab3.rlib" "/opt/rustwide/target/debug/deps/libcfg_if-61dc7a6799e72b18.rlib" "/opt/rustwide/target/debug/deps/librustc_demangle-fbcea21fe898b797.rlib" "/opt/rustwide/rustup-home/toolchains/1.75.0-x86_64-unknown-linux-gnu/lib/rustlib/x86_64-unknown-linux-gnu/lib/libstd-90f6ddbf82de36ec.rlib" "/opt/rustwide/rustup-home/toolchains/1.75.0-x86_64-unknown-linux-gnu/lib/rustlib/x86_64-unknown-linux-gnu/lib/libpanic_unwind-480c41e9d4e1f677.rlib" "/opt/rustwide/rustup-home/toolchains/1.75.0-x86_64-unknown-linux-gnu/lib/rustlib/x86_64-unknown-linux-gnu/lib/libobject-db744c0ca03eed1d.rlib" "/opt/rustwide/rustup-home/toolchains/1.75.0-x86_64-unknown-linux-gnu/lib/rustlib/x86_64-unknown-linux-gnu/lib/libmemchr-8ba652dc7d4b285a.rlib" "/opt/rustwide/rustup-home/toolchains/1.75.0-x86_64-unknown-linux-gnu/lib/rustlib/x86_64-unknown-linux-gnu/lib/libaddr2line-d5f4520a9ebc0d58.rlib" "/opt/rustwide/rustup-home/toolchains/1.75.0-x86_64-unknown-linux-gnu/lib/rustlib/x86_64-unknown-linux-gnu/lib/libgimli-4ad84de58f0cb463.rlib" "/opt/rustwide/rustup-home/toolchains/1.75.0-x86_64-unknown-linux-gnu/lib/rustlib/x86_64-unknown-linux-gnu/lib/librustc_demangle-0d10aae2e0f38735.rlib" "/opt/rustwide/rustup-home/toolchains/1.75.0-x86_64-unknown-linux-gnu/lib/rustlib/x86_64-unknown-linux-gnu/lib/libstd_detect-0c17cff739e6745b.rlib" "/opt/rustwide/rustup-home/toolchains/1.75.0-x86_64-unknown-linux-gnu/lib/rustlib/x86_64-unknown-linux-gnu/lib/libhashbrown-b29e17139dde1aa8.rlib" "/opt/rustwide/rustup-home/toolchains/1.75.0-x86_64-unknown-linux-gnu/lib/rustlib/x86_64-unknown-linux-gnu/lib/librustc_std_workspace_alloc-1f975299829cc7bd.rlib" "/opt/rustwide/rustup-home/toolchains/1.75.0-x86_64-unknown-linux-gnu/lib/rustlib/x86_64-unknown-linux-gnu/lib/libminiz_oxide-86bae3bc3079f89b.rlib" "/opt/rustwide/rustup-home/toolchains/1.75.0-x86_64-unknown-linux-gnu/lib/rustlib/x86_64-unknown-linux-gnu/lib/libadler-321b82c30dffdf5f.rlib" "/opt/rustwide/rustup-home/toolchains/1.75.0-x86_64-unknown-linux-gnu/lib/rustlib/x86_64-unknown-linux-gnu/lib/libunwind-3dd8a6810a0bdfef.rlib" "/opt/rustwide/rustup-home/toolchains/1.75.0-x86_64-unknown-linux-gnu/lib/rustlib/x86_64-unknown-linux-gnu/lib/libcfg_if-eb39a61c0c879984.rlib" "/opt/rustwide/rustup-home/toolchains/1.75.0-x86_64-unknown-linux-gnu/lib/rustlib/x86_64-unknown-linux-gnu/lib/liblibc-aa769569f91c3548.rlib" "/opt/rustwide/rustup-home/toolchains/1.75.0-x86_64-unknown-linux-gnu/lib/rustlib/x86_64-unknown-linux-gnu/lib/liballoc-510a192a50a983ed.rlib" "/opt/rustwide/rustup-home/toolchains/1.75.0-x86_64-unknown-linux-gnu/lib/rustlib/x86_64-unknown-linux-gnu/lib/librustc_std_workspace_core-0577018320f99037.rlib" "/opt/rustwide/rustup-home/toolchains/1.75.0-x86_64-unknown-linux-gnu/lib/rustlib/x86_64-unknown-linux-gnu/lib/libcore-193cf992125ccd4c.rlib" "/opt/rustwide/rustup-home/toolchains/1.75.0-x86_64-unknown-linux-gnu/lib/rustlib/x86_64-unknown-linux-gnu/lib/libcompiler_builtins-8e138eaf26ebb4a8.rlib" "-Wl,-Bdynamic" "-lgcc_s" "-lutil" "-lrt" "-lpthread" "-lm" "-ldl" "-lc" "-Wl,--eh-frame-hdr" "-Wl,-z,noexecstack" "-L" "/opt/rustwide/rustup-home/toolchains/1.75.0-x86_64-unknown-linux-gnu/lib/rustlib/x86_64-unknown-linux-gnu/lib" "-o" "/opt/rustwide/target/debug/deps/test_fmt_strict-a345595da18cfd40" "-Wl,--gc-sections" "-pie" "-Wl,-z,relro,-z,now" "-nodefaultlibs"
[INFO] [stdout]   = note: collect2: fatal error: ld terminated with signal 9 [Killed]
[INFO] [stdout]           compilation terminated.
[INFO] [stdout]           
[INFO] [stdout] 
[INFO] [stdout] 
[INFO] [stdout] error: aborting due to previous error
[INFO] [stdout] 
[INFO] [stdout] 
[INFO] [stderr] error: could not compile `somedoc` (test "test_fmt_strict") due to 2 previous errors
[INFO] [stdout] error: linking with `cc` failed: exit status: 1
[INFO] [stdout]   |
[INFO] [stdout]   = note: LC_ALL="C" PATH="/opt/rustwide/rustup-home/toolchains/1.75.0-x86_64-unknown-linux-gnu/lib/rustlib/x86_64-unknown-linux-gnu/bin:/opt/rustwide/cargo-home/bin:/usr/local/sbin:/usr/local/bin:/usr/sbin:/usr/bin:/sbin:/bin" VSLANG="1033" "cc" "-m64" "/tmp/rustcO3ewwd/symbols.o" "/opt/rustwide/target/debug/deps/proptest_link-1e7af7e7f599b5a9.proptest_link.4e86e5b57a38d39b-cgu.0.rcgu.o" "/opt/rustwide/target/debug/deps/proptest_link-1e7af7e7f599b5a9.proptest_link.4e86e5b57a38d39b-cgu.1.rcgu.o" "/opt/rustwide/target/debug/deps/proptest_link-1e7af7e7f599b5a9.52p1qxacqh0ezvin.rcgu.o" "-Wl,--as-needed" "-L" "/opt/rustwide/target/debug/deps" "-L" "/opt/rustwide/rustup-home/toolchains/1.75.0-x86_64-unknown-linux-gnu/lib/rustlib/x86_64-unknown-linux-gnu/lib" "-Wl,-Bstatic" "/opt/rustwide/rustup-home/toolchains/1.75.0-x86_64-unknown-linux-gnu/lib/rustlib/x86_64-unknown-linux-gnu/lib/libtest-3df1bed8075ce1de.rlib" "/opt/rustwide/rustup-home/toolchains/1.75.0-x86_64-unknown-linux-gnu/lib/rustlib/x86_64-unknown-linux-gnu/lib/libgetopts-2076fd86b325cb5d.rlib" "/opt/rustwide/rustup-home/toolchains/1.75.0-x86_64-unknown-linux-gnu/lib/rustlib/x86_64-unknown-linux-gnu/lib/libunicode_width-caa7152ee70c190f.rlib" "/opt/rustwide/rustup-home/toolchains/1.75.0-x86_64-unknown-linux-gnu/lib/rustlib/x86_64-unknown-linux-gnu/lib/librustc_std_workspace_std-04e6425e07f02a3c.rlib" "/opt/rustwide/target/debug/deps/libsomedoc-c843689474a43538.rlib" "/opt/rustwide/target/debug/deps/libblob_uuid-3c6856092296f415.rlib" "/opt/rustwide/target/debug/deps/libuuid-2a7ce9d434360679.rlib" "/opt/rustwide/target/debug/deps/libgetrandom-64125ec0aa31fb33.rlib" "/opt/rustwide/target/debug/deps/libbase64-55b81d996be888d0.rlib" "/opt/rustwide/target/debug/deps/libserde_json-2612b7465f399d56.rlib" "/opt/rustwide/target/debug/deps/libryu-aa04a306730705ee.rlib" "/opt/rustwide/target/debug/deps/libitoa-3f4173cfb1c86bd3.rlib" "/opt/rustwide/target/debug/deps/libregex-5cf7c12834163241.rlib" "/opt/rustwide/target/debug/deps/libthread_local-474bd3896e164b9e.rlib" "/opt/rustwide/target/debug/deps/libaho_corasick-c166807801578ee9.rlib" "/opt/rustwide/target/debug/deps/libmemchr-b5af7574a6574a12.rlib" "/opt/rustwide/target/debug/deps/libserde-ca041931c56f367d.rlib" "/opt/rustwide/target/debug/deps/liberror_chain-013beecf25a587cf.rlib" "/opt/rustwide/target/debug/deps/libbacktrace-bc1e2637fc519d5e.rlib" "/opt/rustwide/target/debug/deps/libminiz_oxide-ac344fa413bae1b7.rlib" "/opt/rustwide/target/debug/deps/libadler-b176be1706fbeb74.rlib" "/opt/rustwide/target/debug/deps/libobject-2c8ac5b216c7de1b.rlib" "/opt/rustwide/target/debug/deps/libaddr2line-cb5b7273d23e198e.rlib" "/opt/rustwide/target/debug/deps/libgimli-71a072b9b9008ab3.rlib" "/opt/rustwide/target/debug/deps/libcfg_if-61dc7a6799e72b18.rlib" "/opt/rustwide/target/debug/deps/librustc_demangle-fbcea21fe898b797.rlib" "/opt/rustwide/target/debug/deps/libproptest-ed635d20ac40687b.rlib" "/opt/rustwide/target/debug/deps/libregex_syntax-3e60288ab29b1bc5.rlib" "/opt/rustwide/target/debug/deps/librand_xorshift-38abfcf9ae40e1e5.rlib" "/opt/rustwide/target/debug/deps/libbyteorder-776134c0f10ee8e7.rlib" "/opt/rustwide/target/debug/deps/librusty_fork-b17720b1c6db7e90.rlib" "/opt/rustwide/target/debug/deps/libwait_timeout-e7ad87bef1a482bf.rlib" "/opt/rustwide/target/debug/deps/libtempfile-ebe3884c56d2d6c7.rlib" "/opt/rustwide/target/debug/deps/librand-facb33153c9fa277.rlib" "/opt/rustwide/target/debug/deps/librand_chacha-5b23098ec46ad42f.rlib" "/opt/rustwide/target/debug/deps/libppv_lite86-d49859d9faa008ca.rlib" "/opt/rustwide/target/debug/deps/librand_core-69d91eece3fe3472.rlib" "/opt/rustwide/target/debug/deps/libgetrandom-96500d41b1229ebd.rlib" "/opt/rustwide/target/debug/deps/liblibc-7d595fae077ba6bb.rlib" "/opt/rustwide/target/debug/deps/libremove_dir_all-8b88a3ed6f308927.rlib" "/opt/rustwide/target/debug/deps/libcfg_if-925b73a2e437f0c3.rlib" "/opt/rustwide/target/debug/deps/libfnv-18bf5144d055e772.rlib" "/opt/rustwide/target/debug/deps/libquick_error-e0931f21b2f0d487.rlib" "/opt/rustwide/target/debug/deps/liblazy_static-591486ebcb9a7ead.rlib" "/opt/rustwide/target/debug/deps/libbit_set-201ea3ba50103588.rlib" "/opt/rustwide/target/debug/deps/libbit_vec-ee02c11f534ebb17.rlib" "/opt/rustwide/target/debug/deps/libbitflags-31f9d3daa2ba65e2.rlib" "/opt/rustwide/rustup-home/toolchains/1.75.0-x86_64-unknown-linux-gnu/lib/rustlib/x86_64-unknown-linux-gnu/lib/libstd-90f6ddbf82de36ec.rlib" "/opt/rustwide/rustup-home/toolchains/1.75.0-x86_64-unknown-linux-gnu/lib/rustlib/x86_64-unknown-linux-gnu/lib/libpanic_unwind-480c41e9d4e1f677.rlib" "/opt/rustwide/rustup-home/toolchains/1.75.0-x86_64-unknown-linux-gnu/lib/rustlib/x86_64-unknown-linux-gnu/lib/libobject-db744c0ca03eed1d.rlib" "/opt/rustwide/rustup-home/toolchains/1.75.0-x86_64-unknown-linux-gnu/lib/rustlib/x86_64-unknown-linux-gnu/lib/libmemchr-8ba652dc7d4b285a.rlib" "/opt/rustwide/rustup-home/toolchains/1.75.0-x86_64-unknown-linux-gnu/lib/rustlib/x86_64-unknown-linux-gnu/lib/libaddr2line-d5f4520a9ebc0d58.rlib" "/opt/rustwide/rustup-home/toolchains/1.75.0-x86_64-unknown-linux-gnu/lib/rustlib/x86_64-unknown-linux-gnu/lib/libgimli-4ad84de58f0cb463.rlib" "/opt/rustwide/rustup-home/toolchains/1.75.0-x86_64-unknown-linux-gnu/lib/rustlib/x86_64-unknown-linux-gnu/lib/librustc_demangle-0d10aae2e0f38735.rlib" "/opt/rustwide/rustup-home/toolchains/1.75.0-x86_64-unknown-linux-gnu/lib/rustlib/x86_64-unknown-linux-gnu/lib/libstd_detect-0c17cff739e6745b.rlib" "/opt/rustwide/rustup-home/toolchains/1.75.0-x86_64-unknown-linux-gnu/lib/rustlib/x86_64-unknown-linux-gnu/lib/libhashbrown-b29e17139dde1aa8.rlib" "/opt/rustwide/rustup-home/toolchains/1.75.0-x86_64-unknown-linux-gnu/lib/rustlib/x86_64-unknown-linux-gnu/lib/librustc_std_workspace_alloc-1f975299829cc7bd.rlib" "/opt/rustwide/rustup-home/toolchains/1.75.0-x86_64-unknown-linux-gnu/lib/rustlib/x86_64-unknown-linux-gnu/lib/libminiz_oxide-86bae3bc3079f89b.rlib" "/opt/rustwide/rustup-home/toolchains/1.75.0-x86_64-unknown-linux-gnu/lib/rustlib/x86_64-unknown-linux-gnu/lib/libadler-321b82c30dffdf5f.rlib" "/opt/rustwide/rustup-home/toolchains/1.75.0-x86_64-unknown-linux-gnu/lib/rustlib/x86_64-unknown-linux-gnu/lib/libunwind-3dd8a6810a0bdfef.rlib" "/opt/rustwide/rustup-home/toolchains/1.75.0-x86_64-unknown-linux-gnu/lib/rustlib/x86_64-unknown-linux-gnu/lib/libcfg_if-eb39a61c0c879984.rlib" "/opt/rustwide/rustup-home/toolchains/1.75.0-x86_64-unknown-linux-gnu/lib/rustlib/x86_64-unknown-linux-gnu/lib/liblibc-aa769569f91c3548.rlib" "/opt/rustwide/rustup-home/toolchains/1.75.0-x86_64-unknown-linux-gnu/lib/rustlib/x86_64-unknown-linux-gnu/lib/liballoc-510a192a50a983ed.rlib" "/opt/rustwide/rustup-home/toolchains/1.75.0-x86_64-unknown-linux-gnu/lib/rustlib/x86_64-unknown-linux-gnu/lib/librustc_std_workspace_core-0577018320f99037.rlib" "/opt/rustwide/rustup-home/toolchains/1.75.0-x86_64-unknown-linux-gnu/lib/rustlib/x86_64-unknown-linux-gnu/lib/libcore-193cf992125ccd4c.rlib" "/opt/rustwide/rustup-home/toolchains/1.75.0-x86_64-unknown-linux-gnu/lib/rustlib/x86_64-unknown-linux-gnu/lib/libcompiler_builtins-8e138eaf26ebb4a8.rlib" "-Wl,-Bdynamic" "-lgcc_s" "-lutil" "-lrt" "-lpthread" "-lm" "-ldl" "-lc" "-Wl,--eh-frame-hdr" "-Wl,-z,noexecstack" "-L" "/opt/rustwide/rustup-home/toolchains/1.75.0-x86_64-unknown-linux-gnu/lib/rustlib/x86_64-unknown-linux-gnu/lib" "-o" "/opt/rustwide/target/debug/deps/proptest_link-1e7af7e7f599b5a9" "-Wl,--gc-sections" "-pie" "-Wl,-z,relro,-z,now" "-nodefaultlibs"
[INFO] [stdout]   = note: collect2: fatal error: ld terminated with signal 9 [Killed]
[INFO] [stdout]           compilation terminated.
[INFO] [stdout]           
[INFO] [stdout] 
[INFO] [stdout] 
[INFO] [stdout] error: aborting due to previous error
[INFO] [stdout] 
[INFO] [stdout] 
[INFO] [stderr] error: could not compile `somedoc` (test "proptest_link") due to 2 previous errors
[INFO] running `Command { std: "docker" "inspect" "528d58a4ba7ff3893c78486bf734e5e3a67bab1ae87c416593a5cddc620c7b64", kill_on_drop: false }`
[INFO] running `Command { std: "docker" "rm" "-f" "528d58a4ba7ff3893c78486bf734e5e3a67bab1ae87c416593a5cddc620c7b64", kill_on_drop: false }`
[INFO] [stdout] 528d58a4ba7ff3893c78486bf734e5e3a67bab1ae87c416593a5cddc620c7b64
[INFO] testing somedoc-0.2.10 against beta-2023-12-22 for beta-1.76-1
[INFO] extracting crate somedoc 0.2.10 into /workspace/builds/worker-7-tc2/source
[INFO] validating manifest of crates.io crate somedoc 0.2.10 on toolchain beta-2023-12-22
[INFO] running `Command { std: CARGO_HOME="/workspace/cargo-home" RUSTUP_HOME="/workspace/rustup-home" "/workspace/cargo-home/bin/cargo" "+beta-2023-12-22" "metadata" "--manifest-path" "Cargo.toml" "--no-deps", kill_on_drop: false }`
[INFO] started tweaking crates.io crate somedoc 0.2.10
[INFO] finished tweaking crates.io crate somedoc 0.2.10
[INFO] tweaked toml for crates.io crate somedoc 0.2.10 written to /workspace/builds/worker-7-tc2/source/Cargo.toml
[INFO] crate crates.io crate somedoc 0.2.10 already has a lockfile, it will not be regenerated
[INFO] running `Command { std: CARGO_HOME="/workspace/cargo-home" RUSTUP_HOME="/workspace/rustup-home" "/workspace/cargo-home/bin/cargo" "+beta-2023-12-22" "fetch" "--manifest-path" "Cargo.toml", kill_on_drop: false }`
[INFO] running `Command { std: "docker" "create" "-v" "/var/lib/crater-agent-workspace/builds/worker-7-tc2/target:/opt/rustwide/target:rw,Z" "-v" "/var/lib/crater-agent-workspace/builds/worker-7-tc2/source:/opt/rustwide/workdir:ro,Z" "-v" "/var/lib/crater-agent-workspace/cargo-home:/opt/rustwide/cargo-home:ro,Z" "-v" "/var/lib/crater-agent-workspace/rustup-home:/opt/rustwide/rustup-home:ro,Z" "-e" "SOURCE_DIR=/opt/rustwide/workdir" "-e" "CARGO_TARGET_DIR=/opt/rustwide/target" "-e" "CARGO_HOME=/opt/rustwide/cargo-home" "-e" "RUSTUP_HOME=/opt/rustwide/rustup-home" "-w" "/opt/rustwide/workdir" "-m" "1610612736" "--user" "0:0" "--network" "none" "ghcr.io/rust-lang/crates-build-env/linux@sha256:2788e3201cd34a07e3172128adcd8b3090168a8e3bcc40d7c032b9dda1df7d1c" "/opt/rustwide/cargo-home/bin/cargo" "+beta-2023-12-22" "metadata" "--no-deps" "--format-version=1", kill_on_drop: false }`
[INFO] [stdout] 152b7321cb3de1ee83fa2835538edfe6accd16e6974d45832f667b9effddc8d9
[INFO] running `Command { std: "docker" "start" "-a" "152b7321cb3de1ee83fa2835538edfe6accd16e6974d45832f667b9effddc8d9", kill_on_drop: false }`
[INFO] running `Command { std: "docker" "inspect" "152b7321cb3de1ee83fa2835538edfe6accd16e6974d45832f667b9effddc8d9", kill_on_drop: false }`
[INFO] running `Command { std: "docker" "rm" "-f" "152b7321cb3de1ee83fa2835538edfe6accd16e6974d45832f667b9effddc8d9", kill_on_drop: false }`
[INFO] [stdout] 152b7321cb3de1ee83fa2835538edfe6accd16e6974d45832f667b9effddc8d9
[INFO] running `Command { std: "docker" "create" "-v" "/var/lib/crater-agent-workspace/builds/worker-7-tc2/target:/opt/rustwide/target:rw,Z" "-v" "/var/lib/crater-agent-workspace/builds/worker-7-tc2/source:/opt/rustwide/workdir:ro,Z" "-v" "/var/lib/crater-agent-workspace/cargo-home:/opt/rustwide/cargo-home:ro,Z" "-v" "/var/lib/crater-agent-workspace/rustup-home:/opt/rustwide/rustup-home:ro,Z" "-e" "SOURCE_DIR=/opt/rustwide/workdir" "-e" "CARGO_TARGET_DIR=/opt/rustwide/target" "-e" "CARGO_INCREMENTAL=0" "-e" "RUST_BACKTRACE=full" "-e" "RUSTFLAGS=--cap-lints=warn" "-e" "RUSTDOCFLAGS=--cap-lints=warn" "-e" "CARGO_HOME=/opt/rustwide/cargo-home" "-e" "RUSTUP_HOME=/opt/rustwide/rustup-home" "-w" "/opt/rustwide/workdir" "-m" "1610612736" "--user" "0:0" "--network" "none" "ghcr.io/rust-lang/crates-build-env/linux@sha256:2788e3201cd34a07e3172128adcd8b3090168a8e3bcc40d7c032b9dda1df7d1c" "/opt/rustwide/cargo-home/bin/cargo" "+beta-2023-12-22" "build" "--frozen" "--message-format=json", kill_on_drop: false }`
[INFO] [stdout] f13dd185a35f0002683c7d3996e4088bb70c7a3b22a7bde2d2a71a87987d36cc
[INFO] running `Command { std: "docker" "start" "-a" "f13dd185a35f0002683c7d3996e4088bb70c7a3b22a7bde2d2a71a87987d36cc", kill_on_drop: false }`
[INFO] [stderr]    Compiling proc-macro2 v1.0.24
[INFO] [stderr]    Compiling libc v0.2.80
[INFO] [stderr]    Compiling unicode-xid v0.2.1
[INFO] [stderr]    Compiling autocfg v1.0.1
[INFO] [stderr]    Compiling syn v1.0.60
[INFO] [stderr]    Compiling cfg-if v1.0.0
[INFO] [stderr]    Compiling serde_derive v1.0.123
[INFO] [stderr]    Compiling byteorder v1.3.4
[INFO] [stderr]    Compiling getrandom v0.2.2
[INFO] [stderr]    Compiling memchr v2.3.4
[INFO] [stderr]    Compiling serde v1.0.123
[INFO] [stderr]    Compiling gimli v0.23.0
[INFO] [stderr]    Compiling adler v0.2.3
[INFO] [stderr]    Compiling version_check v0.9.2
[INFO] [stderr]    Compiling ryu v1.0.5
[INFO] [stderr]    Compiling rustc-demangle v0.1.18
[INFO] [stderr]    Compiling serde_json v1.0.62
[INFO] [stderr]    Compiling lazy_static v1.4.0
[INFO] [stderr]    Compiling object v0.22.0
[INFO] [stderr]    Compiling thread_local v1.0.1
[INFO] [stderr]    Compiling itoa v0.4.7
[INFO] [stderr]    Compiling regex-syntax v0.6.21
[INFO] [stderr]    Compiling miniz_oxide v0.4.3
[INFO] [stderr]    Compiling error-chain v0.12.4
[INFO] [stderr]    Compiling aho-corasick v0.7.15
[INFO] [stderr]    Compiling base64 v0.10.1
[INFO] [stderr]    Compiling quote v1.0.8
[INFO] [stderr]    Compiling uuid v0.8.2
[INFO] [stderr]    Compiling blob-uuid v0.4.0
[INFO] [stderr]    Compiling regex v1.4.2
[INFO] [stderr]    Compiling addr2line v0.14.0
[INFO] [stderr]    Compiling backtrace v0.3.54
[INFO] [stderr]    Compiling somedoc v0.2.10 (/opt/rustwide/workdir)
[INFO] [stderr]     Finished dev [unoptimized + debuginfo] target(s) in 13.97s
[INFO] running `Command { std: "docker" "inspect" "f13dd185a35f0002683c7d3996e4088bb70c7a3b22a7bde2d2a71a87987d36cc", kill_on_drop: false }`
[INFO] running `Command { std: "docker" "rm" "-f" "f13dd185a35f0002683c7d3996e4088bb70c7a3b22a7bde2d2a71a87987d36cc", kill_on_drop: false }`
[INFO] [stdout] f13dd185a35f0002683c7d3996e4088bb70c7a3b22a7bde2d2a71a87987d36cc
[INFO] running `Command { std: "docker" "create" "-v" "/var/lib/crater-agent-workspace/builds/worker-7-tc2/target:/opt/rustwide/target:rw,Z" "-v" "/var/lib/crater-agent-workspace/builds/worker-7-tc2/source:/opt/rustwide/workdir:ro,Z" "-v" "/var/lib/crater-agent-workspace/cargo-home:/opt/rustwide/cargo-home:ro,Z" "-v" "/var/lib/crater-agent-workspace/rustup-home:/opt/rustwide/rustup-home:ro,Z" "-e" "SOURCE_DIR=/opt/rustwide/workdir" "-e" "CARGO_TARGET_DIR=/opt/rustwide/target" "-e" "CARGO_INCREMENTAL=0" "-e" "RUST_BACKTRACE=full" "-e" "RUSTFLAGS=--cap-lints=warn" "-e" "RUSTDOCFLAGS=--cap-lints=warn" "-e" "CARGO_HOME=/opt/rustwide/cargo-home" "-e" "RUSTUP_HOME=/opt/rustwide/rustup-home" "-w" "/opt/rustwide/workdir" "-m" "1610612736" "--user" "0:0" "--network" "none" "ghcr.io/rust-lang/crates-build-env/linux@sha256:2788e3201cd34a07e3172128adcd8b3090168a8e3bcc40d7c032b9dda1df7d1c" "/opt/rustwide/cargo-home/bin/cargo" "+beta-2023-12-22" "test" "--frozen" "--no-run" "--message-format=json", kill_on_drop: false }`
[INFO] [stdout] 4377d14d545f23b1322335898c815aa55b8180f73c11ebe3ff893d4dbf5f79a9
[INFO] running `Command { std: "docker" "start" "-a" "4377d14d545f23b1322335898c815aa55b8180f73c11ebe3ff893d4dbf5f79a9", kill_on_drop: false }`
[INFO] [stderr]    Compiling getrandom v0.1.15
[INFO] [stderr]    Compiling cfg-if v0.1.10
[INFO] [stderr]    Compiling ppv-lite86 v0.2.10
[INFO] [stderr]    Compiling num-traits v0.2.14
[INFO] [stderr]    Compiling bitflags v1.2.1
[INFO] [stderr]    Compiling remove_dir_all v0.5.3
[INFO] [stderr]    Compiling wait-timeout v0.2.0
[INFO] [stderr]    Compiling fnv v1.0.7
[INFO] [stderr]    Compiling bit-vec v0.6.2
[INFO] [stderr]    Compiling cargo-husky v1.5.0
[INFO] [stderr]    Compiling quick-error v1.2.3
[INFO] [stderr]    Compiling ansi_term v0.11.0
[INFO] [stderr]    Compiling difference v2.0.0
[INFO] [stderr]    Compiling bit-set v0.5.2
[INFO] [stderr]    Compiling pretty_assertions v0.6.1
[INFO] [stderr]    Compiling rand_core v0.5.1
[INFO] [stderr]    Compiling rand_chacha v0.2.2
[INFO] [stderr]    Compiling rand_xorshift v0.2.0
[INFO] [stderr]    Compiling rand v0.7.3
[INFO] [stderr]    Compiling tempfile v3.1.0
[INFO] [stderr]    Compiling rusty-fork v0.3.0
[INFO] [stderr]    Compiling proptest v0.10.1
[INFO] [stderr]    Compiling somedoc v0.2.10 (/opt/rustwide/workdir)
[INFO] [stderr] error: could not compile `somedoc` (test "proptest_label")
[INFO] [stderr] 
[INFO] [stderr] Caused by:
[INFO] [stderr]   process didn't exit successfully: `/opt/rustwide/rustup-home/toolchains/beta-2023-12-22-x86_64-unknown-linux-gnu/bin/rustc --crate-name proptest_label --edition=2018 tests/proptest_label.rs --error-format=json --json=diagnostic-rendered-ansi,artifacts,future-incompat --emit=dep-info,link -C embed-bitcode=no -C debuginfo=2 --test --cfg 'feature="default"' --cfg 'feature="fmt_html"' --cfg 'feature="fmt_json"' --cfg 'feature="fmt_latex"' --cfg 'feature="fmt_markdown"' --cfg 'feature="serde"' --cfg 'feature="serde_json"' -C metadata=cf143e59d19f51ab -C extra-filename=-cf143e59d19f51ab --out-dir /opt/rustwide/target/debug/deps -L dependency=/opt/rustwide/target/debug/deps --extern blob_uuid=/opt/rustwide/target/debug/deps/libblob_uuid-c08521f181aaeea1.rlib --extern cargo_husky=/opt/rustwide/target/debug/deps/libcargo_husky-5f5fd68eb32304ad.rlib --extern error_chain=/opt/rustwide/target/debug/deps/liberror_chain-12791042c8c54b5c.rlib --extern lazy_static=/opt/rustwide/target/debug/deps/liblazy_static-efa3519517df6cf0.rlib --extern pretty_assertions=/opt/rustwide/target/debug/deps/libpretty_assertions-8670dd1ca45bcb32.rlib --extern proptest=/opt/rustwide/target/debug/deps/libproptest-83a4ba413d948df2.rlib --extern regex=/opt/rustwide/target/debug/deps/libregex-fee11674c19b4e86.rlib --extern serde=/opt/rustwide/target/debug/deps/libserde-1e9a5200169334b0.rlib --extern serde_json=/opt/rustwide/target/debug/deps/libserde_json-891a862c8bcfd2cc.rlib --extern somedoc=/opt/rustwide/target/debug/deps/libsomedoc-449173e5e67962a3.rlib --cap-lints=warn` (signal: 9, SIGKILL: kill)
[INFO] [stderr] warning: build failed, waiting for other jobs to finish...
[INFO] [stderr] error: could not compile `somedoc` (lib test)
[INFO] [stderr] 
[INFO] [stderr] Caused by:
[INFO] [stderr]   process didn't exit successfully: `/opt/rustwide/rustup-home/toolchains/beta-2023-12-22-x86_64-unknown-linux-gnu/bin/rustc --crate-name somedoc --edition=2018 src/lib.rs --error-format=json --json=diagnostic-rendered-ansi,artifacts,future-incompat --emit=dep-info,link -C embed-bitcode=no -C debuginfo=2 --test --cfg 'feature="default"' --cfg 'feature="fmt_html"' --cfg 'feature="fmt_json"' --cfg 'feature="fmt_latex"' --cfg 'feature="fmt_markdown"' --cfg 'feature="serde"' --cfg 'feature="serde_json"' -C metadata=3c824eb7e4fb218b -C extra-filename=-3c824eb7e4fb218b --out-dir /opt/rustwide/target/debug/deps -L dependency=/opt/rustwide/target/debug/deps --extern blob_uuid=/opt/rustwide/target/debug/deps/libblob_uuid-c08521f181aaeea1.rlib --extern cargo_husky=/opt/rustwide/target/debug/deps/libcargo_husky-5f5fd68eb32304ad.rlib --extern error_chain=/opt/rustwide/target/debug/deps/liberror_chain-12791042c8c54b5c.rlib --extern lazy_static=/opt/rustwide/target/debug/deps/liblazy_static-efa3519517df6cf0.rlib --extern pretty_assertions=/opt/rustwide/target/debug/deps/libpretty_assertions-8670dd1ca45bcb32.rlib --extern proptest=/opt/rustwide/target/debug/deps/libproptest-83a4ba413d948df2.rlib --extern regex=/opt/rustwide/target/debug/deps/libregex-fee11674c19b4e86.rlib --extern serde=/opt/rustwide/target/debug/deps/libserde-1e9a5200169334b0.rlib --extern serde_json=/opt/rustwide/target/debug/deps/libserde_json-891a862c8bcfd2cc.rlib --cap-lints=warn` (signal: 9, SIGKILL: kill)
[INFO] [stdout] error: linking with `cc` failed: exit status: 1
[INFO] [stdout]   |
[INFO] [stdout]   = note: LC_ALL="C" PATH="/opt/rustwide/rustup-home/toolchains/beta-2023-12-22-x86_64-unknown-linux-gnu/lib/rustlib/x86_64-unknown-linux-gnu/bin:/opt/rustwide/cargo-home/bin:/usr/local/sbin:/usr/local/bin:/usr/sbin:/usr/bin:/sbin:/bin" VSLANG="1033" "cc" "-m64" "/tmp/rustcuAJElW/symbols.o" "/opt/rustwide/target/debug/deps/test_caption-7d83848fb64d946f.test_caption.a79bb64dacc7441b-cgu.0.rcgu.o" "/opt/rustwide/target/debug/deps/test_caption-7d83848fb64d946f.te7dv683zmr3g9y.rcgu.o" "-Wl,--as-needed" "-L" "/opt/rustwide/target/debug/deps" "-L" "/opt/rustwide/rustup-home/toolchains/beta-2023-12-22-x86_64-unknown-linux-gnu/lib/rustlib/x86_64-unknown-linux-gnu/lib" "-Wl,-Bstatic" "/opt/rustwide/rustup-home/toolchains/beta-2023-12-22-x86_64-unknown-linux-gnu/lib/rustlib/x86_64-unknown-linux-gnu/lib/libtest-cbab71697df97b00.rlib" "/opt/rustwide/rustup-home/toolchains/beta-2023-12-22-x86_64-unknown-linux-gnu/lib/rustlib/x86_64-unknown-linux-gnu/lib/libgetopts-2a2cf8f16c536007.rlib" "/opt/rustwide/rustup-home/toolchains/beta-2023-12-22-x86_64-unknown-linux-gnu/lib/rustlib/x86_64-unknown-linux-gnu/lib/libunicode_width-c5f3cc3cceaf9070.rlib" "/opt/rustwide/rustup-home/toolchains/beta-2023-12-22-x86_64-unknown-linux-gnu/lib/rustlib/x86_64-unknown-linux-gnu/lib/librustc_std_workspace_std-a31324ec815b09db.rlib" "/opt/rustwide/target/debug/deps/libsomedoc-449173e5e67962a3.rlib" "/opt/rustwide/target/debug/deps/libblob_uuid-c08521f181aaeea1.rlib" "/opt/rustwide/target/debug/deps/libuuid-38be57aaa8554ab7.rlib" "/opt/rustwide/target/debug/deps/libgetrandom-9b566ace3c23d2a3.rlib" "/opt/rustwide/target/debug/deps/libbase64-2de7b3d41b49fad8.rlib" "/opt/rustwide/target/debug/deps/libbyteorder-66043869386c58c8.rlib" "/opt/rustwide/target/debug/deps/libserde_json-891a862c8bcfd2cc.rlib" "/opt/rustwide/target/debug/deps/libryu-98249992139dd95c.rlib" "/opt/rustwide/target/debug/deps/libitoa-3f9ca5f6cf109971.rlib" "/opt/rustwide/target/debug/deps/libregex-fee11674c19b4e86.rlib" "/opt/rustwide/target/debug/deps/libthread_local-495b662d9e7d30ce.rlib" "/opt/rustwide/target/debug/deps/libregex_syntax-891cb9ec5f1d6c90.rlib" "/opt/rustwide/target/debug/deps/libaho_corasick-4c23279a85360a03.rlib" "/opt/rustwide/target/debug/deps/libmemchr-e5f220b5ff6b3a36.rlib" "/opt/rustwide/target/debug/deps/libserde-1e9a5200169334b0.rlib" "/opt/rustwide/target/debug/deps/liblazy_static-efa3519517df6cf0.rlib" "/opt/rustwide/target/debug/deps/liberror_chain-12791042c8c54b5c.rlib" "/opt/rustwide/target/debug/deps/libbacktrace-f1e8d9ea5c62791d.rlib" "/opt/rustwide/target/debug/deps/libminiz_oxide-fc28df347b0f0793.rlib" "/opt/rustwide/target/debug/deps/libadler-9086340094c99e83.rlib" "/opt/rustwide/target/debug/deps/libobject-75e33533ac78fe80.rlib" "/opt/rustwide/target/debug/deps/liblibc-9b2ef2cdaabffb79.rlib" "/opt/rustwide/target/debug/deps/libaddr2line-d5e4e7c46f7976ea.rlib" "/opt/rustwide/target/debug/deps/libgimli-a9d42d4ec7a740ba.rlib" "/opt/rustwide/target/debug/deps/libcfg_if-e7002d307f97bc56.rlib" "/opt/rustwide/target/debug/deps/librustc_demangle-df669e16e9e83412.rlib" "/opt/rustwide/rustup-home/toolchains/beta-2023-12-22-x86_64-unknown-linux-gnu/lib/rustlib/x86_64-unknown-linux-gnu/lib/libstd-0672489a78b613de.rlib" "/opt/rustwide/rustup-home/toolchains/beta-2023-12-22-x86_64-unknown-linux-gnu/lib/rustlib/x86_64-unknown-linux-gnu/lib/libpanic_unwind-7eb3ffc34a49f675.rlib" "/opt/rustwide/rustup-home/toolchains/beta-2023-12-22-x86_64-unknown-linux-gnu/lib/rustlib/x86_64-unknown-linux-gnu/lib/libobject-6478a9daa4bee8e2.rlib" "/opt/rustwide/rustup-home/toolchains/beta-2023-12-22-x86_64-unknown-linux-gnu/lib/rustlib/x86_64-unknown-linux-gnu/lib/libmemchr-0c75d871a5c3923d.rlib" "/opt/rustwide/rustup-home/toolchains/beta-2023-12-22-x86_64-unknown-linux-gnu/lib/rustlib/x86_64-unknown-linux-gnu/lib/libaddr2line-d163ef63ad37bb71.rlib" "/opt/rustwide/rustup-home/toolchains/beta-2023-12-22-x86_64-unknown-linux-gnu/lib/rustlib/x86_64-unknown-linux-gnu/lib/libgimli-8a3fd810a85b9f4c.rlib" "/opt/rustwide/rustup-home/toolchains/beta-2023-12-22-x86_64-unknown-linux-gnu/lib/rustlib/x86_64-unknown-linux-gnu/lib/librustc_demangle-462a2cde8c5dfc10.rlib" "/opt/rustwide/rustup-home/toolchains/beta-2023-12-22-x86_64-unknown-linux-gnu/lib/rustlib/x86_64-unknown-linux-gnu/lib/libstd_detect-cb06ac9f54713f71.rlib" "/opt/rustwide/rustup-home/toolchains/beta-2023-12-22-x86_64-unknown-linux-gnu/lib/rustlib/x86_64-unknown-linux-gnu/lib/libhashbrown-f20bfd1f8e59b393.rlib" "/opt/rustwide/rustup-home/toolchains/beta-2023-12-22-x86_64-unknown-linux-gnu/lib/rustlib/x86_64-unknown-linux-gnu/lib/librustc_std_workspace_alloc-1ef460949b49da4b.rlib" "/opt/rustwide/rustup-home/toolchains/beta-2023-12-22-x86_64-unknown-linux-gnu/lib/rustlib/x86_64-unknown-linux-gnu/lib/libminiz_oxide-2cb0c0ffe4f87514.rlib" "/opt/rustwide/rustup-home/toolchains/beta-2023-12-22-x86_64-unknown-linux-gnu/lib/rustlib/x86_64-unknown-linux-gnu/lib/libadler-58d841eb322a11a2.rlib" "/opt/rustwide/rustup-home/toolchains/beta-2023-12-22-x86_64-unknown-linux-gnu/lib/rustlib/x86_64-unknown-linux-gnu/lib/libunwind-aa2ae0b0a9d11533.rlib" "/opt/rustwide/rustup-home/toolchains/beta-2023-12-22-x86_64-unknown-linux-gnu/lib/rustlib/x86_64-unknown-linux-gnu/lib/libcfg_if-23874e15830ed336.rlib" "/opt/rustwide/rustup-home/toolchains/beta-2023-12-22-x86_64-unknown-linux-gnu/lib/rustlib/x86_64-unknown-linux-gnu/lib/liblibc-e47cddc003bce885.rlib" "/opt/rustwide/rustup-home/toolchains/beta-2023-12-22-x86_64-unknown-linux-gnu/lib/rustlib/x86_64-unknown-linux-gnu/lib/liballoc-c22b13b48a8f128e.rlib" "/opt/rustwide/rustup-home/toolchains/beta-2023-12-22-x86_64-unknown-linux-gnu/lib/rustlib/x86_64-unknown-linux-gnu/lib/librustc_std_workspace_core-e46bc3da6d7c462f.rlib" "/opt/rustwide/rustup-home/toolchains/beta-2023-12-22-x86_64-unknown-linux-gnu/lib/rustlib/x86_64-unknown-linux-gnu/lib/libcore-8d1ac131d3cb2645.rlib" "/opt/rustwide/rustup-home/toolchains/beta-2023-12-22-x86_64-unknown-linux-gnu/lib/rustlib/x86_64-unknown-linux-gnu/lib/libcompiler_builtins-a1b43df8c6899c1f.rlib" "-Wl,-Bdynamic" "-lgcc_s" "-lutil" "-lrt" "-lpthread" "-lm" "-ldl" "-lc" "-Wl,--eh-frame-hdr" "-Wl,-z,noexecstack" "-L" "/opt/rustwide/rustup-home/toolchains/beta-2023-12-22-x86_64-unknown-linux-gnu/lib/rustlib/x86_64-unknown-linux-gnu/lib" "-o" "/opt/rustwide/target/debug/deps/test_caption-7d83848fb64d946f" "-Wl,--gc-sections" "-pie" "-Wl,-z,relro,-z,now" "-nodefaultlibs"
[INFO] [stdout]   = note: collect2: fatal error: ld terminated with signal 9 [Killed]
[INFO] [stdout]           compilation terminated.
[INFO] [stdout]           
[INFO] [stdout] 
[INFO] [stdout] 
[INFO] [stdout] error: aborting due to 1 previous error
[INFO] [stdout] 
[INFO] [stdout] 
[INFO] [stderr] error: could not compile `somedoc` (test "test_caption") due to 2 previous errors
[INFO] [stdout] error: linking with `cc` failed: exit status: 1
[INFO] [stdout]   |
[INFO] [stdout]   = note: LC_ALL="C" PATH="/opt/rustwide/rustup-home/toolchains/beta-2023-12-22-x86_64-unknown-linux-gnu/lib/rustlib/x86_64-unknown-linux-gnu/bin:/opt/rustwide/cargo-home/bin:/usr/local/sbin:/usr/local/bin:/usr/sbin:/usr/bin:/sbin:/bin" VSLANG="1033" "cc" "-m64" "/tmp/rustcPjpgV5/symbols.o" "/opt/rustwide/target/debug/deps/test_fmt_xwiki-bee9e11d917d4b3a.test_fmt_xwiki.64825b91e8973e32-cgu.0.rcgu.o" "/opt/rustwide/target/debug/deps/test_fmt_xwiki-bee9e11d917d4b3a.3du3av8fhim1uswq.rcgu.o" "-Wl,--as-needed" "-L" "/opt/rustwide/target/debug/deps" "-L" "/opt/rustwide/rustup-home/toolchains/beta-2023-12-22-x86_64-unknown-linux-gnu/lib/rustlib/x86_64-unknown-linux-gnu/lib" "-Wl,-Bstatic" "/opt/rustwide/rustup-home/toolchains/beta-2023-12-22-x86_64-unknown-linux-gnu/lib/rustlib/x86_64-unknown-linux-gnu/lib/libtest-cbab71697df97b00.rlib" "/opt/rustwide/rustup-home/toolchains/beta-2023-12-22-x86_64-unknown-linux-gnu/lib/rustlib/x86_64-unknown-linux-gnu/lib/libgetopts-2a2cf8f16c536007.rlib" "/opt/rustwide/rustup-home/toolchains/beta-2023-12-22-x86_64-unknown-linux-gnu/lib/rustlib/x86_64-unknown-linux-gnu/lib/libunicode_width-c5f3cc3cceaf9070.rlib" "/opt/rustwide/rustup-home/toolchains/beta-2023-12-22-x86_64-unknown-linux-gnu/lib/rustlib/x86_64-unknown-linux-gnu/lib/librustc_std_workspace_std-a31324ec815b09db.rlib" "/opt/rustwide/target/debug/deps/libpretty_assertions-8670dd1ca45bcb32.rlib" "/opt/rustwide/target/debug/deps/libdifference-547350eca1f9acdf.rlib" "/opt/rustwide/target/debug/deps/libansi_term-14a6b62054212c8d.rlib" "/opt/rustwide/target/debug/deps/libsomedoc-449173e5e67962a3.rlib" "/opt/rustwide/target/debug/deps/libblob_uuid-c08521f181aaeea1.rlib" "/opt/rustwide/target/debug/deps/libuuid-38be57aaa8554ab7.rlib" "/opt/rustwide/target/debug/deps/libgetrandom-9b566ace3c23d2a3.rlib" "/opt/rustwide/target/debug/deps/libbase64-2de7b3d41b49fad8.rlib" "/opt/rustwide/target/debug/deps/libbyteorder-66043869386c58c8.rlib" "/opt/rustwide/target/debug/deps/libserde_json-891a862c8bcfd2cc.rlib" "/opt/rustwide/target/debug/deps/libryu-98249992139dd95c.rlib" "/opt/rustwide/target/debug/deps/libitoa-3f9ca5f6cf109971.rlib" "/opt/rustwide/target/debug/deps/libregex-fee11674c19b4e86.rlib" "/opt/rustwide/target/debug/deps/libthread_local-495b662d9e7d30ce.rlib" "/opt/rustwide/target/debug/deps/libregex_syntax-891cb9ec5f1d6c90.rlib" "/opt/rustwide/target/debug/deps/libaho_corasick-4c23279a85360a03.rlib" "/opt/rustwide/target/debug/deps/libmemchr-e5f220b5ff6b3a36.rlib" "/opt/rustwide/target/debug/deps/libserde-1e9a5200169334b0.rlib" "/opt/rustwide/target/debug/deps/liblazy_static-efa3519517df6cf0.rlib" "/opt/rustwide/target/debug/deps/liberror_chain-12791042c8c54b5c.rlib" "/opt/rustwide/target/debug/deps/libbacktrace-f1e8d9ea5c62791d.rlib" "/opt/rustwide/target/debug/deps/libminiz_oxide-fc28df347b0f0793.rlib" "/opt/rustwide/target/debug/deps/libadler-9086340094c99e83.rlib" "/opt/rustwide/target/debug/deps/libobject-75e33533ac78fe80.rlib" "/opt/rustwide/target/debug/deps/liblibc-9b2ef2cdaabffb79.rlib" "/opt/rustwide/target/debug/deps/libaddr2line-d5e4e7c46f7976ea.rlib" "/opt/rustwide/target/debug/deps/libgimli-a9d42d4ec7a740ba.rlib" "/opt/rustwide/target/debug/deps/libcfg_if-e7002d307f97bc56.rlib" "/opt/rustwide/target/debug/deps/librustc_demangle-df669e16e9e83412.rlib" "/opt/rustwide/rustup-home/toolchains/beta-2023-12-22-x86_64-unknown-linux-gnu/lib/rustlib/x86_64-unknown-linux-gnu/lib/libstd-0672489a78b613de.rlib" "/opt/rustwide/rustup-home/toolchains/beta-2023-12-22-x86_64-unknown-linux-gnu/lib/rustlib/x86_64-unknown-linux-gnu/lib/libpanic_unwind-7eb3ffc34a49f675.rlib" "/opt/rustwide/rustup-home/toolchains/beta-2023-12-22-x86_64-unknown-linux-gnu/lib/rustlib/x86_64-unknown-linux-gnu/lib/libobject-6478a9daa4bee8e2.rlib" "/opt/rustwide/rustup-home/toolchains/beta-2023-12-22-x86_64-unknown-linux-gnu/lib/rustlib/x86_64-unknown-linux-gnu/lib/libmemchr-0c75d871a5c3923d.rlib" "/opt/rustwide/rustup-home/toolchains/beta-2023-12-22-x86_64-unknown-linux-gnu/lib/rustlib/x86_64-unknown-linux-gnu/lib/libaddr2line-d163ef63ad37bb71.rlib" "/opt/rustwide/rustup-home/toolchains/beta-2023-12-22-x86_64-unknown-linux-gnu/lib/rustlib/x86_64-unknown-linux-gnu/lib/libgimli-8a3fd810a85b9f4c.rlib" "/opt/rustwide/rustup-home/toolchains/beta-2023-12-22-x86_64-unknown-linux-gnu/lib/rustlib/x86_64-unknown-linux-gnu/lib/librustc_demangle-462a2cde8c5dfc10.rlib" "/opt/rustwide/rustup-home/toolchains/beta-2023-12-22-x86_64-unknown-linux-gnu/lib/rustlib/x86_64-unknown-linux-gnu/lib/libstd_detect-cb06ac9f54713f71.rlib" "/opt/rustwide/rustup-home/toolchains/beta-2023-12-22-x86_64-unknown-linux-gnu/lib/rustlib/x86_64-unknown-linux-gnu/lib/libhashbrown-f20bfd1f8e59b393.rlib" "/opt/rustwide/rustup-home/toolchains/beta-2023-12-22-x86_64-unknown-linux-gnu/lib/rustlib/x86_64-unknown-linux-gnu/lib/librustc_std_workspace_alloc-1ef460949b49da4b.rlib" "/opt/rustwide/rustup-home/toolchains/beta-2023-12-22-x86_64-unknown-linux-gnu/lib/rustlib/x86_64-unknown-linux-gnu/lib/libminiz_oxide-2cb0c0ffe4f87514.rlib" "/opt/rustwide/rustup-home/toolchains/beta-2023-12-22-x86_64-unknown-linux-gnu/lib/rustlib/x86_64-unknown-linux-gnu/lib/libadler-58d841eb322a11a2.rlib" "/opt/rustwide/rustup-home/toolchains/beta-2023-12-22-x86_64-unknown-linux-gnu/lib/rustlib/x86_64-unknown-linux-gnu/lib/libunwind-aa2ae0b0a9d11533.rlib" "/opt/rustwide/rustup-home/toolchains/beta-2023-12-22-x86_64-unknown-linux-gnu/lib/rustlib/x86_64-unknown-linux-gnu/lib/libcfg_if-23874e15830ed336.rlib" "/opt/rustwide/rustup-home/toolchains/beta-2023-12-22-x86_64-unknown-linux-gnu/lib/rustlib/x86_64-unknown-linux-gnu/lib/liblibc-e47cddc003bce885.rlib" "/opt/rustwide/rustup-home/toolchains/beta-2023-12-22-x86_64-unknown-linux-gnu/lib/rustlib/x86_64-unknown-linux-gnu/lib/liballoc-c22b13b48a8f128e.rlib" "/opt/rustwide/rustup-home/toolchains/beta-2023-12-22-x86_64-unknown-linux-gnu/lib/rustlib/x86_64-unknown-linux-gnu/lib/librustc_std_workspace_core-e46bc3da6d7c462f.rlib" "/opt/rustwide/rustup-home/toolchains/beta-2023-12-22-x86_64-unknown-linux-gnu/lib/rustlib/x86_64-unknown-linux-gnu/lib/libcore-8d1ac131d3cb2645.rlib" "/opt/rustwide/rustup-home/toolchains/beta-2023-12-22-x86_64-unknown-linux-gnu/lib/rustlib/x86_64-unknown-linux-gnu/lib/libcompiler_builtins-a1b43df8c6899c1f.rlib" "-Wl,-Bdynamic" "-lgcc_s" "-lutil" "-lrt" "-lpthread" "-lm" "-ldl" "-lc" "-Wl,--eh-frame-hdr" "-Wl,-z,noexecstack" "-L" "/opt/rustwide/rustup-home/toolchains/beta-2023-12-22-x86_64-unknown-linux-gnu/lib/rustlib/x86_64-unknown-linux-gnu/lib" "-o" "/opt/rustwide/target/debug/deps/test_fmt_xwiki-bee9e11d917d4b3a" "-Wl,--gc-sections" "-pie" "-Wl,-z,relro,-z,now" "-nodefaultlibs"
[INFO] [stdout]   = note: collect2: fatal error: ld terminated with signal 9 [Killed]
[INFO] [stdout]           compilation terminated.
[INFO] [stdout]           
[INFO] [stdout] 
[INFO] [stdout] 
[INFO] [stdout] error: aborting due to 1 previous error
[INFO] [stdout] 
[INFO] [stdout] 
[INFO] [stderr] error: could not compile `somedoc` (test "test_fmt_xwiki") due to 2 previous errors
[INFO] [stdout] error: linking with `cc` failed: exit status: 1
[INFO] [stdout]   |
[INFO] [stdout]   = note: LC_ALL="C" PATH="/opt/rustwide/rustup-home/toolchains/beta-2023-12-22-x86_64-unknown-linux-gnu/lib/rustlib/x86_64-unknown-linux-gnu/bin:/opt/rustwide/cargo-home/bin:/usr/local/sbin:/usr/local/bin:/usr/sbin:/usr/bin:/sbin:/bin" VSLANG="1033" "cc" "-m64" "/tmp/rustcGlY2wd/symbols.o" "/opt/rustwide/target/debug/deps/test_read_json-c9df38b5bace6825.test_read_json.f27b1d68f889c9fb-cgu.0.rcgu.o" "/opt/rustwide/target/debug/deps/test_read_json-c9df38b5bace6825.4fn2i76w9ly8okne.rcgu.o" "-Wl,--as-needed" "-L" "/opt/rustwide/target/debug/deps" "-L" "/opt/rustwide/rustup-home/toolchains/beta-2023-12-22-x86_64-unknown-linux-gnu/lib/rustlib/x86_64-unknown-linux-gnu/lib" "-Wl,-Bstatic" "/opt/rustwide/rustup-home/toolchains/beta-2023-12-22-x86_64-unknown-linux-gnu/lib/rustlib/x86_64-unknown-linux-gnu/lib/libtest-cbab71697df97b00.rlib" "/opt/rustwide/rustup-home/toolchains/beta-2023-12-22-x86_64-unknown-linux-gnu/lib/rustlib/x86_64-unknown-linux-gnu/lib/libgetopts-2a2cf8f16c536007.rlib" "/opt/rustwide/rustup-home/toolchains/beta-2023-12-22-x86_64-unknown-linux-gnu/lib/rustlib/x86_64-unknown-linux-gnu/lib/libunicode_width-c5f3cc3cceaf9070.rlib" "/opt/rustwide/rustup-home/toolchains/beta-2023-12-22-x86_64-unknown-linux-gnu/lib/rustlib/x86_64-unknown-linux-gnu/lib/librustc_std_workspace_std-a31324ec815b09db.rlib" "/opt/rustwide/target/debug/deps/libsomedoc-449173e5e67962a3.rlib" "/opt/rustwide/target/debug/deps/libblob_uuid-c08521f181aaeea1.rlib" "/opt/rustwide/target/debug/deps/libuuid-38be57aaa8554ab7.rlib" "/opt/rustwide/target/debug/deps/libgetrandom-9b566ace3c23d2a3.rlib" "/opt/rustwide/target/debug/deps/libbase64-2de7b3d41b49fad8.rlib" "/opt/rustwide/target/debug/deps/libbyteorder-66043869386c58c8.rlib" "/opt/rustwide/target/debug/deps/libserde_json-891a862c8bcfd2cc.rlib" "/opt/rustwide/target/debug/deps/libryu-98249992139dd95c.rlib" "/opt/rustwide/target/debug/deps/libitoa-3f9ca5f6cf109971.rlib" "/opt/rustwide/target/debug/deps/libregex-fee11674c19b4e86.rlib" "/opt/rustwide/target/debug/deps/libthread_local-495b662d9e7d30ce.rlib" "/opt/rustwide/target/debug/deps/libregex_syntax-891cb9ec5f1d6c90.rlib" "/opt/rustwide/target/debug/deps/libaho_corasick-4c23279a85360a03.rlib" "/opt/rustwide/target/debug/deps/libmemchr-e5f220b5ff6b3a36.rlib" "/opt/rustwide/target/debug/deps/libserde-1e9a5200169334b0.rlib" "/opt/rustwide/target/debug/deps/liblazy_static-efa3519517df6cf0.rlib" "/opt/rustwide/target/debug/deps/liberror_chain-12791042c8c54b5c.rlib" "/opt/rustwide/target/debug/deps/libbacktrace-f1e8d9ea5c62791d.rlib" "/opt/rustwide/target/debug/deps/libminiz_oxide-fc28df347b0f0793.rlib" "/opt/rustwide/target/debug/deps/libadler-9086340094c99e83.rlib" "/opt/rustwide/target/debug/deps/libobject-75e33533ac78fe80.rlib" "/opt/rustwide/target/debug/deps/liblibc-9b2ef2cdaabffb79.rlib" "/opt/rustwide/target/debug/deps/libaddr2line-d5e4e7c46f7976ea.rlib" "/opt/rustwide/target/debug/deps/libgimli-a9d42d4ec7a740ba.rlib" "/opt/rustwide/target/debug/deps/libcfg_if-e7002d307f97bc56.rlib" "/opt/rustwide/target/debug/deps/librustc_demangle-df669e16e9e83412.rlib" "/opt/rustwide/rustup-home/toolchains/beta-2023-12-22-x86_64-unknown-linux-gnu/lib/rustlib/x86_64-unknown-linux-gnu/lib/libstd-0672489a78b613de.rlib" "/opt/rustwide/rustup-home/toolchains/beta-2023-12-22-x86_64-unknown-linux-gnu/lib/rustlib/x86_64-unknown-linux-gnu/lib/libpanic_unwind-7eb3ffc34a49f675.rlib" "/opt/rustwide/rustup-home/toolchains/beta-2023-12-22-x86_64-unknown-linux-gnu/lib/rustlib/x86_64-unknown-linux-gnu/lib/libobject-6478a9daa4bee8e2.rlib" "/opt/rustwide/rustup-home/toolchains/beta-2023-12-22-x86_64-unknown-linux-gnu/lib/rustlib/x86_64-unknown-linux-gnu/lib/libmemchr-0c75d871a5c3923d.rlib" "/opt/rustwide/rustup-home/toolchains/beta-2023-12-22-x86_64-unknown-linux-gnu/lib/rustlib/x86_64-unknown-linux-gnu/lib/libaddr2line-d163ef63ad37bb71.rlib" "/opt/rustwide/rustup-home/toolchains/beta-2023-12-22-x86_64-unknown-linux-gnu/lib/rustlib/x86_64-unknown-linux-gnu/lib/libgimli-8a3fd810a85b9f4c.rlib" "/opt/rustwide/rustup-home/toolchains/beta-2023-12-22-x86_64-unknown-linux-gnu/lib/rustlib/x86_64-unknown-linux-gnu/lib/librustc_demangle-462a2cde8c5dfc10.rlib" "/opt/rustwide/rustup-home/toolchains/beta-2023-12-22-x86_64-unknown-linux-gnu/lib/rustlib/x86_64-unknown-linux-gnu/lib/libstd_detect-cb06ac9f54713f71.rlib" "/opt/rustwide/rustup-home/toolchains/beta-2023-12-22-x86_64-unknown-linux-gnu/lib/rustlib/x86_64-unknown-linux-gnu/lib/libhashbrown-f20bfd1f8e59b393.rlib" "/opt/rustwide/rustup-home/toolchains/beta-2023-12-22-x86_64-unknown-linux-gnu/lib/rustlib/x86_64-unknown-linux-gnu/lib/librustc_std_workspace_alloc-1ef460949b49da4b.rlib" "/opt/rustwide/rustup-home/toolchains/beta-2023-12-22-x86_64-unknown-linux-gnu/lib/rustlib/x86_64-unknown-linux-gnu/lib/libminiz_oxide-2cb0c0ffe4f87514.rlib" "/opt/rustwide/rustup-home/toolchains/beta-2023-12-22-x86_64-unknown-linux-gnu/lib/rustlib/x86_64-unknown-linux-gnu/lib/libadler-58d841eb322a11a2.rlib" "/opt/rustwide/rustup-home/toolchains/beta-2023-12-22-x86_64-unknown-linux-gnu/lib/rustlib/x86_64-unknown-linux-gnu/lib/libunwind-aa2ae0b0a9d11533.rlib" "/opt/rustwide/rustup-home/toolchains/beta-2023-12-22-x86_64-unknown-linux-gnu/lib/rustlib/x86_64-unknown-linux-gnu/lib/libcfg_if-23874e15830ed336.rlib" "/opt/rustwide/rustup-home/toolchains/beta-2023-12-22-x86_64-unknown-linux-gnu/lib/rustlib/x86_64-unknown-linux-gnu/lib/liblibc-e47cddc003bce885.rlib" "/opt/rustwide/rustup-home/toolchains/beta-2023-12-22-x86_64-unknown-linux-gnu/lib/rustlib/x86_64-unknown-linux-gnu/lib/liballoc-c22b13b48a8f128e.rlib" "/opt/rustwide/rustup-home/toolchains/beta-2023-12-22-x86_64-unknown-linux-gnu/lib/rustlib/x86_64-unknown-linux-gnu/lib/librustc_std_workspace_core-e46bc3da6d7c462f.rlib" "/opt/rustwide/rustup-home/toolchains/beta-2023-12-22-x86_64-unknown-linux-gnu/lib/rustlib/x86_64-unknown-linux-gnu/lib/libcore-8d1ac131d3cb2645.rlib" "/opt/rustwide/rustup-home/toolchains/beta-2023-12-22-x86_64-unknown-linux-gnu/lib/rustlib/x86_64-unknown-linux-gnu/lib/libcompiler_builtins-a1b43df8c6899c1f.rlib" "-Wl,-Bdynamic" "-lgcc_s" "-lutil" "-lrt" "-lpthread" "-lm" "-ldl" "-lc" "-Wl,--eh-frame-hdr" "-Wl,-z,noexecstack" "-L" "/opt/rustwide/rustup-home/toolchains/beta-2023-12-22-x86_64-unknown-linux-gnu/lib/rustlib/x86_64-unknown-linux-gnu/lib" "-o" "/opt/rustwide/target/debug/deps/test_read_json-c9df38b5bace6825" "-Wl,--gc-sections" "-pie" "-Wl,-z,relro,-z,now" "-nodefaultlibs"
[INFO] [stdout]   = note: collect2: fatal error: ld terminated with signal 9 [Killed]
[INFO] [stdout]           compilation terminated.
[INFO] [stdout]           
[INFO] [stdout] 
[INFO] [stdout] 
[INFO] [stdout] error: aborting due to 1 previous error
[INFO] [stdout] 
[INFO] [stdout] 
[INFO] [stderr] error: could not compile `somedoc` (test "test_read_json") due to 2 previous errors
[INFO] running `Command { std: "docker" "inspect" "4377d14d545f23b1322335898c815aa55b8180f73c11ebe3ff893d4dbf5f79a9", kill_on_drop: false }`
[INFO] running `Command { std: "docker" "rm" "-f" "4377d14d545f23b1322335898c815aa55b8180f73c11ebe3ff893d4dbf5f79a9", kill_on_drop: false }`
[INFO] [stdout] 4377d14d545f23b1322335898c815aa55b8180f73c11ebe3ff893d4dbf5f79a9
