[INFO] fetching crate solarti-token-metadata-interface 0.2.2...
[INFO] testing solarti-token-metadata-interface-0.2.2 against 1.75.0 for beta-1.76-1
[INFO] extracting crate solarti-token-metadata-interface 0.2.2 into /workspace/builds/worker-5-tc1/source
[INFO] validating manifest of crates.io crate solarti-token-metadata-interface 0.2.2 on toolchain 1.75.0
[INFO] running `Command { std: CARGO_HOME="/workspace/cargo-home" RUSTUP_HOME="/workspace/rustup-home" "/workspace/cargo-home/bin/cargo" "+1.75.0" "metadata" "--manifest-path" "Cargo.toml" "--no-deps", kill_on_drop: false }`
[INFO] started tweaking crates.io crate solarti-token-metadata-interface 0.2.2
[INFO] finished tweaking crates.io crate solarti-token-metadata-interface 0.2.2
[INFO] tweaked toml for crates.io crate solarti-token-metadata-interface 0.2.2 written to /workspace/builds/worker-5-tc1/source/Cargo.toml
[INFO] running `Command { std: CARGO_HOME="/workspace/cargo-home" RUSTUP_HOME="/workspace/rustup-home" "/workspace/cargo-home/bin/cargo" "+1.75.0" "generate-lockfile" "--manifest-path" "Cargo.toml", kill_on_drop: false }`
[INFO] [stderr]     Updating crates.io index
[INFO] running `Command { std: CARGO_HOME="/workspace/cargo-home" RUSTUP_HOME="/workspace/rustup-home" "/workspace/cargo-home/bin/cargo" "+1.75.0" "fetch" "--manifest-path" "Cargo.toml", kill_on_drop: false }`
[INFO] [stderr]     Blocking waiting for file lock on package cache
[INFO] [stderr]     Blocking waiting for file lock on package cache
[INFO] running `Command { std: "docker" "create" "-v" "/var/lib/crater-agent-workspace/builds/worker-5-tc1/target:/opt/rustwide/target:rw,Z" "-v" "/var/lib/crater-agent-workspace/builds/worker-5-tc1/source:/opt/rustwide/workdir:ro,Z" "-v" "/var/lib/crater-agent-workspace/cargo-home:/opt/rustwide/cargo-home:ro,Z" "-v" "/var/lib/crater-agent-workspace/rustup-home:/opt/rustwide/rustup-home:ro,Z" "-e" "SOURCE_DIR=/opt/rustwide/workdir" "-e" "CARGO_TARGET_DIR=/opt/rustwide/target" "-e" "CARGO_HOME=/opt/rustwide/cargo-home" "-e" "RUSTUP_HOME=/opt/rustwide/rustup-home" "-w" "/opt/rustwide/workdir" "-m" "1610612736" "--user" "0:0" "--network" "none" "ghcr.io/rust-lang/crates-build-env/linux@sha256:2788e3201cd34a07e3172128adcd8b3090168a8e3bcc40d7c032b9dda1df7d1c" "/opt/rustwide/cargo-home/bin/cargo" "+1.75.0" "metadata" "--no-deps" "--format-version=1", kill_on_drop: false }`
[INFO] [stdout] 47c0e84d6fa6a98fdd37162c92e61c64182c7a8a4c9497316a845595e78a20ab
[INFO] running `Command { std: "docker" "start" "-a" "47c0e84d6fa6a98fdd37162c92e61c64182c7a8a4c9497316a845595e78a20ab", kill_on_drop: false }`
[INFO] running `Command { std: "docker" "inspect" "47c0e84d6fa6a98fdd37162c92e61c64182c7a8a4c9497316a845595e78a20ab", kill_on_drop: false }`
[INFO] running `Command { std: "docker" "rm" "-f" "47c0e84d6fa6a98fdd37162c92e61c64182c7a8a4c9497316a845595e78a20ab", kill_on_drop: false }`
[INFO] [stdout] 47c0e84d6fa6a98fdd37162c92e61c64182c7a8a4c9497316a845595e78a20ab
[INFO] running `Command { std: "docker" "create" "-v" "/var/lib/crater-agent-workspace/builds/worker-5-tc1/target:/opt/rustwide/target:rw,Z" "-v" "/var/lib/crater-agent-workspace/builds/worker-5-tc1/source:/opt/rustwide/workdir:ro,Z" "-v" "/var/lib/crater-agent-workspace/cargo-home:/opt/rustwide/cargo-home:ro,Z" "-v" "/var/lib/crater-agent-workspace/rustup-home:/opt/rustwide/rustup-home:ro,Z" "-e" "SOURCE_DIR=/opt/rustwide/workdir" "-e" "CARGO_TARGET_DIR=/opt/rustwide/target" "-e" "CARGO_INCREMENTAL=0" "-e" "RUST_BACKTRACE=full" "-e" "RUSTFLAGS=--cap-lints=warn" "-e" "RUSTDOCFLAGS=--cap-lints=warn" "-e" "CARGO_HOME=/opt/rustwide/cargo-home" "-e" "RUSTUP_HOME=/opt/rustwide/rustup-home" "-w" "/opt/rustwide/workdir" "-m" "1610612736" "--user" "0:0" "--network" "none" "ghcr.io/rust-lang/crates-build-env/linux@sha256:2788e3201cd34a07e3172128adcd8b3090168a8e3bcc40d7c032b9dda1df7d1c" "/opt/rustwide/cargo-home/bin/cargo" "+1.75.0" "build" "--frozen" "--message-format=json", kill_on_drop: false }`
[INFO] [stdout] 9dfb1f40c989b8f41717f789f9b3fe8b921fd391c2397a5a3b134be54de688a8
[INFO] running `Command { std: "docker" "start" "-a" "9dfb1f40c989b8f41717f789f9b3fe8b921fd391c2397a5a3b134be54de688a8", kill_on_drop: false }`
[INFO] [stderr]    Compiling proc-macro2 v1.0.75
[INFO] [stderr]    Compiling unicode-ident v1.0.12
[INFO] [stderr]    Compiling version_check v0.9.4
[INFO] [stderr]    Compiling typenum v1.17.0
[INFO] [stderr]    Compiling cfg-if v1.0.0
[INFO] [stderr]    Compiling serde v1.0.194
[INFO] [stderr]    Compiling libc v0.2.151
[INFO] [stderr]    Compiling autocfg v1.1.0
[INFO] [stderr]    Compiling subtle v2.4.1
[INFO] [stderr]    Compiling syn v1.0.109
[INFO] [stderr]    Compiling once_cell v1.19.0
[INFO] [stderr]    Compiling ppv-lite86 v0.2.17
[INFO] [stderr]    Compiling cpufeatures v0.2.12
[INFO] [stderr]    Compiling semver v1.0.21
[INFO] [stderr]    Compiling getrandom v0.1.16
[INFO] [stderr]    Compiling opaque-debug v0.3.0
[INFO] [stderr]    Compiling crunchy v0.2.2
[INFO] [stderr]    Compiling either v1.9.0
[INFO] [stderr]    Compiling crossbeam-utils v0.8.18
[INFO] [stderr]    Compiling zerocopy v0.7.32
[INFO] [stderr]    Compiling block-padding v0.2.1
[INFO] [stderr]    Compiling generic-array v0.14.7
[INFO] [stderr]    Compiling ahash v0.8.7
[INFO] [stderr]    Compiling hashbrown v0.14.3
[INFO] [stderr]    Compiling num-traits v0.2.17
[INFO] [stderr]    Compiling num-integer v0.1.45
[INFO] [stderr]    Compiling num-bigint v0.4.4
[INFO] [stderr]    Compiling rustc_version v0.4.0
[INFO] [stderr]    Compiling paste v1.0.14
[INFO] [stderr]    Compiling thiserror v1.0.56
[INFO] [stderr]    Compiling equivalent v1.0.1
[INFO] [stderr]    Compiling proc-macro-error-attr v1.0.4
[INFO] [stderr]    Compiling wasm-bindgen-shared v0.2.89
[INFO] [stderr]    Compiling winnow v0.5.32
[INFO] [stderr]    Compiling toml_datetime v0.6.3
[INFO] [stderr]    Compiling hashbrown v0.13.2
[INFO] [stderr]    Compiling quote v1.0.35
[INFO] [stderr]    Compiling proc-macro-error v1.0.4
[INFO] [stderr]    Compiling itertools v0.10.5
[INFO] [stderr]    Compiling rayon-core v1.12.0
[INFO] [stderr]    Compiling syn v2.0.48
[INFO] [stderr]    Compiling indexmap v2.1.0
[INFO] [stderr]    Compiling crossbeam-epoch v0.9.17
[INFO] [stderr]    Compiling jobserver v0.1.27
[INFO] [stderr]    Compiling crossbeam-deque v0.8.4
[INFO] [stderr]    Compiling cc v1.0.83
[INFO] [stderr]    Compiling ahash v0.7.7
[INFO] [stderr]    Compiling byteorder v1.5.0
[INFO] [stderr]    Compiling log v0.4.20
[INFO] [stderr]    Compiling feature-probe v0.1.1
[INFO] [stderr]    Compiling bumpalo v3.14.0
[INFO] [stderr]    Compiling bv v0.11.1
[INFO] [stderr]    Compiling bitmaps v2.1.0
[INFO] [stderr]    Compiling miraland-frozen-abi-macro v1.18.2
[INFO] [stderr]    Compiling im v15.1.0
[INFO] [stderr]    Compiling keccak v0.1.4
[INFO] [stderr]    Compiling rustversion v1.0.14
[INFO] [stderr]    Compiling getrandom v0.2.11
[INFO] [stderr]    Compiling rand_core v0.6.4
[INFO] [stderr]    Compiling digest v0.9.0
[INFO] [stderr]    Compiling rand_core v0.5.1
[INFO] [stderr]    Compiling libsecp256k1-core v0.2.2
[INFO] [stderr]    Compiling lazy_static v1.4.0
[INFO] [stderr]    Compiling anyhow v1.0.79
[INFO] [stderr]    Compiling rand_chacha v0.3.1
[INFO] [stderr]    Compiling tinyvec_macros v0.1.1
[INFO] [stderr]    Compiling fnv v1.0.7
[INFO] [stderr]    Compiling cfg_aliases v0.1.1
[INFO] [stderr]    Compiling rand_chacha v0.2.2
[INFO] [stderr]    Compiling tinyvec v1.6.0
[INFO] [stderr]    Compiling rand_xoshiro v0.6.0
[INFO] [stderr]    Compiling borsh v1.3.0
[INFO] [stderr]    Compiling rand v0.8.5
[INFO] [stderr]    Compiling rand v0.7.3
[INFO] [stderr]    Compiling block-buffer v0.10.4
[INFO] [stderr]    Compiling crypto-common v0.1.6
[INFO] [stderr]    Compiling toml_edit v0.20.2
[INFO] [stderr]    Compiling sized-chunks v0.6.5
[INFO] [stderr]    Compiling rayon v1.8.0
[INFO] [stderr]    Compiling miraland-frozen-abi v1.18.2
[INFO] [stderr]    Compiling memoffset v0.9.0
[INFO] [stderr]    Compiling serde_json v1.0.111
[INFO] [stderr]    Compiling arrayref v0.3.7
[INFO] [stderr]    Compiling strsim v0.10.0
[INFO] [stderr]    Compiling memchr v2.7.1
[INFO] [stderr]    Compiling blake3 v1.5.0
[INFO] [stderr]    Compiling libsecp256k1-gen-ecmult v0.2.1
[INFO] [stderr]    Compiling libsecp256k1-gen-genmult v0.2.1
[INFO] [stderr]    Compiling bs58 v0.4.0
[INFO] [stderr]    Compiling ark-std v0.4.0
[INFO] [stderr]    Compiling wasm-bindgen v0.2.89
[INFO] [stderr]    Compiling ident_case v1.0.1
[INFO] [stderr]    Compiling unicode-normalization v0.1.22
[INFO] [stderr]    Compiling miraland-program v1.18.2
[INFO] [stderr]    Compiling digest v0.10.7
[INFO] [stderr]    Compiling hashbrown v0.11.2
[INFO] [stderr]    Compiling libsecp256k1 v0.6.0
[INFO] [stderr]    Compiling memmap2 v0.5.10
[INFO] [stderr]    Compiling rustc-hash v1.1.0
[INFO] [stderr]    Compiling ryu v1.0.16
[INFO] [stderr]    Compiling constant_time_eq v0.3.0
[INFO] [stderr]    Compiling base64 v0.12.3
[INFO] [stderr]    Compiling regex-syntax v0.8.2
[INFO] [stderr]    Compiling aho-corasick v1.1.2
[INFO] [stderr]    Compiling itoa v1.0.10
[INFO] [stderr]    Compiling arrayvec v0.7.4
[INFO] [stderr]    Compiling sha2 v0.10.8
[INFO] [stderr]    Compiling base64 v0.21.5
[INFO] [stderr]    Compiling signature v1.6.4
[INFO] [stderr]    Compiling ed25519 v1.5.3
[INFO] [stderr]    Compiling atty v0.2.14
[INFO] [stderr]    Compiling termcolor v1.4.0
[INFO] [stderr]    Compiling humantime v2.1.0
[INFO] [stderr]    Compiling miraland-sdk v1.18.2
[INFO] [stderr]    Compiling percent-encoding v2.3.1
[INFO] [stderr]    Compiling toml v0.5.11
[INFO] [stderr]    Compiling derivation-path v0.2.0
[INFO] [stderr]    Compiling qstring v0.7.2
[INFO] [stderr]    Compiling uriparse v0.6.4
[INFO] [stderr]    Compiling chrono v0.4.31
[INFO] [stderr]    Compiling assert_matches v1.5.0
[INFO] [stderr]    Compiling proc-macro-crate v2.0.1
[INFO] [stderr]    Compiling regex-automata v0.4.3
[INFO] [stderr]    Compiling proc-macro-crate v0.1.5
[INFO] [stderr]    Compiling borsh-derive-internal v0.9.3
[INFO] [stderr]    Compiling borsh-schema-derive-internal v0.10.3
[INFO] [stderr]    Compiling borsh-derive-internal v0.10.3
[INFO] [stderr]    Compiling borsh-schema-derive-internal v0.9.3
[INFO] [stderr]    Compiling wasm-bindgen-backend v0.2.89
[INFO] [stderr]    Compiling darling_core v0.20.3
[INFO] [stderr]    Compiling ark-serialize-derive v0.4.2
[INFO] [stderr]    Compiling ark-ff-asm v0.4.2
[INFO] [stderr]    Compiling derivative v2.2.0
[INFO] [stderr]    Compiling ark-ff-macros v0.4.2
[INFO] [stderr]    Compiling borsh-derive v0.10.3
[INFO] [stderr]    Compiling borsh-derive v0.9.3
[INFO] [stderr]    Compiling serde_derive v1.0.194
[INFO] [stderr]    Compiling zeroize_derive v1.4.2
[INFO] [stderr]    Compiling thiserror-impl v1.0.56
[INFO] [stderr]    Compiling syn_derive v0.1.8
[INFO] [stderr]    Compiling bytemuck_derive v1.5.0
[INFO] [stderr]    Compiling num-derive v0.4.1
[INFO] [stderr]    Compiling miraland-sdk-macro v1.18.2
[INFO] [stderr]    Compiling wasm-bindgen-macro-support v0.2.89
[INFO] [stderr]    Compiling borsh v0.10.3
[INFO] [stderr]    Compiling regex v1.10.2
[INFO] [stderr]    Compiling borsh v0.9.3
[INFO] [stderr]    Compiling borsh-derive v1.3.0
[INFO] [stderr]    Compiling bytemuck v1.14.0
[INFO] [stderr]    Compiling zeroize v1.3.0
[INFO] [stderr]    Compiling num_enum_derive v0.7.1
[INFO] [stderr]    Compiling qualifier_attr v0.2.2
[INFO] [stderr]    Compiling merlin v3.0.0
[INFO] [stderr]    Compiling env_logger v0.9.3
[INFO] [stderr]    Compiling solarti-discriminator-syn v0.1.5
[INFO] [stderr]    Compiling solarti-program-error-derive v0.3.5
[INFO] [stderr]    Compiling darling_macro v0.20.3
[INFO] [stderr]    Compiling solarti-discriminator-derive v0.1.5
[INFO] [stderr]    Compiling miraland-logger v1.18.2
[INFO] [stderr]    Compiling wasm-bindgen-macro v0.2.89
[INFO] [stderr]    Compiling darling v0.20.3
[INFO] [stderr]    Compiling serde_with_macros v2.3.3
[INFO] [stderr]    Compiling num_enum v0.7.1
[INFO] [stderr]    Compiling serde_bytes v0.11.14
[INFO] [stderr]    Compiling bincode v1.3.3
[INFO] [stderr]    Compiling bitflags v2.4.1
[INFO] [stderr]    Compiling serde_with v2.3.3
[INFO] [stderr]    Compiling block-buffer v0.9.0
[INFO] [stderr]    Compiling crypto-mac v0.8.0
[INFO] [stderr]    Compiling cipher v0.3.0
[INFO] [stderr]    Compiling universal-hash v0.4.1
[INFO] [stderr]    Compiling aead v0.4.3
[INFO] [stderr]    Compiling pbkdf2 v0.4.0
[INFO] [stderr]    Compiling polyval v0.5.3
[INFO] [stderr]    Compiling hmac v0.8.1
[INFO] [stderr]    Compiling curve25519-dalek v3.2.1
[INFO] [stderr]    Compiling sha2 v0.9.9
[INFO] [stderr]    Compiling sha3 v0.9.1
[INFO] [stderr]    Compiling hmac-drbg v0.3.0
[INFO] [stderr]    Compiling aes v0.7.5
[INFO] [stderr]    Compiling ctr v0.8.0
[INFO] [stderr]    Compiling ark-serialize v0.4.2
[INFO] [stderr]    Compiling sha3 v0.10.8
[INFO] [stderr]    Compiling hmac v0.12.1
[INFO] [stderr]    Compiling pbkdf2 v0.11.0
[INFO] [stderr]    Compiling tiny-bip39 v0.8.2
[INFO] [stderr]    Compiling ark-ff v0.4.2
[INFO] [stderr]    Compiling aes-gcm-siv v0.10.3
[INFO] [stderr]    Compiling ed25519-dalek v1.0.1
[INFO] [stderr]    Compiling ed25519-dalek-bip32 v0.2.0
[INFO] [stderr]    Compiling ark-poly v0.4.2
[INFO] [stderr]    Compiling ark-ec v0.4.2
[INFO] [stderr]    Compiling ark-bn254 v0.4.0
[INFO] [stderr]    Compiling light-poseidon v0.2.0
[INFO] [stderr]    Compiling solarti-program-error v0.3.5
[INFO] [stderr]    Compiling solarti-discriminator v0.1.5
[INFO] [stderr]    Compiling miraland-zk-token-sdk v1.18.2
[INFO] [stderr]    Compiling solarti-pod v0.1.4
[INFO] [stderr]    Compiling solarti-type-length-value v0.3.4
[INFO] [stderr]    Compiling solarti-token-metadata-interface v0.2.2 (/opt/rustwide/workdir)
[INFO] [stdout] warning: use of deprecated function `solana_program::borsh::get_instance_packed_len`: Please use `borsh0_10::get_instance_packed_len` instead
[INFO] [stdout]  --> src/state.rs:6:17
[INFO] [stdout]   |
[INFO] [stdout] 6 |         borsh::{get_instance_packed_len, try_from_slice_unchecked},
[INFO] [stdout]   |                 ^^^^^^^^^^^^^^^^^^^^^^^
[INFO] [stdout]   |
[INFO] [stdout]   = note: `#[warn(deprecated)]` on by default
[INFO] [stdout] 
[INFO] [stdout] 
[INFO] [stdout] warning: use of deprecated function `solana_program::borsh::try_from_slice_unchecked`: Please use `borsh0_10::try_from_slice_unchecked` instead
[INFO] [stdout]  --> src/state.rs:6:42
[INFO] [stdout]   |
[INFO] [stdout] 6 |         borsh::{get_instance_packed_len, try_from_slice_unchecked},
[INFO] [stdout]   |                                          ^^^^^^^^^^^^^^^^^^^^^^^^
[INFO] [stdout] 
[INFO] [stdout] 
[INFO] [stdout] warning: use of deprecated function `solana_program::borsh::get_instance_packed_len`: Please use `borsh0_10::get_instance_packed_len` instead
[INFO] [stdout]   --> src/state.rs:51:26
[INFO] [stdout]    |
[INFO] [stdout] 51 |             .checked_add(get_instance_packed_len(self)?)
[INFO] [stdout]    |                          ^^^^^^^^^^^^^^^^^^^^^^^
[INFO] [stdout] 
[INFO] [stdout] 
[INFO] [stdout] warning: use of deprecated function `solana_program::borsh::try_from_slice_unchecked`: Please use `borsh0_10::try_from_slice_unchecked` instead
[INFO] [stdout]    --> src/state.rs:105:9
[INFO] [stdout]     |
[INFO] [stdout] 105 |         try_from_slice_unchecked(src).map_err(Into::into)
[INFO] [stdout]     |         ^^^^^^^^^^^^^^^^^^^^^^^^
[INFO] [stdout] 
[INFO] [stdout] 
[INFO] [stdout] warning: use of deprecated function `solana_program::borsh::get_instance_packed_len`: Please use `borsh0_10::get_instance_packed_len` instead
[INFO] [stdout]    --> src/state.rs:108:9
[INFO] [stdout]     |
[INFO] [stdout] 108 |         get_instance_packed_len(self).map_err(Into::into)
[INFO] [stdout]     |         ^^^^^^^^^^^^^^^^^^^^^^^
[INFO] [stdout] 
[INFO] [stdout] 
[INFO] [stdout] error[E0277]: the trait bound `OptionalNonZeroPubkey: BorshSerialize` is not satisfied
[INFO] [stdout]   --> src/instruction.rs:58:35
[INFO] [stdout]    |
[INFO] [stdout] 58 | #[derive(Clone, Debug, PartialEq, BorshSerialize, BorshDeserialize, SplDiscriminate)]
[INFO] [stdout]    |                                   ^^^^^^^^^^^^^^ the trait `BorshSerialize` is not implemented for `OptionalNonZeroPubkey`
[INFO] [stdout]    |
[INFO] [stdout]    = help: the following other types implement trait `BorshSerialize`:
[INFO] [stdout]              bool
[INFO] [stdout]              isize
[INFO] [stdout]              i8
[INFO] [stdout]              i16
[INFO] [stdout]              i32
[INFO] [stdout]              i64
[INFO] [stdout]              i128
[INFO] [stdout]              usize
[INFO] [stdout]            and 82 others
[INFO] [stdout]    = help: see issue #48214
[INFO] [stdout]    = note: this error originates in the derive macro `BorshSerialize` (in Nightly builds, run with -Z macro-backtrace for more info)
[INFO] [stdout] 
[INFO] [stdout] 
[INFO] [stdout] error[E0277]: the trait bound `OptionalNonZeroPubkey: BorshDeserialize` is not satisfied
[INFO] [stdout]   --> src/instruction.rs:58:51
[INFO] [stdout]    |
[INFO] [stdout] 58 | #[derive(Clone, Debug, PartialEq, BorshSerialize, BorshDeserialize, SplDiscriminate)]
[INFO] [stdout]    |                                                   ^^^^^^^^^^^^^^^^ the trait `BorshDeserialize` is not implemented for `OptionalNonZeroPubkey`
[INFO] [stdout]    |
[INFO] [stdout]    = help: the following other types implement trait `BorshDeserialize`:
[INFO] [stdout]              bool
[INFO] [stdout]              isize
[INFO] [stdout]              i8
[INFO] [stdout]              i16
[INFO] [stdout]              i32
[INFO] [stdout]              i64
[INFO] [stdout]              i128
[INFO] [stdout]              usize
[INFO] [stdout]            and 79 others
[INFO] [stdout]    = help: see issue #48214
[INFO] [stdout]    = note: this error originates in the derive macro `BorshDeserialize` (in Nightly builds, run with -Z macro-backtrace for more info)
[INFO] [stdout] 
[INFO] [stdout] 
[INFO] [stdout] error[E0277]: the trait bound `OptionalNonZeroPubkey: BorshDeserialize` is not satisfied
[INFO] [stdout]   --> src/state.rs:25:44
[INFO] [stdout]    |
[INFO] [stdout] 25 | #[derive(Clone, Debug, Default, PartialEq, BorshDeserialize, BorshSerialize, BorshSchema)]
[INFO] [stdout]    |                                            ^^^^^^^^^^^^^^^^ the trait `BorshDeserialize` is not implemented for `OptionalNonZeroPubkey`
[INFO] [stdout]    |
[INFO] [stdout]    = help: the following other types implement trait `BorshDeserialize`:
[INFO] [stdout]              bool
[INFO] [stdout]              isize
[INFO] [stdout]              i8
[INFO] [stdout]              i16
[INFO] [stdout]              i32
[INFO] [stdout]              i64
[INFO] [stdout]              i128
[INFO] [stdout]              usize
[INFO] [stdout]            and 79 others
[INFO] [stdout]    = help: see issue #48214
[INFO] [stdout]    = note: this error originates in the derive macro `BorshDeserialize` (in Nightly builds, run with -Z macro-backtrace for more info)
[INFO] [stdout] 
[INFO] [stdout] 
[INFO] [stdout] error[E0277]: the trait bound `OptionalNonZeroPubkey: BorshSerialize` is not satisfied
[INFO] [stdout]   --> src/state.rs:25:62
[INFO] [stdout]    |
[INFO] [stdout] 25 | #[derive(Clone, Debug, Default, PartialEq, BorshDeserialize, BorshSerialize, BorshSchema)]
[INFO] [stdout]    |                                                              ^^^^^^^^^^^^^^ the trait `BorshSerialize` is not implemented for `OptionalNonZeroPubkey`
[INFO] [stdout]    |
[INFO] [stdout]    = help: the following other types implement trait `BorshSerialize`:
[INFO] [stdout]              bool
[INFO] [stdout]              isize
[INFO] [stdout]              i8
[INFO] [stdout]              i16
[INFO] [stdout]              i32
[INFO] [stdout]              i64
[INFO] [stdout]              i128
[INFO] [stdout]              usize
[INFO] [stdout]            and 82 others
[INFO] [stdout]    = help: see issue #48214
[INFO] [stdout]    = note: this error originates in the derive macro `BorshSerialize` (in Nightly builds, run with -Z macro-backtrace for more info)
[INFO] [stdout] 
[INFO] [stdout] 
[INFO] [stdout] error[E0277]: the trait bound `OptionalNonZeroPubkey: BorshSchema` is not satisfied
[INFO] [stdout]   --> src/state.rs:25:78
[INFO] [stdout]    |
[INFO] [stdout] 25 | #[derive(Clone, Debug, Default, PartialEq, BorshDeserialize, BorshSerialize, BorshSchema)]
[INFO] [stdout]    |                                                                              ^^^^^^^^^^^ the trait `BorshSchema` is not implemented for `OptionalNonZeroPubkey`
[INFO] [stdout]    |
[INFO] [stdout]    = help: the following other types implement trait `BorshSchema`:
[INFO] [stdout]              bool
[INFO] [stdout]              isize
[INFO] [stdout]              i8
[INFO] [stdout]              i16
[INFO] [stdout]              i32
[INFO] [stdout]              i64
[INFO] [stdout]              i128
[INFO] [stdout]              usize
[INFO] [stdout]            and 50 others
[INFO] [stdout]    = help: see issue #48214
[INFO] [stdout]    = note: this error originates in the derive macro `BorshSchema` (in Nightly builds, run with -Z macro-backtrace for more info)
[INFO] [stdout] 
[INFO] [stdout] 
[INFO] [stdout] error: aborting due to 5 previous errors; 5 warnings emitted
[INFO] [stdout] 
[INFO] [stdout] 
[INFO] [stdout] For more information about this error, try `rustc --explain E0277`.
[INFO] [stdout] 
[INFO] [stderr] error: could not compile `solarti-token-metadata-interface` (lib) due to 6 previous errors; 5 warnings emitted
[INFO] running `Command { std: "docker" "inspect" "9dfb1f40c989b8f41717f789f9b3fe8b921fd391c2397a5a3b134be54de688a8", kill_on_drop: false }`
[INFO] running `Command { std: "docker" "rm" "-f" "9dfb1f40c989b8f41717f789f9b3fe8b921fd391c2397a5a3b134be54de688a8", kill_on_drop: false }`
[INFO] [stdout] 9dfb1f40c989b8f41717f789f9b3fe8b921fd391c2397a5a3b134be54de688a8
[INFO] testing solarti-token-metadata-interface-0.2.2 against beta-2023-12-22 for beta-1.76-1
[INFO] extracting crate solarti-token-metadata-interface 0.2.2 into /workspace/builds/worker-5-tc2/source
[INFO] validating manifest of crates.io crate solarti-token-metadata-interface 0.2.2 on toolchain beta-2023-12-22
[INFO] running `Command { std: CARGO_HOME="/workspace/cargo-home" RUSTUP_HOME="/workspace/rustup-home" "/workspace/cargo-home/bin/cargo" "+beta-2023-12-22" "metadata" "--manifest-path" "Cargo.toml" "--no-deps", kill_on_drop: false }`
[INFO] started tweaking crates.io crate solarti-token-metadata-interface 0.2.2
[INFO] finished tweaking crates.io crate solarti-token-metadata-interface 0.2.2
[INFO] tweaked toml for crates.io crate solarti-token-metadata-interface 0.2.2 written to /workspace/builds/worker-5-tc2/source/Cargo.toml
[INFO] running `Command { std: CARGO_HOME="/workspace/cargo-home" RUSTUP_HOME="/workspace/rustup-home" "/workspace/cargo-home/bin/cargo" "+beta-2023-12-22" "generate-lockfile" "--manifest-path" "Cargo.toml", kill_on_drop: false }`
[INFO] [stderr]     Updating crates.io index
[INFO] running `Command { std: CARGO_HOME="/workspace/cargo-home" RUSTUP_HOME="/workspace/rustup-home" "/workspace/cargo-home/bin/cargo" "+beta-2023-12-22" "fetch" "--manifest-path" "Cargo.toml", kill_on_drop: false }`
[INFO] [stderr]     Blocking waiting for file lock on package cache
[INFO] [stderr]     Blocking waiting for file lock on package cache
[INFO] running `Command { std: "docker" "create" "-v" "/var/lib/crater-agent-workspace/builds/worker-5-tc2/target:/opt/rustwide/target:rw,Z" "-v" "/var/lib/crater-agent-workspace/builds/worker-5-tc2/source:/opt/rustwide/workdir:ro,Z" "-v" "/var/lib/crater-agent-workspace/cargo-home:/opt/rustwide/cargo-home:ro,Z" "-v" "/var/lib/crater-agent-workspace/rustup-home:/opt/rustwide/rustup-home:ro,Z" "-e" "SOURCE_DIR=/opt/rustwide/workdir" "-e" "CARGO_TARGET_DIR=/opt/rustwide/target" "-e" "CARGO_HOME=/opt/rustwide/cargo-home" "-e" "RUSTUP_HOME=/opt/rustwide/rustup-home" "-w" "/opt/rustwide/workdir" "-m" "1610612736" "--user" "0:0" "--network" "none" "ghcr.io/rust-lang/crates-build-env/linux@sha256:2788e3201cd34a07e3172128adcd8b3090168a8e3bcc40d7c032b9dda1df7d1c" "/opt/rustwide/cargo-home/bin/cargo" "+beta-2023-12-22" "metadata" "--no-deps" "--format-version=1", kill_on_drop: false }`
[INFO] [stdout] 99ac0a041d0d80ab31c53527bbbe69d384620ea134a3ee6e463f819706ebbf42
[INFO] running `Command { std: "docker" "start" "-a" "99ac0a041d0d80ab31c53527bbbe69d384620ea134a3ee6e463f819706ebbf42", kill_on_drop: false }`
[INFO] running `Command { std: "docker" "inspect" "99ac0a041d0d80ab31c53527bbbe69d384620ea134a3ee6e463f819706ebbf42", kill_on_drop: false }`
[INFO] running `Command { std: "docker" "rm" "-f" "99ac0a041d0d80ab31c53527bbbe69d384620ea134a3ee6e463f819706ebbf42", kill_on_drop: false }`
[INFO] [stdout] 99ac0a041d0d80ab31c53527bbbe69d384620ea134a3ee6e463f819706ebbf42
[INFO] running `Command { std: "docker" "create" "-v" "/var/lib/crater-agent-workspace/builds/worker-5-tc2/target:/opt/rustwide/target:rw,Z" "-v" "/var/lib/crater-agent-workspace/builds/worker-5-tc2/source:/opt/rustwide/workdir:ro,Z" "-v" "/var/lib/crater-agent-workspace/cargo-home:/opt/rustwide/cargo-home:ro,Z" "-v" "/var/lib/crater-agent-workspace/rustup-home:/opt/rustwide/rustup-home:ro,Z" "-e" "SOURCE_DIR=/opt/rustwide/workdir" "-e" "CARGO_TARGET_DIR=/opt/rustwide/target" "-e" "CARGO_INCREMENTAL=0" "-e" "RUST_BACKTRACE=full" "-e" "RUSTFLAGS=--cap-lints=warn" "-e" "RUSTDOCFLAGS=--cap-lints=warn" "-e" "CARGO_HOME=/opt/rustwide/cargo-home" "-e" "RUSTUP_HOME=/opt/rustwide/rustup-home" "-w" "/opt/rustwide/workdir" "-m" "1610612736" "--user" "0:0" "--network" "none" "ghcr.io/rust-lang/crates-build-env/linux@sha256:2788e3201cd34a07e3172128adcd8b3090168a8e3bcc40d7c032b9dda1df7d1c" "/opt/rustwide/cargo-home/bin/cargo" "+beta-2023-12-22" "build" "--frozen" "--message-format=json", kill_on_drop: false }`
[INFO] [stdout] 7488775f01574bfa237191cfb498cffa2bcd1180e6e3920ccbeddf781d3af27a
[INFO] running `Command { std: "docker" "start" "-a" "7488775f01574bfa237191cfb498cffa2bcd1180e6e3920ccbeddf781d3af27a", kill_on_drop: false }`
[INFO] [stderr]    Compiling proc-macro2 v1.0.75
[INFO] [stderr]    Compiling unicode-ident v1.0.12
[INFO] [stderr]    Compiling version_check v0.9.4
[INFO] [stderr]    Compiling typenum v1.17.0
[INFO] [stderr]    Compiling serde v1.0.194
[INFO] [stderr]    Compiling cfg-if v1.0.0
[INFO] [stderr]    Compiling libc v0.2.151
[INFO] [stderr]    Compiling autocfg v1.1.0
[INFO] [stderr]    Compiling subtle v2.4.1
[INFO] [stderr]    Compiling syn v1.0.109
[INFO] [stderr]    Compiling once_cell v1.19.0
[INFO] [stderr]    Compiling ppv-lite86 v0.2.17
[INFO] [stderr]    Compiling cpufeatures v0.2.12
[INFO] [stderr]    Compiling semver v1.0.21
[INFO] [stderr]    Compiling getrandom v0.1.16
[INFO] [stderr]    Compiling crunchy v0.2.2
[INFO] [stderr]    Compiling either v1.9.0
[INFO] [stderr]    Compiling opaque-debug v0.3.0
[INFO] [stderr]    Compiling crossbeam-utils v0.8.18
[INFO] [stderr]    Compiling zerocopy v0.7.32
[INFO] [stderr]    Compiling paste v1.0.14
[INFO] [stderr]    Compiling block-padding v0.2.1
[INFO] [stderr]    Compiling equivalent v1.0.1
[INFO] [stderr]    Compiling thiserror v1.0.56
[INFO] [stderr]    Compiling num-traits v0.2.17
[INFO] [stderr]    Compiling generic-array v0.14.7
[INFO] [stderr]    Compiling num-integer v0.1.45
[INFO] [stderr]    Compiling ahash v0.8.7
[INFO] [stderr]    Compiling num-bigint v0.4.4
[INFO] [stderr]    Compiling hashbrown v0.14.3
[INFO] [stderr]    Compiling proc-macro-error-attr v1.0.4
[INFO] [stderr]    Compiling rustc_version v0.4.0
[INFO] [stderr]    Compiling wasm-bindgen-shared v0.2.89
[INFO] [stderr]    Compiling winnow v0.5.32
[INFO] [stderr]    Compiling quote v1.0.35
[INFO] [stderr]    Compiling toml_datetime v0.6.3
[INFO] [stderr]    Compiling hashbrown v0.13.2
[INFO] [stderr]    Compiling proc-macro-error v1.0.4
[INFO] [stderr]    Compiling syn v2.0.48
[INFO] [stderr]    Compiling crossbeam-epoch v0.9.17
[INFO] [stderr]    Compiling itertools v0.10.5
[INFO] [stderr]    Compiling rayon-core v1.12.0
[INFO] [stderr]    Compiling jobserver v0.1.27
[INFO] [stderr]    Compiling indexmap v2.1.0
[INFO] [stderr]    Compiling crossbeam-deque v0.8.4
[INFO] [stderr]    Compiling cc v1.0.83
[INFO] [stderr]    Compiling ahash v0.7.7
[INFO] [stderr]    Compiling feature-probe v0.1.1
[INFO] [stderr]    Compiling bumpalo v3.14.0
[INFO] [stderr]    Compiling log v0.4.20
[INFO] [stderr]    Compiling byteorder v1.5.0
[INFO] [stderr]    Compiling bv v0.11.1
[INFO] [stderr]    Compiling getrandom v0.2.11
[INFO] [stderr]    Compiling rand_core v0.6.4
[INFO] [stderr]    Compiling rand_core v0.5.1
[INFO] [stderr]    Compiling bitmaps v2.1.0
[INFO] [stderr]    Compiling miraland-frozen-abi-macro v1.18.2
[INFO] [stderr]    Compiling im v15.1.0
[INFO] [stderr]    Compiling rand_chacha v0.3.1
[INFO] [stderr]    Compiling digest v0.9.0
[INFO] [stderr]    Compiling rand_chacha v0.2.2
[INFO] [stderr]    Compiling libsecp256k1-core v0.2.2
[INFO] [stderr]    Compiling fnv v1.0.7
[INFO] [stderr]    Compiling rand v0.8.5
[INFO] [stderr]    Compiling rand v0.7.3
[INFO] [stderr]    Compiling keccak v0.1.4
[INFO] [stderr]    Compiling cfg_aliases v0.1.1
[INFO] [stderr]    Compiling toml_edit v0.20.2
[INFO] [stderr]    Compiling anyhow v1.0.79
[INFO] [stderr]    Compiling rustversion v1.0.14
[INFO] [stderr]    Compiling tinyvec_macros v0.1.1
[INFO] [stderr]    Compiling lazy_static v1.4.0
[INFO] [stderr]    Compiling tinyvec v1.6.0
[INFO] [stderr]    Compiling borsh v1.3.0
[INFO] [stderr]    Compiling sized-chunks v0.6.5
[INFO] [stderr]    Compiling ark-std v0.4.0
[INFO] [stderr]    Compiling blake3 v1.5.0
[INFO] [stderr]    Compiling rayon v1.8.0
[INFO] [stderr]    Compiling libsecp256k1-gen-genmult v0.2.1
[INFO] [stderr]    Compiling libsecp256k1-gen-ecmult v0.2.1
[INFO] [stderr]    Compiling block-buffer v0.10.4
[INFO] [stderr]    Compiling crypto-common v0.1.6
[INFO] [stderr]    Compiling rand_xoshiro v0.6.0
[INFO] [stderr]    Compiling miraland-frozen-abi v1.18.2
[INFO] [stderr]    Compiling memoffset v0.9.0
[INFO] [stderr]    Compiling arrayref v0.3.7
[INFO] [stderr]    Compiling libsecp256k1 v0.6.0
[INFO] [stderr]    Compiling strsim v0.10.0
[INFO] [stderr]    Compiling serde_json v1.0.111
[INFO] [stderr]    Compiling wasm-bindgen v0.2.89
[INFO] [stderr]    Compiling memchr v2.7.1
[INFO] [stderr]    Compiling bs58 v0.4.0
[INFO] [stderr]    Compiling ident_case v1.0.1
[INFO] [stderr]    Compiling unicode-normalization v0.1.22
[INFO] [stderr]    Compiling hashbrown v0.11.2
[INFO] [stderr]    Compiling digest v0.10.7
[INFO] [stderr]    Compiling miraland-program v1.18.2
[INFO] [stderr]    Compiling memmap2 v0.5.10
[INFO] [stderr]    Compiling arrayvec v0.7.4
[INFO] [stderr]    Compiling rustc-hash v1.1.0
[INFO] [stderr]    Compiling ryu v1.0.16
[INFO] [stderr]    Compiling itoa v1.0.10
[INFO] [stderr]    Compiling base64 v0.12.3
[INFO] [stderr]    Compiling constant_time_eq v0.3.0
[INFO] [stderr]    Compiling aho-corasick v1.1.2
[INFO] [stderr]    Compiling proc-macro-crate v2.0.1
[INFO] [stderr]    Compiling regex-syntax v0.8.2
[INFO] [stderr]    Compiling sha2 v0.10.8
[INFO] [stderr]    Compiling signature v1.6.4
[INFO] [stderr]    Compiling base64 v0.21.5
[INFO] [stderr]    Compiling toml v0.5.11
[INFO] [stderr]    Compiling ed25519 v1.5.3
[INFO] [stderr]    Compiling atty v0.2.14
[INFO] [stderr]    Compiling humantime v2.1.0
[INFO] [stderr]    Compiling termcolor v1.4.0
[INFO] [stderr]    Compiling miraland-sdk v1.18.2
[INFO] [stderr]    Compiling derivation-path v0.2.0
[INFO] [stderr]    Compiling percent-encoding v2.3.1
[INFO] [stderr]    Compiling qstring v0.7.2
[INFO] [stderr]    Compiling uriparse v0.6.4
[INFO] [stderr]    Compiling chrono v0.4.31
[INFO] [stderr]    Compiling assert_matches v1.5.0
[INFO] [stderr]    Compiling wasm-bindgen-backend v0.2.89
[INFO] [stderr]    Compiling darling_core v0.20.3
[INFO] [stderr]    Compiling proc-macro-crate v0.1.5
[INFO] [stderr]    Compiling borsh-derive-internal v0.10.3
[INFO] [stderr]    Compiling borsh-schema-derive-internal v0.10.3
[INFO] [stderr]    Compiling borsh-schema-derive-internal v0.9.3
[INFO] [stderr]    Compiling borsh-derive-internal v0.9.3
[INFO] [stderr]    Compiling regex-automata v0.4.3
[INFO] [stderr]    Compiling wasm-bindgen-macro-support v0.2.89
[INFO] [stderr]    Compiling serde_derive v1.0.194
[INFO] [stderr]    Compiling zeroize_derive v1.4.2
[INFO] [stderr]    Compiling thiserror-impl v1.0.56
[INFO] [stderr]    Compiling syn_derive v0.1.8
[INFO] [stderr]    Compiling bytemuck_derive v1.5.0
[INFO] [stderr]    Compiling miraland-sdk-macro v1.18.2
[INFO] [stderr]    Compiling num-derive v0.4.1
[INFO] [stderr]    Compiling num_enum_derive v0.7.1
[INFO] [stderr]    Compiling qualifier_attr v0.2.2
[INFO] [stderr]    Compiling solarti-program-error-derive v0.3.5
[INFO] [stderr]    Compiling ark-serialize-derive v0.4.2
[INFO] [stderr]    Compiling ark-ff-macros v0.4.2
[INFO] [stderr]    Compiling zeroize v1.3.0
[INFO] [stderr]    Compiling derivative v2.2.0
[INFO] [stderr]    Compiling ark-ff-asm v0.4.2
[INFO] [stderr]    Compiling borsh-derive v1.3.0
[INFO] [stderr]    Compiling borsh-derive v0.10.3
[INFO] [stderr]    Compiling borsh-derive v0.9.3
[INFO] [stderr]    Compiling wasm-bindgen-macro v0.2.89
[INFO] [stderr]    Compiling darling_macro v0.20.3
[INFO] [stderr]    Compiling merlin v3.0.0
[INFO] [stderr]    Compiling bytemuck v1.14.0
[INFO] [stderr]    Compiling solarti-discriminator-syn v0.1.5
[INFO] [stderr]    Compiling borsh v0.9.3
[INFO] [stderr]    Compiling borsh v0.10.3
[INFO] [stderr]    Compiling regex v1.10.2
[INFO] [stderr]    Compiling num_enum v0.7.1
[INFO] [stderr]    Compiling solarti-discriminator-derive v0.1.5
[INFO] [stderr]    Compiling darling v0.20.3
[INFO] [stderr]    Compiling env_logger v0.9.3
[INFO] [stderr]    Compiling serde_with_macros v2.3.3
[INFO] [stderr]    Compiling miraland-logger v1.18.2
[INFO] [stderr]    Compiling serde_bytes v0.11.14
[INFO] [stderr]    Compiling bitflags v2.4.1
[INFO] [stderr]    Compiling bincode v1.3.3
[INFO] [stderr]    Compiling serde_with v2.3.3
[INFO] [stderr]    Compiling block-buffer v0.9.0
[INFO] [stderr]    Compiling crypto-mac v0.8.0
[INFO] [stderr]    Compiling cipher v0.3.0
[INFO] [stderr]    Compiling universal-hash v0.4.1
[INFO] [stderr]    Compiling aead v0.4.3
[INFO] [stderr]    Compiling pbkdf2 v0.4.0
[INFO] [stderr]    Compiling polyval v0.5.3
[INFO] [stderr]    Compiling sha2 v0.9.9
[INFO] [stderr]    Compiling hmac v0.8.1
[INFO] [stderr]    Compiling curve25519-dalek v3.2.1
[INFO] [stderr]    Compiling sha3 v0.9.1
[INFO] [stderr]    Compiling aes v0.7.5
[INFO] [stderr]    Compiling ctr v0.8.0
[INFO] [stderr]    Compiling hmac-drbg v0.3.0
[INFO] [stderr]    Compiling ark-serialize v0.4.2
[INFO] [stderr]    Compiling sha3 v0.10.8
[INFO] [stderr]    Compiling hmac v0.12.1
[INFO] [stderr]    Compiling pbkdf2 v0.11.0
[INFO] [stderr]    Compiling ark-ff v0.4.2
[INFO] [stderr]    Compiling tiny-bip39 v0.8.2
[INFO] [stderr]    Compiling aes-gcm-siv v0.10.3
[INFO] [stderr]    Compiling ed25519-dalek v1.0.1
[INFO] [stderr]    Compiling ed25519-dalek-bip32 v0.2.0
[INFO] [stderr]    Compiling ark-poly v0.4.2
[INFO] [stderr]    Compiling ark-ec v0.4.2
[INFO] [stderr]    Compiling ark-bn254 v0.4.0
[INFO] [stderr]    Compiling light-poseidon v0.2.0
[INFO] [stderr]    Compiling solarti-program-error v0.3.5
[INFO] [stderr]    Compiling solarti-discriminator v0.1.5
[INFO] [stderr]    Compiling miraland-zk-token-sdk v1.18.2
[INFO] [stderr]    Compiling solarti-pod v0.1.4
[INFO] [stderr]    Compiling solarti-type-length-value v0.3.4
[INFO] [stderr]    Compiling solarti-token-metadata-interface v0.2.2 (/opt/rustwide/workdir)
[INFO] [stdout] warning: use of deprecated function `solana_program::borsh::get_instance_packed_len`: Please use `borsh0_10::get_instance_packed_len` instead
[INFO] [stdout]  --> src/state.rs:6:17
[INFO] [stdout]   |
[INFO] [stdout] 6 |         borsh::{get_instance_packed_len, try_from_slice_unchecked},
[INFO] [stdout]   |                 ^^^^^^^^^^^^^^^^^^^^^^^
[INFO] [stdout]   |
[INFO] [stdout]   = note: `#[warn(deprecated)]` on by default
[INFO] [stdout] 
[INFO] [stdout] 
[INFO] [stdout] warning: use of deprecated function `solana_program::borsh::try_from_slice_unchecked`: Please use `borsh0_10::try_from_slice_unchecked` instead
[INFO] [stdout]  --> src/state.rs:6:42
[INFO] [stdout]   |
[INFO] [stdout] 6 |         borsh::{get_instance_packed_len, try_from_slice_unchecked},
[INFO] [stdout]   |                                          ^^^^^^^^^^^^^^^^^^^^^^^^
[INFO] [stdout] 
[INFO] [stdout] 
[INFO] [stdout] warning: use of deprecated function `solana_program::borsh::get_instance_packed_len`: Please use `borsh0_10::get_instance_packed_len` instead
[INFO] [stdout]   --> src/state.rs:51:26
[INFO] [stdout]    |
[INFO] [stdout] 51 |             .checked_add(get_instance_packed_len(self)?)
[INFO] [stdout]    |                          ^^^^^^^^^^^^^^^^^^^^^^^
[INFO] [stdout] 
[INFO] [stdout] 
[INFO] [stdout] warning: use of deprecated function `solana_program::borsh::try_from_slice_unchecked`: Please use `borsh0_10::try_from_slice_unchecked` instead
[INFO] [stdout]    --> src/state.rs:105:9
[INFO] [stdout]     |
[INFO] [stdout] 105 |         try_from_slice_unchecked(src).map_err(Into::into)
[INFO] [stdout]     |         ^^^^^^^^^^^^^^^^^^^^^^^^
[INFO] [stdout] 
[INFO] [stdout] 
[INFO] [stdout] warning: use of deprecated function `solana_program::borsh::get_instance_packed_len`: Please use `borsh0_10::get_instance_packed_len` instead
[INFO] [stdout]    --> src/state.rs:108:9
[INFO] [stdout]     |
[INFO] [stdout] 108 |         get_instance_packed_len(self).map_err(Into::into)
[INFO] [stdout]     |         ^^^^^^^^^^^^^^^^^^^^^^^
[INFO] [stdout] 
[INFO] [stdout] 
[INFO] [stdout] error[E0277]: the trait bound `OptionalNonZeroPubkey: BorshSerialize` is not satisfied
[INFO] [stdout]   --> src/instruction.rs:58:35
[INFO] [stdout]    |
[INFO] [stdout] 58 | #[derive(Clone, Debug, PartialEq, BorshSerialize, BorshDeserialize, SplDiscriminate)]
[INFO] [stdout]    |                                   ^^^^^^^^^^^^^^ the trait `BorshSerialize` is not implemented for `OptionalNonZeroPubkey`
[INFO] [stdout]    |
[INFO] [stdout]    = help: the following other types implement trait `BorshSerialize`:
[INFO] [stdout]              bool
[INFO] [stdout]              isize
[INFO] [stdout]              i8
[INFO] [stdout]              i16
[INFO] [stdout]              i32
[INFO] [stdout]              i64
[INFO] [stdout]              i128
[INFO] [stdout]              usize
[INFO] [stdout]            and 82 others
[INFO] [stdout]    = help: see issue #48214
[INFO] [stdout]    = note: this error originates in the derive macro `BorshSerialize` (in Nightly builds, run with -Z macro-backtrace for more info)
[INFO] [stdout] 
[INFO] [stdout] 
[INFO] [stdout] error[E0277]: the trait bound `OptionalNonZeroPubkey: BorshDeserialize` is not satisfied
[INFO] [stdout]   --> src/instruction.rs:58:51
[INFO] [stdout]    |
[INFO] [stdout] 58 | #[derive(Clone, Debug, PartialEq, BorshSerialize, BorshDeserialize, SplDiscriminate)]
[INFO] [stdout]    |                                                   ^^^^^^^^^^^^^^^^ the trait `BorshDeserialize` is not implemented for `OptionalNonZeroPubkey`
[INFO] [stdout]    |
[INFO] [stdout]    = help: the following other types implement trait `BorshDeserialize`:
[INFO] [stdout]              bool
[INFO] [stdout]              isize
[INFO] [stdout]              i8
[INFO] [stdout]              i16
[INFO] [stdout]              i32
[INFO] [stdout]              i64
[INFO] [stdout]              i128
[INFO] [stdout]              usize
[INFO] [stdout]            and 79 others
[INFO] [stdout]    = help: see issue #48214
[INFO] [stdout]    = note: this error originates in the derive macro `BorshDeserialize` (in Nightly builds, run with -Z macro-backtrace for more info)
[INFO] [stdout] 
[INFO] [stdout] 
[INFO] [stdout] error[E0277]: the trait bound `OptionalNonZeroPubkey: BorshDeserialize` is not satisfied
[INFO] [stdout]   --> src/state.rs:25:44
[INFO] [stdout]    |
[INFO] [stdout] 25 | #[derive(Clone, Debug, Default, PartialEq, BorshDeserialize, BorshSerialize, BorshSchema)]
[INFO] [stdout]    |                                            ^^^^^^^^^^^^^^^^ the trait `BorshDeserialize` is not implemented for `OptionalNonZeroPubkey`
[INFO] [stdout]    |
[INFO] [stdout]    = help: the following other types implement trait `BorshDeserialize`:
[INFO] [stdout]              bool
[INFO] [stdout]              isize
[INFO] [stdout]              i8
[INFO] [stdout]              i16
[INFO] [stdout]              i32
[INFO] [stdout]              i64
[INFO] [stdout]              i128
[INFO] [stdout]              usize
[INFO] [stdout]            and 79 others
[INFO] [stdout]    = help: see issue #48214
[INFO] [stdout]    = note: this error originates in the derive macro `BorshDeserialize` (in Nightly builds, run with -Z macro-backtrace for more info)
[INFO] [stdout] 
[INFO] [stdout] 
[INFO] [stdout] error[E0277]: the trait bound `OptionalNonZeroPubkey: BorshSerialize` is not satisfied
[INFO] [stdout]   --> src/state.rs:25:62
[INFO] [stdout]    |
[INFO] [stdout] 25 | #[derive(Clone, Debug, Default, PartialEq, BorshDeserialize, BorshSerialize, BorshSchema)]
[INFO] [stdout]    |                                                              ^^^^^^^^^^^^^^ the trait `BorshSerialize` is not implemented for `OptionalNonZeroPubkey`
[INFO] [stdout]    |
[INFO] [stdout]    = help: the following other types implement trait `BorshSerialize`:
[INFO] [stdout]              bool
[INFO] [stdout]              isize
[INFO] [stdout]              i8
[INFO] [stdout]              i16
[INFO] [stdout]              i32
[INFO] [stdout]              i64
[INFO] [stdout]              i128
[INFO] [stdout]              usize
[INFO] [stdout]            and 82 others
[INFO] [stdout]    = help: see issue #48214
[INFO] [stdout]    = note: this error originates in the derive macro `BorshSerialize` (in Nightly builds, run with -Z macro-backtrace for more info)
[INFO] [stdout] 
[INFO] [stdout] 
[INFO] [stdout] error[E0277]: the trait bound `OptionalNonZeroPubkey: BorshSchema` is not satisfied
[INFO] [stdout]   --> src/state.rs:25:78
[INFO] [stdout]    |
[INFO] [stdout] 25 | #[derive(Clone, Debug, Default, PartialEq, BorshDeserialize, BorshSerialize, BorshSchema)]
[INFO] [stdout]    |                                                                              ^^^^^^^^^^^ the trait `BorshSchema` is not implemented for `OptionalNonZeroPubkey`
[INFO] [stdout]    |
[INFO] [stdout]    = help: the following other types implement trait `BorshSchema`:
[INFO] [stdout]              bool
[INFO] [stdout]              isize
[INFO] [stdout]              i8
[INFO] [stdout]              i16
[INFO] [stdout]              i32
[INFO] [stdout]              i64
[INFO] [stdout]              i128
[INFO] [stdout]              usize
[INFO] [stdout]            and 50 others
[INFO] [stdout]    = help: see issue #48214
[INFO] [stdout]    = note: this error originates in the derive macro `BorshSchema` (in Nightly builds, run with -Z macro-backtrace for more info)
[INFO] [stdout] 
[INFO] [stdout] 
[INFO] [stdout] error: aborting due to 5 previous errors; 5 warnings emitted
[INFO] [stdout] 
[INFO] [stdout] 
[INFO] [stdout] For more information about this error, try `rustc --explain E0277`.
[INFO] [stdout] 
[INFO] [stderr] error: could not compile `solarti-token-metadata-interface` (lib) due to 6 previous errors; 5 warnings emitted
[INFO] running `Command { std: "docker" "inspect" "7488775f01574bfa237191cfb498cffa2bcd1180e6e3920ccbeddf781d3af27a", kill_on_drop: false }`
[INFO] running `Command { std: "docker" "rm" "-f" "7488775f01574bfa237191cfb498cffa2bcd1180e6e3920ccbeddf781d3af27a", kill_on_drop: false }`
[INFO] [stdout] 7488775f01574bfa237191cfb498cffa2bcd1180e6e3920ccbeddf781d3af27a
