[INFO] fetching crate solarti-binary-oracle-pair 0.1.0...
[INFO] testing solarti-binary-oracle-pair-0.1.0 against 1.75.0 for beta-1.76-1
[INFO] extracting crate solarti-binary-oracle-pair 0.1.0 into /workspace/builds/worker-4-tc1/source
[INFO] validating manifest of crates.io crate solarti-binary-oracle-pair 0.1.0 on toolchain 1.75.0
[INFO] running `Command { std: CARGO_HOME="/workspace/cargo-home" RUSTUP_HOME="/workspace/rustup-home" "/workspace/cargo-home/bin/cargo" "+1.75.0" "metadata" "--manifest-path" "Cargo.toml" "--no-deps", kill_on_drop: false }`
[INFO] started tweaking crates.io crate solarti-binary-oracle-pair 0.1.0
[INFO] finished tweaking crates.io crate solarti-binary-oracle-pair 0.1.0
[INFO] tweaked toml for crates.io crate solarti-binary-oracle-pair 0.1.0 written to /workspace/builds/worker-4-tc1/source/Cargo.toml
[INFO] running `Command { std: CARGO_HOME="/workspace/cargo-home" RUSTUP_HOME="/workspace/rustup-home" "/workspace/cargo-home/bin/cargo" "+1.75.0" "generate-lockfile" "--manifest-path" "Cargo.toml", kill_on_drop: false }`
[INFO] [stderr]     Updating crates.io index
[INFO] running `Command { std: CARGO_HOME="/workspace/cargo-home" RUSTUP_HOME="/workspace/rustup-home" "/workspace/cargo-home/bin/cargo" "+1.75.0" "fetch" "--manifest-path" "Cargo.toml", kill_on_drop: false }`
[INFO] [stderr]  Downloading crates ...
[INFO] [stderr]   Downloaded solana-bucket-map v1.17.14
[INFO] [stderr]   Downloaded tarpc-plugins v0.12.0
[INFO] [stderr]   Downloaded miraland-frozen-abi v1.18.2
[INFO] [stderr]   Downloaded miraland-sdk-macro v1.18.2
[INFO] [stderr]   Downloaded solana-banks-client v1.17.14
[INFO] [stderr]   Downloaded solana-version v1.17.14
[INFO] [stderr]   Downloaded solana-banks-server v1.17.14
[INFO] [stderr]   Downloaded solana-measure v1.17.14
[INFO] [stderr]   Downloaded miraland-frozen-abi-macro v1.18.2
[INFO] [stderr]   Downloaded solana-thin-client v1.17.14
[INFO] [stderr]   Downloaded solana-compute-budget-program v1.17.14
[INFO] [stderr]   Downloaded solana-udp-client v1.17.14
[INFO] [stderr]   Downloaded spl-transfer-hook-interface v0.4.1
[INFO] [stderr]   Downloaded solana-rayon-threadlimit v1.17.14
[INFO] [stderr]   Downloaded solana-rpc-client-nonce-utils v1.17.14
[INFO] [stderr]   Downloaded solana-address-lookup-table-program v1.17.14
[INFO] [stderr]   Downloaded spl-tlv-account-resolution v0.5.0
[INFO] [stderr]   Downloaded solana-remote-wallet v1.17.14
[INFO] [stderr]   Downloaded solana-transaction-status v1.17.14
[INFO] [stderr]   Downloaded solana-metrics v1.17.14
[INFO] [stderr]   Downloaded tracing-opentelemetry v0.17.4
[INFO] [stderr]   Downloaded spl-token-2022 v1.0.0
[INFO] [stderr]   Downloaded solana-accounts-db v1.17.14
[INFO] [stderr]   Downloaded solana-runtime v1.17.14
[INFO] [stderr]   Downloaded solana-program-test v1.17.14
[INFO] [stderr]   Downloaded opentelemetry v0.17.0
[INFO] [stderr]   Downloaded solana-rpc-client v1.17.14
[INFO] [stderr]   Downloaded miraland-program v1.18.2
[INFO] [stderr]   Downloaded solana-perf v1.17.14
[INFO] [stderr]   Downloaded solana-vote-program v1.17.14
[INFO] [stderr]   Downloaded solana-stake-program v1.17.14
[INFO] [stderr]   Downloaded solana-program-runtime v1.17.14
[INFO] [stderr]   Downloaded solana-bpf-loader-program v1.17.14
[INFO] [stderr]   Downloaded solana-net-utils v1.17.14
[INFO] [stderr]   Downloaded solana-tpu-client v1.17.14
[INFO] [stderr]   Downloaded solana-streamer v1.17.14
[INFO] [stderr]   Downloaded solana-system-program v1.17.14
[INFO] [stderr]   Downloaded solana-connection-cache v1.17.14
[INFO] [stderr]   Downloaded solana-send-transaction-service v1.17.14
[INFO] [stderr]   Downloaded tarpc v0.29.0
[INFO] [stderr]   Downloaded solana-loader-v4-program v1.17.14
[INFO] [stderr]   Downloaded solana-account-decoder v1.17.14
[INFO] [stderr]   Downloaded solana-client v1.17.14
[INFO] [stderr]   Downloaded solana-pubsub-client v1.17.14
[INFO] [stderr]   Downloaded solana-quic-client v1.17.14
[INFO] [stderr]   Downloaded solana-rpc-client-api v1.17.14
[INFO] [stderr]   Downloaded solana-zk-token-proof-program v1.17.14
[INFO] [stderr]   Downloaded solana-config-program v1.17.14
[INFO] [stderr]   Downloaded solana-cost-model v1.17.14
[INFO] [stderr]   Downloaded solana-clap-utils v1.17.14
[INFO] [stderr]   Downloaded solana-vote v1.17.14
[INFO] [stderr]   Downloaded spl-associated-token-account v2.3.0
[INFO] [stderr]   Downloaded spl-token-group-interface v0.1.0
[INFO] [stderr]   Downloaded solana-banks-interface v1.17.14
[INFO] [stderr]   Downloaded solarti-token v3.5.6
[INFO] running `Command { std: "docker" "create" "-v" "/var/lib/crater-agent-workspace/builds/worker-4-tc1/target:/opt/rustwide/target:rw,Z" "-v" "/var/lib/crater-agent-workspace/builds/worker-4-tc1/source:/opt/rustwide/workdir:ro,Z" "-v" "/var/lib/crater-agent-workspace/cargo-home:/opt/rustwide/cargo-home:ro,Z" "-v" "/var/lib/crater-agent-workspace/rustup-home:/opt/rustwide/rustup-home:ro,Z" "-e" "SOURCE_DIR=/opt/rustwide/workdir" "-e" "CARGO_TARGET_DIR=/opt/rustwide/target" "-e" "CARGO_HOME=/opt/rustwide/cargo-home" "-e" "RUSTUP_HOME=/opt/rustwide/rustup-home" "-w" "/opt/rustwide/workdir" "-m" "1610612736" "--user" "0:0" "--network" "none" "ghcr.io/rust-lang/crates-build-env/linux@sha256:2788e3201cd34a07e3172128adcd8b3090168a8e3bcc40d7c032b9dda1df7d1c" "/opt/rustwide/cargo-home/bin/cargo" "+1.75.0" "metadata" "--no-deps" "--format-version=1", kill_on_drop: false }`
[INFO] [stdout] 545b5f957aab4457545af8aa42046106ecef9b9c8444b4ea0fce6153111741b4
[INFO] running `Command { std: "docker" "start" "-a" "545b5f957aab4457545af8aa42046106ecef9b9c8444b4ea0fce6153111741b4", kill_on_drop: false }`
[INFO] running `Command { std: "docker" "inspect" "545b5f957aab4457545af8aa42046106ecef9b9c8444b4ea0fce6153111741b4", kill_on_drop: false }`
[INFO] running `Command { std: "docker" "rm" "-f" "545b5f957aab4457545af8aa42046106ecef9b9c8444b4ea0fce6153111741b4", kill_on_drop: false }`
[INFO] [stdout] 545b5f957aab4457545af8aa42046106ecef9b9c8444b4ea0fce6153111741b4
[INFO] running `Command { std: "docker" "create" "-v" "/var/lib/crater-agent-workspace/builds/worker-4-tc1/target:/opt/rustwide/target:rw,Z" "-v" "/var/lib/crater-agent-workspace/builds/worker-4-tc1/source:/opt/rustwide/workdir:ro,Z" "-v" "/var/lib/crater-agent-workspace/cargo-home:/opt/rustwide/cargo-home:ro,Z" "-v" "/var/lib/crater-agent-workspace/rustup-home:/opt/rustwide/rustup-home:ro,Z" "-e" "SOURCE_DIR=/opt/rustwide/workdir" "-e" "CARGO_TARGET_DIR=/opt/rustwide/target" "-e" "CARGO_INCREMENTAL=0" "-e" "RUST_BACKTRACE=full" "-e" "RUSTFLAGS=--cap-lints=warn" "-e" "RUSTDOCFLAGS=--cap-lints=warn" "-e" "CARGO_HOME=/opt/rustwide/cargo-home" "-e" "RUSTUP_HOME=/opt/rustwide/rustup-home" "-w" "/opt/rustwide/workdir" "-m" "1610612736" "--user" "0:0" "--network" "none" "ghcr.io/rust-lang/crates-build-env/linux@sha256:2788e3201cd34a07e3172128adcd8b3090168a8e3bcc40d7c032b9dda1df7d1c" "/opt/rustwide/cargo-home/bin/cargo" "+1.75.0" "build" "--frozen" "--message-format=json", kill_on_drop: false }`
[INFO] [stdout] 4ce81e766e4b02c42b47becd4d4734462e2e07a125b0faa35061595747813bbc
[INFO] running `Command { std: "docker" "start" "-a" "4ce81e766e4b02c42b47becd4d4734462e2e07a125b0faa35061595747813bbc", kill_on_drop: false }`
[INFO] [stderr]    Compiling proc-macro2 v1.0.75
[INFO] [stderr]    Compiling unicode-ident v1.0.12
[INFO] [stderr]    Compiling version_check v0.9.4
[INFO] [stderr]    Compiling typenum v1.17.0
[INFO] [stderr]    Compiling cfg-if v1.0.0
[INFO] [stderr]    Compiling serde v1.0.194
[INFO] [stderr]    Compiling libc v0.2.151
[INFO] [stderr]    Compiling autocfg v1.1.0
[INFO] [stderr]    Compiling syn v1.0.109
[INFO] [stderr]    Compiling once_cell v1.19.0
[INFO] [stderr]    Compiling subtle v2.4.1
[INFO] [stderr]    Compiling semver v1.0.21
[INFO] [stderr]    Compiling ppv-lite86 v0.2.17
[INFO] [stderr]    Compiling either v1.9.0
[INFO] [stderr]    Compiling crossbeam-utils v0.8.18
[INFO] [stderr]    Compiling equivalent v1.0.1
[INFO] [stderr]    Compiling zerocopy v0.7.32
[INFO] [stderr]    Compiling getrandom v0.1.16
[INFO] [stderr]    Compiling crunchy v0.2.2
[INFO] [stderr]    Compiling hashbrown v0.14.3
[INFO] [stderr]    Compiling generic-array v0.14.7
[INFO] [stderr]    Compiling ahash v0.8.7
[INFO] [stderr]    Compiling num-traits v0.2.17
[INFO] [stderr]    Compiling num-integer v0.1.45
[INFO] [stderr]    Compiling num-bigint v0.4.4
[INFO] [stderr]    Compiling rustc_version v0.4.0
[INFO] [stderr]    Compiling toml_datetime v0.6.3
[INFO] [stderr]    Compiling winnow v0.5.32
[INFO] [stderr]    Compiling paste v1.0.14
[INFO] [stderr]    Compiling rayon-core v1.12.0
[INFO] [stderr]    Compiling quote v1.0.35
[INFO] [stderr]    Compiling indexmap v2.1.0
[INFO] [stderr]    Compiling crossbeam-epoch v0.9.17
[INFO] [stderr]    Compiling thiserror v1.0.56
[INFO] [stderr]    Compiling wasm-bindgen-shared v0.2.89
[INFO] [stderr]    Compiling syn v2.0.48
[INFO] [stderr]    Compiling cpufeatures v0.2.12
[INFO] [stderr]    Compiling crossbeam-deque v0.8.4
[INFO] [stderr]    Compiling jobserver v0.1.27
[INFO] [stderr]    Compiling proc-macro-error-attr v1.0.4
[INFO] [stderr]    Compiling itertools v0.10.5
[INFO] [stderr]    Compiling feature-probe v0.1.1
[INFO] [stderr]    Compiling cc v1.0.83
[INFO] [stderr]    Compiling bv v0.11.1
[INFO] [stderr]    Compiling bitmaps v2.1.0
[INFO] [stderr]    Compiling digest v0.9.0
[INFO] [stderr]    Compiling libsecp256k1-core v0.2.2
[INFO] [stderr]    Compiling ahash v0.7.7
[INFO] [stderr]    Compiling proc-macro-error v1.0.4
[INFO] [stderr]    Compiling getrandom v0.2.11
[INFO] [stderr]    Compiling im v15.1.0
[INFO] [stderr]    Compiling rustversion v1.0.14
[INFO] [stderr]    Compiling rand_core v0.6.4
[INFO] [stderr]    Compiling rand_core v0.5.1
[INFO] [stderr]    Compiling bs58 v0.4.0
[INFO] [stderr]    Compiling rand_chacha v0.3.1
[INFO] [stderr]    Compiling bumpalo v3.14.0
[INFO] [stderr]    Compiling rand v0.8.5
[INFO] [stderr]    Compiling log v0.4.20
[INFO] [stderr]    Compiling rand_chacha v0.2.2
[INFO] [stderr]    Compiling libsecp256k1-gen-ecmult v0.2.1
[INFO] [stderr]    Compiling hashbrown v0.13.2
[INFO] [stderr]    Compiling libsecp256k1-gen-genmult v0.2.1
[INFO] [stderr]    Compiling rand_xoshiro v0.6.0
[INFO] [stderr]    Compiling sized-chunks v0.6.5
[INFO] [stderr]    Compiling rayon v1.8.0
[INFO] [stderr]    Compiling serde_json v1.0.111
[INFO] [stderr]    Compiling anyhow v1.0.79
[INFO] [stderr]    Compiling byteorder v1.5.0
[INFO] [stderr]    Compiling tinyvec_macros v0.1.1
[INFO] [stderr]    Compiling arrayref v0.3.7
[INFO] [stderr]    Compiling opaque-debug v0.3.0
[INFO] [stderr]    Compiling tinyvec v1.6.0
[INFO] [stderr]    Compiling libsecp256k1 v0.6.0
[INFO] [stderr]    Compiling rand v0.7.3
[INFO] [stderr]    Compiling toml_edit v0.20.2
[INFO] [stderr]    Compiling ark-std v0.4.0
[INFO] [stderr]    Compiling memmap2 v0.5.10
[INFO] [stderr]    Compiling miraland-frozen-abi-macro v1.18.2
[INFO] [stderr]    Compiling memoffset v0.9.0
[INFO] [stderr]    Compiling itoa v1.0.10
[INFO] [stderr]    Compiling arrayvec v0.7.4
[INFO] [stderr]    Compiling constant_time_eq v0.3.0
[INFO] [stderr]    Compiling toml v0.5.11
[INFO] [stderr]    Compiling wasm-bindgen v0.2.89
[INFO] [stderr]    Compiling ryu v1.0.16
[INFO] [stderr]    Compiling lazy_static v1.4.0
[INFO] [stderr]    Compiling cfg_aliases v0.1.1
[INFO] [stderr]    Compiling unicode-normalization v0.1.22
[INFO] [stderr]    Compiling borsh v1.3.0
[INFO] [stderr]    Compiling hashbrown v0.11.2
[INFO] [stderr]    Compiling toml_edit v0.19.15
[INFO] [stderr]    Compiling solana-frozen-abi-macro v1.17.14
[INFO] [stderr]    Compiling miraland-frozen-abi v1.18.2
[INFO] [stderr]    Compiling keccak v0.1.4
[INFO] [stderr]    Compiling blake3 v1.5.0
[INFO] [stderr]    Compiling rustc-hash v1.1.0
[INFO] [stderr]    Compiling base64 v0.12.3
[INFO] [stderr]    Compiling miraland-program v1.18.2
[INFO] [stderr]    Compiling solana-frozen-abi v1.17.14
[INFO] [stderr]    Compiling base64 v0.21.5
[INFO] [stderr]    Compiling solana-program v1.17.14
[INFO] [stderr]    Compiling hex v0.4.3
[INFO] [stderr]    Compiling winnow v0.4.1
[INFO] [stderr]    Compiling static_assertions v1.1.0
[INFO] [stderr]    Compiling borsh-derive-internal v0.9.3
[INFO] [stderr]    Compiling borsh-schema-derive-internal v0.10.3
[INFO] [stderr]    Compiling borsh-schema-derive-internal v0.9.3
[INFO] [stderr]    Compiling borsh-derive-internal v0.10.3
[INFO] [stderr]    Compiling proc-macro-crate v0.1.5
[INFO] [stderr]    Compiling uint v0.9.5
[INFO] [stderr]    Compiling wasm-bindgen-backend v0.2.89
[INFO] [stderr]    Compiling proc-macro-crate v2.0.1
[INFO] [stderr]    Compiling proc-macro-crate v1.3.1
[INFO] [stderr]    Compiling ark-serialize-derive v0.4.2
[INFO] [stderr]    Compiling ark-ff-macros v0.4.2
[INFO] [stderr]    Compiling derivative v2.2.0
[INFO] [stderr]    Compiling ark-ff-asm v0.4.2
[INFO] [stderr]    Compiling borsh-derive v0.10.3
[INFO] [stderr]    Compiling borsh-derive v0.9.3
[INFO] [stderr]    Compiling num-derive v0.3.3
[INFO] [stderr]    Compiling wasm-bindgen-macro-support v0.2.89
[INFO] [stderr]    Compiling num_enum_derive v0.5.11
[INFO] [stderr]    Compiling serde_derive v1.0.194
[INFO] [stderr]    Compiling zeroize_derive v1.4.2
[INFO] [stderr]    Compiling thiserror-impl v1.0.56
[INFO] [stderr]    Compiling bytemuck_derive v1.5.0
[INFO] [stderr]    Compiling syn_derive v0.1.8
[INFO] [stderr]    Compiling num-derive v0.4.1
[INFO] [stderr]    Compiling borsh v0.10.3
[INFO] [stderr]    Compiling miraland-sdk-macro v1.18.2
[INFO] [stderr]    Compiling borsh v0.9.3
[INFO] [stderr]    Compiling solana-sdk-macro v1.17.14
[INFO] [stderr]    Compiling wasm-bindgen-macro v0.2.89
[INFO] [stderr]    Compiling borsh-derive v1.3.0
[INFO] [stderr]    Compiling zeroize v1.3.0
[INFO] [stderr]    Compiling bytemuck v1.14.0
[INFO] [stderr]    Compiling num_enum v0.5.11
[INFO] [stderr]    Compiling serde_bytes v0.11.14
[INFO] [stderr]    Compiling bitflags v2.4.1
[INFO] [stderr]    Compiling bincode v1.3.3
[INFO] [stderr]    Compiling crypto-common v0.1.6
[INFO] [stderr]    Compiling block-buffer v0.10.4
[INFO] [stderr]    Compiling crypto-mac v0.8.0
[INFO] [stderr]    Compiling block-buffer v0.9.0
[INFO] [stderr]    Compiling curve25519-dalek v3.2.1
[INFO] [stderr]    Compiling sha2 v0.9.9
[INFO] [stderr]    Compiling digest v0.10.7
[INFO] [stderr]    Compiling hmac v0.8.1
[INFO] [stderr]    Compiling pbkdf2 v0.4.0
[INFO] [stderr]    Compiling hmac-drbg v0.3.0
[INFO] [stderr]    Compiling ark-serialize v0.4.2
[INFO] [stderr]    Compiling sha2 v0.10.8
[INFO] [stderr]    Compiling sha3 v0.10.8
[INFO] [stderr]    Compiling tiny-bip39 v0.8.2
[INFO] [stderr]    Compiling ark-ff v0.4.2
[INFO] [stderr]    Compiling ark-poly v0.4.2
[INFO] [stderr]    Compiling ark-ec v0.4.2
[INFO] [stderr]    Compiling ark-bn254 v0.4.0
[INFO] [stderr]    Compiling light-poseidon v0.2.0
[INFO] [stderr]    Compiling solarti-token v3.5.6
[INFO] [stderr]    Compiling solarti-binary-oracle-pair v0.1.0 (/opt/rustwide/workdir)
[INFO] [stdout] error[E0308]: mismatched types
[INFO] [stdout]   --> src/processor.rs:60:23
[INFO] [stdout]    |
[INFO] [stdout] 60 |                     &[program_authority_account.key],
[INFO] [stdout]    |                       ^^^^^^^^^^^^^^^^^^^^^^^^^^^^^ expected `Pubkey`, found `solana_program::pubkey::Pubkey`
[INFO] [stdout]    |
[INFO] [stdout]    = note: `solana_program::pubkey::Pubkey` and `Pubkey` have similar names, but are actually distinct types
[INFO] [stdout] note: `solana_program::pubkey::Pubkey` is defined in crate `solana_program`
[INFO] [stdout]   --> /opt/rustwide/cargo-home/registry/src/index.crates.io-6f17d22bba15001f/solana-program-1.17.14/src/pubkey.rs:87:1
[INFO] [stdout]    |
[INFO] [stdout] 87 | pub struct Pubkey(pub(crate) [u8; 32]);
[INFO] [stdout]    | ^^^^^^^^^^^^^^^^^
[INFO] [stdout] note: `Pubkey` is defined in crate `solana_program`
[INFO] [stdout]   --> /opt/rustwide/cargo-home/registry/src/index.crates.io-6f17d22bba15001f/miraland-program-1.18.2/src/pubkey.rs:88:1
[INFO] [stdout]    |
[INFO] [stdout] 88 | pub struct Pubkey(pub(crate) [u8; 32]);
[INFO] [stdout]    | ^^^^^^^^^^^^^^^^^
[INFO] [stdout]    = note: perhaps two different versions of crate `solana_program` are being used?
[INFO] [stdout] 
[INFO] [stdout] 
[INFO] [stdout] error[E0308]: arguments to this function are incorrect
[INFO] [stdout]    --> src/processor.rs:55:18
[INFO] [stdout]     |
[INFO] [stdout] 55  |                 &spl_token::instruction::transfer(
[INFO] [stdout]     |                  ^^^^^^^^^^^^^^^^^^^^^^^^^^^^^^^^
[INFO] [stdout] 56  |                     token_program_id.key,
[INFO] [stdout]     |                     -------------------- expected `Pubkey`, found `solana_program::pubkey::Pubkey`
[INFO] [stdout] 57  |                     source_account.key,
[INFO] [stdout]     |                     ------------------ expected `Pubkey`, found `solana_program::pubkey::Pubkey`
[INFO] [stdout] 58  |                     destination_account.key,
[INFO] [stdout]     |                     ----------------------- expected `Pubkey`, found `solana_program::pubkey::Pubkey`
[INFO] [stdout] 59  |                     program_authority_account.key,
[INFO] [stdout]     |                     ----------------------------- expected `Pubkey`, found `solana_program::pubkey::Pubkey`
[INFO] [stdout]     |
[INFO] [stdout]     = note: `solana_program::pubkey::Pubkey` and `Pubkey` have similar names, but are actually distinct types
[INFO] [stdout] note: `solana_program::pubkey::Pubkey` is defined in crate `solana_program`
[INFO] [stdout]    --> /opt/rustwide/cargo-home/registry/src/index.crates.io-6f17d22bba15001f/solana-program-1.17.14/src/pubkey.rs:87:1
[INFO] [stdout]     |
[INFO] [stdout] 87  | pub struct Pubkey(pub(crate) [u8; 32]);
[INFO] [stdout]     | ^^^^^^^^^^^^^^^^^
[INFO] [stdout] note: `Pubkey` is defined in crate `solana_program`
[INFO] [stdout]    --> /opt/rustwide/cargo-home/registry/src/index.crates.io-6f17d22bba15001f/miraland-program-1.18.2/src/pubkey.rs:88:1
[INFO] [stdout]     |
[INFO] [stdout] 88  | pub struct Pubkey(pub(crate) [u8; 32]);
[INFO] [stdout]     | ^^^^^^^^^^^^^^^^^
[INFO] [stdout]     = note: perhaps two different versions of crate `solana_program` are being used?
[INFO] [stdout]     = note: `solana_program::pubkey::Pubkey` and `Pubkey` have similar names, but are actually distinct types
[INFO] [stdout] note: `solana_program::pubkey::Pubkey` is defined in crate `solana_program`
[INFO] [stdout]    --> /opt/rustwide/cargo-home/registry/src/index.crates.io-6f17d22bba15001f/solana-program-1.17.14/src/pubkey.rs:87:1
[INFO] [stdout]     |
[INFO] [stdout] 87  | pub struct Pubkey(pub(crate) [u8; 32]);
[INFO] [stdout]     | ^^^^^^^^^^^^^^^^^
[INFO] [stdout] note: `Pubkey` is defined in crate `solana_program`
[INFO] [stdout]    --> /opt/rustwide/cargo-home/registry/src/index.crates.io-6f17d22bba15001f/miraland-program-1.18.2/src/pubkey.rs:88:1
[INFO] [stdout]     |
[INFO] [stdout] 88  | pub struct Pubkey(pub(crate) [u8; 32]);
[INFO] [stdout]     | ^^^^^^^^^^^^^^^^^
[INFO] [stdout]     = note: perhaps two different versions of crate `solana_program` are being used?
[INFO] [stdout]     = note: `solana_program::pubkey::Pubkey` and `Pubkey` have similar names, but are actually distinct types
[INFO] [stdout] note: `solana_program::pubkey::Pubkey` is defined in crate `solana_program`
[INFO] [stdout]    --> /opt/rustwide/cargo-home/registry/src/index.crates.io-6f17d22bba15001f/solana-program-1.17.14/src/pubkey.rs:87:1
[INFO] [stdout]     |
[INFO] [stdout] 87  | pub struct Pubkey(pub(crate) [u8; 32]);
[INFO] [stdout]     | ^^^^^^^^^^^^^^^^^
[INFO] [stdout] note: `Pubkey` is defined in crate `solana_program`
[INFO] [stdout]    --> /opt/rustwide/cargo-home/registry/src/index.crates.io-6f17d22bba15001f/miraland-program-1.18.2/src/pubkey.rs:88:1
[INFO] [stdout]     |
[INFO] [stdout] 88  | pub struct Pubkey(pub(crate) [u8; 32]);
[INFO] [stdout]     | ^^^^^^^^^^^^^^^^^
[INFO] [stdout]     = note: perhaps two different versions of crate `solana_program` are being used?
[INFO] [stdout]     = note: `solana_program::pubkey::Pubkey` and `Pubkey` have similar names, but are actually distinct types
[INFO] [stdout] note: `solana_program::pubkey::Pubkey` is defined in crate `solana_program`
[INFO] [stdout]    --> /opt/rustwide/cargo-home/registry/src/index.crates.io-6f17d22bba15001f/solana-program-1.17.14/src/pubkey.rs:87:1
[INFO] [stdout]     |
[INFO] [stdout] 87  | pub struct Pubkey(pub(crate) [u8; 32]);
[INFO] [stdout]     | ^^^^^^^^^^^^^^^^^
[INFO] [stdout] note: `Pubkey` is defined in crate `solana_program`
[INFO] [stdout]    --> /opt/rustwide/cargo-home/registry/src/index.crates.io-6f17d22bba15001f/miraland-program-1.18.2/src/pubkey.rs:88:1
[INFO] [stdout]     |
[INFO] [stdout] 88  | pub struct Pubkey(pub(crate) [u8; 32]);
[INFO] [stdout]     | ^^^^^^^^^^^^^^^^^
[INFO] [stdout]     = note: perhaps two different versions of crate `solana_program` are being used?
[INFO] [stdout] note: function defined here
[INFO] [stdout]    --> /opt/rustwide/cargo-home/registry/src/index.crates.io-6f17d22bba15001f/solarti-token-3.5.6/src/instruction.rs:961:8
[INFO] [stdout]     |
[INFO] [stdout] 961 | pub fn transfer(
[INFO] [stdout]     |        ^^^^^^^^
[INFO] [stdout] 
[INFO] [stdout] 
[INFO] [stdout] error[E0308]: mismatched types
[INFO] [stdout]    --> src/processor.rs:55:17
[INFO] [stdout]     |
[INFO] [stdout] 54  |               invoke_signed(
[INFO] [stdout]     |               ------------- arguments to this function are incorrect
[INFO] [stdout] 55  | /                 &spl_token::instruction::transfer(
[INFO] [stdout] 56  | |                     token_program_id.key,
[INFO] [stdout] 57  | |                     source_account.key,
[INFO] [stdout] 58  | |                     destination_account.key,
[INFO] [stdout] ...   |
[INFO] [stdout] 62  | |                 )
[INFO] [stdout] 63  | |                 .unwrap(),
[INFO] [stdout]     | |_________________________^ expected `Instruction`, found a different `Instruction`
[INFO] [stdout]     |
[INFO] [stdout]     = note: `Instruction` and `Instruction` have similar names, but are actually distinct types
[INFO] [stdout] note: `Instruction` is defined in crate `solana_program`
[INFO] [stdout]    --> /opt/rustwide/cargo-home/registry/src/index.crates.io-6f17d22bba15001f/miraland-program-1.18.2/src/instruction.rs:330:1
[INFO] [stdout]     |
[INFO] [stdout] 330 | pub struct Instruction {
[INFO] [stdout]     | ^^^^^^^^^^^^^^^^^^^^^^
[INFO] [stdout] note: `Instruction` is defined in crate `solana_program`
[INFO] [stdout]    --> /opt/rustwide/cargo-home/registry/src/index.crates.io-6f17d22bba15001f/solana-program-1.17.14/src/instruction.rs:330:1
[INFO] [stdout]     |
[INFO] [stdout] 330 | pub struct Instruction {
[INFO] [stdout]     | ^^^^^^^^^^^^^^^^^^^^^^
[INFO] [stdout]     = note: perhaps two different versions of crate `solana_program` are being used?
[INFO] [stdout] note: function defined here
[INFO] [stdout]    --> /opt/rustwide/cargo-home/registry/src/index.crates.io-6f17d22bba15001f/solana-program-1.17.14/src/program.rs:247:8
[INFO] [stdout]     |
[INFO] [stdout] 247 | pub fn invoke_signed(
[INFO] [stdout]     |        ^^^^^^^^^^^^^
[INFO] [stdout] 
[INFO] [stdout] 
[INFO] [stdout] error[E0308]: mismatched types
[INFO] [stdout]   --> src/processor.rs:79:23
[INFO] [stdout]    |
[INFO] [stdout] 79 |                     &[user_authority_account.key],
[INFO] [stdout]    |                       ^^^^^^^^^^^^^^^^^^^^^^^^^^ expected `Pubkey`, found `solana_program::pubkey::Pubkey`
[INFO] [stdout]    |
[INFO] [stdout]    = note: `solana_program::pubkey::Pubkey` and `Pubkey` have similar names, but are actually distinct types
[INFO] [stdout] note: `solana_program::pubkey::Pubkey` is defined in crate `solana_program`
[INFO] [stdout]   --> /opt/rustwide/cargo-home/registry/src/index.crates.io-6f17d22bba15001f/solana-program-1.17.14/src/pubkey.rs:87:1
[INFO] [stdout]    |
[INFO] [stdout] 87 | pub struct Pubkey(pub(crate) [u8; 32]);
[INFO] [stdout]    | ^^^^^^^^^^^^^^^^^
[INFO] [stdout] note: `Pubkey` is defined in crate `solana_program`
[INFO] [stdout]   --> /opt/rustwide/cargo-home/registry/src/index.crates.io-6f17d22bba15001f/miraland-program-1.18.2/src/pubkey.rs:88:1
[INFO] [stdout]    |
[INFO] [stdout] 88 | pub struct Pubkey(pub(crate) [u8; 32]);
[INFO] [stdout]    | ^^^^^^^^^^^^^^^^^
[INFO] [stdout]    = note: perhaps two different versions of crate `solana_program` are being used?
[INFO] [stdout] 
[INFO] [stdout] 
[INFO] [stdout] error[E0308]: arguments to this function are incorrect
[INFO] [stdout]    --> src/processor.rs:74:18
[INFO] [stdout]     |
[INFO] [stdout] 74  |                 &spl_token::instruction::transfer(
[INFO] [stdout]     |                  ^^^^^^^^^^^^^^^^^^^^^^^^^^^^^^^^
[INFO] [stdout] 75  |                     token_program_id.key,
[INFO] [stdout]     |                     -------------------- expected `Pubkey`, found `solana_program::pubkey::Pubkey`
[INFO] [stdout] 76  |                     source_account.key,
[INFO] [stdout]     |                     ------------------ expected `Pubkey`, found `solana_program::pubkey::Pubkey`
[INFO] [stdout] 77  |                     destination_account.key,
[INFO] [stdout]     |                     ----------------------- expected `Pubkey`, found `solana_program::pubkey::Pubkey`
[INFO] [stdout] 78  |                     user_authority_account.key,
[INFO] [stdout]     |                     -------------------------- expected `Pubkey`, found `solana_program::pubkey::Pubkey`
[INFO] [stdout]     |
[INFO] [stdout]     = note: `solana_program::pubkey::Pubkey` and `Pubkey` have similar names, but are actually distinct types
[INFO] [stdout] note: `solana_program::pubkey::Pubkey` is defined in crate `solana_program`
[INFO] [stdout]    --> /opt/rustwide/cargo-home/registry/src/index.crates.io-6f17d22bba15001f/solana-program-1.17.14/src/pubkey.rs:87:1
[INFO] [stdout]     |
[INFO] [stdout] 87  | pub struct Pubkey(pub(crate) [u8; 32]);
[INFO] [stdout]     | ^^^^^^^^^^^^^^^^^
[INFO] [stdout] note: `Pubkey` is defined in crate `solana_program`
[INFO] [stdout]    --> /opt/rustwide/cargo-home/registry/src/index.crates.io-6f17d22bba15001f/miraland-program-1.18.2/src/pubkey.rs:88:1
[INFO] [stdout]     |
[INFO] [stdout] 88  | pub struct Pubkey(pub(crate) [u8; 32]);
[INFO] [stdout]     | ^^^^^^^^^^^^^^^^^
[INFO] [stdout]     = note: perhaps two different versions of crate `solana_program` are being used?
[INFO] [stdout]     = note: `solana_program::pubkey::Pubkey` and `Pubkey` have similar names, but are actually distinct types
[INFO] [stdout] note: `solana_program::pubkey::Pubkey` is defined in crate `solana_program`
[INFO] [stdout]    --> /opt/rustwide/cargo-home/registry/src/index.crates.io-6f17d22bba15001f/solana-program-1.17.14/src/pubkey.rs:87:1
[INFO] [stdout]     |
[INFO] [stdout] 87  | pub struct Pubkey(pub(crate) [u8; 32]);
[INFO] [stdout]     | ^^^^^^^^^^^^^^^^^
[INFO] [stdout] note: `Pubkey` is defined in crate `solana_program`
[INFO] [stdout]    --> /opt/rustwide/cargo-home/registry/src/index.crates.io-6f17d22bba15001f/miraland-program-1.18.2/src/pubkey.rs:88:1
[INFO] [stdout]     |
[INFO] [stdout] 88  | pub struct Pubkey(pub(crate) [u8; 32]);
[INFO] [stdout]     | ^^^^^^^^^^^^^^^^^
[INFO] [stdout]     = note: perhaps two different versions of crate `solana_program` are being used?
[INFO] [stdout]     = note: `solana_program::pubkey::Pubkey` and `Pubkey` have similar names, but are actually distinct types
[INFO] [stdout] note: `solana_program::pubkey::Pubkey` is defined in crate `solana_program`
[INFO] [stdout]    --> /opt/rustwide/cargo-home/registry/src/index.crates.io-6f17d22bba15001f/solana-program-1.17.14/src/pubkey.rs:87:1
[INFO] [stdout]     |
[INFO] [stdout] 87  | pub struct Pubkey(pub(crate) [u8; 32]);
[INFO] [stdout]     | ^^^^^^^^^^^^^^^^^
[INFO] [stdout] note: `Pubkey` is defined in crate `solana_program`
[INFO] [stdout]    --> /opt/rustwide/cargo-home/registry/src/index.crates.io-6f17d22bba15001f/miraland-program-1.18.2/src/pubkey.rs:88:1
[INFO] [stdout]     |
[INFO] [stdout] 88  | pub struct Pubkey(pub(crate) [u8; 32]);
[INFO] [stdout]     | ^^^^^^^^^^^^^^^^^
[INFO] [stdout]     = note: perhaps two different versions of crate `solana_program` are being used?
[INFO] [stdout]     = note: `solana_program::pubkey::Pubkey` and `Pubkey` have similar names, but are actually distinct types
[INFO] [stdout] note: `solana_program::pubkey::Pubkey` is defined in crate `solana_program`
[INFO] [stdout]    --> /opt/rustwide/cargo-home/registry/src/index.crates.io-6f17d22bba15001f/solana-program-1.17.14/src/pubkey.rs:87:1
[INFO] [stdout]     |
[INFO] [stdout] 87  | pub struct Pubkey(pub(crate) [u8; 32]);
[INFO] [stdout]     | ^^^^^^^^^^^^^^^^^
[INFO] [stdout] note: `Pubkey` is defined in crate `solana_program`
[INFO] [stdout]    --> /opt/rustwide/cargo-home/registry/src/index.crates.io-6f17d22bba15001f/miraland-program-1.18.2/src/pubkey.rs:88:1
[INFO] [stdout]     |
[INFO] [stdout] 88  | pub struct Pubkey(pub(crate) [u8; 32]);
[INFO] [stdout]     | ^^^^^^^^^^^^^^^^^
[INFO] [stdout]     = note: perhaps two different versions of crate `solana_program` are being used?
[INFO] [stdout] note: function defined here
[INFO] [stdout]    --> /opt/rustwide/cargo-home/registry/src/index.crates.io-6f17d22bba15001f/solarti-token-3.5.6/src/instruction.rs:961:8
[INFO] [stdout]     |
[INFO] [stdout] 961 | pub fn transfer(
[INFO] [stdout]     |        ^^^^^^^^
[INFO] [stdout] 
[INFO] [stdout] 
[INFO] [stdout] error[E0308]: mismatched types
[INFO] [stdout]    --> src/processor.rs:74:17
[INFO] [stdout]     |
[INFO] [stdout] 73  |               invoke(
[INFO] [stdout]     |               ------ arguments to this function are incorrect
[INFO] [stdout] 74  | /                 &spl_token::instruction::transfer(
[INFO] [stdout] 75  | |                     token_program_id.key,
[INFO] [stdout] 76  | |                     source_account.key,
[INFO] [stdout] 77  | |                     destination_account.key,
[INFO] [stdout] ...   |
[INFO] [stdout] 81  | |                 )
[INFO] [stdout] 82  | |                 .unwrap(),
[INFO] [stdout]     | |_________________________^ expected `Instruction`, found a different `Instruction`
[INFO] [stdout]     |
[INFO] [stdout]     = note: `Instruction` and `Instruction` have similar names, but are actually distinct types
[INFO] [stdout] note: `Instruction` is defined in crate `solana_program`
[INFO] [stdout]    --> /opt/rustwide/cargo-home/registry/src/index.crates.io-6f17d22bba15001f/miraland-program-1.18.2/src/instruction.rs:330:1
[INFO] [stdout]     |
[INFO] [stdout] 330 | pub struct Instruction {
[INFO] [stdout]     | ^^^^^^^^^^^^^^^^^^^^^^
[INFO] [stdout] note: `Instruction` is defined in crate `solana_program`
[INFO] [stdout]    --> /opt/rustwide/cargo-home/registry/src/index.crates.io-6f17d22bba15001f/solana-program-1.17.14/src/instruction.rs:330:1
[INFO] [stdout]     |
[INFO] [stdout] 330 | pub struct Instruction {
[INFO] [stdout]     | ^^^^^^^^^^^^^^^^^^^^^^
[INFO] [stdout]     = note: perhaps two different versions of crate `solana_program` are being used?
[INFO] [stdout] note: function defined here
[INFO] [stdout]    --> /opt/rustwide/cargo-home/registry/src/index.crates.io-6f17d22bba15001f/solana-program-1.17.14/src/program.rs:132:8
[INFO] [stdout]     |
[INFO] [stdout] 132 | pub fn invoke(instruction: &Instruction, account_infos: &[AccountInfo]) -> ProgramResult {
[INFO] [stdout]     |        ^^^^^^
[INFO] [stdout] 
[INFO] [stdout] 
[INFO] [stdout] error[E0308]: mismatched types
[INFO] [stdout]    --> src/processor.rs:113:19
[INFO] [stdout]     |
[INFO] [stdout] 113 |                 &[authority_account.key],
[INFO] [stdout]     |                   ^^^^^^^^^^^^^^^^^^^^^ expected `Pubkey`, found `solana_program::pubkey::Pubkey`
[INFO] [stdout]     |
[INFO] [stdout]     = note: `solana_program::pubkey::Pubkey` and `Pubkey` have similar names, but are actually distinct types
[INFO] [stdout] note: `solana_program::pubkey::Pubkey` is defined in crate `solana_program`
[INFO] [stdout]    --> /opt/rustwide/cargo-home/registry/src/index.crates.io-6f17d22bba15001f/solana-program-1.17.14/src/pubkey.rs:87:1
[INFO] [stdout]     |
[INFO] [stdout] 87  | pub struct Pubkey(pub(crate) [u8; 32]);
[INFO] [stdout]     | ^^^^^^^^^^^^^^^^^
[INFO] [stdout] note: `Pubkey` is defined in crate `solana_program`
[INFO] [stdout]    --> /opt/rustwide/cargo-home/registry/src/index.crates.io-6f17d22bba15001f/miraland-program-1.18.2/src/pubkey.rs:88:1
[INFO] [stdout]     |
[INFO] [stdout] 88  | pub struct Pubkey(pub(crate) [u8; 32]);
[INFO] [stdout]     | ^^^^^^^^^^^^^^^^^
[INFO] [stdout]     = note: perhaps two different versions of crate `solana_program` are being used?
[INFO] [stdout] 
[INFO] [stdout] 
[INFO] [stdout] error[E0308]: arguments to this function are incorrect
[INFO] [stdout]     --> src/processor.rs:108:14
[INFO] [stdout]      |
[INFO] [stdout] 108  |             &spl_token::instruction::mint_to(
[INFO] [stdout]      |              ^^^^^^^^^^^^^^^^^^^^^^^^^^^^^^^
[INFO] [stdout] 109  |                 token_program_id.key,
[INFO] [stdout]      |                 -------------------- expected `Pubkey`, found `solana_program::pubkey::Pubkey`
[INFO] [stdout] 110  |                 mint_account.key,
[INFO] [stdout]      |                 ---------------- expected `Pubkey`, found `solana_program::pubkey::Pubkey`
[INFO] [stdout] 111  |                 destination_account.key,
[INFO] [stdout]      |                 ----------------------- expected `Pubkey`, found `solana_program::pubkey::Pubkey`
[INFO] [stdout] 112  |                 authority_account.key,
[INFO] [stdout]      |                 --------------------- expected `Pubkey`, found `solana_program::pubkey::Pubkey`
[INFO] [stdout]      |
[INFO] [stdout]      = note: `solana_program::pubkey::Pubkey` and `Pubkey` have similar names, but are actually distinct types
[INFO] [stdout] note: `solana_program::pubkey::Pubkey` is defined in crate `solana_program`
[INFO] [stdout]     --> /opt/rustwide/cargo-home/registry/src/index.crates.io-6f17d22bba15001f/solana-program-1.17.14/src/pubkey.rs:87:1
[INFO] [stdout]      |
[INFO] [stdout] 87   | pub struct Pubkey(pub(crate) [u8; 32]);
[INFO] [stdout]      | ^^^^^^^^^^^^^^^^^
[INFO] [stdout] note: `Pubkey` is defined in crate `solana_program`
[INFO] [stdout]     --> /opt/rustwide/cargo-home/registry/src/index.crates.io-6f17d22bba15001f/miraland-program-1.18.2/src/pubkey.rs:88:1
[INFO] [stdout]      |
[INFO] [stdout] 88   | pub struct Pubkey(pub(crate) [u8; 32]);
[INFO] [stdout]      | ^^^^^^^^^^^^^^^^^
[INFO] [stdout]      = note: perhaps two different versions of crate `solana_program` are being used?
[INFO] [stdout]      = note: `solana_program::pubkey::Pubkey` and `Pubkey` have similar names, but are actually distinct types
[INFO] [stdout] note: `solana_program::pubkey::Pubkey` is defined in crate `solana_program`
[INFO] [stdout]     --> /opt/rustwide/cargo-home/registry/src/index.crates.io-6f17d22bba15001f/solana-program-1.17.14/src/pubkey.rs:87:1
[INFO] [stdout]      |
[INFO] [stdout] 87   | pub struct Pubkey(pub(crate) [u8; 32]);
[INFO] [stdout]      | ^^^^^^^^^^^^^^^^^
[INFO] [stdout] note: `Pubkey` is defined in crate `solana_program`
[INFO] [stdout]     --> /opt/rustwide/cargo-home/registry/src/index.crates.io-6f17d22bba15001f/miraland-program-1.18.2/src/pubkey.rs:88:1
[INFO] [stdout]      |
[INFO] [stdout] 88   | pub struct Pubkey(pub(crate) [u8; 32]);
[INFO] [stdout]      | ^^^^^^^^^^^^^^^^^
[INFO] [stdout]      = note: perhaps two different versions of crate `solana_program` are being used?
[INFO] [stdout]      = note: `solana_program::pubkey::Pubkey` and `Pubkey` have similar names, but are actually distinct types
[INFO] [stdout] note: `solana_program::pubkey::Pubkey` is defined in crate `solana_program`
[INFO] [stdout]     --> /opt/rustwide/cargo-home/registry/src/index.crates.io-6f17d22bba15001f/solana-program-1.17.14/src/pubkey.rs:87:1
[INFO] [stdout]      |
[INFO] [stdout] 87   | pub struct Pubkey(pub(crate) [u8; 32]);
[INFO] [stdout]      | ^^^^^^^^^^^^^^^^^
[INFO] [stdout] note: `Pubkey` is defined in crate `solana_program`
[INFO] [stdout]     --> /opt/rustwide/cargo-home/registry/src/index.crates.io-6f17d22bba15001f/miraland-program-1.18.2/src/pubkey.rs:88:1
[INFO] [stdout]      |
[INFO] [stdout] 88   | pub struct Pubkey(pub(crate) [u8; 32]);
[INFO] [stdout]      | ^^^^^^^^^^^^^^^^^
[INFO] [stdout]      = note: perhaps two different versions of crate `solana_program` are being used?
[INFO] [stdout]      = note: `solana_program::pubkey::Pubkey` and `Pubkey` have similar names, but are actually distinct types
[INFO] [stdout] note: `solana_program::pubkey::Pubkey` is defined in crate `solana_program`
[INFO] [stdout]     --> /opt/rustwide/cargo-home/registry/src/index.crates.io-6f17d22bba15001f/solana-program-1.17.14/src/pubkey.rs:87:1
[INFO] [stdout]      |
[INFO] [stdout] 87   | pub struct Pubkey(pub(crate) [u8; 32]);
[INFO] [stdout]      | ^^^^^^^^^^^^^^^^^
[INFO] [stdout] note: `Pubkey` is defined in crate `solana_program`
[INFO] [stdout]     --> /opt/rustwide/cargo-home/registry/src/index.crates.io-6f17d22bba15001f/miraland-program-1.18.2/src/pubkey.rs:88:1
[INFO] [stdout]      |
[INFO] [stdout] 88   | pub struct Pubkey(pub(crate) [u8; 32]);
[INFO] [stdout]      | ^^^^^^^^^^^^^^^^^
[INFO] [stdout]      = note: perhaps two different versions of crate `solana_program` are being used?
[INFO] [stdout] note: function defined here
[INFO] [stdout]     --> /opt/rustwide/cargo-home/registry/src/index.crates.io-6f17d22bba15001f/solarti-token-3.5.6/src/instruction.rs:1082:8
[INFO] [stdout]      |
[INFO] [stdout] 1082 | pub fn mint_to(
[INFO] [stdout]      |        ^^^^^^^
[INFO] [stdout] 
[INFO] [stdout] 
[INFO] [stdout] error[E0308]: mismatched types
[INFO] [stdout]    --> src/processor.rs:108:13
[INFO] [stdout]     |
[INFO] [stdout] 107 |           invoke_signed(
[INFO] [stdout]     |           ------------- arguments to this function are incorrect
[INFO] [stdout] 108 | /             &spl_token::instruction::mint_to(
[INFO] [stdout] 109 | |                 token_program_id.key,
[INFO] [stdout] 110 | |                 mint_account.key,
[INFO] [stdout] 111 | |                 destination_account.key,
[INFO] [stdout] ...   |
[INFO] [stdout] 115 | |             )
[INFO] [stdout] 116 | |             .unwrap(),
[INFO] [stdout]     | |_____________________^ expected `Instruction`, found a different `Instruction`
[INFO] [stdout]     |
[INFO] [stdout]     = note: `Instruction` and `Instruction` have similar names, but are actually distinct types
[INFO] [stdout] note: `Instruction` is defined in crate `solana_program`
[INFO] [stdout]    --> /opt/rustwide/cargo-home/registry/src/index.crates.io-6f17d22bba15001f/miraland-program-1.18.2/src/instruction.rs:330:1
[INFO] [stdout]     |
[INFO] [stdout] 330 | pub struct Instruction {
[INFO] [stdout]     | ^^^^^^^^^^^^^^^^^^^^^^
[INFO] [stdout] note: `Instruction` is defined in crate `solana_program`
[INFO] [stdout]    --> /opt/rustwide/cargo-home/registry/src/index.crates.io-6f17d22bba15001f/solana-program-1.17.14/src/instruction.rs:330:1
[INFO] [stdout]     |
[INFO] [stdout] 330 | pub struct Instruction {
[INFO] [stdout]     | ^^^^^^^^^^^^^^^^^^^^^^
[INFO] [stdout]     = note: perhaps two different versions of crate `solana_program` are being used?
[INFO] [stdout] note: function defined here
[INFO] [stdout]    --> /opt/rustwide/cargo-home/registry/src/index.crates.io-6f17d22bba15001f/solana-program-1.17.14/src/program.rs:247:8
[INFO] [stdout]     |
[INFO] [stdout] 247 | pub fn invoke_signed(
[INFO] [stdout]     |        ^^^^^^^^^^^^^
[INFO] [stdout] 
[INFO] [stdout] 
[INFO] [stdout] error[E0308]: mismatched types
[INFO] [stdout]    --> src/processor.rs:150:23
[INFO] [stdout]     |
[INFO] [stdout] 150 |                     &[program_authority_account.key],
[INFO] [stdout]     |                       ^^^^^^^^^^^^^^^^^^^^^^^^^^^^^ expected `Pubkey`, found `solana_program::pubkey::Pubkey`
[INFO] [stdout]     |
[INFO] [stdout]     = note: `solana_program::pubkey::Pubkey` and `Pubkey` have similar names, but are actually distinct types
[INFO] [stdout] note: `solana_program::pubkey::Pubkey` is defined in crate `solana_program`
[INFO] [stdout]    --> /opt/rustwide/cargo-home/registry/src/index.crates.io-6f17d22bba15001f/solana-program-1.17.14/src/pubkey.rs:87:1
[INFO] [stdout]     |
[INFO] [stdout] 87  | pub struct Pubkey(pub(crate) [u8; 32]);
[INFO] [stdout]     | ^^^^^^^^^^^^^^^^^
[INFO] [stdout] note: `Pubkey` is defined in crate `solana_program`
[INFO] [stdout]    --> /opt/rustwide/cargo-home/registry/src/index.crates.io-6f17d22bba15001f/miraland-program-1.18.2/src/pubkey.rs:88:1
[INFO] [stdout]     |
[INFO] [stdout] 88  | pub struct Pubkey(pub(crate) [u8; 32]);
[INFO] [stdout]     | ^^^^^^^^^^^^^^^^^
[INFO] [stdout]     = note: perhaps two different versions of crate `solana_program` are being used?
[INFO] [stdout] 
[INFO] [stdout] 
[INFO] [stdout] error[E0308]: arguments to this function are incorrect
[INFO] [stdout]     --> src/processor.rs:145:18
[INFO] [stdout]      |
[INFO] [stdout] 145  |                 &spl_token::instruction::burn(
[INFO] [stdout]      |                  ^^^^^^^^^^^^^^^^^^^^^^^^^^^^
[INFO] [stdout] 146  |                     token_program_id.key,
[INFO] [stdout]      |                     -------------------- expected `Pubkey`, found `solana_program::pubkey::Pubkey`
[INFO] [stdout] 147  |                     source_account.key,
[INFO] [stdout]      |                     ------------------ expected `Pubkey`, found `solana_program::pubkey::Pubkey`
[INFO] [stdout] 148  |                     mint_account.key,
[INFO] [stdout]      |                     ---------------- expected `Pubkey`, found `solana_program::pubkey::Pubkey`
[INFO] [stdout] 149  |                     program_authority_account.key,
[INFO] [stdout]      |                     ----------------------------- expected `Pubkey`, found `solana_program::pubkey::Pubkey`
[INFO] [stdout]      |
[INFO] [stdout]      = note: `solana_program::pubkey::Pubkey` and `Pubkey` have similar names, but are actually distinct types
[INFO] [stdout] note: `solana_program::pubkey::Pubkey` is defined in crate `solana_program`
[INFO] [stdout]     --> /opt/rustwide/cargo-home/registry/src/index.crates.io-6f17d22bba15001f/solana-program-1.17.14/src/pubkey.rs:87:1
[INFO] [stdout]      |
[INFO] [stdout] 87   | pub struct Pubkey(pub(crate) [u8; 32]);
[INFO] [stdout]      | ^^^^^^^^^^^^^^^^^
[INFO] [stdout] note: `Pubkey` is defined in crate `solana_program`
[INFO] [stdout]     --> /opt/rustwide/cargo-home/registry/src/index.crates.io-6f17d22bba15001f/miraland-program-1.18.2/src/pubkey.rs:88:1
[INFO] [stdout]      |
[INFO] [stdout] 88   | pub struct Pubkey(pub(crate) [u8; 32]);
[INFO] [stdout]      | ^^^^^^^^^^^^^^^^^
[INFO] [stdout]      = note: perhaps two different versions of crate `solana_program` are being used?
[INFO] [stdout]      = note: `solana_program::pubkey::Pubkey` and `Pubkey` have similar names, but are actually distinct types
[INFO] [stdout] note: `solana_program::pubkey::Pubkey` is defined in crate `solana_program`
[INFO] [stdout]     --> /opt/rustwide/cargo-home/registry/src/index.crates.io-6f17d22bba15001f/solana-program-1.17.14/src/pubkey.rs:87:1
[INFO] [stdout]      |
[INFO] [stdout] 87   | pub struct Pubkey(pub(crate) [u8; 32]);
[INFO] [stdout]      | ^^^^^^^^^^^^^^^^^
[INFO] [stdout] note: `Pubkey` is defined in crate `solana_program`
[INFO] [stdout]     --> /opt/rustwide/cargo-home/registry/src/index.crates.io-6f17d22bba15001f/miraland-program-1.18.2/src/pubkey.rs:88:1
[INFO] [stdout]      |
[INFO] [stdout] 88   | pub struct Pubkey(pub(crate) [u8; 32]);
[INFO] [stdout]      | ^^^^^^^^^^^^^^^^^
[INFO] [stdout]      = note: perhaps two different versions of crate `solana_program` are being used?
[INFO] [stdout]      = note: `solana_program::pubkey::Pubkey` and `Pubkey` have similar names, but are actually distinct types
[INFO] [stdout] note: `solana_program::pubkey::Pubkey` is defined in crate `solana_program`
[INFO] [stdout]     --> /opt/rustwide/cargo-home/registry/src/index.crates.io-6f17d22bba15001f/solana-program-1.17.14/src/pubkey.rs:87:1
[INFO] [stdout]      |
[INFO] [stdout] 87   | pub struct Pubkey(pub(crate) [u8; 32]);
[INFO] [stdout]      | ^^^^^^^^^^^^^^^^^
[INFO] [stdout] note: `Pubkey` is defined in crate `solana_program`
[INFO] [stdout]     --> /opt/rustwide/cargo-home/registry/src/index.crates.io-6f17d22bba15001f/miraland-program-1.18.2/src/pubkey.rs:88:1
[INFO] [stdout]      |
[INFO] [stdout] 88   | pub struct Pubkey(pub(crate) [u8; 32]);
[INFO] [stdout]      | ^^^^^^^^^^^^^^^^^
[INFO] [stdout]      = note: perhaps two different versions of crate `solana_program` are being used?
[INFO] [stdout]      = note: `solana_program::pubkey::Pubkey` and `Pubkey` have similar names, but are actually distinct types
[INFO] [stdout] note: `solana_program::pubkey::Pubkey` is defined in crate `solana_program`
[INFO] [stdout]     --> /opt/rustwide/cargo-home/registry/src/index.crates.io-6f17d22bba15001f/solana-program-1.17.14/src/pubkey.rs:87:1
[INFO] [stdout]      |
[INFO] [stdout] 87   | pub struct Pubkey(pub(crate) [u8; 32]);
[INFO] [stdout]      | ^^^^^^^^^^^^^^^^^
[INFO] [stdout] note: `Pubkey` is defined in crate `solana_program`
[INFO] [stdout]     --> /opt/rustwide/cargo-home/registry/src/index.crates.io-6f17d22bba15001f/miraland-program-1.18.2/src/pubkey.rs:88:1
[INFO] [stdout]      |
[INFO] [stdout] 88   | pub struct Pubkey(pub(crate) [u8; 32]);
[INFO] [stdout]      | ^^^^^^^^^^^^^^^^^
[INFO] [stdout]      = note: perhaps two different versions of crate `solana_program` are being used?
[INFO] [stdout] note: function defined here
[INFO] [stdout]     --> /opt/rustwide/cargo-home/registry/src/index.crates.io-6f17d22bba15001f/solarti-token-3.5.6/src/instruction.rs:1112:8
[INFO] [stdout]      |
[INFO] [stdout] 1112 | pub fn burn(
[INFO] [stdout]      |        ^^^^
[INFO] [stdout] 
[INFO] [stdout] 
[INFO] [stdout] error[E0308]: mismatched types
[INFO] [stdout]    --> src/processor.rs:145:17
[INFO] [stdout]     |
[INFO] [stdout] 144 |               invoke_signed(
[INFO] [stdout]     |               ------------- arguments to this function are incorrect
[INFO] [stdout] 145 | /                 &spl_token::instruction::burn(
[INFO] [stdout] 146 | |                     token_program_id.key,
[INFO] [stdout] 147 | |                     source_account.key,
[INFO] [stdout] 148 | |                     mint_account.key,
[INFO] [stdout] ...   |
[INFO] [stdout] 152 | |                 )
[INFO] [stdout] 153 | |                 .unwrap(),
[INFO] [stdout]     | |_________________________^ expected `Instruction`, found a different `Instruction`
[INFO] [stdout]     |
[INFO] [stdout]     = note: `Instruction` and `Instruction` have similar names, but are actually distinct types
[INFO] [stdout] note: `Instruction` is defined in crate `solana_program`
[INFO] [stdout]    --> /opt/rustwide/cargo-home/registry/src/index.crates.io-6f17d22bba15001f/miraland-program-1.18.2/src/instruction.rs:330:1
[INFO] [stdout]     |
[INFO] [stdout] 330 | pub struct Instruction {
[INFO] [stdout]     | ^^^^^^^^^^^^^^^^^^^^^^
[INFO] [stdout] note: `Instruction` is defined in crate `solana_program`
[INFO] [stdout]    --> /opt/rustwide/cargo-home/registry/src/index.crates.io-6f17d22bba15001f/solana-program-1.17.14/src/instruction.rs:330:1
[INFO] [stdout]     |
[INFO] [stdout] 330 | pub struct Instruction {
[INFO] [stdout]     | ^^^^^^^^^^^^^^^^^^^^^^
[INFO] [stdout]     = note: perhaps two different versions of crate `solana_program` are being used?
[INFO] [stdout] note: function defined here
[INFO] [stdout]    --> /opt/rustwide/cargo-home/registry/src/index.crates.io-6f17d22bba15001f/solana-program-1.17.14/src/program.rs:247:8
[INFO] [stdout]     |
[INFO] [stdout] 247 | pub fn invoke_signed(
[INFO] [stdout]     |        ^^^^^^^^^^^^^
[INFO] [stdout] 
[INFO] [stdout] 
[INFO] [stdout] error[E0308]: mismatched types
[INFO] [stdout]    --> src/processor.rs:169:23
[INFO] [stdout]     |
[INFO] [stdout] 169 |                     &[user_authority_account.key],
[INFO] [stdout]     |                       ^^^^^^^^^^^^^^^^^^^^^^^^^^ expected `Pubkey`, found `solana_program::pubkey::Pubkey`
[INFO] [stdout]     |
[INFO] [stdout]     = note: `solana_program::pubkey::Pubkey` and `Pubkey` have similar names, but are actually distinct types
[INFO] [stdout] note: `solana_program::pubkey::Pubkey` is defined in crate `solana_program`
[INFO] [stdout]    --> /opt/rustwide/cargo-home/registry/src/index.crates.io-6f17d22bba15001f/solana-program-1.17.14/src/pubkey.rs:87:1
[INFO] [stdout]     |
[INFO] [stdout] 87  | pub struct Pubkey(pub(crate) [u8; 32]);
[INFO] [stdout]     | ^^^^^^^^^^^^^^^^^
[INFO] [stdout] note: `Pubkey` is defined in crate `solana_program`
[INFO] [stdout]    --> /opt/rustwide/cargo-home/registry/src/index.crates.io-6f17d22bba15001f/miraland-program-1.18.2/src/pubkey.rs:88:1
[INFO] [stdout]     |
[INFO] [stdout] 88  | pub struct Pubkey(pub(crate) [u8; 32]);
[INFO] [stdout]     | ^^^^^^^^^^^^^^^^^
[INFO] [stdout]     = note: perhaps two different versions of crate `solana_program` are being used?
[INFO] [stdout] 
[INFO] [stdout] 
[INFO] [stdout] error[E0308]: arguments to this function are incorrect
[INFO] [stdout]     --> src/processor.rs:164:18
[INFO] [stdout]      |
[INFO] [stdout] 164  |                 &spl_token::instruction::burn(
[INFO] [stdout]      |                  ^^^^^^^^^^^^^^^^^^^^^^^^^^^^
[INFO] [stdout] 165  |                     token_program_id.key,
[INFO] [stdout]      |                     -------------------- expected `Pubkey`, found `solana_program::pubkey::Pubkey`
[INFO] [stdout] 166  |                     source_account.key,
[INFO] [stdout]      |                     ------------------ expected `Pubkey`, found `solana_program::pubkey::Pubkey`
[INFO] [stdout] 167  |                     mint_account.key,
[INFO] [stdout]      |                     ---------------- expected `Pubkey`, found `solana_program::pubkey::Pubkey`
[INFO] [stdout] 168  |                     user_authority_account.key,
[INFO] [stdout]      |                     -------------------------- expected `Pubkey`, found `solana_program::pubkey::Pubkey`
[INFO] [stdout]      |
[INFO] [stdout]      = note: `solana_program::pubkey::Pubkey` and `Pubkey` have similar names, but are actually distinct types
[INFO] [stdout] note: `solana_program::pubkey::Pubkey` is defined in crate `solana_program`
[INFO] [stdout]     --> /opt/rustwide/cargo-home/registry/src/index.crates.io-6f17d22bba15001f/solana-program-1.17.14/src/pubkey.rs:87:1
[INFO] [stdout]      |
[INFO] [stdout] 87   | pub struct Pubkey(pub(crate) [u8; 32]);
[INFO] [stdout]      | ^^^^^^^^^^^^^^^^^
[INFO] [stdout] note: `Pubkey` is defined in crate `solana_program`
[INFO] [stdout]     --> /opt/rustwide/cargo-home/registry/src/index.crates.io-6f17d22bba15001f/miraland-program-1.18.2/src/pubkey.rs:88:1
[INFO] [stdout]      |
[INFO] [stdout] 88   | pub struct Pubkey(pub(crate) [u8; 32]);
[INFO] [stdout]      | ^^^^^^^^^^^^^^^^^
[INFO] [stdout]      = note: perhaps two different versions of crate `solana_program` are being used?
[INFO] [stdout]      = note: `solana_program::pubkey::Pubkey` and `Pubkey` have similar names, but are actually distinct types
[INFO] [stdout] note: `solana_program::pubkey::Pubkey` is defined in crate `solana_program`
[INFO] [stdout]     --> /opt/rustwide/cargo-home/registry/src/index.crates.io-6f17d22bba15001f/solana-program-1.17.14/src/pubkey.rs:87:1
[INFO] [stdout]      |
[INFO] [stdout] 87   | pub struct Pubkey(pub(crate) [u8; 32]);
[INFO] [stdout]      | ^^^^^^^^^^^^^^^^^
[INFO] [stdout] note: `Pubkey` is defined in crate `solana_program`
[INFO] [stdout]     --> /opt/rustwide/cargo-home/registry/src/index.crates.io-6f17d22bba15001f/miraland-program-1.18.2/src/pubkey.rs:88:1
[INFO] [stdout]      |
[INFO] [stdout] 88   | pub struct Pubkey(pub(crate) [u8; 32]);
[INFO] [stdout]      | ^^^^^^^^^^^^^^^^^
[INFO] [stdout]      = note: perhaps two different versions of crate `solana_program` are being used?
[INFO] [stdout]      = note: `solana_program::pubkey::Pubkey` and `Pubkey` have similar names, but are actually distinct types
[INFO] [stdout] note: `solana_program::pubkey::Pubkey` is defined in crate `solana_program`
[INFO] [stdout]     --> /opt/rustwide/cargo-home/registry/src/index.crates.io-6f17d22bba15001f/solana-program-1.17.14/src/pubkey.rs:87:1
[INFO] [stdout]      |
[INFO] [stdout] 87   | pub struct Pubkey(pub(crate) [u8; 32]);
[INFO] [stdout]      | ^^^^^^^^^^^^^^^^^
[INFO] [stdout] note: `Pubkey` is defined in crate `solana_program`
[INFO] [stdout]     --> /opt/rustwide/cargo-home/registry/src/index.crates.io-6f17d22bba15001f/miraland-program-1.18.2/src/pubkey.rs:88:1
[INFO] [stdout]      |
[INFO] [stdout] 88   | pub struct Pubkey(pub(crate) [u8; 32]);
[INFO] [stdout]      | ^^^^^^^^^^^^^^^^^
[INFO] [stdout]      = note: perhaps two different versions of crate `solana_program` are being used?
[INFO] [stdout]      = note: `solana_program::pubkey::Pubkey` and `Pubkey` have similar names, but are actually distinct types
[INFO] [stdout] note: `solana_program::pubkey::Pubkey` is defined in crate `solana_program`
[INFO] [stdout]     --> /opt/rustwide/cargo-home/registry/src/index.crates.io-6f17d22bba15001f/solana-program-1.17.14/src/pubkey.rs:87:1
[INFO] [stdout]      |
[INFO] [stdout] 87   | pub struct Pubkey(pub(crate) [u8; 32]);
[INFO] [stdout]      | ^^^^^^^^^^^^^^^^^
[INFO] [stdout] note: `Pubkey` is defined in crate `solana_program`
[INFO] [stdout]     --> /opt/rustwide/cargo-home/registry/src/index.crates.io-6f17d22bba15001f/miraland-program-1.18.2/src/pubkey.rs:88:1
[INFO] [stdout]      |
[INFO] [stdout] 88   | pub struct Pubkey(pub(crate) [u8; 32]);
[INFO] [stdout]      | ^^^^^^^^^^^^^^^^^
[INFO] [stdout]      = note: perhaps two different versions of crate `solana_program` are being used?
[INFO] [stdout] note: function defined here
[INFO] [stdout]     --> /opt/rustwide/cargo-home/registry/src/index.crates.io-6f17d22bba15001f/solarti-token-3.5.6/src/instruction.rs:1112:8
[INFO] [stdout]      |
[INFO] [stdout] 1112 | pub fn burn(
[INFO] [stdout]      |        ^^^^
[INFO] [stdout] 
[INFO] [stdout] 
[INFO] [stdout] error[E0308]: mismatched types
[INFO] [stdout]    --> src/processor.rs:164:17
[INFO] [stdout]     |
[INFO] [stdout] 163 |               invoke(
[INFO] [stdout]     |               ------ arguments to this function are incorrect
[INFO] [stdout] 164 | /                 &spl_token::instruction::burn(
[INFO] [stdout] 165 | |                     token_program_id.key,
[INFO] [stdout] 166 | |                     source_account.key,
[INFO] [stdout] 167 | |                     mint_account.key,
[INFO] [stdout] ...   |
[INFO] [stdout] 171 | |                 )
[INFO] [stdout] 172 | |                 .unwrap(),
[INFO] [stdout]     | |_________________________^ expected `Instruction`, found a different `Instruction`
[INFO] [stdout]     |
[INFO] [stdout]     = note: `Instruction` and `Instruction` have similar names, but are actually distinct types
[INFO] [stdout] note: `Instruction` is defined in crate `solana_program`
[INFO] [stdout]    --> /opt/rustwide/cargo-home/registry/src/index.crates.io-6f17d22bba15001f/miraland-program-1.18.2/src/instruction.rs:330:1
[INFO] [stdout]     |
[INFO] [stdout] 330 | pub struct Instruction {
[INFO] [stdout]     | ^^^^^^^^^^^^^^^^^^^^^^
[INFO] [stdout] note: `Instruction` is defined in crate `solana_program`
[INFO] [stdout]    --> /opt/rustwide/cargo-home/registry/src/index.crates.io-6f17d22bba15001f/solana-program-1.17.14/src/instruction.rs:330:1
[INFO] [stdout]     |
[INFO] [stdout] 330 | pub struct Instruction {
[INFO] [stdout]     | ^^^^^^^^^^^^^^^^^^^^^^
[INFO] [stdout]     = note: perhaps two different versions of crate `solana_program` are being used?
[INFO] [stdout] note: function defined here
[INFO] [stdout]    --> /opt/rustwide/cargo-home/registry/src/index.crates.io-6f17d22bba15001f/solana-program-1.17.14/src/program.rs:132:8
[INFO] [stdout]     |
[INFO] [stdout] 132 | pub fn invoke(instruction: &Instruction, account_infos: &[AccountInfo]) -> ProgramResult {
[INFO] [stdout]     |        ^^^^^^
[INFO] [stdout] 
[INFO] [stdout] 
[INFO] [stdout] error[E0599]: no function or associated item named `unpack` found for struct `Mint` in the current scope
[INFO] [stdout]    --> src/processor.rs:220:40
[INFO] [stdout]     |
[INFO] [stdout] 220 |         let deposit_token_mint = Mint::unpack(&deposit_token_mint_info.data.borrow())?;
[INFO] [stdout]     |                                        ^^^^^^ function or associated item not found in `Mint`
[INFO] [stdout]     |
[INFO] [stdout]     = help: items from traits can only be used if the trait is in scope
[INFO] [stdout] help: the following trait is implemented but not in scope; perhaps add a `use` for it:
[INFO] [stdout]     |
[INFO] [stdout] 3   + use spl_token::solana_program::program_pack::Pack;
[INFO] [stdout]     |
[INFO] [stdout] 
[INFO] [stdout] 
[INFO] [stdout] error[E0599]: no function or associated item named `unpack_unchecked` found for struct `spl_token::state::Account` in the current scope
[INFO] [stdout]    --> src/processor.rs:228:40
[INFO] [stdout]     |
[INFO] [stdout] 228 |         let deposit_account = Account::unpack_unchecked(&deposit_account_info.data.borrow())?;
[INFO] [stdout]     |                                        ^^^^^^^^^^^^^^^^ function or associated item not found in `Account`
[INFO] [stdout]     |
[INFO] [stdout]     = help: items from traits can only be used if the trait is in scope
[INFO] [stdout] help: the following trait is implemented but not in scope; perhaps add a `use` for it:
[INFO] [stdout]     |
[INFO] [stdout] 3   + use spl_token::solana_program::program_pack::Pack;
[INFO] [stdout]     |
[INFO] [stdout] 
[INFO] [stdout] 
[INFO] [stdout] error[E0599]: no function or associated item named `unpack_unchecked` found for struct `Mint` in the current scope
[INFO] [stdout]    --> src/processor.rs:233:32
[INFO] [stdout]     |
[INFO] [stdout] 233 |         let token_pass = Mint::unpack_unchecked(&token_pass_mint_info.data.borrow())?;
[INFO] [stdout]     |                                ^^^^^^^^^^^^^^^^ function or associated item not found in `Mint`
[INFO] [stdout]     |
[INFO] [stdout]     = help: items from traits can only be used if the trait is in scope
[INFO] [stdout] help: the following trait is implemented but not in scope; perhaps add a `use` for it:
[INFO] [stdout]     |
[INFO] [stdout] 3   + use spl_token::solana_program::program_pack::Pack;
[INFO] [stdout]     |
[INFO] [stdout] 
[INFO] [stdout] 
[INFO] [stdout] error[E0599]: no function or associated item named `unpack_unchecked` found for struct `Mint` in the current scope
[INFO] [stdout]    --> src/processor.rs:238:32
[INFO] [stdout]     |
[INFO] [stdout] 238 |         let token_fail = Mint::unpack_unchecked(&token_fail_mint_info.data.borrow())?;
[INFO] [stdout]     |                                ^^^^^^^^^^^^^^^^ function or associated item not found in `Mint`
[INFO] [stdout]     |
[INFO] [stdout]     = help: items from traits can only be used if the trait is in scope
[INFO] [stdout] help: the following trait is implemented but not in scope; perhaps add a `use` for it:
[INFO] [stdout]     |
[INFO] [stdout] 3   + use spl_token::solana_program::program_pack::Pack;
[INFO] [stdout]     |
[INFO] [stdout] 
[INFO] [stdout] 
[INFO] [stdout] error[E0308]: arguments to this function are incorrect
[INFO] [stdout]    --> src/processor.rs:244:14
[INFO] [stdout]     |
[INFO] [stdout] 244 |             &spl_token::instruction::initialize_account(
[INFO] [stdout]     |              ^^^^^^^^^^^^^^^^^^^^^^^^^^^^^^^^^^^^^^^^^^
[INFO] [stdout] 245 |                 token_program_info.key,
[INFO] [stdout]     |                 ---------------------- expected `Pubkey`, found `solana_program::pubkey::Pubkey`
[INFO] [stdout] 246 |                 deposit_account_info.key,
[INFO] [stdout]     |                 ------------------------ expected `Pubkey`, found `solana_program::pubkey::Pubkey`
[INFO] [stdout] 247 |                 deposit_token_mint_info.key,
[INFO] [stdout]     |                 --------------------------- expected `Pubkey`, found `solana_program::pubkey::Pubkey`
[INFO] [stdout] 248 |                 authority_info.key,
[INFO] [stdout]     |                 ------------------ expected `Pubkey`, found `solana_program::pubkey::Pubkey`
[INFO] [stdout]     |
[INFO] [stdout]     = note: `solana_program::pubkey::Pubkey` and `Pubkey` have similar names, but are actually distinct types
[INFO] [stdout] note: `solana_program::pubkey::Pubkey` is defined in crate `solana_program`
[INFO] [stdout]    --> /opt/rustwide/cargo-home/registry/src/index.crates.io-6f17d22bba15001f/solana-program-1.17.14/src/pubkey.rs:87:1
[INFO] [stdout]     |
[INFO] [stdout] 87  | pub struct Pubkey(pub(crate) [u8; 32]);
[INFO] [stdout]     | ^^^^^^^^^^^^^^^^^
[INFO] [stdout] note: `Pubkey` is defined in crate `solana_program`
[INFO] [stdout]    --> /opt/rustwide/cargo-home/registry/src/index.crates.io-6f17d22bba15001f/miraland-program-1.18.2/src/pubkey.rs:88:1
[INFO] [stdout]     |
[INFO] [stdout] 88  | pub struct Pubkey(pub(crate) [u8; 32]);
[INFO] [stdout]     | ^^^^^^^^^^^^^^^^^
[INFO] [stdout]     = note: perhaps two different versions of crate `solana_program` are being used?
[INFO] [stdout]     = note: `solana_program::pubkey::Pubkey` and `Pubkey` have similar names, but are actually distinct types
[INFO] [stdout] note: `solana_program::pubkey::Pubkey` is defined in crate `solana_program`
[INFO] [stdout]    --> /opt/rustwide/cargo-home/registry/src/index.crates.io-6f17d22bba15001f/solana-program-1.17.14/src/pubkey.rs:87:1
[INFO] [stdout]     |
[INFO] [stdout] 87  | pub struct Pubkey(pub(crate) [u8; 32]);
[INFO] [stdout]     | ^^^^^^^^^^^^^^^^^
[INFO] [stdout] note: `Pubkey` is defined in crate `solana_program`
[INFO] [stdout]    --> /opt/rustwide/cargo-home/registry/src/index.crates.io-6f17d22bba15001f/miraland-program-1.18.2/src/pubkey.rs:88:1
[INFO] [stdout]     |
[INFO] [stdout] 88  | pub struct Pubkey(pub(crate) [u8; 32]);
[INFO] [stdout]     | ^^^^^^^^^^^^^^^^^
[INFO] [stdout]     = note: perhaps two different versions of crate `solana_program` are being used?
[INFO] [stdout]     = note: `solana_program::pubkey::Pubkey` and `Pubkey` have similar names, but are actually distinct types
[INFO] [stdout] note: `solana_program::pubkey::Pubkey` is defined in crate `solana_program`
[INFO] [stdout]    --> /opt/rustwide/cargo-home/registry/src/index.crates.io-6f17d22bba15001f/solana-program-1.17.14/src/pubkey.rs:87:1
[INFO] [stdout]     |
[INFO] [stdout] 87  | pub struct Pubkey(pub(crate) [u8; 32]);
[INFO] [stdout]     | ^^^^^^^^^^^^^^^^^
[INFO] [stdout] note: `Pubkey` is defined in crate `solana_program`
[INFO] [stdout]    --> /opt/rustwide/cargo-home/registry/src/index.crates.io-6f17d22bba15001f/miraland-program-1.18.2/src/pubkey.rs:88:1
[INFO] [stdout]     |
[INFO] [stdout] 88  | pub struct Pubkey(pub(crate) [u8; 32]);
[INFO] [stdout]     | ^^^^^^^^^^^^^^^^^
[INFO] [stdout]     = note: perhaps two different versions of crate `solana_program` are being used?
[INFO] [stdout]     = note: `solana_program::pubkey::Pubkey` and `Pubkey` have similar names, but are actually distinct types
[INFO] [stdout] note: `solana_program::pubkey::Pubkey` is defined in crate `solana_program`
[INFO] [stdout]    --> /opt/rustwide/cargo-home/registry/src/index.crates.io-6f17d22bba15001f/solana-program-1.17.14/src/pubkey.rs:87:1
[INFO] [stdout]     |
[INFO] [stdout] 87  | pub struct Pubkey(pub(crate) [u8; 32]);
[INFO] [stdout]     | ^^^^^^^^^^^^^^^^^
[INFO] [stdout] note: `Pubkey` is defined in crate `solana_program`
[INFO] [stdout]    --> /opt/rustwide/cargo-home/registry/src/index.crates.io-6f17d22bba15001f/miraland-program-1.18.2/src/pubkey.rs:88:1
[INFO] [stdout]     |
[INFO] [stdout] 88  | pub struct Pubkey(pub(crate) [u8; 32]);
[INFO] [stdout]     | ^^^^^^^^^^^^^^^^^
[INFO] [stdout]     = note: perhaps two different versions of crate `solana_program` are being used?
[INFO] [stdout] note: function defined here
[INFO] [stdout]    --> /opt/rustwide/cargo-home/registry/src/index.crates.io-6f17d22bba15001f/solarti-token-3.5.6/src/instruction.rs:827:8
[INFO] [stdout]     |
[INFO] [stdout] 827 | pub fn initialize_account(
[INFO] [stdout]     |        ^^^^^^^^^^^^^^^^^^
[INFO] [stdout] 
[INFO] [stdout] 
[INFO] [stdout] error[E0308]: mismatched types
[INFO] [stdout]    --> src/processor.rs:244:13
[INFO] [stdout]     |
[INFO] [stdout] 243 |           invoke(
[INFO] [stdout]     |           ------ arguments to this function are incorrect
[INFO] [stdout] 244 | /             &spl_token::instruction::initialize_account(
[INFO] [stdout] 245 | |                 token_program_info.key,
[INFO] [stdout] 246 | |                 deposit_account_info.key,
[INFO] [stdout] 247 | |                 deposit_token_mint_info.key,
[INFO] [stdout] 248 | |                 authority_info.key,
[INFO] [stdout] 249 | |             )
[INFO] [stdout] 250 | |             .unwrap(),
[INFO] [stdout]     | |_____________________^ expected `Instruction`, found a different `Instruction`
[INFO] [stdout]     |
[INFO] [stdout]     = note: `Instruction` and `Instruction` have similar names, but are actually distinct types
[INFO] [stdout] note: `Instruction` is defined in crate `solana_program`
[INFO] [stdout]    --> /opt/rustwide/cargo-home/registry/src/index.crates.io-6f17d22bba15001f/miraland-program-1.18.2/src/instruction.rs:330:1
[INFO] [stdout]     |
[INFO] [stdout] 330 | pub struct Instruction {
[INFO] [stdout]     | ^^^^^^^^^^^^^^^^^^^^^^
[INFO] [stdout] note: `Instruction` is defined in crate `solana_program`
[INFO] [stdout]    --> /opt/rustwide/cargo-home/registry/src/index.crates.io-6f17d22bba15001f/solana-program-1.17.14/src/instruction.rs:330:1
[INFO] [stdout]     |
[INFO] [stdout] 330 | pub struct Instruction {
[INFO] [stdout]     | ^^^^^^^^^^^^^^^^^^^^^^
[INFO] [stdout]     = note: perhaps two different versions of crate `solana_program` are being used?
[INFO] [stdout] note: function defined here
[INFO] [stdout]    --> /opt/rustwide/cargo-home/registry/src/index.crates.io-6f17d22bba15001f/solana-program-1.17.14/src/program.rs:132:8
[INFO] [stdout]     |
[INFO] [stdout] 132 | pub fn invoke(instruction: &Instruction, account_infos: &[AccountInfo]) -> ProgramResult {
[INFO] [stdout]     |        ^^^^^^
[INFO] [stdout] 
[INFO] [stdout] 
[INFO] [stdout] error[E0308]: arguments to this function are incorrect
[INFO] [stdout]    --> src/processor.rs:261:14
[INFO] [stdout]     |
[INFO] [stdout] 261 |             &spl_token::instruction::initialize_mint(
[INFO] [stdout]     |              ^^^^^^^^^^^^^^^^^^^^^^^^^^^^^^^^^^^^^^^
[INFO] [stdout] 262 |                 &spl_token::id(),
[INFO] [stdout] 263 |                 token_pass_mint_info.key,
[INFO] [stdout]     |                 ------------------------ expected `Pubkey`, found `solana_program::pubkey::Pubkey`
[INFO] [stdout] 264 |                 authority_info.key,
[INFO] [stdout]     |                 ------------------ expected `Pubkey`, found `solana_program::pubkey::Pubkey`
[INFO] [stdout]     |
[INFO] [stdout]     = note: `solana_program::pubkey::Pubkey` and `Pubkey` have similar names, but are actually distinct types
[INFO] [stdout] note: `solana_program::pubkey::Pubkey` is defined in crate `solana_program`
[INFO] [stdout]    --> /opt/rustwide/cargo-home/registry/src/index.crates.io-6f17d22bba15001f/solana-program-1.17.14/src/pubkey.rs:87:1
[INFO] [stdout]     |
[INFO] [stdout] 87  | pub struct Pubkey(pub(crate) [u8; 32]);
[INFO] [stdout]     | ^^^^^^^^^^^^^^^^^
[INFO] [stdout] note: `Pubkey` is defined in crate `solana_program`
[INFO] [stdout]    --> /opt/rustwide/cargo-home/registry/src/index.crates.io-6f17d22bba15001f/miraland-program-1.18.2/src/pubkey.rs:88:1
[INFO] [stdout]     |
[INFO] [stdout] 88  | pub struct Pubkey(pub(crate) [u8; 32]);
[INFO] [stdout]     | ^^^^^^^^^^^^^^^^^
[INFO] [stdout]     = note: perhaps two different versions of crate `solana_program` are being used?
[INFO] [stdout]     = note: `solana_program::pubkey::Pubkey` and `Pubkey` have similar names, but are actually distinct types
[INFO] [stdout] note: `solana_program::pubkey::Pubkey` is defined in crate `solana_program`
[INFO] [stdout]    --> /opt/rustwide/cargo-home/registry/src/index.crates.io-6f17d22bba15001f/solana-program-1.17.14/src/pubkey.rs:87:1
[INFO] [stdout]     |
[INFO] [stdout] 87  | pub struct Pubkey(pub(crate) [u8; 32]);
[INFO] [stdout]     | ^^^^^^^^^^^^^^^^^
[INFO] [stdout] note: `Pubkey` is defined in crate `solana_program`
[INFO] [stdout]    --> /opt/rustwide/cargo-home/registry/src/index.crates.io-6f17d22bba15001f/miraland-program-1.18.2/src/pubkey.rs:88:1
[INFO] [stdout]     |
[INFO] [stdout] 88  | pub struct Pubkey(pub(crate) [u8; 32]);
[INFO] [stdout]     | ^^^^^^^^^^^^^^^^^
[INFO] [stdout]     = note: perhaps two different versions of crate `solana_program` are being used?
[INFO] [stdout] note: function defined here
[INFO] [stdout]    --> /opt/rustwide/cargo-home/registry/src/index.crates.io-6f17d22bba15001f/solarti-token-3.5.6/src/instruction.rs:772:8
[INFO] [stdout]     |
[INFO] [stdout] 772 | pub fn initialize_mint(
[INFO] [stdout]     |        ^^^^^^^^^^^^^^^
[INFO] [stdout] 
[INFO] [stdout] 
[INFO] [stdout] error[E0308]: mismatched types
[INFO] [stdout]    --> src/processor.rs:261:13
[INFO] [stdout]     |
[INFO] [stdout] 260 |           invoke(
[INFO] [stdout]     |           ------ arguments to this function are incorrect
[INFO] [stdout] 261 | /             &spl_token::instruction::initialize_mint(
[INFO] [stdout] 262 | |                 &spl_token::id(),
[INFO] [stdout] 263 | |                 token_pass_mint_info.key,
[INFO] [stdout] 264 | |                 authority_info.key,
[INFO] [stdout] ...   |
[INFO] [stdout] 267 | |             )
[INFO] [stdout] 268 | |             .unwrap(),
[INFO] [stdout]     | |_____________________^ expected `Instruction`, found a different `Instruction`
[INFO] [stdout]     |
[INFO] [stdout]     = note: `Instruction` and `Instruction` have similar names, but are actually distinct types
[INFO] [stdout] note: `Instruction` is defined in crate `solana_program`
[INFO] [stdout]    --> /opt/rustwide/cargo-home/registry/src/index.crates.io-6f17d22bba15001f/miraland-program-1.18.2/src/instruction.rs:330:1
[INFO] [stdout]     |
[INFO] [stdout] 330 | pub struct Instruction {
[INFO] [stdout]     | ^^^^^^^^^^^^^^^^^^^^^^
[INFO] [stdout] note: `Instruction` is defined in crate `solana_program`
[INFO] [stdout]    --> /opt/rustwide/cargo-home/registry/src/index.crates.io-6f17d22bba15001f/solana-program-1.17.14/src/instruction.rs:330:1
[INFO] [stdout]     |
[INFO] [stdout] 330 | pub struct Instruction {
[INFO] [stdout]     | ^^^^^^^^^^^^^^^^^^^^^^
[INFO] [stdout]     = note: perhaps two different versions of crate `solana_program` are being used?
[INFO] [stdout] note: function defined here
[INFO] [stdout]    --> /opt/rustwide/cargo-home/registry/src/index.crates.io-6f17d22bba15001f/solana-program-1.17.14/src/program.rs:132:8
[INFO] [stdout]     |
[INFO] [stdout] 132 | pub fn invoke(instruction: &Instruction, account_infos: &[AccountInfo]) -> ProgramResult {
[INFO] [stdout]     |        ^^^^^^
[INFO] [stdout] 
[INFO] [stdout] 
[INFO] [stdout] error[E0308]: arguments to this function are incorrect
[INFO] [stdout]    --> src/processor.rs:277:14
[INFO] [stdout]     |
[INFO] [stdout] 277 |             &spl_token::instruction::initialize_mint(
[INFO] [stdout]     |              ^^^^^^^^^^^^^^^^^^^^^^^^^^^^^^^^^^^^^^^
[INFO] [stdout] 278 |                 &spl_token::id(),
[INFO] [stdout] 279 |                 token_fail_mint_info.key,
[INFO] [stdout]     |                 ------------------------ expected `Pubkey`, found `solana_program::pubkey::Pubkey`
[INFO] [stdout] 280 |                 authority_info.key,
[INFO] [stdout]     |                 ------------------ expected `Pubkey`, found `solana_program::pubkey::Pubkey`
[INFO] [stdout]     |
[INFO] [stdout]     = note: `solana_program::pubkey::Pubkey` and `Pubkey` have similar names, but are actually distinct types
[INFO] [stdout] note: `solana_program::pubkey::Pubkey` is defined in crate `solana_program`
[INFO] [stdout]    --> /opt/rustwide/cargo-home/registry/src/index.crates.io-6f17d22bba15001f/solana-program-1.17.14/src/pubkey.rs:87:1
[INFO] [stdout]     |
[INFO] [stdout] 87  | pub struct Pubkey(pub(crate) [u8; 32]);
[INFO] [stdout]     | ^^^^^^^^^^^^^^^^^
[INFO] [stdout] note: `Pubkey` is defined in crate `solana_program`
[INFO] [stdout]    --> /opt/rustwide/cargo-home/registry/src/index.crates.io-6f17d22bba15001f/miraland-program-1.18.2/src/pubkey.rs:88:1
[INFO] [stdout]     |
[INFO] [stdout] 88  | pub struct Pubkey(pub(crate) [u8; 32]);
[INFO] [stdout]     | ^^^^^^^^^^^^^^^^^
[INFO] [stdout]     = note: perhaps two different versions of crate `solana_program` are being used?
[INFO] [stdout]     = note: `solana_program::pubkey::Pubkey` and `Pubkey` have similar names, but are actually distinct types
[INFO] [stdout] note: `solana_program::pubkey::Pubkey` is defined in crate `solana_program`
[INFO] [stdout]    --> /opt/rustwide/cargo-home/registry/src/index.crates.io-6f17d22bba15001f/solana-program-1.17.14/src/pubkey.rs:87:1
[INFO] [stdout]     |
[INFO] [stdout] 87  | pub struct Pubkey(pub(crate) [u8; 32]);
[INFO] [stdout]     | ^^^^^^^^^^^^^^^^^
[INFO] [stdout] note: `Pubkey` is defined in crate `solana_program`
[INFO] [stdout]    --> /opt/rustwide/cargo-home/registry/src/index.crates.io-6f17d22bba15001f/miraland-program-1.18.2/src/pubkey.rs:88:1
[INFO] [stdout]     |
[INFO] [stdout] 88  | pub struct Pubkey(pub(crate) [u8; 32]);
[INFO] [stdout]     | ^^^^^^^^^^^^^^^^^
[INFO] [stdout]     = note: perhaps two different versions of crate `solana_program` are being used?
[INFO] [stdout] note: function defined here
[INFO] [stdout]    --> /opt/rustwide/cargo-home/registry/src/index.crates.io-6f17d22bba15001f/solarti-token-3.5.6/src/instruction.rs:772:8
[INFO] [stdout]     |
[INFO] [stdout] 772 | pub fn initialize_mint(
[INFO] [stdout]     |        ^^^^^^^^^^^^^^^
[INFO] [stdout] 
[INFO] [stdout] 
[INFO] [stdout] error[E0308]: mismatched types
[INFO] [stdout]    --> src/processor.rs:277:13
[INFO] [stdout]     |
[INFO] [stdout] 276 |           invoke(
[INFO] [stdout]     |           ------ arguments to this function are incorrect
[INFO] [stdout] 277 | /             &spl_token::instruction::initialize_mint(
[INFO] [stdout] 278 | |                 &spl_token::id(),
[INFO] [stdout] 279 | |                 token_fail_mint_info.key,
[INFO] [stdout] 280 | |                 authority_info.key,
[INFO] [stdout] ...   |
[INFO] [stdout] 283 | |             )
[INFO] [stdout] 284 | |             .unwrap(),
[INFO] [stdout]     | |_____________________^ expected `Instruction`, found a different `Instruction`
[INFO] [stdout]     |
[INFO] [stdout]     = note: `Instruction` and `Instruction` have similar names, but are actually distinct types
[INFO] [stdout] note: `Instruction` is defined in crate `solana_program`
[INFO] [stdout]    --> /opt/rustwide/cargo-home/registry/src/index.crates.io-6f17d22bba15001f/miraland-program-1.18.2/src/instruction.rs:330:1
[INFO] [stdout]     |
[INFO] [stdout] 330 | pub struct Instruction {
[INFO] [stdout]     | ^^^^^^^^^^^^^^^^^^^^^^
[INFO] [stdout] note: `Instruction` is defined in crate `solana_program`
[INFO] [stdout]    --> /opt/rustwide/cargo-home/registry/src/index.crates.io-6f17d22bba15001f/solana-program-1.17.14/src/instruction.rs:330:1
[INFO] [stdout]     |
[INFO] [stdout] 330 | pub struct Instruction {
[INFO] [stdout]     | ^^^^^^^^^^^^^^^^^^^^^^
[INFO] [stdout]     = note: perhaps two different versions of crate `solana_program` are being used?
[INFO] [stdout] note: function defined here
[INFO] [stdout]    --> /opt/rustwide/cargo-home/registry/src/index.crates.io-6f17d22bba15001f/solana-program-1.17.14/src/program.rs:132:8
[INFO] [stdout]     |
[INFO] [stdout] 132 | pub fn invoke(instruction: &Instruction, account_infos: &[AccountInfo]) -> ProgramResult {
[INFO] [stdout]     |        ^^^^^^
[INFO] [stdout] 
[INFO] [stdout] 
[INFO] [stdout] error[E0599]: no function or associated item named `unpack` found for struct `spl_token::state::Account` in the current scope
[INFO] [stdout]    --> src/processor.rs:403:48
[INFO] [stdout]     |
[INFO] [stdout] 403 |         let user_pass_token_account = Account::unpack(&token_pass_user_account_info.data.borrow())?;
[INFO] [stdout]     |                                                ^^^^^^ function or associated item not found in `Account`
[INFO] [stdout]     |
[INFO] [stdout]     = help: items from traits can only be used if the trait is in scope
[INFO] [stdout] help: the following trait is implemented but not in scope; perhaps add a `use` for it:
[INFO] [stdout]     |
[INFO] [stdout] 3   + use spl_token::solana_program::program_pack::Pack;
[INFO] [stdout]     |
[INFO] [stdout] 
[INFO] [stdout] 
[INFO] [stdout] error[E0599]: no function or associated item named `unpack` found for struct `spl_token::state::Account` in the current scope
[INFO] [stdout]    --> src/processor.rs:404:48
[INFO] [stdout]     |
[INFO] [stdout] 404 |         let user_fail_token_account = Account::unpack(&token_fail_user_account_info.data.borrow())?;
[INFO] [stdout]     |                                                ^^^^^^ function or associated item not found in `Account`
[INFO] [stdout]     |
[INFO] [stdout]     = help: items from traits can only be used if the trait is in scope
[INFO] [stdout] help: the following trait is implemented but not in scope; perhaps add a `use` for it:
[INFO] [stdout]     |
[INFO] [stdout] 3   + use spl_token::solana_program::program_pack::Pack;
[INFO] [stdout]     |
[INFO] [stdout] 
[INFO] [stdout] 
[INFO] [stdout] warning: unused import: `Pack`
[INFO] [stdout]   --> src/processor.rs:17:35
[INFO] [stdout]    |
[INFO] [stdout] 17 |     program_pack::{IsInitialized, Pack},
[INFO] [stdout]    |                                   ^^^^
[INFO] [stdout]    |
[INFO] [stdout]    = note: `#[warn(unused_imports)]` on by default
[INFO] [stdout] 
[INFO] [stdout] 
[INFO] [stdout] warning: unused import: `IsInitialized`
[INFO] [stdout]   --> src/processor.rs:17:20
[INFO] [stdout]    |
[INFO] [stdout] 17 |     program_pack::{IsInitialized, Pack},
[INFO] [stdout]    |                    ^^^^^^^^^^^^^
[INFO] [stdout] 
[INFO] [stdout] 
[INFO] [stdout] error: aborting due to 27 previous errors; 2 warnings emitted
[INFO] [stdout] 
[INFO] [stdout] 
[INFO] [stdout] Some errors have detailed explanations: E0308, E0599.
[INFO] [stdout] 
[INFO] [stdout] For more information about an error, try `rustc --explain E0308`.
[INFO] [stdout] 
[INFO] [stderr] error: could not compile `solarti-binary-oracle-pair` (lib) due to 28 previous errors; 2 warnings emitted
[INFO] running `Command { std: "docker" "inspect" "4ce81e766e4b02c42b47becd4d4734462e2e07a125b0faa35061595747813bbc", kill_on_drop: false }`
[INFO] running `Command { std: "docker" "rm" "-f" "4ce81e766e4b02c42b47becd4d4734462e2e07a125b0faa35061595747813bbc", kill_on_drop: false }`
[INFO] [stdout] 4ce81e766e4b02c42b47becd4d4734462e2e07a125b0faa35061595747813bbc
