[INFO] fetching crate solana-core 1.17.7...
[INFO] testing solana-core-1.17.7 against 1.75.0 for beta-1.76-1
[INFO] extracting crate solana-core 1.17.7 into /workspace/builds/worker-3-tc1/source
[INFO] validating manifest of crates.io crate solana-core 1.17.7 on toolchain 1.75.0
[INFO] running `Command { std: CARGO_HOME="/workspace/cargo-home" RUSTUP_HOME="/workspace/rustup-home" "/workspace/cargo-home/bin/cargo" "+1.75.0" "metadata" "--manifest-path" "Cargo.toml" "--no-deps", kill_on_drop: false }`
[INFO] started tweaking crates.io crate solana-core 1.17.7
[INFO] finished tweaking crates.io crate solana-core 1.17.7
[INFO] tweaked toml for crates.io crate solana-core 1.17.7 written to /workspace/builds/worker-3-tc1/source/Cargo.toml
[INFO] running `Command { std: CARGO_HOME="/workspace/cargo-home" RUSTUP_HOME="/workspace/rustup-home" "/workspace/cargo-home/bin/cargo" "+1.75.0" "generate-lockfile" "--manifest-path" "Cargo.toml", kill_on_drop: false }`
[INFO] [stderr]     Updating crates.io index
[INFO] running `Command { std: CARGO_HOME="/workspace/cargo-home" RUSTUP_HOME="/workspace/rustup-home" "/workspace/cargo-home/bin/cargo" "+1.75.0" "fetch" "--manifest-path" "Cargo.toml", kill_on_drop: false }`
[INFO] [stderr]  Downloading crates ...
[INFO] [stderr]   Downloaded test-case-macros v3.3.1
[INFO] [stderr]   Downloaded stream-cancel v0.8.2
[INFO] [stderr]   Downloaded test-case-core v3.3.1
[INFO] [stderr]   Downloaded test-case v3.3.1
[INFO] [stderr]   Downloaded raptorq v1.8.0
[INFO] [stderr]   Downloaded light-poseidon v0.1.2
[INFO] running `Command { std: "docker" "create" "-v" "/var/lib/crater-agent-workspace/builds/worker-3-tc1/target:/opt/rustwide/target:rw,Z" "-v" "/var/lib/crater-agent-workspace/builds/worker-3-tc1/source:/opt/rustwide/workdir:ro,Z" "-v" "/var/lib/crater-agent-workspace/cargo-home:/opt/rustwide/cargo-home:ro,Z" "-v" "/var/lib/crater-agent-workspace/rustup-home:/opt/rustwide/rustup-home:ro,Z" "-e" "SOURCE_DIR=/opt/rustwide/workdir" "-e" "CARGO_TARGET_DIR=/opt/rustwide/target" "-e" "CARGO_HOME=/opt/rustwide/cargo-home" "-e" "RUSTUP_HOME=/opt/rustwide/rustup-home" "-w" "/opt/rustwide/workdir" "-m" "1610612736" "--user" "0:0" "--network" "none" "ghcr.io/rust-lang/crates-build-env/linux@sha256:2788e3201cd34a07e3172128adcd8b3090168a8e3bcc40d7c032b9dda1df7d1c" "/opt/rustwide/cargo-home/bin/cargo" "+1.75.0" "metadata" "--no-deps" "--format-version=1", kill_on_drop: false }`
[INFO] [stdout] f8ceca5a1f9d26882cb11be9bb4bab53ef8219144f918ad9942a894cf097c818
[INFO] running `Command { std: "docker" "start" "-a" "f8ceca5a1f9d26882cb11be9bb4bab53ef8219144f918ad9942a894cf097c818", kill_on_drop: false }`
[INFO] running `Command { std: "docker" "inspect" "f8ceca5a1f9d26882cb11be9bb4bab53ef8219144f918ad9942a894cf097c818", kill_on_drop: false }`
[INFO] running `Command { std: "docker" "rm" "-f" "f8ceca5a1f9d26882cb11be9bb4bab53ef8219144f918ad9942a894cf097c818", kill_on_drop: false }`
[INFO] [stdout] f8ceca5a1f9d26882cb11be9bb4bab53ef8219144f918ad9942a894cf097c818
[INFO] running `Command { std: "docker" "create" "-v" "/var/lib/crater-agent-workspace/builds/worker-3-tc1/target:/opt/rustwide/target:rw,Z" "-v" "/var/lib/crater-agent-workspace/builds/worker-3-tc1/source:/opt/rustwide/workdir:ro,Z" "-v" "/var/lib/crater-agent-workspace/cargo-home:/opt/rustwide/cargo-home:ro,Z" "-v" "/var/lib/crater-agent-workspace/rustup-home:/opt/rustwide/rustup-home:ro,Z" "-e" "SOURCE_DIR=/opt/rustwide/workdir" "-e" "CARGO_TARGET_DIR=/opt/rustwide/target" "-e" "CARGO_INCREMENTAL=0" "-e" "RUST_BACKTRACE=full" "-e" "RUSTFLAGS=--cap-lints=warn" "-e" "RUSTDOCFLAGS=--cap-lints=warn" "-e" "CARGO_HOME=/opt/rustwide/cargo-home" "-e" "RUSTUP_HOME=/opt/rustwide/rustup-home" "-w" "/opt/rustwide/workdir" "-m" "1610612736" "--user" "0:0" "--network" "none" "ghcr.io/rust-lang/crates-build-env/linux@sha256:2788e3201cd34a07e3172128adcd8b3090168a8e3bcc40d7c032b9dda1df7d1c" "/opt/rustwide/cargo-home/bin/cargo" "+1.75.0" "build" "--frozen" "--message-format=json", kill_on_drop: false }`
[INFO] [stdout] f00471b7ba72aa381ac09921afcf08de3951e5df035f100e551caef5ee326b94
[INFO] running `Command { std: "docker" "start" "-a" "f00471b7ba72aa381ac09921afcf08de3951e5df035f100e551caef5ee326b94", kill_on_drop: false }`
[INFO] [stderr]    Compiling libc v0.2.151
[INFO] [stderr]    Compiling serde v1.0.194
[INFO] [stderr]    Compiling typenum v1.17.0
[INFO] [stderr]    Compiling syn v1.0.109
[INFO] [stderr]    Compiling generic-array v0.14.7
[INFO] [stderr]    Compiling semver v1.0.21
[INFO] [stderr]    Compiling syn v2.0.48
[INFO] [stderr]    Compiling either v1.9.0
[INFO] [stderr]    Compiling log v0.4.20
[INFO] [stderr]    Compiling rustc_version v0.4.0
[INFO] [stderr]    Compiling memchr v2.7.1
[INFO] [stderr]    Compiling subtle v2.4.1
[INFO] [stderr]    Compiling jobserver v0.1.27
[INFO] [stderr]    Compiling cpufeatures v0.2.12
[INFO] [stderr]    Compiling rayon v1.8.0
[INFO] [stderr]    Compiling lock_api v0.4.11
[INFO] [stderr]    Compiling cc v1.0.83
[INFO] [stderr]    Compiling smallvec v1.11.2
[INFO] [stderr]    Compiling scopeguard v1.2.0
[INFO] [stderr]    Compiling ahash v0.7.7
[INFO] [stderr]    Compiling getrandom v0.1.16
[INFO] [stderr]    Compiling getrandom v0.2.11
[INFO] [stderr]    Compiling num_cpus v1.16.0
[INFO] [stderr]    Compiling rustversion v1.0.14
[INFO] [stderr]    Compiling rand_core v0.6.4
[INFO] [stderr]    Compiling serde_json v1.0.111
[INFO] [stderr]    Compiling rand_chacha v0.3.1
[INFO] [stderr]    Compiling unicode-normalization v0.1.22
[INFO] [stderr]    Compiling rand v0.8.5
[INFO] [stderr]    Compiling indexmap v2.1.0
[INFO] [stderr]    Compiling byteorder v1.5.0
[INFO] [stderr]    Compiling opaque-debug v0.3.0
[INFO] [stderr]    Compiling rand_core v0.5.1
[INFO] [stderr]    Compiling num-traits v0.2.17
[INFO] [stderr]    Compiling base64 v0.21.5
[INFO] [stderr]    Compiling parking_lot_core v0.9.9
[INFO] [stderr]    Compiling futures-core v0.3.30
[INFO] [stderr]    Compiling ahash v0.8.7
[INFO] [stderr]    Compiling num-integer v0.1.45
[INFO] [stderr]    Compiling block-padding v0.2.1
[INFO] [stderr]    Compiling rand_chacha v0.2.2
[INFO] [stderr]    Compiling num-bigint v0.4.4
[INFO] [stderr]    Compiling zerocopy v0.7.32
[INFO] [stderr]    Compiling rustc-hash v1.1.0
[INFO] [stderr]    Compiling parking_lot v0.12.1
[INFO] [stderr]    Compiling rand v0.7.3
[INFO] [stderr]    Compiling ark-std v0.4.0
[INFO] [stderr]    Compiling digest v0.9.0
[INFO] [stderr]    Compiling wasm-bindgen-shared v0.2.89
[INFO] [stderr]    Compiling hashbrown v0.13.2
[INFO] [stderr]    Compiling libsecp256k1-core v0.2.2
[INFO] [stderr]    Compiling socket2 v0.5.5
[INFO] [stderr]    Compiling itertools v0.10.5
[INFO] [stderr]    Compiling percent-encoding v2.3.1
[INFO] [stderr]    Compiling signal-hook-registry v1.4.1
[INFO] [stderr]    Compiling mio v0.8.10
[INFO] [stderr]    Compiling bumpalo v3.14.0
[INFO] [stderr]    Compiling feature-probe v0.1.1
[INFO] [stderr]    Compiling futures-sink v0.3.30
[INFO] [stderr]    Compiling wasm-bindgen-backend v0.2.89
[INFO] [stderr]    Compiling bv v0.11.1
[INFO] [stderr]    Compiling libsecp256k1-gen-ecmult v0.2.1
[INFO] [stderr]    Compiling libsecp256k1-gen-genmult v0.2.1
[INFO] [stderr]    Compiling blake3 v1.5.0
[INFO] [stderr]    Compiling bitmaps v2.1.0
[INFO] [stderr]    Compiling solana-frozen-abi-macro v1.17.7
[INFO] [stderr]    Compiling im v15.1.0
[INFO] [stderr]    Compiling keccak v0.1.4
[INFO] [stderr]    Compiling toml_datetime v0.6.3
[INFO] [stderr]    Compiling toml v0.5.11
[INFO] [stderr]    Compiling wasm-bindgen-macro-support v0.2.89
[INFO] [stderr]    Compiling serde_derive v1.0.194
[INFO] [stderr]    Compiling thiserror-impl v1.0.56
[INFO] [stderr]    Compiling zeroize_derive v1.4.2
[INFO] [stderr]    Compiling tokio-macros v2.2.0
[INFO] [stderr]    Compiling ark-serialize-derive v0.4.2
[INFO] [stderr]    Compiling ark-ff-asm v0.4.2
[INFO] [stderr]    Compiling derivative v2.2.0
[INFO] [stderr]    Compiling zeroize v1.3.0
[INFO] [stderr]    Compiling ark-ff-macros v0.4.2
[INFO] [stderr]    Compiling proc-macro-crate v0.1.5
[INFO] [stderr]    Compiling tokio v1.35.1
[INFO] [stderr]    Compiling sized-chunks v0.6.5
[INFO] [stderr]    Compiling libsecp256k1 v0.6.0
[INFO] [stderr]    Compiling thiserror v1.0.56
[INFO] [stderr]    Compiling borsh-derive-internal v0.10.3
[INFO] [stderr]    Compiling borsh-derive-internal v0.9.3
[INFO] [stderr]    Compiling borsh-schema-derive-internal v0.10.3
[INFO] [stderr]    Compiling borsh-schema-derive-internal v0.9.3
[INFO] [stderr]    Compiling rand_xoshiro v0.6.0
[INFO] [stderr]    Compiling aho-corasick v1.1.2
[INFO] [stderr]    Compiling solana-frozen-abi v1.17.7
[INFO] [stderr]    Compiling memoffset v0.9.0
[INFO] [stderr]    Compiling bs58 v0.4.0
[INFO] [stderr]    Compiling regex-syntax v0.8.2
[INFO] [stderr]    Compiling wasm-bindgen v0.2.89
[INFO] [stderr]    Compiling futures-io v0.3.30
[INFO] [stderr]    Compiling borsh-derive v0.10.3
[INFO] [stderr]    Compiling borsh-derive v0.9.3
[INFO] [stderr]    Compiling wasm-bindgen-macro v0.2.89
[INFO] [stderr]    Compiling bytemuck_derive v1.5.0
[INFO] [stderr]    Compiling regex-automata v0.4.3
[INFO] [stderr]    Compiling futures-macro v0.3.30
[INFO] [stderr]    Compiling futures-channel v0.3.30
[INFO] [stderr]    Compiling solana-program v1.17.7
[INFO] [stderr]    Compiling hashbrown v0.11.2
[INFO] [stderr]    Compiling memmap2 v0.5.10
[INFO] [stderr]    Compiling base64 v0.12.3
[INFO] [stderr]    Compiling futures-task v0.3.30
[INFO] [stderr]    Compiling futures v0.1.31
[INFO] [stderr]    Compiling borsh v0.9.3
[INFO] [stderr]    Compiling bytemuck v1.14.0
[INFO] [stderr]    Compiling borsh v0.10.3
[INFO] [stderr]    Compiling solana-sdk-macro v1.17.7
[INFO] [stderr]    Compiling num-derive v0.3.3
[INFO] [stderr]    Compiling pkg-config v0.3.28
[INFO] [stderr]    Compiling ident_case v1.0.1
[INFO] [stderr]    Compiling futures-util v0.3.30
[INFO] [stderr]    Compiling darling_core v0.20.3
[INFO] [stderr]    Compiling toml_edit v0.19.15
[INFO] [stderr]    Compiling atty v0.2.14
[INFO] [stderr]    Compiling regex v1.10.2
[INFO] [stderr]    Compiling bitflags v2.4.1
[INFO] [stderr]    Compiling block-buffer v0.10.4
[INFO] [stderr]    Compiling crypto-common v0.1.6
[INFO] [stderr]    Compiling digest v0.10.7
[INFO] [stderr]    Compiling block-buffer v0.9.0
[INFO] [stderr]    Compiling ark-serialize v0.4.2
[INFO] [stderr]    Compiling crypto-mac v0.8.0
[INFO] [stderr]    Compiling ark-ff v0.4.2
[INFO] [stderr]    Compiling sha2 v0.9.9
[INFO] [stderr]    Compiling hmac v0.8.1
[INFO] [stderr]    Compiling curve25519-dalek v3.2.1
[INFO] [stderr]    Compiling sha2 v0.10.8
[INFO] [stderr]    Compiling hmac-drbg v0.3.0
[INFO] [stderr]    Compiling pbkdf2 v0.4.0
[INFO] [stderr]    Compiling serde_bytes v0.11.14
[INFO] [stderr]    Compiling tiny-bip39 v0.8.2
[INFO] [stderr]    Compiling sha3 v0.10.8
[INFO] [stderr]    Compiling bincode v1.3.3
[INFO] [stderr]    Compiling darling_macro v0.20.3
[INFO] [stderr]    Compiling proc-macro-crate v1.3.1
[INFO] [stderr]    Compiling signature v1.6.4
[INFO] [stderr]    Compiling termcolor v1.4.0
[INFO] [stderr]    Compiling iana-time-zone v0.1.59
[INFO] [stderr]    Compiling chrono v0.4.31
[INFO] [stderr]    Compiling num_enum_derive v0.6.1
[INFO] [stderr]    Compiling ed25519 v1.5.3
[INFO] [stderr]    Compiling env_logger v0.9.3
[INFO] [stderr]    Compiling ed25519-dalek v1.0.1
[INFO] [stderr]    Compiling darling v0.20.3
[INFO] [stderr]    Compiling hmac v0.12.1
[INFO] [stderr]    Compiling serde_with_macros v2.3.3
[INFO] [stderr]    Compiling tracing-attributes v0.1.27
[INFO] [stderr]    Compiling http v0.2.11
[INFO] [stderr]    Compiling solana-sdk v1.17.7
[INFO] [stderr]    Compiling tracing-core v0.1.32
[INFO] [stderr]    Compiling num_enum v0.6.1
[INFO] [stderr]    Compiling derivation-path v0.2.0
[INFO] [stderr]    Compiling ed25519-dalek-bip32 v0.2.0
[INFO] [stderr]    Compiling solana-logger v1.17.7
[INFO] [stderr]    Compiling pbkdf2 v0.11.0
[INFO] [stderr]    Compiling qualifier_attr v0.2.2
[INFO] [stderr]    Compiling qstring v0.7.2
[INFO] [stderr]    Compiling serde_with v2.3.3
[INFO] [stderr]    Compiling ring v0.17.7
[INFO] [stderr]    Compiling uriparse v0.6.4
[INFO] [stderr]    Compiling assert_matches v1.5.0
[INFO] [stderr]    Compiling spin v0.9.8
[INFO] [stderr]    Compiling untrusted v0.9.0
[INFO] [stderr]    Compiling tracing v0.1.40
[INFO] [stderr]    Compiling tokio-util v0.7.10
[INFO] [stderr]    Compiling openssl-src v300.2.1+3.2.0
[INFO] [stderr]    Compiling unicode-bidi v0.3.14
[INFO] [stderr]    Compiling tower-service v0.3.2
[INFO] [stderr]    Compiling vcpkg v0.2.15
[INFO] [stderr]    Compiling http-body v0.4.6
[INFO] [stderr]    Compiling rustls v0.21.10
[INFO] [stderr]    Compiling try-lock v0.2.5
[INFO] [stderr]    Compiling want v0.3.1
[INFO] [stderr]    Compiling form_urlencoded v1.2.1
[INFO] [stderr]    Compiling openssl v0.10.62
[INFO] [stderr]    Compiling idna v0.5.0
[INFO] [stderr]    Compiling h2 v0.3.22
[INFO] [stderr]    Compiling openssl-macros v0.1.1
[INFO] [stderr]    Compiling url v2.5.0
[INFO] [stderr]    Compiling rustls-pemfile v1.0.4
[INFO] [stderr]    Compiling openssl-sys v0.9.98
[INFO] [stderr]    Compiling native-tls v0.2.11
[INFO] [stderr]    Compiling brotli-decompressor v2.5.1
[INFO] [stderr]    Compiling flate2 v1.0.28
[INFO] [stderr]    Compiling webpki-roots v0.25.3
[INFO] [stderr]    Compiling serde_urlencoded v0.7.1
[INFO] [stderr]    Compiling num-bigint v0.2.6
[INFO] [stderr]    Compiling ipnet v2.9.0
[INFO] [stderr]    Compiling crossbeam-channel v0.5.10
[INFO] [stderr]    Compiling num-complex v0.2.4
[INFO] [stderr]    Compiling num-iter v0.1.43
[INFO] [stderr]    Compiling num-rational v0.2.4
[INFO] [stderr]    Compiling scroll_derive v0.11.1
[INFO] [stderr]    Compiling gethostname v0.2.3
[INFO] [stderr]    Compiling brotli v3.4.0
[INFO] [stderr]    Compiling void v1.0.2
[INFO] [stderr]    Compiling unreachable v1.0.0
[INFO] [stderr]    Compiling ascii v0.9.3
[INFO] [stderr]    Compiling plain v0.2.3
[INFO] [stderr]    Compiling enum-iterator-derive v1.2.1
[INFO] [stderr]    Compiling scroll v0.11.0
[INFO] [stderr]    Compiling goblin v0.5.4
[INFO] [stderr]    Compiling ark-poly v0.4.2
[INFO] [stderr]    Compiling combine v3.8.1
[INFO] [stderr]    Compiling num v0.2.1
[INFO] [stderr]    Compiling hash32 v0.2.1
[INFO] [stderr]    Compiling solana-program-runtime v1.17.7
[INFO] [stderr]    Compiling rustc-demangle v0.1.23
[INFO] [stderr]    Compiling ark-ec v0.4.2
[INFO] [stderr]    Compiling enum-iterator v1.4.1
[INFO] [stderr]    Compiling percentage v0.1.0
[INFO] [stderr]    Compiling hyper v0.14.28
[INFO] [stderr]    Compiling ark-bn254 v0.4.0
[INFO] [stderr]    Compiling async-compression v0.4.5
[INFO] [stderr]    Compiling light-poseidon v0.1.2
[INFO] [stderr]    Compiling eager v0.1.0
[INFO] [stderr]    Compiling cipher v0.3.0
[INFO] [stderr]    Compiling universal-hash v0.4.1
[INFO] [stderr]    Compiling rustix v0.38.28
[INFO] [stderr]    Compiling polyval v0.5.3
[INFO] [stderr]    Compiling ctr v0.8.0
[INFO] [stderr]    Compiling aes v0.7.5
[INFO] [stderr]    Compiling aead v0.4.3
[INFO] [stderr]    Compiling sha3 v0.9.1
[INFO] [stderr]    Compiling solana_rbpf v0.8.0
[INFO] [stderr]    Compiling aes-gcm-siv v0.10.3
[INFO] [stderr]    Compiling merlin v3.0.0
[INFO] [stderr]    Compiling spl-discriminator-syn v0.1.1
[INFO] [stderr]    Compiling spl-program-error-derive v0.3.1
[INFO] [stderr]    Compiling num-derive v0.4.1
[INFO] [stderr]    Compiling fastrand v2.0.1
[INFO] [stderr]    Compiling futures-executor v0.3.30
[INFO] [stderr]    Compiling zstd-sys v2.0.9+zstd.1.5.5
[INFO] [stderr]    Compiling spl-discriminator-derive v0.1.1
[INFO] [stderr]    Compiling futures v0.3.30
[INFO] [stderr]    Compiling toml_edit v0.20.2
[INFO] [stderr]    Compiling time-core v0.1.2
[INFO] [stderr]    Compiling powerfmt v0.2.0
[INFO] [stderr]    Compiling time-macros v0.2.16
[INFO] [stderr]    Compiling solana-vote-program v1.17.7
[INFO] [stderr]    Compiling deranged v0.3.11
[INFO] [stderr]    Compiling zstd-safe v5.0.2+zstd.1.5.2
[INFO] [stderr]    Compiling async-trait v0.1.77
[INFO] [stderr]    Compiling hashbrown v0.12.3
[INFO] [stderr]    Compiling solana-version v1.17.7
[INFO] [stderr]    Compiling base64 v0.13.1
[INFO] [stderr]    Compiling proc-macro-crate v2.0.1
[INFO] [stderr]    Compiling linux-raw-sys v0.4.12
[INFO] [stderr]    Compiling time v0.3.31
[INFO] [stderr]    Compiling num_enum_derive v0.7.1
[INFO] [stderr]    Compiling prost-derive v0.11.9
[INFO] [stderr]    Compiling Inflector v0.11.4
[INFO] [stderr]    Compiling unicode-width v0.1.11
[INFO] [stderr]    Compiling jsonrpc-core v18.0.0
[INFO] [stderr]    Compiling num_enum v0.7.1
[INFO] [stderr]    Compiling memoffset v0.7.1
[INFO] [stderr]    Compiling indexmap v1.9.3
[INFO] [stderr]    Compiling tempfile v3.9.0
[INFO] [stderr]    Compiling ring v0.16.20
[INFO] [stderr]    Compiling bytes v1.5.0
[INFO] [stderr]    Compiling prettyplease v0.1.25
[INFO] [stderr]    Compiling console v0.15.7
[INFO] [stderr]    Compiling spin v0.5.2
[INFO] [stderr]    Compiling home v0.5.9
[INFO] [stderr]    Compiling untrusted v0.7.1
[INFO] [stderr]    Compiling fixedbitset v0.4.2
[INFO] [stderr]    Compiling nix v0.26.4
[INFO] [stderr]    Compiling prost v0.11.9
[INFO] [stderr]    Compiling petgraph v0.6.4
[INFO] [stderr]    Compiling prost-types v0.11.9
[INFO] [stderr]    Compiling sha1 v0.10.6
[INFO] [stderr]    Compiling tokio-stream v0.1.14
[INFO] [stderr]    Compiling dlopen2_derive v0.3.0
[INFO] [stderr]    Compiling lz4-sys v1.9.4
[INFO] [stderr]    Compiling solana-rayon-threadlimit v1.17.7
[INFO] [stderr]    Compiling solana-perf v1.17.7
[INFO] [stderr]    Compiling which v4.4.2
[INFO] [stderr]    Compiling instant v0.1.12
[INFO] [stderr]    Compiling multimap v0.8.3
[INFO] [stderr]    Compiling unicode-xid v0.2.4
[INFO] [stderr]    Compiling glob v0.3.1
[INFO] [stderr]    Compiling prost-build v0.11.9
[INFO] [stderr]    Compiling synstructure v0.12.6
[INFO] [stderr]    Compiling dlopen2 v0.5.0
[INFO] [stderr]    Compiling clang-sys v1.7.0
[INFO] [stderr]    Compiling nom v7.1.3
[INFO] [stderr]    Compiling caps v0.5.5
[INFO] [stderr]    Compiling proc-macro-error-attr v1.0.4
[INFO] [stderr]    Compiling parking_lot_core v0.8.6
[INFO] [stderr]    Compiling prettyplease v0.2.16
[INFO] [stderr]    Compiling data-encoding v2.5.0
[INFO] [stderr]    Compiling asn1-rs-derive v0.4.0
[INFO] [stderr]    Compiling tonic-build v0.9.2
[INFO] [stderr]    Compiling yasna v0.5.2
[INFO] [stderr]    Compiling rusticata-macros v4.1.0
[INFO] [stderr]    Compiling pem v1.1.1
[INFO] [stderr]    Compiling bzip2-sys v0.1.11+1.0.8
[INFO] [stderr]    Compiling asn1-rs-impl v0.1.0
[INFO] [stderr]    Compiling displaydoc v0.2.4
[INFO] [stderr]    Compiling pin-project-internal v1.1.3
[INFO] [stderr]    Compiling autotools v0.2.6
[INFO] [stderr]    Compiling proc-macro-error v1.0.4
[INFO] [stderr]    Compiling portable-atomic v1.6.0
[INFO] [stderr]    Compiling protobuf-src v1.1.0+21.5
[INFO] [stderr]    Compiling rcgen v0.10.0
[INFO] [stderr]    Compiling asn1-rs v0.5.2
[INFO] [stderr]    Compiling axum-core v0.3.4
[INFO] [stderr]    Compiling solana-stake-program v1.17.7
[INFO] [stderr]    Compiling libloading v0.8.1
[INFO] [stderr]    Compiling shell-words v1.1.0
[INFO] [stderr]    Compiling const-oid v0.7.1
[INFO] [stderr]    Compiling bindgen v0.65.1
[INFO] [stderr]    Compiling oid-registry v0.6.1
[INFO] [stderr]    Compiling tower-layer v0.3.2
[INFO] [stderr]    Compiling der v0.5.1
[INFO] [stderr]    Compiling dialoguer v0.10.4
[INFO] [stderr]    Compiling pin-project v1.1.3
[INFO] [stderr]    Compiling parking_lot v0.11.2
[INFO] [stderr]    Compiling cexpr v0.6.0
[INFO] [stderr]    Compiling textwrap v0.11.0
[INFO] [stderr]    Compiling rustls-native-certs v0.6.3
[INFO] [stderr]    Compiling modular-bitfield-impl v0.11.2
[INFO] [stderr]    Compiling axum v0.6.20
[INFO] [stderr]    Compiling rtoolbox v0.0.2
[INFO] [stderr]    Compiling solana-address-lookup-table-program v1.17.7
[INFO] [stderr]    Compiling fs-err v2.11.0
[INFO] [stderr]    Compiling vec_map v0.8.2
[INFO] [stderr]    Compiling peeking_take_while v0.1.2
[INFO] [stderr]    Compiling shlex v1.2.0
[INFO] [stderr]    Compiling lazycell v1.3.0
[INFO] [stderr]    Compiling number_prefix v0.4.0
[INFO] [stderr]    Compiling ansi_term v0.12.1
[INFO] [stderr]    Compiling static_assertions v1.1.0
[INFO] [stderr]    Compiling os_str_bytes v6.6.1
[INFO] [stderr]    Compiling strsim v0.8.0
[INFO] [stderr]    Compiling event-listener v2.5.3
[INFO] [stderr]    Compiling base64ct v1.6.0
[INFO] [stderr]    Compiling spki v0.5.4
[INFO] [stderr]    Compiling clap_lex v0.2.4
[INFO] [stderr]    Compiling clap v2.34.0
[INFO] [stderr]    Compiling ouroboros_macro v0.15.6
[INFO] [stderr]    Compiling modular-bitfield v0.11.2
[INFO] [stderr]    Compiling indicatif v0.17.7
[INFO] [stderr]    Compiling rpassword v7.3.1
[INFO] [stderr]    Compiling der-parser v8.2.0
[INFO] [stderr]    Compiling tower v0.4.13
[INFO] [stderr]    Compiling strum_macros v0.24.3
[INFO] [stderr]    Compiling xattr v1.2.0
[INFO] [stderr]    Compiling quinn-udp v0.4.1
[INFO] [stderr]    Compiling tokio-io-timeout v1.2.0
[INFO] [stderr]    Compiling async-stream-impl v0.3.5
[INFO] [stderr]    Compiling dashmap v4.0.2
[INFO] [stderr]    Compiling filetime v0.2.23
[INFO] [stderr]    Compiling solana-vote v1.17.7
[INFO] [stderr]    Compiling solana-cost-model v1.17.7
[INFO] [stderr]    Compiling solana-accounts-db v1.17.7
[INFO] [stderr]    Compiling concurrent-queue v2.4.0
[INFO] [stderr]    Compiling utf-8 v0.7.6
[INFO] [stderr]    Compiling matchit v0.7.3
[INFO] [stderr]    Compiling sync_wrapper v0.1.2
[INFO] [stderr]    Compiling aliasable v0.1.3
[INFO] [stderr]    Compiling textwrap v0.16.0
[INFO] [stderr]    Compiling ouroboros v0.15.6
[INFO] [stderr]    Compiling async-channel v1.9.0
[INFO] [stderr]    Compiling clap v3.2.25
[INFO] [stderr]    Compiling async-stream v0.3.5
[INFO] [stderr]    Compiling strum v0.24.1
[INFO] [stderr]    Compiling tar v0.4.40
[INFO] [stderr]    Compiling hyper-timeout v0.4.1
[INFO] [stderr]    Compiling x509-parser v0.14.0
[INFO] [stderr]    Compiling pkcs8 v0.8.0
[INFO] [stderr]    Compiling lru v0.7.8
[INFO] [stderr]    Compiling headers-core v0.2.0
[INFO] [stderr]    Compiling solana-runtime v1.17.7
[INFO] [stderr]    Compiling ieee754 v0.2.6
[INFO] [stderr]    Compiling libm v0.2.8
[INFO] [stderr]    Compiling index_list v0.2.11
[INFO] [stderr]    Compiling histogram v0.6.9
[INFO] [stderr]    Compiling simpl v0.1.0
[INFO] [stderr]    Compiling fast-math v0.1.1
[INFO] [stderr]    Compiling headers v0.3.9
[INFO] [stderr]    Compiling dir-diff v0.3.3
[INFO] [stderr]    Compiling reed-solomon-erasure v6.0.0
[INFO] [stderr]    Compiling arc-swap v1.6.0
[INFO] [stderr]    Compiling symlink v0.1.0
[INFO] [stderr]    Compiling siphasher v0.3.11
[INFO] [stderr]    Compiling librocksdb-sys v0.11.0+8.1.1
[INFO] [stderr]    Compiling async-mutex v1.4.0
[INFO] [stderr]    Compiling backoff v0.4.0
[INFO] [stderr]    Compiling solana-ledger v1.17.7
[INFO] [stderr]    Compiling matches v0.1.10
[INFO] [stderr]    Compiling ucd-trie v0.1.6
[INFO] [stderr]    Compiling idna v0.1.5
[INFO] [stderr]    Compiling chrono-humanize v0.2.3
[INFO] [stderr]    Compiling dirs-sys-next v0.1.2
[INFO] [stderr]    Compiling bstr v1.9.0
[INFO] [stderr]    Compiling solana-bloom v1.17.7
[INFO] [stderr]    Compiling trees v0.4.2
[INFO] [stderr]    Compiling fs_extra v1.3.0
[INFO] [stderr]    Compiling percent-encoding v1.0.1
[INFO] [stderr]    Compiling unsafe-libyaml v0.2.10
[INFO] [stderr]    Compiling url v1.7.2
[INFO] [stderr]    Compiling globset v0.4.14
[INFO] [stderr]    Compiling derive_more v0.99.17
[INFO] [stderr]    Compiling serde_yaml v0.9.30
[INFO] [stderr]    Compiling dirs-next v2.0.0
[INFO] [stderr]    Compiling pest v2.7.6
[INFO] [stderr]    Compiling jsonrpc-pubsub v18.0.0
[INFO] [stderr]    Compiling tokio-util v0.6.10
[INFO] [stderr]    Compiling solana-gossip v1.17.7
[INFO] [stderr]    Compiling cfg-if v0.1.10
[INFO] [stderr]    Compiling net2 v0.2.39
[INFO] [stderr]    Compiling jsonrpc-server-utils v18.0.0
[INFO] [stderr]    Compiling sha-1 v0.9.8
[INFO] [stderr]    Compiling core_affinity v0.5.10
[INFO] [stderr]    Compiling jsonrpc-http-server v18.0.0
[INFO] [stderr]    Compiling pest_meta v2.7.6
[INFO] [stderr]    Compiling soketto v0.7.1
[INFO] [stderr]    Compiling stream-cancel v0.8.2
[INFO] [stderr]    Compiling jsonrpc-derive v18.0.0
[INFO] [stderr]    Compiling pest_generator v2.7.6
[INFO] [stderr]    Compiling sys-info v0.9.1
[INFO] [stderr]    Compiling etcd-client v0.11.1
[INFO] [stderr]    Compiling solana-core v1.17.7 (/opt/rustwide/workdir)
[INFO] [stderr]    Compiling pest_derive v2.7.6
[INFO] [stderr]    Compiling libloading v0.7.4
[INFO] [stderr]    Compiling jsonrpc-client-transports v18.0.0
[INFO] [stderr]    Compiling jsonrpc-core-client v18.0.0
[INFO] [stderr]    Compiling sysctl v0.4.6
[INFO] [stderr]    Compiling rolling-file v0.2.0
[INFO] [stderr]    Compiling min-max-heap v1.3.0
[INFO] [stderr]    Compiling json5 v0.4.1
[INFO] [stderr]    Compiling bzip2 v0.4.4
[INFO] [stderr]    Compiling lz4 v1.24.0
[INFO] [stderr]    Compiling solana-measure v1.17.7
[INFO] [stderr]    Compiling solana-zk-token-sdk v1.17.7
[INFO] [stderr] error: failed to run custom build command for `protobuf-src v1.1.0+21.5`
[INFO] [stderr] note: To improve backtraces for build dependencies, set the CARGO_PROFILE_DEV_BUILD_OVERRIDE_DEBUG=true environment variable to enable debug information generation.
[INFO] [stderr] 
[INFO] [stderr] Caused by:
[INFO] [stderr]   process didn't exit successfully: `/opt/rustwide/target/debug/build/protobuf-src-8402aa97879b9514/build-script-build` (exit status: 101)
[INFO] [stderr]   --- stdout
[INFO] [stderr]   running: cd "/opt/rustwide/target/debug/build/protobuf-src-28c3860e60b50345/out/install/build" && CC="cc" CFLAGS="-O0 -ffunction-sections -fdata-sections -fPIC -m64" CXX="c++" CXXFLAGS="-O0 -ffunction-sections -fdata-sections -fPIC -m64" "sh" "-c" "exec \"$0\" \"$@\"" "/opt/rustwide/cargo-home/registry/src/index.crates.io-6f17d22bba15001f/protobuf-src-1.1.0+21.5/protobuf/configure" "--prefix=/opt/rustwide/target/debug/build/protobuf-src-28c3860e60b50345/out/install" "--disable-shared" "--enable-static" "--disable-maintainer-mode"
[INFO] [stderr]   checking whether to enable maintainer-specific portions of Makefiles... no
[INFO] [stderr]   checking build system type... x86_64-pc-linux-gnu
[INFO] [stderr]   checking host system type... x86_64-pc-linux-gnu
[INFO] [stderr]   checking target system type... x86_64-pc-linux-gnu
[INFO] [stderr]   checking for a BSD-compatible install... /usr/bin/install -c
[INFO] [stderr]   checking whether build environment is sane... yes
[INFO] [stderr]   checking for a race-free mkdir -p... /usr/bin/mkdir -p
[INFO] [stderr]   checking for gawk... no
[INFO] [stderr]   checking for mawk... mawk
[INFO] [stderr]   checking whether make sets $(MAKE)... yes
[INFO] [stderr]   checking whether make supports nested variables... yes
[INFO] [stderr]   checking whether UID '0' is supported by ustar format... yes
[INFO] [stderr]   checking whether GID '0' is supported by ustar format... yes
[INFO] [stderr]   checking how to create a ustar tar archive... gnutar
[INFO] [stderr]   checking whether make supports nested variables... (cached) yes
[INFO] [stderr]   checking for gcc... cc
[INFO] [stderr]   checking whether the C compiler works... yes
[INFO] [stderr]   checking for C compiler default output file name... a.out
[INFO] [stderr]   checking for suffix of executables... 
[INFO] [stderr]   checking whether we are cross compiling... no
[INFO] [stderr]   checking for suffix of object files... o
[INFO] [stderr]   checking whether the compiler supports GNU C... yes
[INFO] [stderr]   checking whether cc accepts -g... yes
[INFO] [stderr]   checking for cc option to enable C11 features... none needed
[INFO] [stderr]   checking whether cc understands -c and -o together... yes
[INFO] [stderr]   checking whether make supports the include directive... yes (GNU style)
[INFO] [stderr]   checking dependency style of cc... gcc3
[INFO] [stderr]   checking whether the compiler supports GNU C++... yes
[INFO] [stderr]   checking whether c++ accepts -g... yes
[INFO] [stderr]   checking for c++ option to enable C++11 features... none needed
[INFO] [stderr]   checking dependency style of c++... gcc3
[INFO] [stderr]   checking how to run the C preprocessor... cc -E
[INFO] [stderr]   checking for gcc... gcc
[INFO] [stderr]   checking whether the compiler supports GNU C... (cached) yes
[INFO] [stderr]   checking whether gcc accepts -g... yes
[INFO] [stderr]   checking for gcc option to enable C11 features... (cached) none needed
[INFO] [stderr]   checking whether gcc understands -c and -o together... (cached) yes
[INFO] [stderr]   checking dependency style of gcc... (cached) gcc3
[INFO] [stderr]   checking how to run the C preprocessor... gcc -E
[INFO] [stderr]   checking how to run the C++ preprocessor... c++ -E
[INFO] [stderr]   checking for g++... g++
[INFO] [stderr]   checking whether the compiler supports GNU C++... (cached) yes
[INFO] [stderr]   checking whether g++ accepts -g... yes
[INFO] [stderr]   checking for g++ option to enable C++11 features... (cached) none needed
[INFO] [stderr]   checking dependency style of g++... (cached) gcc3
[INFO] [stderr]   checking how to run the C++ preprocessor... g++ -E
[INFO] [stderr]   checking for stdio.h... yes
[INFO] [stderr]   checking for stdlib.h... yes
[INFO] [stderr]   checking for string.h... yes
[INFO] [stderr]   checking for inttypes.h... yes
[INFO] [stderr]   checking for stdint.h... yes
[INFO] [stderr]   checking for strings.h... yes
[INFO] [stderr]   checking for sys/stat.h... yes
[INFO] [stderr]   checking for sys/types.h... yes
[INFO] [stderr]   checking for unistd.h... yes
[INFO] [stderr]   checking for wchar.h... yes
[INFO] [stderr]   checking for minix/config.h... no
[INFO] [stderr]   checking whether it is safe to define __EXTENSIONS__... yes
[INFO] [stderr]   checking whether _XOPEN_SOURCE should be defined... no
[INFO] [stderr]   checking for ar... ar
[INFO] [stderr]   checking the archiver (ar) interface... ar
[INFO] [stderr]   checking C++ compiler flags...... use user-supplied: -O0 -ffunction-sections -fdata-sections -fPIC -m64
[INFO] [stderr]   checking for c++ options needed to detect all undeclared functions... none needed
[INFO] [stderr]   checking whether __SUNPRO_CC is declared... no
[INFO] [stderr]   checking how to print strings... printf
[INFO] [stderr]   checking for a sed that does not truncate output... /usr/bin/sed
[INFO] [stderr]   checking for grep that handles long lines and -e... /usr/bin/grep
[INFO] [stderr]   checking for egrep... /usr/bin/grep -E
[INFO] [stderr]   checking for fgrep... /usr/bin/grep -F
[INFO] [stderr]   checking for ld used by cc... /usr/bin/ld
[INFO] [stderr]   checking if the linker (/usr/bin/ld) is GNU ld... yes
[INFO] [stderr]   checking for BSD- or MS-compatible name lister (nm)... /usr/bin/nm -B
[INFO] [stderr]   checking the name lister (/usr/bin/nm -B) interface... BSD nm
[INFO] [stderr]   checking whether ln -s works... yes
[INFO] [stderr]   checking the maximum length of command line arguments... 1572864
[INFO] [stderr]   checking how to convert x86_64-pc-linux-gnu file names to x86_64-pc-linux-gnu format... func_convert_file_noop
[INFO] [stderr]   checking how to convert x86_64-pc-linux-gnu file names to toolchain format... func_convert_file_noop
[INFO] [stderr]   checking for /usr/bin/ld option to reload object files... -r
[INFO] [stderr]   checking for file... file
[INFO] [stderr]   checking for objdump... objdump
[INFO] [stderr]   checking how to recognize dependent libraries... pass_all
[INFO] [stderr]   checking for dlltool... no
[INFO] [stderr]   checking how to associate runtime and link libraries... printf %s\n
[INFO] [stderr]   checking for archiver @FILE support... @
[INFO] [stderr]   checking for strip... strip
[INFO] [stderr]   checking for ranlib... ranlib
[INFO] [stderr]   checking command to parse /usr/bin/nm -B output from cc object... ok
[INFO] [stderr]   checking for sysroot... no
[INFO] [stderr]   checking for a working dd... /usr/bin/dd
[INFO] [stderr]   checking how to truncate binary pipes... /usr/bin/dd bs=4096 count=1
[INFO] [stderr]   checking for mt... no
[INFO] [stderr]   checking if : is a manifest tool... no
[INFO] [stderr]   checking for dlfcn.h... yes
[INFO] [stderr]   checking for objdir... .libs
[INFO] [stderr]   checking if cc supports -fno-rtti -fno-exceptions... no
[INFO] [stderr]   checking for cc option to produce PIC... -fPIC -DPIC
[INFO] [stderr]   checking if cc PIC flag -fPIC -DPIC works... yes
[INFO] [stderr]   checking if cc static flag -static works... yes
[INFO] [stderr]   checking if cc supports -c -o file.o... yes
[INFO] [stderr]   checking if cc supports -c -o file.o... (cached) yes
[INFO] [stderr]   checking whether the cc linker (/usr/bin/ld -m elf_x86_64) supports shared libraries... yes
[INFO] [stderr]   checking dynamic linker characteristics... GNU/Linux ld.so
[INFO] [stderr]   checking how to hardcode library paths into programs... immediate
[INFO] [stderr]   checking whether stripping libraries is possible... yes
[INFO] [stderr]   checking if libtool supports shared libraries... yes
[INFO] [stderr]   checking whether to build shared libraries... no
[INFO] [stderr]   checking whether to build static libraries... yes
[INFO] [stderr]   checking how to run the C++ preprocessor... c++ -E
[INFO] [stderr]   checking for ld used by c++... /usr/bin/ld -m elf_x86_64
[INFO] [stderr]   checking if the linker (/usr/bin/ld -m elf_x86_64) is GNU ld... yes
[INFO] [stderr]   checking whether the c++ linker (/usr/bin/ld -m elf_x86_64) supports shared libraries... yes
[INFO] [stderr]   checking for c++ option to produce PIC... -fPIC -DPIC
[INFO] [stderr]   checking if c++ PIC flag -fPIC -DPIC works... yes
[INFO] [stderr]   checking if c++ static flag -static works... yes
[INFO] [stderr]   checking if c++ supports -c -o file.o... yes
[INFO] [stderr]   checking if c++ supports -c -o file.o... (cached) yes
[INFO] [stderr]   checking whether the c++ linker (/usr/bin/ld -m elf_x86_64) supports shared libraries... yes
[INFO] [stderr]   checking dynamic linker characteristics... (cached) GNU/Linux ld.so
[INFO] [stderr]   checking how to hardcode library paths into programs... immediate
[INFO] [stderr]   checking whether the linker supports version scripts... yes
[INFO] [stderr]   checking for egrep... (cached) /usr/bin/grep -E
[INFO] [stderr]   checking for fcntl.h... yes
[INFO] [stderr]   checking for inttypes.h... (cached) yes
[INFO] [stderr]   checking for limits.h... yes
[INFO] [stderr]   checking for stdlib.h... (cached) yes
[INFO] [stderr]   checking for unistd.h... (cached) yes
[INFO] [stderr]   checking for working memcmp... yes
[INFO] [stderr]   checking for working strtod... yes
[INFO] [stderr]   checking for ftruncate... yes
[INFO] [stderr]   checking for memset... yes
[INFO] [stderr]   checking for mkdir... yes
[INFO] [stderr]   checking for strchr... yes
[INFO] [stderr]   checking for strerror... yes
[INFO] [stderr]   checking for strtol... yes
[INFO] [stderr]   checking zlib version... ok (1.2.0.4 or later)
[INFO] [stderr]   checking for library containing zlibVersion... -lz
[INFO] [stderr]   checking whether c++ supports C++11 features by default... yes
[INFO] [stderr]   checking whether -latomic is needed... no
[INFO] [stderr]   checking whether cc is Clang... no
[INFO] [stderr]   checking whether pthreads work with "-pthread" and "-lpthread"... yes
[INFO] [stderr]   checking for joinable pthread attribute... PTHREAD_CREATE_JOINABLE
[INFO] [stderr]   checking whether more special flags are required for pthreads... no
[INFO] [stderr]   checking for PTHREAD_PRIO_INHERIT... yes
[INFO] [stderr]   checking the location of hash_map... <unordered_map>
[INFO] [stderr]   checking whether -llog is needed... no
[INFO] [stderr]   checking that generated files are newer than configure... done
[INFO] [stderr]   configure: creating ./config.status
[INFO] [stderr]   config.status: creating Makefile
[INFO] [stderr]   config.status: creating src/Makefile
[INFO] [stderr]   config.status: creating benchmarks/Makefile
[INFO] [stderr]   config.status: creating conformance/Makefile
[INFO] [stderr]   config.status: creating protobuf.pc
[INFO] [stderr]   config.status: creating protobuf-lite.pc
[INFO] [stderr]   config.status: creating config.h
[INFO] [stderr]   config.status: executing depfiles commands
[INFO] [stderr]   config.status: executing libtool commands
[INFO] [stderr]   === configuring in third_party/googletest (/opt/rustwide/target/debug/build/protobuf-src-28c3860e60b50345/out/install/build/third_party/googletest)
[INFO] [stderr]   configure: running /bin/bash /opt/rustwide/cargo-home/registry/src/index.crates.io-6f17d22bba15001f/protobuf-src-1.1.0+21.5/protobuf/third_party/googletest/configure --disable-option-checking '--prefix=/opt/rustwide/target/debug/build/protobuf-src-28c3860e60b50345/out/install'  '--disable-shared' '--enable-static' '--disable-maintainer-mode' 'CC=cc' 'CFLAGS=-O0 -ffunction-sections -fdata-sections -fPIC -m64' 'CXX=c++' 'CXXFLAGS=-O0 -ffunction-sections -fdata-sections -fPIC -m64' --cache-file=/dev/null --srcdir=/opt/rustwide/cargo-home/registry/src/index.crates.io-6f17d22bba15001f/protobuf-src-1.1.0+21.5/protobuf/third_party/googletest
[INFO] [stderr]   checking for a BSD-compatible install... /usr/bin/install -c
[INFO] [stderr]   checking whether build environment is sane... yes
[INFO] [stderr]   checking for a race-free mkdir -p... /usr/bin/mkdir -p
[INFO] [stderr]   checking for gawk... no
[INFO] [stderr]   checking for mawk... mawk
[INFO] [stderr]   checking whether make sets $(MAKE)... yes
[INFO] [stderr]   checking whether make supports nested variables... yes
[INFO] [stderr]   checking that generated files are newer than configure... done
[INFO] [stderr]   configure: creating ./config.status
[INFO] [stderr]   config.status: creating Makefile
[INFO] [stderr]   === configuring in googletest (/opt/rustwide/target/debug/build/protobuf-src-28c3860e60b50345/out/install/build/third_party/googletest/googletest)
[INFO] [stderr]   configure: running /bin/bash /opt/rustwide/cargo-home/registry/src/index.crates.io-6f17d22bba15001f/protobuf-src-1.1.0+21.5/protobuf/third_party/googletest/googletest/configure --disable-option-checking '--prefix=/opt/rustwide/target/debug/build/protobuf-src-28c3860e60b50345/out/install'  '--disable-shared' '--enable-static' '--disable-maintainer-mode' 'CC=cc' 'CFLAGS=-O0 -ffunction-sections -fdata-sections -fPIC -m64' 'CXX=c++' 'CXXFLAGS=-O0 -ffunction-sections -fdata-sections -fPIC -m64' --cache-file=/dev/null --srcdir=/opt/rustwide/cargo-home/registry/src/index.crates.io-6f17d22bba15001f/protobuf-src-1.1.0+21.5/protobuf/third_party/googletest/googletest
[INFO] [stderr]   checking for a BSD-compatible install... /usr/bin/install -c
[INFO] [stderr]   checking whether build environment is sane... yes
[INFO] [stderr]   checking for a race-free mkdir -p... /usr/bin/mkdir -p
[INFO] [stderr]   checking for gawk... no
[INFO] [stderr]   checking for mawk... mawk
[INFO] [stderr]   checking whether make sets $(MAKE)... yes
[INFO] [stderr]   checking whether make supports nested variables... yes
[INFO] [stderr]   checking for gcc... cc
[INFO] [stderr]   checking whether the C compiler works... yes
[INFO] [stderr]   checking for C compiler default output file name... a.out
[INFO] [stderr]   checking for suffix of executables... 
[INFO] [stderr]   checking whether we are cross compiling... no
[INFO] [stderr]   checking for suffix of object files... o
[INFO] [stderr]   checking whether the compiler supports GNU C... yes
[INFO] [stderr]   checking whether cc accepts -g... yes
[INFO] [stderr]   checking for cc option to enable C11 features... none needed
[INFO] [stderr]   checking whether cc understands -c and -o together... yes
[INFO] [stderr]   checking whether make supports the include directive... yes (GNU style)
[INFO] [stderr]   checking dependency style of cc... gcc3
[INFO] [stderr]   checking whether the compiler supports GNU C++... yes
[INFO] [stderr]   checking whether c++ accepts -g... yes
[INFO] [stderr]   checking for c++ option to enable C++11 features... none needed
[INFO] [stderr]   checking dependency style of c++... gcc3
[INFO] [stderr]   checking build system type... x86_64-pc-linux-gnu
[INFO] [stderr]   checking host system type... x86_64-pc-linux-gnu
[INFO] [stderr]   checking how to print strings... printf
[INFO] [stderr]   checking for a sed that does not truncate output... /usr/bin/sed
[INFO] [stderr]   checking for grep that handles long lines and -e... /usr/bin/grep
[INFO] [stderr]   checking for egrep... /usr/bin/grep -E
[INFO] [stderr]   checking for fgrep... /usr/bin/grep -F
[INFO] [stderr]   checking for ld used by cc... /usr/bin/ld
[INFO] [stderr]   checking if the linker (/usr/bin/ld) is GNU ld... yes
[INFO] [stderr]   checking for BSD- or MS-compatible name lister (nm)... /usr/bin/nm -B
[INFO] [stderr]   checking the name lister (/usr/bin/nm -B) interface... BSD nm
[INFO] [stderr]   checking whether ln -s works... yes
[INFO] [stderr]   checking the maximum length of command line arguments... 1572864
[INFO] [stderr]   checking how to convert x86_64-pc-linux-gnu file names to x86_64-pc-linux-gnu format... func_convert_file_noop
[INFO] [stderr]   checking how to convert x86_64-pc-linux-gnu file names to toolchain format... func_convert_file_noop
[INFO] [stderr]   checking for /usr/bin/ld option to reload object files... -r
[INFO] [stderr]   checking for file... file
[INFO] [stderr]   checking for objdump... objdump
[INFO] [stderr]   checking how to recognize dependent libraries... pass_all
[INFO] [stderr]   checking for dlltool... no
[INFO] [stderr]   checking how to associate runtime and link libraries... printf %s\n
[INFO] [stderr]   checking for ar... ar
[INFO] [stderr]   checking for archiver @FILE support... @
[INFO] [stderr]   checking for strip... strip
[INFO] [stderr]   checking for ranlib... ranlib
[INFO] [stderr]   checking command to parse /usr/bin/nm -B output from cc object... ok
[INFO] [stderr]   checking for sysroot... no
[INFO] [stderr]   checking for a working dd... /usr/bin/dd
[INFO] [stderr]   checking how to truncate binary pipes... /usr/bin/dd bs=4096 count=1
[INFO] [stderr]   checking for mt... no
[INFO] [stderr]   checking if : is a manifest tool... no
[INFO] [stderr]   checking for stdio.h... yes
[INFO] [stderr]   checking for stdlib.h... yes
[INFO] [stderr]   checking for string.h... yes
[INFO] [stderr]   checking for inttypes.h... yes
[INFO] [stderr]   checking for stdint.h... yes
[INFO] [stderr]   checking for strings.h... yes
[INFO] [stderr]   checking for sys/stat.h... yes
[INFO] [stderr]   checking for sys/types.h... yes
[INFO] [stderr]   checking for unistd.h... yes
[INFO] [stderr]   checking for dlfcn.h... yes
[INFO] [stderr]   checking for objdir... .libs
[INFO] [stderr]   checking if cc supports -fno-rtti -fno-exceptions... no
[INFO] [stderr]   checking for cc option to produce PIC... -fPIC -DPIC
[INFO] [stderr]   checking if cc PIC flag -fPIC -DPIC works... yes
[INFO] [stderr]   checking if cc static flag -static works... yes
[INFO] [stderr]   checking if cc supports -c -o file.o... yes
[INFO] [stderr]   checking if cc supports -c -o file.o... (cached) yes
[INFO] [stderr]   checking whether the cc linker (/usr/bin/ld -m elf_x86_64) supports shared libraries... yes
[INFO] [stderr]   checking dynamic linker characteristics... GNU/Linux ld.so
[INFO] [stderr]   checking how to hardcode library paths into programs... immediate
[INFO] [stderr]   checking whether stripping libraries is possible... yes
[INFO] [stderr]   checking if libtool supports shared libraries... yes
[INFO] [stderr]   checking whether to build shared libraries... no
[INFO] [stderr]   checking whether to build static libraries... yes
[INFO] [stderr]   checking how to run the C++ preprocessor... c++ -E
[INFO] [stderr]   checking for ld used by c++... /usr/bin/ld -m elf_x86_64
[INFO] [stderr]   checking if the linker (/usr/bin/ld -m elf_x86_64) is GNU ld... yes
[INFO] [stderr]   checking whether the c++ linker (/usr/bin/ld -m elf_x86_64) supports shared libraries... yes
[INFO] [stderr]   checking for c++ option to produce PIC... -fPIC -DPIC
[INFO] [stderr]   checking if c++ PIC flag -fPIC -DPIC works... yes
[INFO] [stderr]   checking if c++ static flag -static works... yes
[INFO] [stderr]   checking if c++ supports -c -o file.o... yes
[INFO] [stderr]   checking if c++ supports -c -o file.o... (cached) yes
[INFO] [stderr]   checking whether the c++ linker (/usr/bin/ld -m elf_x86_64) supports shared libraries... yes
[INFO] [stderr]   checking dynamic linker characteristics... (cached) GNU/Linux ld.so
[INFO] [stderr]   checking how to hardcode library paths into programs... immediate
[INFO] [stderr]   checking for python... :
[INFO] [stderr]   checking for the pthreads library -lpthreads... no
[INFO] [stderr]   checking whether pthreads work without any flags... yes
[INFO] [stderr]   checking for joinable pthread attribute... PTHREAD_CREATE_JOINABLE
[INFO] [stderr]   checking if more special flags are required for pthreads... no
[INFO] [stderr]   checking whether to check for GCC pthread/shared inconsistencies... yes
[INFO] [stderr]   checking whether -pthread is sufficient with -shared... yes
[INFO] [stderr]   checking that generated files are newer than configure... done
[INFO] [stderr]   configure: creating ./config.status
[INFO] [stderr]   config.status: creating Makefile
[INFO] [stderr]   config.status: creating scripts/gtest-config
[INFO] [stderr]   config.status: creating build-aux/config.h
[INFO] [stderr]   config.status: executing depfiles commands
[INFO] [stderr]   config.status: executing libtool commands
[INFO] [stderr]   === configuring in googlemock (/opt/rustwide/target/debug/build/protobuf-src-28c3860e60b50345/out/install/build/third_party/googletest/googlemock)
[INFO] [stderr]   configure: running /bin/bash /opt/rustwide/cargo-home/registry/src/index.crates.io-6f17d22bba15001f/protobuf-src-1.1.0+21.5/protobuf/third_party/googletest/googlemock/configure --disable-option-checking '--prefix=/opt/rustwide/target/debug/build/protobuf-src-28c3860e60b50345/out/install'  '--disable-shared' '--enable-static' '--disable-maintainer-mode' 'CC=cc' 'CFLAGS=-O0 -ffunction-sections -fdata-sections -fPIC -m64' 'CXX=c++' 'CXXFLAGS=-O0 -ffunction-sections -fdata-sections -fPIC -m64' --cache-file=/dev/null --srcdir=/opt/rustwide/cargo-home/registry/src/index.crates.io-6f17d22bba15001f/protobuf-src-1.1.0+21.5/protobuf/third_party/googletest/googlemock
[INFO] [stderr]   checking for a BSD-compatible install... /usr/bin/install -c
[INFO] [stderr]   checking whether build environment is sane... yes
[INFO] [stderr]   checking for a race-free mkdir -p... /usr/bin/mkdir -p
[INFO] [stderr]   checking for gawk... no
[INFO] [stderr]   checking for mawk... mawk
[INFO] [stderr]   checking whether make sets $(MAKE)... yes
[INFO] [stderr]   checking whether make supports nested variables... yes
[INFO] [stderr]   checking for gcc... cc
[INFO] [stderr]   checking whether the C compiler works... yes
[INFO] [stderr]   checking for C compiler default output file name... a.out
[INFO] [stderr]   checking for suffix of executables... 
[INFO] [stderr]   checking whether we are cross compiling... no
[INFO] [stderr]   checking for suffix of object files... o
[INFO] [stderr]   checking whether the compiler supports GNU C... yes
[INFO] [stderr]   checking whether cc accepts -g... yes
[INFO] [stderr]   checking for cc option to enable C11 features... none needed
[INFO] [stderr]   checking whether cc understands -c and -o together... yes
[INFO] [stderr]   checking whether make supports the include directive... yes (GNU style)
[INFO] [stderr]   checking dependency style of cc... gcc3
[INFO] [stderr]   checking whether the compiler supports GNU C++... yes
[INFO] [stderr]   checking whether c++ accepts -g... yes
[INFO] [stderr]   checking for c++ option to enable C++11 features... none needed
[INFO] [stderr]   checking dependency style of c++... gcc3
[INFO] [stderr]   checking build system type... x86_64-pc-linux-gnu
[INFO] [stderr]   checking host system type... x86_64-pc-linux-gnu
[INFO] [stderr]   checking how to print strings... printf
[INFO] [stderr]   checking for a sed that does not truncate output... /usr/bin/sed
[INFO] [stderr]   checking for grep that handles long lines and -e... /usr/bin/grep
[INFO] [stderr]   checking for egrep... /usr/bin/grep -E
[INFO] [stderr]   checking for fgrep... /usr/bin/grep -F
[INFO] [stderr]   checking for ld used by cc... /usr/bin/ld
[INFO] [stderr]   checking if the linker (/usr/bin/ld) is GNU ld... yes
[INFO] [stderr]   checking for BSD- or MS-compatible name lister (nm)... /usr/bin/nm -B
[INFO] [stderr]   checking the name lister (/usr/bin/nm -B) interface... BSD nm
[INFO] [stderr]   checking whether ln -s works... yes
[INFO] [stderr]   checking the maximum length of command line arguments... 1572864
[INFO] [stderr]   checking how to convert x86_64-pc-linux-gnu file names to x86_64-pc-linux-gnu format... func_convert_file_noop
[INFO] [stderr]   checking how to convert x86_64-pc-linux-gnu file names to toolchain format... func_convert_file_noop
[INFO] [stderr]   checking for /usr/bin/ld option to reload object files... -r
[INFO] [stderr]   checking for file... file
[INFO] [stderr]   checking for objdump... objdump
[INFO] [stderr]   checking how to recognize dependent libraries... pass_all
[INFO] [stderr]   checking for dlltool... no
[INFO] [stderr]   checking how to associate runtime and link libraries... printf %s\n
[INFO] [stderr]   checking for ar... ar
[INFO] [stderr]   checking for archiver @FILE support... @
[INFO] [stderr]   checking for strip... strip
[INFO] [stderr]   checking for ranlib... ranlib
[INFO] [stderr]   checking command to parse /usr/bin/nm -B output from cc object... ok
[INFO] [stderr]   checking for sysroot... no
[INFO] [stderr]   checking for a working dd... /usr/bin/dd
[INFO] [stderr]   checking how to truncate binary pipes... /usr/bin/dd bs=4096 count=1
[INFO] [stderr]   checking for mt... no
[INFO] [stderr]   checking if : is a manifest tool... no
[INFO] [stderr]   checking for stdio.h... yes
[INFO] [stderr]   checking for stdlib.h... yes
[INFO] [stderr]   checking for string.h... yes
[INFO] [stderr]   checking for inttypes.h... yes
[INFO] [stderr]   checking for stdint.h... yes
[INFO] [stderr]   checking for strings.h... yes
[INFO] [stderr]   checking for sys/stat.h... yes
[INFO] [stderr]   checking for sys/types.h... yes
[INFO] [stderr]   checking for unistd.h... yes
[INFO] [stderr]   checking for dlfcn.h... yes
[INFO] [stderr]   checking for objdir... .libs
[INFO] [stderr]   checking if cc supports -fno-rtti -fno-exceptions... no
[INFO] [stderr]   checking for cc option to produce PIC... -fPIC -DPIC
[INFO] [stderr]   checking if cc PIC flag -fPIC -DPIC works... yes
[INFO] [stderr]   checking if cc static flag -static works... yes
[INFO] [stderr]   checking if cc supports -c -o file.o... yes
[INFO] [stderr]   checking if cc supports -c -o file.o... (cached) yes
[INFO] [stderr]   checking whether the cc linker (/usr/bin/ld -m elf_x86_64) supports shared libraries... yes
[INFO] [stderr]   checking dynamic linker characteristics... GNU/Linux ld.so
[INFO] [stderr]   checking how to hardcode library paths into programs... immediate
[INFO] [stderr]   checking whether stripping libraries is possible... yes
[INFO] [stderr]   checking if libtool supports shared libraries... yes
[INFO] [stderr]   checking whether to build shared libraries... no
[INFO] [stderr]   checking whether to build static libraries... yes
[INFO] [stderr]   checking how to run the C++ preprocessor... c++ -E
[INFO] [stderr]   checking for ld used by c++... /usr/bin/ld -m elf_x86_64
[INFO] [stderr]   checking if the linker (/usr/bin/ld -m elf_x86_64) is GNU ld... yes
[INFO] [stderr]   checking whether the c++ linker (/usr/bin/ld -m elf_x86_64) supports shared libraries... yes
[INFO] [stderr]   checking for c++ option to produce PIC... -fPIC -DPIC
[INFO] [stderr]   checking if c++ PIC flag -fPIC -DPIC works... yes
[INFO] [stderr]   checking if c++ static flag -static works... yes
[INFO] [stderr]   checking if c++ supports -c -o file.o... yes
[INFO] [stderr]   checking if c++ supports -c -o file.o... (cached) yes
[INFO] [stderr]   checking whether the c++ linker (/usr/bin/ld -m elf_x86_64) supports shared libraries... yes
[INFO] [stderr]   checking dynamic linker characteristics... (cached) GNU/Linux ld.so
[INFO] [stderr]   checking how to hardcode library paths into programs... immediate
[INFO] [stderr]   checking for python... :
[INFO] [stderr]   checking for the pthreads library -lpthreads... no
[INFO] [stderr]   checking whether pthreads work without any flags... yes
[INFO] [stderr]   checking for joinable pthread attribute... PTHREAD_CREATE_JOINABLE
[INFO] [stderr]   checking if more special flags are required for pthreads... no
[INFO] [stderr]   checking whether to check for GCC pthread/shared inconsistencies... yes
[INFO] [stderr]   checking whether -pthread is sufficient with -shared... yes
[INFO] [stderr]   checking for gtest-config... no
[INFO] [stderr]   checking that generated files are newer than configure... done
[INFO] [stderr]   configure: creating ./config.status
[INFO] [stderr]   config.status: creating Makefile
[INFO] [stderr]   config.status: creating scripts/gmock-config
[INFO] [stderr]   config.status: creating build-aux/config.h
[INFO] [stderr]   config.status: executing depfiles commands
[INFO] [stderr]   config.status: executing libtool commands
[INFO] [stderr]   running: cd "/opt/rustwide/target/debug/build/protobuf-src-28c3860e60b50345/out/install/build" && MAKEFLAGS="-j --jobserver-fds=7,8 --jobserver-auth=7,8" "sh" "-c" "exec \"$0\" \"$@\"" "make" "install"
[INFO] [stderr]   Making install in .
[INFO] [stderr]   make[1]: Entering directory '/opt/rustwide/target/debug/build/protobuf-src-28c3860e60b50345/out/install/build'
[INFO] [stderr]   make[2]: Entering directory '/opt/rustwide/target/debug/build/protobuf-src-28c3860e60b50345/out/install/build'
[INFO] [stderr]   make[2]: Nothing to be done for 'install-exec-am'.
[INFO] [stderr]    /usr/bin/mkdir -p '/opt/rustwide/target/debug/build/protobuf-src-28c3860e60b50345/out/install/lib/pkgconfig'
[INFO] [stderr]    /usr/bin/install -c -m 644 protobuf.pc protobuf-lite.pc '/opt/rustwide/target/debug/build/protobuf-src-28c3860e60b50345/out/install/lib/pkgconfig'
[INFO] [stderr]   make[2]: Leaving directory '/opt/rustwide/target/debug/build/protobuf-src-28c3860e60b50345/out/install/build'
[INFO] [stderr]   make[1]: Leaving directory '/opt/rustwide/target/debug/build/protobuf-src-28c3860e60b50345/out/install/build'
[INFO] [stderr]   Making install in src
[INFO] [stderr]   make[1]: Entering directory '/opt/rustwide/target/debug/build/protobuf-src-28c3860e60b50345/out/install/build/src'
[INFO] [stderr]     CXX      google/protobuf/map.lo
[INFO] [stderr]     CXX      google/protobuf/message_lite.lo
[INFO] [stderr]     CXX      google/protobuf/parse_context.lo
[INFO] [stderr]     CXX      google/protobuf/repeated_field.lo
[INFO] [stderr]     CXX      google/protobuf/repeated_ptr_field.lo
[INFO] [stderr]     CXX      google/protobuf/wire_format_lite.lo
[INFO] [stderr]     CXX      google/protobuf/any.lo
[INFO] [stderr]     CXX      google/protobuf/any.pb.lo
[INFO] [stderr]     CXX      google/protobuf/api.pb.lo
[INFO] [stderr]     CXX      google/protobuf/compiler/importer.lo
[INFO] [stderr]     CXX      google/protobuf/compiler/parser.lo
[INFO] [stderr]     CXX      google/protobuf/descriptor.lo
[INFO] [stderr]     CXX      google/protobuf/descriptor.pb.lo
[INFO] [stderr]     CXX      google/protobuf/descriptor_database.lo
[INFO] [stderr]     CXX      google/protobuf/duration.pb.lo
[INFO] [stderr]     CXX      google/protobuf/dynamic_message.lo
[INFO] [stderr]     CXX      google/protobuf/empty.pb.lo
[INFO] [stderr]   make[1]: Leaving directory '/opt/rustwide/target/debug/build/protobuf-src-28c3860e60b50345/out/install/build/src'
[INFO] [stderr] 
[INFO] [stderr]   --- stderr
[INFO] [stderr]   c++: fatal error: Killed signal terminated program cc1plus
[INFO] [stderr]   compilation terminated.
[INFO] [stderr]   make[1]: *** [Makefile:4514: google/protobuf/descriptor.lo] Error 1
[INFO] [stderr]   make[1]: *** Waiting for unfinished jobs....
[INFO] [stderr]   make: *** [Makefile:1757: install-recursive] Error 1
[INFO] [stderr]   thread 'main' panicked at /opt/rustwide/cargo-home/registry/src/index.crates.io-6f17d22bba15001f/autotools-0.2.6/src/lib.rs:781:5:
[INFO] [stderr] 
[INFO] [stderr]   command did not execute successfully, got: exit status: 2
[INFO] [stderr] 
[INFO] [stderr]   build script failed, must exit now
[INFO] [stderr]   stack backtrace:
[INFO] [stderr]      0:     0x5569a548660c - std::backtrace_rs::backtrace::libunwind::trace::ha637c64ce894333a
[INFO] [stderr]                                  at /rustc/82e1608dfa6e0b5569232559e3d385fea5a93112/library/std/src/../../backtrace/src/backtrace/libunwind.rs:104:5
[INFO] [stderr]      1:     0x5569a548660c - std::backtrace_rs::backtrace::trace_unsynchronized::h47f62dea28e0c88d
[INFO] [stderr]                                  at /rustc/82e1608dfa6e0b5569232559e3d385fea5a93112/library/std/src/../../backtrace/src/backtrace/mod.rs:66:5
[INFO] [stderr]      2:     0x5569a548660c - std::sys_common::backtrace::_print_fmt::h9eef0abe20ede486
[INFO] [stderr]                                  at /rustc/82e1608dfa6e0b5569232559e3d385fea5a93112/library/std/src/sys_common/backtrace.rs:67:5
[INFO] [stderr]      3:     0x5569a548660c - <std::sys_common::backtrace::_print::DisplayBacktrace as core::fmt::Display>::fmt::hed7f999df88cc644
[INFO] [stderr]                                  at /rustc/82e1608dfa6e0b5569232559e3d385fea5a93112/library/std/src/sys_common/backtrace.rs:44:22
[INFO] [stderr]      4:     0x5569a54ac760 - core::fmt::rt::Argument::fmt::h1539a9308b8d058d
[INFO] [stderr]                                  at /rustc/82e1608dfa6e0b5569232559e3d385fea5a93112/library/core/src/fmt/rt.rs:142:9
[INFO] [stderr]      5:     0x5569a54ac760 - core::fmt::write::h3a39390d8560d9c9
[INFO] [stderr]                                  at /rustc/82e1608dfa6e0b5569232559e3d385fea5a93112/library/core/src/fmt/mod.rs:1120:17
[INFO] [stderr]      6:     0x5569a5483ecf - std::io::Write::write_fmt::h5fc9997dfe05f882
[INFO] [stderr]                                  at /rustc/82e1608dfa6e0b5569232559e3d385fea5a93112/library/std/src/io/mod.rs:1762:15
[INFO] [stderr]      7:     0x5569a54863f4 - std::sys_common::backtrace::_print::h894006fb5c6f3d45
[INFO] [stderr]                                  at /rustc/82e1608dfa6e0b5569232559e3d385fea5a93112/library/std/src/sys_common/backtrace.rs:47:5
[INFO] [stderr]      8:     0x5569a54863f4 - std::sys_common::backtrace::print::h23a2d212c6fff936
[INFO] [stderr]                                  at /rustc/82e1608dfa6e0b5569232559e3d385fea5a93112/library/std/src/sys_common/backtrace.rs:34:9
[INFO] [stderr]      9:     0x5569a5487c07 - std::panicking::default_hook::{{closure}}::h8a1d2ee00185001a
[INFO] [stderr]     10:     0x5569a548796f - std::panicking::default_hook::h6038f2eba384e475
[INFO] [stderr]                                  at /rustc/82e1608dfa6e0b5569232559e3d385fea5a93112/library/std/src/panicking.rs:292:9
[INFO] [stderr]     11:     0x5569a5488088 - std::panicking::rust_panic_with_hook::h2b5517d590cab22e
[INFO] [stderr]                                  at /rustc/82e1608dfa6e0b5569232559e3d385fea5a93112/library/std/src/panicking.rs:779:13
[INFO] [stderr]     12:     0x5569a5487f6e - std::panicking::begin_panic_handler::{{closure}}::h233112c06e0ef43e
[INFO] [stderr]                                  at /rustc/82e1608dfa6e0b5569232559e3d385fea5a93112/library/std/src/panicking.rs:657:13
[INFO] [stderr]     13:     0x5569a5486ad6 - std::sys_common::backtrace::__rust_end_short_backtrace::h6e893f24d7ebbff8
[INFO] [stderr]                                  at /rustc/82e1608dfa6e0b5569232559e3d385fea5a93112/library/std/src/sys_common/backtrace.rs:170:18
[INFO] [stderr]     14:     0x5569a5487cd2 - rust_begin_unwind
[INFO] [stderr]                                  at /rustc/82e1608dfa6e0b5569232559e3d385fea5a93112/library/std/src/panicking.rs:645:5
[INFO] [stderr]     15:     0x5569a5401815 - core::panicking::panic_fmt::hbf0e066aabfa482c
[INFO] [stderr]                                  at /rustc/82e1608dfa6e0b5569232559e3d385fea5a93112/library/core/src/panicking.rs:72:14
[INFO] [stderr]     16:     0x5569a54134d1 - autotools::fail::h624cb20c0657dc86
[INFO] [stderr]     17:     0x5569a5411845 - autotools::Config::build::hae8831fdc4c27a82
[INFO] [stderr]     18:     0x5569a5406028 - build_script_build::main::hfc8648d4e9a43653
[INFO] [stderr]     19:     0x5569a5407b33 - core::ops::function::FnOnce::call_once::h58c241b0b46af710
[INFO] [stderr]     20:     0x5569a5402166 - std::sys_common::backtrace::__rust_begin_short_backtrace::h05e495f93f1dfadf
[INFO] [stderr]     21:     0x5569a54024a9 - std::rt::lang_start::{{closure}}::ha005b48ca15e97ef
[INFO] [stderr]     22:     0x5569a547f957 - core::ops::function::impls::<impl core::ops::function::FnOnce<A> for &F>::call_once::hd95060ecd5e1ca24
[INFO] [stderr]                                  at /rustc/82e1608dfa6e0b5569232559e3d385fea5a93112/library/core/src/ops/function.rs:284:13
[INFO] [stderr]     23:     0x5569a547f957 - std::panicking::try::do_call::h6e8cf51db32a6e4b
[INFO] [stderr]                                  at /rustc/82e1608dfa6e0b5569232559e3d385fea5a93112/library/std/src/panicking.rs:552:40
[INFO] [stderr]     24:     0x5569a547f957 - std::panicking::try::h3a52eefe24fe3c29
[INFO] [stderr]                                  at /rustc/82e1608dfa6e0b5569232559e3d385fea5a93112/library/std/src/panicking.rs:516:19
[INFO] [stderr]     25:     0x5569a547f957 - std::panic::catch_unwind::h24c28c23c02c3841
[INFO] [stderr]                                  at /rustc/82e1608dfa6e0b5569232559e3d385fea5a93112/library/std/src/panic.rs:142:14
[INFO] [stderr]     26:     0x5569a547f957 - std::rt::lang_start_internal::{{closure}}::h705d3c9cbc06ef47
[INFO] [stderr]                                  at /rustc/82e1608dfa6e0b5569232559e3d385fea5a93112/library/std/src/rt.rs:148:48
[INFO] [stderr]     27:     0x5569a547f957 - std::panicking::try::do_call::ha21f52ba13158470
[INFO] [stderr]                                  at /rustc/82e1608dfa6e0b5569232559e3d385fea5a93112/library/std/src/panicking.rs:552:40
[INFO] [stderr]     28:     0x5569a547f957 - std::panicking::try::h5581346bf6aeb1f8
[INFO] [stderr]                                  at /rustc/82e1608dfa6e0b5569232559e3d385fea5a93112/library/std/src/panicking.rs:516:19
[INFO] [stderr]     29:     0x5569a547f957 - std::panic::catch_unwind::h7919645a6b72e25b
[INFO] [stderr]                                  at /rustc/82e1608dfa6e0b5569232559e3d385fea5a93112/library/std/src/panic.rs:142:14
[INFO] [stderr]     30:     0x5569a547f957 - std::rt::lang_start_internal::h12de51168669836e
[INFO] [stderr]                                  at /rustc/82e1608dfa6e0b5569232559e3d385fea5a93112/library/std/src/rt.rs:148:20
[INFO] [stderr]     31:     0x5569a5402487 - std::rt::lang_start::hb558efbc176af4bf
[INFO] [stderr]     32:     0x5569a54064e5 - main
[INFO] [stderr]     33:     0x7f000dcbcd90 - <unknown>
[INFO] [stderr]     34:     0x7f000dcbce40 - __libc_start_main
[INFO] [stderr]     35:     0x5569a5402025 - _start
[INFO] [stderr]     36:                0x0 - <unknown>
[INFO] [stderr] warning: build failed, waiting for other jobs to finish...
[ERROR] error running command: command timed out after 900 seconds
[INFO] running `Command { std: "docker" "inspect" "f00471b7ba72aa381ac09921afcf08de3951e5df035f100e551caef5ee326b94", kill_on_drop: false }`
[INFO] running `Command { std: "docker" "rm" "-f" "f00471b7ba72aa381ac09921afcf08de3951e5df035f100e551caef5ee326b94", kill_on_drop: false }`
[INFO] [stdout] f00471b7ba72aa381ac09921afcf08de3951e5df035f100e551caef5ee326b94
[INFO] testing solana-core-1.17.7 against beta-2023-12-22 for beta-1.76-1
[INFO] extracting crate solana-core 1.17.7 into /workspace/builds/worker-3-tc2/source
[INFO] validating manifest of crates.io crate solana-core 1.17.7 on toolchain beta-2023-12-22
[INFO] running `Command { std: CARGO_HOME="/workspace/cargo-home" RUSTUP_HOME="/workspace/rustup-home" "/workspace/cargo-home/bin/cargo" "+beta-2023-12-22" "metadata" "--manifest-path" "Cargo.toml" "--no-deps", kill_on_drop: false }`
[INFO] started tweaking crates.io crate solana-core 1.17.7
[INFO] finished tweaking crates.io crate solana-core 1.17.7
[INFO] tweaked toml for crates.io crate solana-core 1.17.7 written to /workspace/builds/worker-3-tc2/source/Cargo.toml
[INFO] running `Command { std: CARGO_HOME="/workspace/cargo-home" RUSTUP_HOME="/workspace/rustup-home" "/workspace/cargo-home/bin/cargo" "+beta-2023-12-22" "generate-lockfile" "--manifest-path" "Cargo.toml", kill_on_drop: false }`
[INFO] [stderr]     Updating crates.io index
[INFO] running `Command { std: CARGO_HOME="/workspace/cargo-home" RUSTUP_HOME="/workspace/rustup-home" "/workspace/cargo-home/bin/cargo" "+beta-2023-12-22" "fetch" "--manifest-path" "Cargo.toml", kill_on_drop: false }`
[INFO] running `Command { std: "docker" "create" "-v" "/var/lib/crater-agent-workspace/builds/worker-3-tc2/target:/opt/rustwide/target:rw,Z" "-v" "/var/lib/crater-agent-workspace/builds/worker-3-tc2/source:/opt/rustwide/workdir:ro,Z" "-v" "/var/lib/crater-agent-workspace/cargo-home:/opt/rustwide/cargo-home:ro,Z" "-v" "/var/lib/crater-agent-workspace/rustup-home:/opt/rustwide/rustup-home:ro,Z" "-e" "SOURCE_DIR=/opt/rustwide/workdir" "-e" "CARGO_TARGET_DIR=/opt/rustwide/target" "-e" "CARGO_HOME=/opt/rustwide/cargo-home" "-e" "RUSTUP_HOME=/opt/rustwide/rustup-home" "-w" "/opt/rustwide/workdir" "-m" "1610612736" "--user" "0:0" "--network" "none" "ghcr.io/rust-lang/crates-build-env/linux@sha256:2788e3201cd34a07e3172128adcd8b3090168a8e3bcc40d7c032b9dda1df7d1c" "/opt/rustwide/cargo-home/bin/cargo" "+beta-2023-12-22" "metadata" "--no-deps" "--format-version=1", kill_on_drop: false }`
[INFO] [stdout] c5c03433020247f7461d11b3f189f40fba5c0c62c3c3b448dd40aed9d0ffaa96
[INFO] running `Command { std: "docker" "start" "-a" "c5c03433020247f7461d11b3f189f40fba5c0c62c3c3b448dd40aed9d0ffaa96", kill_on_drop: false }`
[INFO] running `Command { std: "docker" "inspect" "c5c03433020247f7461d11b3f189f40fba5c0c62c3c3b448dd40aed9d0ffaa96", kill_on_drop: false }`
[INFO] running `Command { std: "docker" "rm" "-f" "c5c03433020247f7461d11b3f189f40fba5c0c62c3c3b448dd40aed9d0ffaa96", kill_on_drop: false }`
[INFO] [stdout] c5c03433020247f7461d11b3f189f40fba5c0c62c3c3b448dd40aed9d0ffaa96
[INFO] running `Command { std: "docker" "create" "-v" "/var/lib/crater-agent-workspace/builds/worker-3-tc2/target:/opt/rustwide/target:rw,Z" "-v" "/var/lib/crater-agent-workspace/builds/worker-3-tc2/source:/opt/rustwide/workdir:ro,Z" "-v" "/var/lib/crater-agent-workspace/cargo-home:/opt/rustwide/cargo-home:ro,Z" "-v" "/var/lib/crater-agent-workspace/rustup-home:/opt/rustwide/rustup-home:ro,Z" "-e" "SOURCE_DIR=/opt/rustwide/workdir" "-e" "CARGO_TARGET_DIR=/opt/rustwide/target" "-e" "CARGO_INCREMENTAL=0" "-e" "RUST_BACKTRACE=full" "-e" "RUSTFLAGS=--cap-lints=warn" "-e" "RUSTDOCFLAGS=--cap-lints=warn" "-e" "CARGO_HOME=/opt/rustwide/cargo-home" "-e" "RUSTUP_HOME=/opt/rustwide/rustup-home" "-w" "/opt/rustwide/workdir" "-m" "1610612736" "--user" "0:0" "--network" "none" "ghcr.io/rust-lang/crates-build-env/linux@sha256:2788e3201cd34a07e3172128adcd8b3090168a8e3bcc40d7c032b9dda1df7d1c" "/opt/rustwide/cargo-home/bin/cargo" "+beta-2023-12-22" "build" "--frozen" "--message-format=json", kill_on_drop: false }`
[INFO] [stdout] 60fad9e35e4e065f8e69f4d0446eb6bf80889188681791e410609bfc78329525
[INFO] running `Command { std: "docker" "start" "-a" "60fad9e35e4e065f8e69f4d0446eb6bf80889188681791e410609bfc78329525", kill_on_drop: false }`
[INFO] [stderr]    Compiling libc v0.2.151
[INFO] [stderr]    Compiling serde v1.0.194
[INFO] [stderr]    Compiling typenum v1.17.0
[INFO] [stderr]    Compiling syn v1.0.109
[INFO] [stderr]    Compiling generic-array v0.14.7
[INFO] [stderr]    Compiling semver v1.0.21
[INFO] [stderr]    Compiling syn v2.0.48
[INFO] [stderr]    Compiling either v1.9.0
[INFO] [stderr]    Compiling log v0.4.20
[INFO] [stderr]    Compiling memchr v2.7.1
[INFO] [stderr]    Compiling subtle v2.4.1
[INFO] [stderr]    Compiling rustc_version v0.4.0
[INFO] [stderr]    Compiling jobserver v0.1.27
[INFO] [stderr]    Compiling cpufeatures v0.2.12
[INFO] [stderr]    Compiling rayon v1.8.0
[INFO] [stderr]    Compiling cc v1.0.83
[INFO] [stderr]    Compiling lock_api v0.4.11
[INFO] [stderr]    Compiling smallvec v1.11.2
[INFO] [stderr]    Compiling scopeguard v1.2.0
[INFO] [stderr]    Compiling ahash v0.7.7
[INFO] [stderr]    Compiling rustversion v1.0.14
[INFO] [stderr]    Compiling getrandom v0.1.16
[INFO] [stderr]    Compiling getrandom v0.2.11
[INFO] [stderr]    Compiling num_cpus v1.16.0
[INFO] [stderr]    Compiling serde_json v1.0.111
[INFO] [stderr]    Compiling rand_core v0.6.4
[INFO] [stderr]    Compiling rand_chacha v0.3.1
[INFO] [stderr]    Compiling unicode-normalization v0.1.22
[INFO] [stderr]    Compiling indexmap v2.1.0
[INFO] [stderr]    Compiling rand v0.8.5
[INFO] [stderr]    Compiling opaque-debug v0.3.0
[INFO] [stderr]    Compiling byteorder v1.5.0
[INFO] [stderr]    Compiling rand_core v0.5.1
[INFO] [stderr]    Compiling num-traits v0.2.17
[INFO] [stderr]    Compiling futures-core v0.3.30
[INFO] [stderr]    Compiling base64 v0.21.5
[INFO] [stderr]    Compiling parking_lot_core v0.9.9
[INFO] [stderr]    Compiling ahash v0.8.7
[INFO] [stderr]    Compiling num-integer v0.1.45
[INFO] [stderr]    Compiling block-padding v0.2.1
[INFO] [stderr]    Compiling rand_chacha v0.2.2
[INFO] [stderr]    Compiling num-bigint v0.4.4
[INFO] [stderr]    Compiling zerocopy v0.7.32
[INFO] [stderr]    Compiling rustc-hash v1.1.0
[INFO] [stderr]    Compiling rand v0.7.3
[INFO] [stderr]    Compiling parking_lot v0.12.1
[INFO] [stderr]    Compiling ark-std v0.4.0
[INFO] [stderr]    Compiling digest v0.9.0
[INFO] [stderr]    Compiling wasm-bindgen-shared v0.2.89
[INFO] [stderr]    Compiling libsecp256k1-core v0.2.2
[INFO] [stderr]    Compiling hashbrown v0.13.2
[INFO] [stderr]    Compiling socket2 v0.5.5
[INFO] [stderr]    Compiling itertools v0.10.5
[INFO] [stderr]    Compiling percent-encoding v2.3.1
[INFO] [stderr]    Compiling signal-hook-registry v1.4.1
[INFO] [stderr]    Compiling mio v0.8.10
[INFO] [stderr]    Compiling feature-probe v0.1.1
[INFO] [stderr]    Compiling futures-sink v0.3.30
[INFO] [stderr]    Compiling bumpalo v3.14.0
[INFO] [stderr]    Compiling bv v0.11.1
[INFO] [stderr]    Compiling wasm-bindgen-backend v0.2.89
[INFO] [stderr]    Compiling libsecp256k1-gen-genmult v0.2.1
[INFO] [stderr]    Compiling libsecp256k1-gen-ecmult v0.2.1
[INFO] [stderr]    Compiling blake3 v1.5.0
[INFO] [stderr]    Compiling bitmaps v2.1.0
[INFO] [stderr]    Compiling solana-frozen-abi-macro v1.17.7
[INFO] [stderr]    Compiling toml v0.5.11
[INFO] [stderr]    Compiling im v15.1.0
[INFO] [stderr]    Compiling keccak v0.1.4
[INFO] [stderr]    Compiling toml_datetime v0.6.3
[INFO] [stderr]    Compiling sized-chunks v0.6.5
[INFO] [stderr]    Compiling libsecp256k1 v0.6.0
[INFO] [stderr]    Compiling wasm-bindgen-macro-support v0.2.89
[INFO] [stderr]    Compiling borsh-schema-derive-internal v0.10.3
[INFO] [stderr]    Compiling borsh-derive-internal v0.9.3
[INFO] [stderr]    Compiling borsh-schema-derive-internal v0.9.3
[INFO] [stderr]    Compiling serde_derive v1.0.194
[INFO] [stderr]    Compiling thiserror-impl v1.0.56
[INFO] [stderr]    Compiling zeroize_derive v1.4.2
[INFO] [stderr]    Compiling ark-serialize-derive v0.4.2
[INFO] [stderr]    Compiling derivative v2.2.0
[INFO] [stderr]    Compiling proc-macro-crate v0.1.5
[INFO] [stderr]    Compiling ark-ff-asm v0.4.2
[INFO] [stderr]    Compiling ark-ff-macros v0.4.2
[INFO] [stderr]    Compiling tokio-macros v2.2.0
[INFO] [stderr]    Compiling borsh-derive-internal v0.10.3
[INFO] [stderr]    Compiling zeroize v1.3.0
[INFO] [stderr]    Compiling rand_xoshiro v0.6.0
[INFO] [stderr]    Compiling solana-frozen-abi v1.17.7
[INFO] [stderr]    Compiling thiserror v1.0.56
[INFO] [stderr]    Compiling aho-corasick v1.1.2
[INFO] [stderr]    Compiling memoffset v0.9.0
[INFO] [stderr]    Compiling wasm-bindgen v0.2.89
[INFO] [stderr]    Compiling bs58 v0.4.0
[INFO] [stderr]    Compiling futures-io v0.3.30
[INFO] [stderr]    Compiling regex-syntax v0.8.2
[INFO] [stderr]    Compiling borsh-derive v0.10.3
[INFO] [stderr]    Compiling tokio v1.35.1
[INFO] [stderr]    Compiling borsh-derive v0.9.3
[INFO] [stderr]    Compiling wasm-bindgen-macro v0.2.89
[INFO] [stderr]    Compiling futures-macro v0.3.30
[INFO] [stderr]    Compiling bytemuck_derive v1.5.0
[INFO] [stderr]    Compiling regex-automata v0.4.3
[INFO] [stderr]    Compiling futures-channel v0.3.30
[INFO] [stderr]    Compiling solana-program v1.17.7
[INFO] [stderr]    Compiling hashbrown v0.11.2
[INFO] [stderr]    Compiling memmap2 v0.5.10
[INFO] [stderr]    Compiling futures-task v0.3.30
[INFO] [stderr]    Compiling base64 v0.12.3
[INFO] [stderr]    Compiling futures v0.1.31
[INFO] [stderr]    Compiling borsh v0.9.3
[INFO] [stderr]    Compiling bytemuck v1.14.0
[INFO] [stderr]    Compiling borsh v0.10.3
[INFO] [stderr]    Compiling futures-util v0.3.30
[INFO] [stderr]    Compiling solana-sdk-macro v1.17.7
[INFO] [stderr]    Compiling num-derive v0.3.3
[INFO] [stderr]    Compiling pkg-config v0.3.28
[INFO] [stderr]    Compiling bitflags v2.4.1
[INFO] [stderr]    Compiling serde_bytes v0.11.14
[INFO] [stderr]    Compiling crypto-common v0.1.6
[INFO] [stderr]    Compiling block-buffer v0.10.4
[INFO] [stderr]    Compiling digest v0.10.7
[INFO] [stderr]    Compiling block-buffer v0.9.0
[INFO] [stderr]    Compiling crypto-mac v0.8.0
[INFO] [stderr]    Compiling ark-serialize v0.4.2
[INFO] [stderr]    Compiling sha2 v0.9.9
[INFO] [stderr]    Compiling hmac v0.8.1
[INFO] [stderr]    Compiling ark-ff v0.4.2
[INFO] [stderr]    Compiling sha2 v0.10.8
[INFO] [stderr]    Compiling curve25519-dalek v3.2.1
[INFO] [stderr]    Compiling hmac-drbg v0.3.0
[INFO] [stderr]    Compiling pbkdf2 v0.4.0
[INFO] [stderr]    Compiling tiny-bip39 v0.8.2
[INFO] [stderr]    Compiling sha3 v0.10.8
[INFO] [stderr]    Compiling bincode v1.3.3
[INFO] [stderr]    Compiling ident_case v1.0.1
[INFO] [stderr]    Compiling darling_core v0.20.3
[INFO] [stderr]    Compiling toml_edit v0.19.15
[INFO] [stderr]    Compiling atty v0.2.14
[INFO] [stderr]    Compiling regex v1.10.2
[INFO] [stderr]    Compiling iana-time-zone v0.1.59
[INFO] [stderr]    Compiling termcolor v1.4.0
[INFO] [stderr]    Compiling signature v1.6.4
[INFO] [stderr]    Compiling ed25519 v1.5.3
[INFO] [stderr]    Compiling chrono v0.4.31
[INFO] [stderr]    Compiling env_logger v0.9.3
[INFO] [stderr]    Compiling ed25519-dalek v1.0.1
[INFO] [stderr]    Compiling hmac v0.12.1
[INFO] [stderr]    Compiling tracing-attributes v0.1.27
[INFO] [stderr]    Compiling http v0.2.11
[INFO] [stderr]    Compiling proc-macro-crate v1.3.1
[INFO] [stderr]    Compiling solana-sdk v1.17.7
[INFO] [stderr]    Compiling tracing-core v0.1.32
[INFO] [stderr]    Compiling derivation-path v0.2.0
[INFO] [stderr]    Compiling ed25519-dalek-bip32 v0.2.0
[INFO] [stderr]    Compiling tracing v0.1.40
[INFO] [stderr]    Compiling darling_macro v0.20.3
[INFO] [stderr]    Compiling solana-logger v1.17.7
[INFO] [stderr]    Compiling num_enum_derive v0.6.1
[INFO] [stderr]    Compiling pbkdf2 v0.11.0
[INFO] [stderr]    Compiling qualifier_attr v0.2.2
[INFO] [stderr]    Compiling qstring v0.7.2
[INFO] [stderr]    Compiling ring v0.17.7
[INFO] [stderr]    Compiling uriparse v0.6.4
[INFO] [stderr]    Compiling assert_matches v1.5.0
[INFO] [stderr]    Compiling spin v0.9.8
[INFO] [stderr]    Compiling untrusted v0.9.0
[INFO] [stderr]    Compiling darling v0.20.3
[INFO] [stderr]    Compiling serde_with_macros v2.3.3
[INFO] [stderr]    Compiling tokio-util v0.7.10
[INFO] [stderr]    Compiling openssl-src v300.2.1+3.2.0
[INFO] [stderr]    Compiling unicode-bidi v0.3.14
[INFO] [stderr]    Compiling tower-service v0.3.2
[INFO] [stderr]    Compiling vcpkg v0.2.15
[INFO] [stderr]    Compiling num_enum v0.6.1
[INFO] [stderr]    Compiling http-body v0.4.6
[INFO] [stderr]    Compiling try-lock v0.2.5
[INFO] [stderr]    Compiling rustls v0.21.10
[INFO] [stderr]    Compiling want v0.3.1
[INFO] [stderr]    Compiling h2 v0.3.22
[INFO] [stderr]    Compiling form_urlencoded v1.2.1
[INFO] [stderr]    Compiling openssl v0.10.62
[INFO] [stderr]    Compiling idna v0.5.0
[INFO] [stderr]    Compiling openssl-macros v0.1.1
[INFO] [stderr]    Compiling openssl-sys v0.9.98
[INFO] [stderr]    Compiling rustls-pemfile v1.0.4
[INFO] [stderr]    Compiling native-tls v0.2.11
[INFO] [stderr]    Compiling serde_with v2.3.3
[INFO] [stderr]    Compiling brotli-decompressor v2.5.1
[INFO] [stderr]    Compiling flate2 v1.0.28
[INFO] [stderr]    Compiling url v2.5.0
[INFO] [stderr]    Compiling webpki-roots v0.25.3
[INFO] [stderr]    Compiling serde_urlencoded v0.7.1
[INFO] [stderr]    Compiling num-bigint v0.2.6
[INFO] [stderr]    Compiling ipnet v2.9.0
[INFO] [stderr]    Compiling crossbeam-channel v0.5.10
[INFO] [stderr]    Compiling num-complex v0.2.4
[INFO] [stderr]    Compiling brotli v3.4.0
[INFO] [stderr]    Compiling ark-poly v0.4.2
[INFO] [stderr]    Compiling num-rational v0.2.4
[INFO] [stderr]    Compiling num-iter v0.1.43
[INFO] [stderr]    Compiling scroll_derive v0.11.1
[INFO] [stderr]    Compiling gethostname v0.2.3
[INFO] [stderr]    Compiling void v1.0.2
[INFO] [stderr]    Compiling unreachable v1.0.0
[INFO] [stderr]    Compiling ark-ec v0.4.2
[INFO] [stderr]    Compiling plain v0.2.3
[INFO] [stderr]    Compiling ascii v0.9.3
[INFO] [stderr]    Compiling combine v3.8.1
[INFO] [stderr]    Compiling scroll v0.11.0
[INFO] [stderr]    Compiling num v0.2.1
[INFO] [stderr]    Compiling goblin v0.5.4
[INFO] [stderr]    Compiling enum-iterator-derive v1.2.1
[INFO] [stderr]    Compiling ark-bn254 v0.4.0
[INFO] [stderr]    Compiling hash32 v0.2.1
[INFO] [stderr]    Compiling hyper v0.14.28
[INFO] [stderr]    Compiling light-poseidon v0.1.2
[INFO] [stderr]    Compiling solana-program-runtime v1.17.7
[INFO] [stderr]    Compiling rustc-demangle v0.1.23
[INFO] [stderr]    Compiling async-compression v0.4.5
[INFO] [stderr]    Compiling enum-iterator v1.4.1
[INFO] [stderr]    Compiling percentage v0.1.0
[INFO] [stderr]    Compiling eager v0.1.0
[INFO] [stderr]    Compiling cipher v0.3.0
[INFO] [stderr]    Compiling universal-hash v0.4.1
[INFO] [stderr]    Compiling rustix v0.38.28
[INFO] [stderr]    Compiling ctr v0.8.0
[INFO] [stderr]    Compiling aes v0.7.5
[INFO] [stderr]    Compiling polyval v0.5.3
[INFO] [stderr]    Compiling aead v0.4.3
[INFO] [stderr]    Compiling solana_rbpf v0.8.0
[INFO] [stderr]    Compiling aes-gcm-siv v0.10.3
[INFO] [stderr]    Compiling sha3 v0.9.1
[INFO] [stderr]    Compiling merlin v3.0.0
[INFO] [stderr]    Compiling num-derive v0.4.1
[INFO] [stderr]    Compiling fastrand v2.0.1
[INFO] [stderr]    Compiling spl-discriminator-syn v0.1.1
[INFO] [stderr]    Compiling spl-program-error-derive v0.3.1
[INFO] [stderr]    Compiling futures-executor v0.3.30
[INFO] [stderr]    Compiling spl-discriminator-derive v0.1.1
[INFO] [stderr]    Compiling zstd-sys v2.0.9+zstd.1.5.5
[INFO] [stderr]    Compiling futures v0.3.30
[INFO] [stderr]    Compiling toml_edit v0.20.2
[INFO] [stderr]    Compiling time-core v0.1.2
[INFO] [stderr]    Compiling powerfmt v0.2.0
[INFO] [stderr]    Compiling time-macros v0.2.16
[INFO] [stderr]    Compiling deranged v0.3.11
[INFO] [stderr]    Compiling solana-vote-program v1.17.7
[INFO] [stderr]    Compiling zstd-safe v5.0.2+zstd.1.5.2
[INFO] [stderr]    Compiling async-trait v0.1.77
[INFO] [stderr]    Compiling hashbrown v0.12.3
[INFO] [stderr]    Compiling proc-macro-crate v2.0.1
[INFO] [stderr]    Compiling solana-version v1.17.7
[INFO] [stderr]    Compiling base64 v0.13.1
[INFO] [stderr]    Compiling linux-raw-sys v0.4.12
[INFO] [stderr]    Compiling time v0.3.31
[INFO] [stderr]    Compiling num_enum_derive v0.7.1
[INFO] [stderr]    Compiling prost-derive v0.11.9
[INFO] [stderr]    Compiling Inflector v0.11.4
[INFO] [stderr]    Compiling unicode-width v0.1.11
[INFO] [stderr]    Compiling jsonrpc-core v18.0.0
[INFO] [stderr]    Compiling memoffset v0.7.1
[INFO] [stderr]    Compiling num_enum v0.7.1
[INFO] [stderr]    Compiling indexmap v1.9.3
[INFO] [stderr]    Compiling tempfile v3.9.0
[INFO] [stderr]    Compiling ring v0.16.20
[INFO] [stderr]    Compiling bytes v1.5.0
[INFO] [stderr]    Compiling prettyplease v0.1.25
[INFO] [stderr]    Compiling console v0.15.7
[INFO] [stderr]    Compiling home v0.5.9
[INFO] [stderr]    Compiling untrusted v0.7.1
[INFO] [stderr]    Compiling prost v0.11.9
[INFO] [stderr]    Compiling fixedbitset v0.4.2
[INFO] [stderr]    Compiling spin v0.5.2
[INFO] [stderr]    Compiling petgraph v0.6.4
[INFO] [stderr]    Compiling prost-types v0.11.9
[INFO] [stderr]    Compiling nix v0.26.4
[INFO] [stderr]    Compiling sha1 v0.10.6
[INFO] [stderr]    Compiling tokio-stream v0.1.14
[INFO] [stderr]    Compiling which v4.4.2
[INFO] [stderr]    Compiling dlopen2_derive v0.3.0
[INFO] [stderr]    Compiling lz4-sys v1.9.4
[INFO] [stderr]    Compiling solana-rayon-threadlimit v1.17.7
[INFO] [stderr]    Compiling solana-perf v1.17.7
[INFO] [stderr]    Compiling instant v0.1.12
[INFO] [stderr]    Compiling unicode-xid v0.2.4
[INFO] [stderr]    Compiling glob v0.3.1
[INFO] [stderr]    Compiling multimap v0.8.3
[INFO] [stderr]    Compiling synstructure v0.12.6
[INFO] [stderr]    Compiling prost-build v0.11.9
[INFO] [stderr]    Compiling clang-sys v1.7.0
[INFO] [stderr]    Compiling dlopen2 v0.5.0
[INFO] [stderr]    Compiling nom v7.1.3
[INFO] [stderr]    Compiling caps v0.5.5
[INFO] [stderr]    Compiling proc-macro-error-attr v1.0.4
[INFO] [stderr]    Compiling prettyplease v0.2.16
[INFO] [stderr]    Compiling parking_lot_core v0.8.6
[INFO] [stderr]    Compiling data-encoding v2.5.0
[INFO] [stderr]    Compiling asn1-rs-derive v0.4.0
[INFO] [stderr]    Compiling tonic-build v0.9.2
[INFO] [stderr]    Compiling yasna v0.5.2
[INFO] [stderr]    Compiling pem v1.1.1
[INFO] [stderr]    Compiling rusticata-macros v4.1.0
[INFO] [stderr]    Compiling bzip2-sys v0.1.11+1.0.8
[INFO] [stderr]    Compiling asn1-rs-impl v0.1.0
[INFO] [stderr]    Compiling displaydoc v0.2.4
[INFO] [stderr]    Compiling pin-project-internal v1.1.3
[INFO] [stderr]    Compiling autotools v0.2.6
[INFO] [stderr]    Compiling proc-macro-error v1.0.4
[INFO] [stderr]    Compiling portable-atomic v1.6.0
[INFO] [stderr]    Compiling protobuf-src v1.1.0+21.5
[INFO] [stderr]    Compiling rcgen v0.10.0
[INFO] [stderr]    Compiling asn1-rs v0.5.2
[INFO] [stderr]    Compiling axum-core v0.3.4
[INFO] [stderr]    Compiling solana-stake-program v1.17.7
[INFO] [stderr]    Compiling libloading v0.8.1
[INFO] [stderr]    Compiling bindgen v0.65.1
[INFO] [stderr]    Compiling oid-registry v0.6.1
[INFO] [stderr]    Compiling pin-project v1.1.3
[INFO] [stderr]    Compiling const-oid v0.7.1
[INFO] [stderr]    Compiling tower-layer v0.3.2
[INFO] [stderr]    Compiling shell-words v1.1.0
[INFO] [stderr]    Compiling dialoguer v0.10.4
[INFO] [stderr]    Compiling der v0.5.1
[INFO] [stderr]    Compiling parking_lot v0.11.2
[INFO] [stderr]    Compiling cexpr v0.6.0
[INFO] [stderr]    Compiling textwrap v0.11.0
[INFO] [stderr]    Compiling rustls-native-certs v0.6.3
[INFO] [stderr]    Compiling modular-bitfield-impl v0.11.2
[INFO] [stderr]    Compiling axum v0.6.20
[INFO] [stderr]    Compiling rtoolbox v0.0.2
[INFO] [stderr]    Compiling solana-address-lookup-table-program v1.17.7
[INFO] [stderr]    Compiling fs-err v2.11.0
[INFO] [stderr]    Compiling peeking_take_while v0.1.2
[INFO] [stderr]    Compiling vec_map v0.8.2
[INFO] [stderr]    Compiling ansi_term v0.12.1
[INFO] [stderr]    Compiling base64ct v1.6.0
[INFO] [stderr]    Compiling os_str_bytes v6.6.1
[INFO] [stderr]    Compiling static_assertions v1.1.0
[INFO] [stderr]    Compiling event-listener v2.5.3
[INFO] [stderr]    Compiling shlex v1.2.0
[INFO] [stderr]    Compiling number_prefix v0.4.0
[INFO] [stderr]    Compiling strsim v0.8.0
[INFO] [stderr]    Compiling lazycell v1.3.0
[INFO] [stderr]    Compiling clap v2.34.0
[INFO] [stderr]    Compiling modular-bitfield v0.11.2
[INFO] [stderr]    Compiling indicatif v0.17.7
[INFO] [stderr]    Compiling ouroboros_macro v0.15.6
[INFO] [stderr]    Compiling clap_lex v0.2.4
[INFO] [stderr]    Compiling spki v0.5.4
[INFO] [stderr]    Compiling rpassword v7.3.1
[INFO] [stderr]    Compiling der-parser v8.2.0
[INFO] [stderr]    Compiling tower v0.4.13
[INFO] [stderr]    Compiling xattr v1.2.0
[INFO] [stderr]    Compiling strum_macros v0.24.3
[INFO] [stderr]    Compiling quinn-udp v0.4.1
[INFO] [stderr]    Compiling tokio-io-timeout v1.2.0
[INFO] [stderr]    Compiling async-stream-impl v0.3.5
[INFO] [stderr]    Compiling dashmap v4.0.2
[INFO] [stderr]    Compiling filetime v0.2.23
[INFO] [stderr]    Compiling solana-cost-model v1.17.7
[INFO] [stderr]    Compiling solana-vote v1.17.7
[INFO] [stderr]    Compiling solana-accounts-db v1.17.7
[INFO] [stderr]    Compiling concurrent-queue v2.4.0
[INFO] [stderr]    Compiling textwrap v0.16.0
[INFO] [stderr]    Compiling utf-8 v0.7.6
[INFO] [stderr]    Compiling aliasable v0.1.3
[INFO] [stderr]    Compiling matchit v0.7.3
[INFO] [stderr]    Compiling sync_wrapper v0.1.2
[INFO] [stderr]    Compiling async-stream v0.3.5
[INFO] [stderr]    Compiling strum v0.24.1
[INFO] [stderr]    Compiling ouroboros v0.15.6
[INFO] [stderr]    Compiling clap v3.2.25
[INFO] [stderr]    Compiling async-channel v1.9.0
[INFO] [stderr]    Compiling tar v0.4.40
[INFO] [stderr]    Compiling hyper-timeout v0.4.1
[INFO] [stderr]    Compiling x509-parser v0.14.0
[INFO] [stderr]    Compiling librocksdb-sys v0.11.0+8.1.1
[INFO] [stderr]    Compiling pkcs8 v0.8.0
[INFO] [stderr]    Compiling lru v0.7.8
[INFO] [stderr]    Compiling headers-core v0.2.0
[INFO] [stderr]    Compiling solana-runtime v1.17.7
[INFO] [stderr]    Compiling ieee754 v0.2.6
[INFO] [stderr]    Compiling libm v0.2.8
[INFO] [stderr]    Compiling index_list v0.2.11
[INFO] [stderr]    Compiling histogram v0.6.9
[INFO] [stderr]    Compiling simpl v0.1.0
[INFO] [stderr]    Compiling fast-math v0.1.1
[INFO] [stderr]    Compiling headers v0.3.9
[INFO] [stderr]    Compiling dir-diff v0.3.3
[INFO] [stderr]    Compiling reed-solomon-erasure v6.0.0
[INFO] [stderr]    Compiling symlink v0.1.0
[INFO] [stderr]    Compiling arc-swap v1.6.0
[INFO] [stderr]    Compiling siphasher v0.3.11
[INFO] [stderr]    Compiling async-mutex v1.4.0
[INFO] [stderr]    Compiling backoff v0.4.0
[INFO] [stderr]    Compiling solana-ledger v1.17.7
[INFO] [stderr]    Compiling matches v0.1.10
[INFO] [stderr]    Compiling ucd-trie v0.1.6
[INFO] [stderr]    Compiling idna v0.1.5
[INFO] [stderr]    Compiling chrono-humanize v0.2.3
[INFO] [stderr]    Compiling dirs-sys-next v0.1.2
[INFO] [stderr]    Compiling solana-bloom v1.17.7
[INFO] [stderr]    Compiling bstr v1.9.0
[INFO] [stderr]    Compiling percent-encoding v1.0.1
[INFO] [stderr]    Compiling unsafe-libyaml v0.2.10
[INFO] [stderr]    Compiling fs_extra v1.3.0
[INFO] [stderr]    Compiling trees v0.4.2
[INFO] [stderr]    Compiling globset v0.4.14
[INFO] [stderr]    Compiling derive_more v0.99.17
[INFO] [stderr]    Compiling serde_yaml v0.9.30
[INFO] [stderr]    Compiling url v1.7.2
[INFO] [stderr]    Compiling dirs-next v2.0.0
[INFO] [stderr]    Compiling pest v2.7.6
[INFO] [stderr]    Compiling jsonrpc-pubsub v18.0.0
[INFO] [stderr]    Compiling tokio-util v0.6.10
[INFO] [stderr]    Compiling solana-gossip v1.17.7
[INFO] [stderr]    Compiling cfg-if v0.1.10
[INFO] [stderr]    Compiling net2 v0.2.39
[INFO] [stderr]    Compiling pest_meta v2.7.6
[INFO] [stderr]    Compiling spl-program-error v0.3.0
[INFO] [stderr]    Compiling spl-discriminator v0.1.0
[INFO] [stderr]    Compiling spl-memo v4.0.0
[INFO] [stderr]    Compiling spl-token v4.0.0
[INFO] [stderr]    Compiling solana-merkle-tree v1.17.7
[INFO] [stderr]    Compiling jsonrpc-server-utils v18.0.0
[INFO] [stderr]    Compiling sha-1 v0.9.8
[INFO] [stderr]    Compiling core_affinity v0.5.10
[INFO] [stderr]    Compiling jsonrpc-client-transports v18.0.0
[INFO] [stderr]    Compiling jsonrpc-http-server v18.0.0
[INFO] [stderr]    Compiling soketto v0.7.1
[INFO] [stderr]    Compiling jsonrpc-core-client v18.0.0
[INFO] [stderr]    Compiling pest_generator v2.7.6
[INFO] [stderr]    Compiling stream-cancel v0.8.2
[INFO] [stderr]    Compiling jsonrpc-derive v18.0.0
[INFO] [stderr]    Compiling sys-info v0.9.1
[INFO] [stderr]    Compiling etcd-client v0.11.1
[INFO] [stderr]    Compiling solana-core v1.17.7 (/opt/rustwide/workdir)
[INFO] [stderr]    Compiling pest_derive v2.7.6
[INFO] [stderr]    Compiling libloading v0.7.4
[INFO] [stderr]    Compiling json5 v0.4.1
[INFO] [stderr]    Compiling sysctl v0.4.6
[INFO] [stderr]    Compiling rolling-file v0.2.0
[INFO] [stderr]    Compiling min-max-heap v1.3.0
[INFO] [stderr]    Compiling solana-measure v1.17.7
[INFO] [stderr]    Compiling solana-zk-token-sdk v1.17.7
[INFO] [stderr]    Compiling solana-remote-wallet v1.17.7
[INFO] [stderr]    Compiling solana-bucket-map v1.17.7
[INFO] [stderr]    Compiling solana-clap-utils v1.17.7
[INFO] [stderr]    Compiling solana-net-utils v1.17.7
[INFO] [stderr]    Compiling solana-cli-config v1.17.7
[INFO] [stderr]    Compiling lz4 v1.24.0
[INFO] [stderr]    Compiling bzip2 v0.4.4
[INFO] [stderr]    Compiling spl-pod v0.1.0
[INFO] [stderr]    Compiling spl-type-length-value v0.3.0
[INFO] [stderr]    Compiling spl-tlv-account-resolution v0.4.0
[INFO] [stderr]    Compiling spl-token-metadata-interface v0.2.0
[INFO] [stderr]    Compiling spl-transfer-hook-interface v0.3.0
[INFO] [stderr]    Compiling spl-token-2022 v0.9.0
[INFO] [stderr]    Compiling rustls-webpki v0.101.7
[INFO] [stderr]    Compiling sct v0.7.1
[INFO] [stderr]    Compiling webpki-roots v0.24.0
[INFO] [stderr]    Compiling tokio-rustls v0.24.1
[INFO] [stderr]    Compiling hyper-rustls v0.24.2
[INFO] [stderr]    Compiling spl-associated-token-account v2.2.0
[INFO] [stderr]    Compiling quinn-proto v0.10.6
[INFO] [stderr]    Compiling tungstenite v0.20.1
[INFO] [stderr]    Compiling tokio-tungstenite v0.20.1
[INFO] [stderr]    Compiling tonic v0.9.2
[INFO] [stderr]    Compiling quinn v0.10.2
[INFO] [stderr]    Compiling zstd v0.11.2+zstd.1.5.2
[INFO] [stderr]    Compiling solana-storage-proto v1.17.7
[ERROR] error running command: command timed out after 900 seconds
[INFO] running `Command { std: "docker" "inspect" "60fad9e35e4e065f8e69f4d0446eb6bf80889188681791e410609bfc78329525", kill_on_drop: false }`
[INFO] running `Command { std: "docker" "rm" "-f" "60fad9e35e4e065f8e69f4d0446eb6bf80889188681791e410609bfc78329525", kill_on_drop: false }`
[INFO] [stdout] 60fad9e35e4e065f8e69f4d0446eb6bf80889188681791e410609bfc78329525
