[INFO] fetching crate snarkvm-synthesizer 0.16.12...
[INFO] testing snarkvm-synthesizer-0.16.12 against 1.75.0 for beta-1.76-1
[INFO] extracting crate snarkvm-synthesizer 0.16.12 into /workspace/builds/worker-0-tc1/source
[INFO] validating manifest of crates.io crate snarkvm-synthesizer 0.16.12 on toolchain 1.75.0
[INFO] running `Command { std: CARGO_HOME="/workspace/cargo-home" RUSTUP_HOME="/workspace/rustup-home" "/workspace/cargo-home/bin/cargo" "+1.75.0" "metadata" "--manifest-path" "Cargo.toml" "--no-deps", kill_on_drop: false }`
[INFO] started tweaking crates.io crate snarkvm-synthesizer 0.16.12
[INFO] finished tweaking crates.io crate snarkvm-synthesizer 0.16.12
[INFO] tweaked toml for crates.io crate snarkvm-synthesizer 0.16.12 written to /workspace/builds/worker-0-tc1/source/Cargo.toml
[INFO] running `Command { std: CARGO_HOME="/workspace/cargo-home" RUSTUP_HOME="/workspace/rustup-home" "/workspace/cargo-home/bin/cargo" "+1.75.0" "generate-lockfile" "--manifest-path" "Cargo.toml", kill_on_drop: false }`
[INFO] [stderr]     Updating crates.io index
[INFO] running `Command { std: CARGO_HOME="/workspace/cargo-home" RUSTUP_HOME="/workspace/rustup-home" "/workspace/cargo-home/bin/cargo" "+1.75.0" "fetch" "--manifest-path" "Cargo.toml", kill_on_drop: false }`
[INFO] [stderr]  Downloading crates ...
[INFO] [stderr]   Downloaded snarkvm-ledger-query v0.16.12
[INFO] [stderr]   Downloaded snarkvm-ledger-authority v0.16.12
[INFO] [stderr]   Downloaded snarkvm-algorithms-cuda v0.16.12
[INFO] [stderr]   Downloaded snarkvm-ledger-narwhal-transmission-id v0.16.12
[INFO] [stderr]   Downloaded snarkvm-ledger-narwhal-batch-certificate v0.16.12
[INFO] [stderr]   Downloaded snarkvm-ledger-committee v0.16.12
[INFO] [stderr]   Downloaded snarkvm-ledger-narwhal-subdag v0.16.12
[INFO] [stderr]   Downloaded snarkvm-synthesizer-process v0.16.12
[INFO] [stderr]   Downloaded snarkvm-ledger-block v0.16.12
[INFO] [stderr]   Downloaded snarkvm-synthesizer-program v0.16.12
[INFO] [stderr]   Downloaded snarkvm-ledger-store v0.16.12
[INFO] [stderr]   Downloaded snarkvm-ledger-narwhal-batch-header v0.16.12
[INFO] [stderr]   Downloaded sppark v0.1.5
[INFO] running `Command { std: "docker" "create" "-v" "/var/lib/crater-agent-workspace/builds/worker-0-tc1/target:/opt/rustwide/target:rw,Z" "-v" "/var/lib/crater-agent-workspace/builds/worker-0-tc1/source:/opt/rustwide/workdir:ro,Z" "-v" "/var/lib/crater-agent-workspace/cargo-home:/opt/rustwide/cargo-home:ro,Z" "-v" "/var/lib/crater-agent-workspace/rustup-home:/opt/rustwide/rustup-home:ro,Z" "-e" "SOURCE_DIR=/opt/rustwide/workdir" "-e" "CARGO_TARGET_DIR=/opt/rustwide/target" "-e" "CARGO_HOME=/opt/rustwide/cargo-home" "-e" "RUSTUP_HOME=/opt/rustwide/rustup-home" "-w" "/opt/rustwide/workdir" "-m" "1610612736" "--user" "0:0" "--network" "none" "ghcr.io/rust-lang/crates-build-env/linux@sha256:2788e3201cd34a07e3172128adcd8b3090168a8e3bcc40d7c032b9dda1df7d1c" "/opt/rustwide/cargo-home/bin/cargo" "+1.75.0" "metadata" "--no-deps" "--format-version=1", kill_on_drop: false }`
[INFO] [stdout] b2ebd404635a024edf89f3d6e7f436320e1d07513b3ae81471ff8175ea94cd66
[INFO] running `Command { std: "docker" "start" "-a" "b2ebd404635a024edf89f3d6e7f436320e1d07513b3ae81471ff8175ea94cd66", kill_on_drop: false }`
[INFO] running `Command { std: "docker" "inspect" "b2ebd404635a024edf89f3d6e7f436320e1d07513b3ae81471ff8175ea94cd66", kill_on_drop: false }`
[INFO] running `Command { std: "docker" "rm" "-f" "b2ebd404635a024edf89f3d6e7f436320e1d07513b3ae81471ff8175ea94cd66", kill_on_drop: false }`
[INFO] [stdout] b2ebd404635a024edf89f3d6e7f436320e1d07513b3ae81471ff8175ea94cd66
[INFO] running `Command { std: "docker" "create" "-v" "/var/lib/crater-agent-workspace/builds/worker-0-tc1/target:/opt/rustwide/target:rw,Z" "-v" "/var/lib/crater-agent-workspace/builds/worker-0-tc1/source:/opt/rustwide/workdir:ro,Z" "-v" "/var/lib/crater-agent-workspace/cargo-home:/opt/rustwide/cargo-home:ro,Z" "-v" "/var/lib/crater-agent-workspace/rustup-home:/opt/rustwide/rustup-home:ro,Z" "-e" "SOURCE_DIR=/opt/rustwide/workdir" "-e" "CARGO_TARGET_DIR=/opt/rustwide/target" "-e" "CARGO_INCREMENTAL=0" "-e" "RUST_BACKTRACE=full" "-e" "RUSTFLAGS=--cap-lints=warn" "-e" "RUSTDOCFLAGS=--cap-lints=warn" "-e" "CARGO_HOME=/opt/rustwide/cargo-home" "-e" "RUSTUP_HOME=/opt/rustwide/rustup-home" "-w" "/opt/rustwide/workdir" "-m" "1610612736" "--user" "0:0" "--network" "none" "ghcr.io/rust-lang/crates-build-env/linux@sha256:2788e3201cd34a07e3172128adcd8b3090168a8e3bcc40d7c032b9dda1df7d1c" "/opt/rustwide/cargo-home/bin/cargo" "+1.75.0" "build" "--frozen" "--message-format=json", kill_on_drop: false }`
[INFO] [stdout] e0b4534910ec57a18aa06e3d623b2a1362154c3c324938993f0e9bc467ee0374
[INFO] running `Command { std: "docker" "start" "-a" "e0b4534910ec57a18aa06e3d623b2a1362154c3c324938993f0e9bc467ee0374", kill_on_drop: false }`
[INFO] [stderr]    Compiling libc v0.2.151
[INFO] [stderr]    Compiling ahash v0.8.7
[INFO] [stderr]    Compiling zerocopy v0.7.32
[INFO] [stderr]    Compiling num-traits v0.2.17
[INFO] [stderr]    Compiling allocator-api2 v0.2.16
[INFO] [stderr]    Compiling serde v1.0.194
[INFO] [stderr]    Compiling dirs-sys v0.3.7
[INFO] [stderr]    Compiling serde_json v1.0.111
[INFO] [stderr]    Compiling dirs v4.0.0
[INFO] [stderr]    Compiling aleo-std-time v0.1.2
[INFO] [stderr]    Compiling aleo-std-storage v0.1.3
[INFO] [stderr]    Compiling aleo-std-timed v0.1.2
[INFO] [stderr]    Compiling aleo-std-timer v0.1.2
[INFO] [stderr]    Compiling aleo-std-profiler v0.1.15
[INFO] [stderr]    Compiling aleo-std-cpu v0.1.4
[INFO] [stderr]    Compiling zeroize v1.7.0
[INFO] [stderr]    Compiling rand_xorshift v0.3.0
[INFO] [stderr]    Compiling snarkvm-utilities-derives v0.16.12
[INFO] [stderr]    Compiling num_cpus v1.16.0
[INFO] [stderr]    Compiling hashbrown v0.14.3
[INFO] [stderr]    Compiling derivative v2.2.0
[INFO] [stderr]    Compiling itertools v0.11.0
[INFO] [stderr]    Compiling cc v1.0.83
[INFO] [stderr]    Compiling aleo-std v0.1.18
[INFO] [stderr]    Compiling memchr v2.7.1
[INFO] [stderr]    Compiling bech32 v0.9.1
[INFO] [stderr]    Compiling crypto-common v0.1.6
[INFO] [stderr]    Compiling smallvec v1.11.2
[INFO] [stderr]    Compiling num-integer v0.1.45
[INFO] [stderr]    Compiling subtle v2.5.0
[INFO] [stderr]    Compiling crunchy v0.2.2
[INFO] [stderr]    Compiling curl v0.4.44
[INFO] [stderr]    Compiling digest v0.10.7
[INFO] [stderr]    Compiling num-bigint v0.4.4
[INFO] [stderr]    Compiling nom v7.1.3
[INFO] [stderr]    Compiling paste v1.0.14
[INFO] [stderr]    Compiling tiny-keccak v2.0.2
[INFO] [stderr]    Compiling socket2 v0.4.10
[INFO] [stderr]    Compiling openssl-sys v0.9.98
[INFO] [stderr]    Compiling libz-sys v1.1.12
[INFO] [stderr]    Compiling curl-sys v0.4.70+curl-8.5.0
[INFO] [stderr]    Compiling constant_time_eq v0.3.0
[INFO] [stderr]    Compiling arrayvec v0.7.4
[INFO] [stderr]    Compiling colored v2.1.0
[INFO] [stderr]    Compiling blake2s_simd v1.0.2
[INFO] [stderr]    Compiling indexmap v2.1.0
[INFO] [stderr]    Compiling bincode v1.3.3
[INFO] [stderr]    Compiling sha2 v0.10.8
[INFO] [stderr]    Compiling parking_lot_core v0.9.9
[INFO] [stderr]    Compiling fxhash v0.2.1
[INFO] [stderr]    Compiling blake2 v0.10.6
[INFO] [stderr]    Compiling parking_lot v0.12.1
[INFO] [stderr]    Compiling snarkvm-circuit-environment-witness v0.16.12
[INFO] [stderr]    Compiling snarkvm-circuit-types-boolean v0.16.12
[INFO] [stderr]    Compiling snarkvm-circuit-types-field v0.16.12
[INFO] [stderr]    Compiling snarkvm-circuit-types-scalar v0.16.12
[INFO] [stderr]    Compiling snarkvm-circuit-types-integers v0.16.12
[INFO] [stderr]    Compiling snarkvm-circuit-types-group v0.16.12
[INFO] [stderr]    Compiling snarkvm-circuit-types-address v0.16.12
[INFO] [stderr]    Compiling snarkvm-circuit-types-string v0.16.12
[INFO] [stderr]    Compiling unicode-xid v0.0.4
[INFO] [stderr]    Compiling synom v0.11.3
[INFO] [stderr]    Compiling bs58 v0.5.0
[INFO] [stderr]    Compiling quote v0.3.15
[INFO] [stderr]    Compiling snarkvm-circuit-algorithms v0.16.12
[INFO] [stderr]    Compiling snarkvm-circuit-collections v0.16.12
[INFO] [stderr]    Compiling num-derive v0.4.1
[INFO] [stderr]    Compiling enum_index v0.2.0
[INFO] [stderr]    Compiling syn v0.11.11
[INFO] [stderr]    Compiling snarkvm-circuit-network v0.16.12
[INFO] [stderr]    Compiling snarkvm-circuit-account v0.16.12
[INFO] [stderr]    Compiling snarkvm-circuit-program v0.16.12
[INFO] [stderr]    Compiling ring v0.17.7
[INFO] [stderr]    Compiling untrusted v0.9.0
[INFO] [stderr]    Compiling spin v0.9.8
[INFO] [stderr]    Compiling rustls v0.21.10
[INFO] [stderr]    Compiling idna v0.5.0
[INFO] [stderr]    Compiling snarkvm-utilities v0.16.12
[INFO] [stderr]    Compiling miniz_oxide v0.7.1
[INFO] [stderr]    Compiling url v2.5.0
[INFO] [stderr]    Compiling snarkvm-fields v0.16.12
[INFO] [stderr]    Compiling flate2 v1.0.28
[INFO] [stderr]    Compiling webpki-roots v0.25.3
[INFO] [stderr]    Compiling tracing v0.1.40
[INFO] [stderr]    Compiling enum_index_derive v0.2.0
[INFO] [stderr]    Compiling snarkvm-curves v0.16.12
[INFO] [stderr]    Compiling snarkvm-console-network-environment v0.16.12
[INFO] [stderr]    Compiling snarkvm-parameters v0.16.12
[INFO] [stderr]    Compiling snarkvm-console-types-boolean v0.16.12
[INFO] [stderr]    Compiling snarkvm-console-types-field v0.16.12
[INFO] [stderr]    Compiling snarkvm-console-types-scalar v0.16.12
[INFO] [stderr]    Compiling snarkvm-console-types-group v0.16.12
[INFO] [stderr]    Compiling snarkvm-console-types-integers v0.16.12
[INFO] [stderr]    Compiling snarkvm-console-types-address v0.16.12
[INFO] [stderr]    Compiling snarkvm-console-types-string v0.16.12
[INFO] [stderr]    Compiling snarkvm-console-types v0.16.12
[INFO] [stderr]    Compiling snarkvm-console-algorithms v0.16.12
[INFO] [stderr]    Compiling snarkvm-algorithms v0.16.12
[INFO] [stderr]    Compiling rustls-webpki v0.101.7
[INFO] [stderr]    Compiling sct v0.7.1
[INFO] [stderr]    Compiling snarkvm-console-collections v0.16.12
[INFO] [stderr]    Compiling ureq v2.9.1
[INFO] [stderr]    Compiling snarkvm-console-network v0.16.12
[INFO] [stderr]    Compiling snarkvm-circuit-environment v0.16.12
[INFO] [stderr]    Compiling snarkvm-console-account v0.16.12
[INFO] [stderr]    Compiling snarkvm-console-program v0.16.12
[INFO] [stderr]    Compiling snarkvm-circuit-types v0.16.12
[INFO] [stderr]    Compiling snarkvm-console v0.16.12
[INFO] [stderr]    Compiling snarkvm-ledger-committee v0.16.12
[INFO] [stderr]    Compiling snarkvm-circuit v0.16.12
[INFO] [stderr]    Compiling snarkvm-synthesizer-snark v0.16.12
[INFO] [stderr]    Compiling snarkvm-synthesizer-program v0.16.12
[INFO] [stderr]    Compiling snarkvm-ledger-coinbase v0.16.12
[INFO] [stderr]    Compiling snarkvm-ledger-narwhal-transmission-id v0.16.12
[INFO] [stderr]    Compiling snarkvm-ledger-narwhal-batch-header v0.16.12
[INFO] [stderr]    Compiling snarkvm-ledger-narwhal-batch-certificate v0.16.12
[INFO] [stderr]    Compiling snarkvm-ledger-narwhal-subdag v0.16.12
[INFO] [stderr]    Compiling snarkvm-ledger-authority v0.16.12
[INFO] [stderr]    Compiling snarkvm-ledger-block v0.16.12
[INFO] [stderr]    Compiling snarkvm-ledger-store v0.16.12
[INFO] [stderr]    Compiling snarkvm-ledger-query v0.16.12
[INFO] [stderr]    Compiling snarkvm-synthesizer-process v0.16.12
[INFO] [stderr]    Compiling snarkvm-synthesizer v0.16.12 (/opt/rustwide/workdir)
[INFO] [stderr]     Finished dev [unoptimized + debuginfo] target(s) in 1m 10s
[INFO] running `Command { std: "docker" "inspect" "e0b4534910ec57a18aa06e3d623b2a1362154c3c324938993f0e9bc467ee0374", kill_on_drop: false }`
[INFO] running `Command { std: "docker" "rm" "-f" "e0b4534910ec57a18aa06e3d623b2a1362154c3c324938993f0e9bc467ee0374", kill_on_drop: false }`
[INFO] [stdout] e0b4534910ec57a18aa06e3d623b2a1362154c3c324938993f0e9bc467ee0374
[INFO] running `Command { std: "docker" "create" "-v" "/var/lib/crater-agent-workspace/builds/worker-0-tc1/target:/opt/rustwide/target:rw,Z" "-v" "/var/lib/crater-agent-workspace/builds/worker-0-tc1/source:/opt/rustwide/workdir:ro,Z" "-v" "/var/lib/crater-agent-workspace/cargo-home:/opt/rustwide/cargo-home:ro,Z" "-v" "/var/lib/crater-agent-workspace/rustup-home:/opt/rustwide/rustup-home:ro,Z" "-e" "SOURCE_DIR=/opt/rustwide/workdir" "-e" "CARGO_TARGET_DIR=/opt/rustwide/target" "-e" "CARGO_INCREMENTAL=0" "-e" "RUST_BACKTRACE=full" "-e" "RUSTFLAGS=--cap-lints=warn" "-e" "RUSTDOCFLAGS=--cap-lints=warn" "-e" "CARGO_HOME=/opt/rustwide/cargo-home" "-e" "RUSTUP_HOME=/opt/rustwide/rustup-home" "-w" "/opt/rustwide/workdir" "-m" "1610612736" "--user" "0:0" "--network" "none" "ghcr.io/rust-lang/crates-build-env/linux@sha256:2788e3201cd34a07e3172128adcd8b3090168a8e3bcc40d7c032b9dda1df7d1c" "/opt/rustwide/cargo-home/bin/cargo" "+1.75.0" "test" "--frozen" "--no-run" "--message-format=json", kill_on_drop: false }`
[INFO] [stdout] fcec13ffb6ae7ab3e08c7fecc236b9b714c3a47f9ae01d47a2326d217647d5d7
[INFO] running `Command { std: "docker" "start" "-a" "fcec13ffb6ae7ab3e08c7fecc236b9b714c3a47f9ae01d47a2326d217647d5d7", kill_on_drop: false }`
[INFO] [stderr]    Compiling serde v1.0.194
[INFO] [stderr]    Compiling anstyle v1.0.4
[INFO] [stderr]    Compiling clap_lex v0.6.0
[INFO] [stderr]    Compiling regex-automata v0.4.3
[INFO] [stderr]    Compiling plotters v0.3.5
[INFO] [stderr]    Compiling unsafe-libyaml v0.2.10
[INFO] [stderr]    Compiling clap_builder v4.4.12
[INFO] [stderr]    Compiling regex v1.10.2
[INFO] [stderr]    Compiling clap v4.4.13
[INFO] [stderr]    Compiling indexmap v2.1.0
[INFO] [stderr]    Compiling bincode v1.3.3
[INFO] [stderr]    Compiling ciborium v0.2.1
[INFO] [stderr]    Compiling serde_json v1.0.111
[INFO] [stderr]    Compiling serde_yaml v0.9.30
[INFO] [stderr]    Compiling snarkvm-utilities v0.16.12
[INFO] [stderr]    Compiling ureq v2.9.1
[INFO] [stderr]    Compiling tinytemplate v1.2.1
[INFO] [stderr]    Compiling criterion v0.5.1
[INFO] [stderr]    Compiling snarkvm-fields v0.16.12
[INFO] [stderr]    Compiling snarkvm-curves v0.16.12
[INFO] [stderr]    Compiling snarkvm-console-network-environment v0.16.12
[INFO] [stderr]    Compiling snarkvm-parameters v0.16.12
[INFO] [stderr]    Compiling snarkvm-console-types-boolean v0.16.12
[INFO] [stderr]    Compiling snarkvm-console-types-field v0.16.12
[INFO] [stderr]    Compiling snarkvm-console-types-scalar v0.16.12
[INFO] [stderr]    Compiling snarkvm-console-types-integers v0.16.12
[INFO] [stderr]    Compiling snarkvm-console-types-group v0.16.12
[INFO] [stderr]    Compiling snarkvm-console-types-address v0.16.12
[INFO] [stderr]    Compiling snarkvm-console-types-string v0.16.12
[INFO] [stderr]    Compiling snarkvm-algorithms v0.16.12
[INFO] [stderr]    Compiling snarkvm-console-types v0.16.12
[INFO] [stderr]    Compiling snarkvm-console-algorithms v0.16.12
[INFO] [stderr]    Compiling snarkvm-console-collections v0.16.12
[INFO] [stderr]    Compiling snarkvm-console-network v0.16.12
[INFO] [stderr]    Compiling snarkvm-circuit-environment v0.16.12
[INFO] [stderr]    Compiling snarkvm-console-account v0.16.12
[INFO] [stderr]    Compiling snarkvm-console-program v0.16.12
[INFO] [stderr]    Compiling snarkvm-circuit-types-boolean v0.16.12
[INFO] [stderr]    Compiling snarkvm-circuit-types-field v0.16.12
[INFO] [stderr]    Compiling snarkvm-circuit-types-scalar v0.16.12
[INFO] [stderr]    Compiling snarkvm-circuit-types-integers v0.16.12
[INFO] [stderr]    Compiling snarkvm-circuit-types-group v0.16.12
[INFO] [stderr]    Compiling snarkvm-circuit-types-address v0.16.12
[INFO] [stderr]    Compiling snarkvm-console v0.16.12
[INFO] [stderr]    Compiling snarkvm-ledger-committee v0.16.12
[INFO] [stderr]    Compiling snarkvm-circuit-types-string v0.16.12
[INFO] [stderr]    Compiling snarkvm-circuit-types v0.16.12
[INFO] [stderr]    Compiling snarkvm-circuit-algorithms v0.16.12
[INFO] [stderr]    Compiling snarkvm-circuit-collections v0.16.12
[INFO] [stderr]    Compiling snarkvm-circuit-network v0.16.12
[INFO] [stderr]    Compiling snarkvm-circuit-account v0.16.12
[INFO] [stderr]    Compiling snarkvm-circuit-program v0.16.12
[INFO] [stderr]    Compiling snarkvm-circuit v0.16.12
[INFO] [stderr]    Compiling snarkvm-synthesizer-snark v0.16.12
[INFO] [stderr]    Compiling snarkvm-synthesizer-program v0.16.12
[INFO] [stderr]    Compiling snarkvm-ledger-coinbase v0.16.12
[INFO] [stderr]    Compiling snarkvm-ledger-narwhal-transmission-id v0.16.12
[INFO] [stderr]    Compiling snarkvm-ledger-narwhal-batch-header v0.16.12
[INFO] [stderr]    Compiling snarkvm-ledger-narwhal-batch-certificate v0.16.12
[INFO] [stderr]    Compiling snarkvm-ledger-narwhal-subdag v0.16.12
[INFO] [stderr]    Compiling snarkvm-ledger-authority v0.16.12
[INFO] [stderr]    Compiling snarkvm-ledger-block v0.16.12
[INFO] [stderr]    Compiling snarkvm-ledger-store v0.16.12
[INFO] [stderr]    Compiling snarkvm-ledger-query v0.16.12
[INFO] [stderr]    Compiling snarkvm-synthesizer-process v0.16.12
[INFO] [stderr]    Compiling snarkvm-synthesizer v0.16.12 (/opt/rustwide/workdir)
[INFO] [stdout] error[E0433]: failed to resolve: could not find `test_helpers` in `ledger_committee`
[INFO] [stdout]    --> src/vm/helpers/committee.rs:335:43
[INFO] [stdout]     |
[INFO] [stdout] 335 |         let committee = ledger_committee::test_helpers::sample_committee_for_round_and_size(1, 100, rng);
[INFO] [stdout]     |                                           ^^^^^^^^^^^^ could not find `test_helpers` in `ledger_committee`
[INFO] [stdout] 
[INFO] [stdout] 
[INFO] [stdout] error[E0433]: failed to resolve: could not find `test_helpers` in `ledger_committee`
[INFO] [stdout]    --> src/vm/helpers/committee.rs:353:43
[INFO] [stdout]     |
[INFO] [stdout] 353 |         let committee = ledger_committee::test_helpers::sample_committee_for_round_and_size(1, 100, rng);
[INFO] [stdout]     |                                           ^^^^^^^^^^^^ could not find `test_helpers` in `ledger_committee`
[INFO] [stdout] 
[INFO] [stdout] 
[INFO] [stdout] error[E0433]: failed to resolve: could not find `test_helpers` in `ledger_committee`
[INFO] [stdout]    --> src/vm/helpers/committee.rs:373:43
[INFO] [stdout]     |
[INFO] [stdout] 373 |         let committee = ledger_committee::test_helpers::sample_committee_for_round_and_size(1, 100, rng);
[INFO] [stdout]     |                                           ^^^^^^^^^^^^ could not find `test_helpers` in `ledger_committee`
[INFO] [stdout] 
[INFO] [stdout] 
[INFO] [stdout] error[E0433]: failed to resolve: could not find `test_helpers` in `ledger_committee`
[INFO] [stdout]    --> src/vm/helpers/committee.rs:390:43
[INFO] [stdout]     |
[INFO] [stdout] 390 |         let committee = ledger_committee::test_helpers::sample_committee_for_round_and_size(1, 100, rng);
[INFO] [stdout]     |                                           ^^^^^^^^^^^^ could not find `test_helpers` in `ledger_committee`
[INFO] [stdout] 
[INFO] [stdout] 
[INFO] [stdout] error[E0433]: failed to resolve: could not find `test_helpers` in `ledger_committee`
[INFO] [stdout]    --> src/vm/helpers/committee.rs:409:43
[INFO] [stdout]     |
[INFO] [stdout] 409 |         let committee = ledger_committee::test_helpers::sample_committee(rng);
[INFO] [stdout]     |                                           ^^^^^^^^^^^^ could not find `test_helpers` in `ledger_committee`
[INFO] [stdout] 
[INFO] [stdout] 
[INFO] [stdout] error[E0433]: failed to resolve: could not find `test_helpers` in `ledger_committee`
[INFO] [stdout]    --> src/vm/helpers/rewards.rs:142:43
[INFO] [stdout]     |
[INFO] [stdout] 142 |         let committee = ledger_committee::test_helpers::sample_committee(rng);
[INFO] [stdout]     |                                           ^^^^^^^^^^^^ could not find `test_helpers` in `ledger_committee`
[INFO] [stdout] 
[INFO] [stdout] 
[INFO] [stdout] error[E0433]: failed to resolve: could not find `test_helpers` in `ledger_committee`
[INFO] [stdout]    --> src/vm/helpers/rewards.rs:170:43
[INFO] [stdout]     |
[INFO] [stdout] 170 |         let committee = ledger_committee::test_helpers::sample_committee_for_round_and_size(1, 100, rng);
[INFO] [stdout]     |                                           ^^^^^^^^^^^^ could not find `test_helpers` in `ledger_committee`
[INFO] [stdout] 
[INFO] [stdout] 
[INFO] [stdout] error[E0433]: failed to resolve: could not find `test_helpers` in `ledger_committee`
[INFO] [stdout]    --> src/vm/helpers/rewards.rs:194:43
[INFO] [stdout]     |
[INFO] [stdout] 194 |         let committee = ledger_committee::test_helpers::sample_committee(rng);
[INFO] [stdout]     |                                           ^^^^^^^^^^^^ could not find `test_helpers` in `ledger_committee`
[INFO] [stdout] 
[INFO] [stdout] 
[INFO] [stdout] error[E0433]: failed to resolve: could not find `test_helpers` in `ledger_committee`
[INFO] [stdout]    --> src/vm/helpers/rewards.rs:218:43
[INFO] [stdout]     |
[INFO] [stdout] 218 |         let committee = ledger_committee::test_helpers::sample_committee(rng);
[INFO] [stdout]     |                                           ^^^^^^^^^^^^ could not find `test_helpers` in `ledger_committee`
[INFO] [stdout] 
[INFO] [stdout] 
[INFO] [stdout] error[E0433]: failed to resolve: could not find `test_helpers` in `ledger_committee`
[INFO] [stdout]    --> src/vm/helpers/rewards.rs:246:43
[INFO] [stdout]     |
[INFO] [stdout] 246 |         let committee = ledger_committee::test_helpers::sample_committee(rng);
[INFO] [stdout]     |                                           ^^^^^^^^^^^^ could not find `test_helpers` in `ledger_committee`
[INFO] [stdout] 
[INFO] [stdout] 
[INFO] [stdout] error[E0433]: failed to resolve: use of undeclared crate or module `ledger_test_helpers`
[INFO] [stdout]    --> src/vm/execute.rs:392:27
[INFO] [stdout]     |
[INFO] [stdout] 392 |         let transaction = ledger_test_helpers::sample_fee_private_transaction(rng);
[INFO] [stdout]     |                           ^^^^^^^^^^^^^^^^^^^ use of undeclared crate or module `ledger_test_helpers`
[INFO] [stdout] 
[INFO] [stdout] 
[INFO] [stdout] error[E0433]: failed to resolve: use of undeclared crate or module `ledger_test_helpers`
[INFO] [stdout]    --> src/vm/execute.rs:408:27
[INFO] [stdout]     |
[INFO] [stdout] 408 |         let transaction = ledger_test_helpers::sample_fee_public_transaction(rng);
[INFO] [stdout]     |                           ^^^^^^^^^^^^^^^^^^^ use of undeclared crate or module `ledger_test_helpers`
[INFO] [stdout] 
[INFO] [stdout] 
[INFO] [stdout] error: aborting due to 12 previous errors
[INFO] [stdout] 
[INFO] [stdout] 
[INFO] [stdout] For more information about this error, try `rustc --explain E0433`.
[INFO] [stdout] 
[INFO] [stderr] error: could not compile `snarkvm-synthesizer` (lib test) due to 13 previous errors
[INFO] running `Command { std: "docker" "inspect" "fcec13ffb6ae7ab3e08c7fecc236b9b714c3a47f9ae01d47a2326d217647d5d7", kill_on_drop: false }`
[INFO] running `Command { std: "docker" "rm" "-f" "fcec13ffb6ae7ab3e08c7fecc236b9b714c3a47f9ae01d47a2326d217647d5d7", kill_on_drop: false }`
[INFO] [stdout] fcec13ffb6ae7ab3e08c7fecc236b9b714c3a47f9ae01d47a2326d217647d5d7
