[INFO] fetching crate snarkvm-synthesizer-program 0.16.12...
[INFO] testing snarkvm-synthesizer-program-0.16.12 against 1.75.0 for beta-1.76-1
[INFO] extracting crate snarkvm-synthesizer-program 0.16.12 into /workspace/builds/worker-2-tc1/source
[INFO] validating manifest of crates.io crate snarkvm-synthesizer-program 0.16.12 on toolchain 1.75.0
[INFO] running `Command { std: CARGO_HOME="/workspace/cargo-home" RUSTUP_HOME="/workspace/rustup-home" "/workspace/cargo-home/bin/cargo" "+1.75.0" "metadata" "--manifest-path" "Cargo.toml" "--no-deps", kill_on_drop: false }`
[INFO] started tweaking crates.io crate snarkvm-synthesizer-program 0.16.12
[INFO] finished tweaking crates.io crate snarkvm-synthesizer-program 0.16.12
[INFO] tweaked toml for crates.io crate snarkvm-synthesizer-program 0.16.12 written to /workspace/builds/worker-2-tc1/source/Cargo.toml
[INFO] running `Command { std: CARGO_HOME="/workspace/cargo-home" RUSTUP_HOME="/workspace/rustup-home" "/workspace/cargo-home/bin/cargo" "+1.75.0" "generate-lockfile" "--manifest-path" "Cargo.toml", kill_on_drop: false }`
[INFO] [stderr]     Updating crates.io index
[INFO] running `Command { std: CARGO_HOME="/workspace/cargo-home" RUSTUP_HOME="/workspace/rustup-home" "/workspace/cargo-home/bin/cargo" "+1.75.0" "fetch" "--manifest-path" "Cargo.toml", kill_on_drop: false }`
[INFO] [stderr]  Downloading crates ...
[INFO] [stderr]   Downloaded snarkvm-console-types-integers v0.16.12
[INFO] [stderr]   Downloaded snarkvm-utilities v0.16.12
[INFO] [stderr]   Downloaded snarkvm-circuit-types-group v0.16.12
[INFO] [stderr]   Downloaded enum_index v0.2.0
[INFO] [stderr]   Downloaded snarkvm-circuit-environment-witness v0.16.12
[INFO] [stderr]   Downloaded snarkvm-console-program v0.16.12
[INFO] [stderr]   Downloaded snarkvm-circuit-types-string v0.16.12
[INFO] [stderr]   Downloaded snarkvm-utilities-derives v0.16.12
[INFO] [stderr]   Downloaded aleo-std-timer v0.1.2
[INFO] [stderr]   Downloaded snarkvm-fields v0.16.12
[INFO] [stderr]   Downloaded snarkvm-circuit-types-field v0.16.12
[INFO] [stderr]   Downloaded snarkvm-console-algorithms v0.16.12
[INFO] [stderr]   Downloaded snarkvm-algorithms v0.16.12
[INFO] [stderr]   Downloaded snarkvm-circuit-types-integers v0.16.12
[INFO] [stderr]   Downloaded snarkvm-circuit-algorithms v0.16.12
[INFO] [stderr]   Downloaded snarkvm-circuit-collections v0.16.12
[INFO] [stderr]   Downloaded snarkvm-circuit-program v0.16.12
[INFO] [stderr]   Downloaded snarkvm-parameters v0.16.12
[INFO] [stderr]   Downloaded snarkvm-console-account v0.16.12
[INFO] [stderr]   Downloaded snarkvm-curves v0.16.12
[INFO] [stderr]   Downloaded snarkvm-console v0.16.12
[INFO] [stderr]   Downloaded aleo-std-storage v0.1.3
[INFO] [stderr]   Downloaded aleo-std-time v0.1.2
[INFO] [stderr]   Downloaded snarkvm-circuit-types-boolean v0.16.12
[INFO] [stderr]   Downloaded aleo-std-profiler v0.1.15
[INFO] [stderr]   Downloaded snarkvm-console-types-scalar v0.16.12
[INFO] [stderr]   Downloaded snarkvm-console-network-environment v0.16.12
[INFO] [stderr]   Downloaded snarkvm-console-types-field v0.16.12
[INFO] [stderr]   Downloaded snarkvm-circuit-types-scalar v0.16.12
[INFO] [stderr]   Downloaded snarkvm-circuit-network v0.16.12
[INFO] [stderr]   Downloaded snarkvm-console-network v0.16.12
[INFO] [stderr]   Downloaded snarkvm-circuit v0.16.12
[INFO] [stderr]   Downloaded aleo-std-cpu v0.1.4
[INFO] [stderr]   Downloaded snarkvm-console-types-address v0.16.12
[INFO] [stderr]   Downloaded enum_index_derive v0.2.0
[INFO] [stderr]   Downloaded snarkvm-console-types-boolean v0.16.12
[INFO] [stderr]   Downloaded snarkvm-console-types-group v0.16.12
[INFO] [stderr]   Downloaded snarkvm-console-types-string v0.16.12
[INFO] [stderr]   Downloaded snarkvm-circuit-environment v0.16.12
[INFO] [stderr]   Downloaded snarkvm-console-types v0.16.12
[INFO] [stderr]   Downloaded snarkvm-circuit-account v0.16.12
[INFO] [stderr]   Downloaded snarkvm-circuit-types-address v0.16.12
[INFO] [stderr]   Downloaded aleo-std-timed v0.1.2
[INFO] [stderr]   Downloaded snarkvm-console-collections v0.16.12
[INFO] [stderr]   Downloaded snarkvm-circuit-types v0.16.12
[INFO] [stderr]   Downloaded aleo-std v0.1.18
[INFO] running `Command { std: "docker" "create" "-v" "/var/lib/crater-agent-workspace/builds/worker-2-tc1/target:/opt/rustwide/target:rw,Z" "-v" "/var/lib/crater-agent-workspace/builds/worker-2-tc1/source:/opt/rustwide/workdir:ro,Z" "-v" "/var/lib/crater-agent-workspace/cargo-home:/opt/rustwide/cargo-home:ro,Z" "-v" "/var/lib/crater-agent-workspace/rustup-home:/opt/rustwide/rustup-home:ro,Z" "-e" "SOURCE_DIR=/opt/rustwide/workdir" "-e" "CARGO_TARGET_DIR=/opt/rustwide/target" "-e" "CARGO_HOME=/opt/rustwide/cargo-home" "-e" "RUSTUP_HOME=/opt/rustwide/rustup-home" "-w" "/opt/rustwide/workdir" "-m" "1610612736" "--user" "0:0" "--network" "none" "ghcr.io/rust-lang/crates-build-env/linux@sha256:2788e3201cd34a07e3172128adcd8b3090168a8e3bcc40d7c032b9dda1df7d1c" "/opt/rustwide/cargo-home/bin/cargo" "+1.75.0" "metadata" "--no-deps" "--format-version=1", kill_on_drop: false }`
[INFO] [stdout] 8772a1e26e311c1ab601dd6a241c6b2c4cefc012c857ba077ff06c1ca5a04401
[INFO] running `Command { std: "docker" "start" "-a" "8772a1e26e311c1ab601dd6a241c6b2c4cefc012c857ba077ff06c1ca5a04401", kill_on_drop: false }`
[INFO] running `Command { std: "docker" "inspect" "8772a1e26e311c1ab601dd6a241c6b2c4cefc012c857ba077ff06c1ca5a04401", kill_on_drop: false }`
[INFO] running `Command { std: "docker" "rm" "-f" "8772a1e26e311c1ab601dd6a241c6b2c4cefc012c857ba077ff06c1ca5a04401", kill_on_drop: false }`
[INFO] [stdout] 8772a1e26e311c1ab601dd6a241c6b2c4cefc012c857ba077ff06c1ca5a04401
[INFO] running `Command { std: "docker" "create" "-v" "/var/lib/crater-agent-workspace/builds/worker-2-tc1/target:/opt/rustwide/target:rw,Z" "-v" "/var/lib/crater-agent-workspace/builds/worker-2-tc1/source:/opt/rustwide/workdir:ro,Z" "-v" "/var/lib/crater-agent-workspace/cargo-home:/opt/rustwide/cargo-home:ro,Z" "-v" "/var/lib/crater-agent-workspace/rustup-home:/opt/rustwide/rustup-home:ro,Z" "-e" "SOURCE_DIR=/opt/rustwide/workdir" "-e" "CARGO_TARGET_DIR=/opt/rustwide/target" "-e" "CARGO_INCREMENTAL=0" "-e" "RUST_BACKTRACE=full" "-e" "RUSTFLAGS=--cap-lints=warn" "-e" "RUSTDOCFLAGS=--cap-lints=warn" "-e" "CARGO_HOME=/opt/rustwide/cargo-home" "-e" "RUSTUP_HOME=/opt/rustwide/rustup-home" "-w" "/opt/rustwide/workdir" "-m" "1610612736" "--user" "0:0" "--network" "none" "ghcr.io/rust-lang/crates-build-env/linux@sha256:2788e3201cd34a07e3172128adcd8b3090168a8e3bcc40d7c032b9dda1df7d1c" "/opt/rustwide/cargo-home/bin/cargo" "+1.75.0" "build" "--frozen" "--message-format=json", kill_on_drop: false }`
[INFO] [stdout] 31e059cc2a57bcc3a6917dcf2ef5c81d6d134f04c99f39676a7fe0d722a0923b
[INFO] running `Command { std: "docker" "start" "-a" "31e059cc2a57bcc3a6917dcf2ef5c81d6d134f04c99f39676a7fe0d722a0923b", kill_on_drop: false }`
[INFO] [stderr]    Compiling libc v0.2.151
[INFO] [stderr]    Compiling cfg-if v1.0.0
[INFO] [stderr]    Compiling version_check v0.9.4
[INFO] [stderr]    Compiling autocfg v1.1.0
[INFO] [stderr]    Compiling crossbeam-utils v0.8.18
[INFO] [stderr]    Compiling syn v1.0.109
[INFO] [stderr]    Compiling rayon-core v1.12.0
[INFO] [stderr]    Compiling syn v2.0.48
[INFO] [stderr]    Compiling serde v1.0.194
[INFO] [stderr]    Compiling either v1.9.0
[INFO] [stderr]    Compiling num-traits v0.2.17
[INFO] [stderr]    Compiling ahash v0.8.7
[INFO] [stderr]    Compiling once_cell v1.19.0
[INFO] [stderr]    Compiling zerocopy v0.7.32
[INFO] [stderr]    Compiling num-integer v0.1.45
[INFO] [stderr]    Compiling allocator-api2 v0.2.16
[INFO] [stderr]    Compiling num-bigint v0.4.4
[INFO] [stderr]    Compiling crossbeam-epoch v0.9.17
[INFO] [stderr]    Compiling getrandom v0.2.11
[INFO] [stderr]    Compiling dirs-sys v0.3.7
[INFO] [stderr]    Compiling hashbrown v0.14.3
[INFO] [stderr]    Compiling crossbeam-deque v0.8.4
[INFO] [stderr]    Compiling rand_core v0.6.4
[INFO] [stderr]    Compiling serde_json v1.0.111
[INFO] [stderr]    Compiling dirs v4.0.0
[INFO] [stderr]    Compiling anyhow v1.0.79
[INFO] [stderr]    Compiling thiserror v1.0.56
[INFO] [stderr]    Compiling ppv-lite86 v0.2.17
[INFO] [stderr]    Compiling equivalent v1.0.1
[INFO] [stderr]    Compiling rand_chacha v0.3.1
[INFO] [stderr]    Compiling aleo-std-storage v0.1.3
[INFO] [stderr]    Compiling rayon v1.8.0
[INFO] [stderr]    Compiling aleo-std-timer v0.1.2
[INFO] [stderr]    Compiling ryu v1.0.16
[INFO] [stderr]    Compiling aleo-std-profiler v0.1.15
[INFO] [stderr]    Compiling itoa v1.0.10
[INFO] [stderr]    Compiling aleo-std-cpu v0.1.4
[INFO] [stderr]    Compiling rand v0.8.5
[INFO] [stderr]    Compiling rand_xorshift v0.3.0
[INFO] [stderr]    Compiling num_cpus v1.16.0
[INFO] [stderr]    Compiling smol_str v0.2.0
[INFO] [stderr]    Compiling itertools v0.11.0
[INFO] [stderr]    Compiling pkg-config v0.3.28
[INFO] [stderr]    Compiling vcpkg v0.2.15
[INFO] [stderr]    Compiling minimal-lexical v0.2.1
[INFO] [stderr]    Compiling memchr v2.7.1
[INFO] [stderr]    Compiling cc v1.0.83
[INFO] [stderr]    Compiling bech32 v0.9.1
[INFO] [stderr]    Compiling typenum v1.17.0
[INFO] [stderr]    Compiling generic-array v0.14.7
[INFO] [stderr]    Compiling subtle v2.5.0
[INFO] [stderr]    Compiling crunchy v0.2.2
[INFO] [stderr]    Compiling nom v7.1.3
[INFO] [stderr]    Compiling smallvec v1.11.2
[INFO] [stderr]    Compiling lock_api v0.4.11
[INFO] [stderr]    Compiling curl v0.4.44
[INFO] [stderr]    Compiling parking_lot_core v0.9.9
[INFO] [stderr]    Compiling tiny-keccak v2.0.2
[INFO] [stderr]    Compiling paste v1.0.14
[INFO] [stderr]    Compiling socket2 v0.4.10
[INFO] [stderr]    Compiling constant_time_eq v0.3.0
[INFO] [stderr]    Compiling openssl-sys v0.9.98
[INFO] [stderr]    Compiling libz-sys v1.1.12
[INFO] [stderr]    Compiling curl-sys v0.4.70+curl-8.5.0
[INFO] [stderr]    Compiling cpufeatures v0.2.12
[INFO] [stderr]    Compiling openssl-probe v0.1.5
[INFO] [stderr]    Compiling lazy_static v1.4.0
[INFO] [stderr]    Compiling arrayref v0.3.7
[INFO] [stderr]    Compiling arrayvec v0.7.4
[INFO] [stderr]    Compiling scopeguard v1.2.0
[INFO] [stderr]    Compiling colored v2.1.0
[INFO] [stderr]    Compiling blake2s_simd v1.0.2
[INFO] [stderr]    Compiling crypto-common v0.1.6
[INFO] [stderr]    Compiling block-buffer v0.10.4
[INFO] [stderr]    Compiling aleo-std-time v0.1.2
[INFO] [stderr]    Compiling aleo-std-timed v0.1.2
[INFO] [stderr]    Compiling derivative v2.2.0
[INFO] [stderr]    Compiling digest v0.10.7
[INFO] [stderr]    Compiling sha2 v0.10.8
[INFO] [stderr]    Compiling hex v0.4.3
[INFO] [stderr]    Compiling byteorder v1.5.0
[INFO] [stderr]    Compiling aleo-std v0.1.18
[INFO] [stderr]    Compiling parking_lot v0.12.1
[INFO] [stderr]    Compiling fxhash v0.2.1
[INFO] [stderr]    Compiling blake2 v0.10.6
[INFO] [stderr]    Compiling serde_derive v1.0.194
[INFO] [stderr]    Compiling zeroize_derive v1.4.2
[INFO] [stderr]    Compiling thiserror-impl v1.0.56
[INFO] [stderr]    Compiling snarkvm-utilities-derives v0.16.12
[INFO] [stderr]    Compiling snarkvm-circuit-environment-witness v0.16.12
[INFO] [stderr]    Compiling snarkvm-circuit-types-boolean v0.16.12
[INFO] [stderr]    Compiling snarkvm-circuit-types-field v0.16.12
[INFO] [stderr]    Compiling snarkvm-circuit-types-scalar v0.16.12
[INFO] [stderr]    Compiling snarkvm-circuit-types-group v0.16.12
[INFO] [stderr]    Compiling snarkvm-circuit-types-integers v0.16.12
[INFO] [stderr]    Compiling zeroize v1.7.0
[INFO] [stderr]    Compiling snarkvm-circuit-types-address v0.16.12
[INFO] [stderr]    Compiling snarkvm-circuit-types-string v0.16.12
[INFO] [stderr]    Compiling snarkvm-circuit-algorithms v0.16.12
[INFO] [stderr]    Compiling unicode-xid v0.0.4
[INFO] [stderr]    Compiling quote v0.3.15
[INFO] [stderr]    Compiling snarkvm-circuit-collections v0.16.12
[INFO] [stderr]    Compiling synom v0.11.3
[INFO] [stderr]    Compiling bs58 v0.5.0
[INFO] [stderr]    Compiling syn v0.11.11
[INFO] [stderr]    Compiling snarkvm-circuit-network v0.16.12
[INFO] [stderr]    Compiling num-derive v0.4.1
[INFO] [stderr]    Compiling enum_index v0.2.0
[INFO] [stderr]    Compiling snarkvm-circuit-account v0.16.12
[INFO] [stderr]    Compiling snarkvm-circuit-program v0.16.12
[INFO] [stderr]    Compiling enum_index_derive v0.2.0
[INFO] [stderr]    Compiling indexmap v2.1.0
[INFO] [stderr]    Compiling bincode v1.3.3
[INFO] [stderr]    Compiling snarkvm-utilities v0.16.12
[INFO] [stderr]    Compiling snarkvm-fields v0.16.12
[INFO] [stderr]    Compiling snarkvm-curves v0.16.12
[INFO] [stderr]    Compiling snarkvm-console-network-environment v0.16.12
[INFO] [stderr]    Compiling snarkvm-parameters v0.16.12
[INFO] [stderr]    Compiling snarkvm-console-types-boolean v0.16.12
[INFO] [stderr]    Compiling snarkvm-console-types-field v0.16.12
[INFO] [stderr]    Compiling snarkvm-console-types-scalar v0.16.12
[INFO] [stderr]    Compiling snarkvm-console-types-group v0.16.12
[INFO] [stderr]    Compiling snarkvm-console-types-integers v0.16.12
[INFO] [stderr]    Compiling snarkvm-algorithms v0.16.12
[INFO] [stderr]    Compiling snarkvm-console-types-address v0.16.12
[INFO] [stderr]    Compiling snarkvm-console-types-string v0.16.12
[INFO] [stderr]    Compiling snarkvm-console-types v0.16.12
[INFO] [stderr]    Compiling snarkvm-console-algorithms v0.16.12
[INFO] [stderr]    Compiling snarkvm-console-collections v0.16.12
[INFO] [stderr]    Compiling snarkvm-console-network v0.16.12
[INFO] [stderr]    Compiling snarkvm-circuit-environment v0.16.12
[INFO] [stderr]    Compiling snarkvm-console-account v0.16.12
[INFO] [stderr]    Compiling snarkvm-console-program v0.16.12
[INFO] [stderr]    Compiling snarkvm-circuit-types v0.16.12
[INFO] [stderr]    Compiling snarkvm-console v0.16.12
[INFO] [stderr]    Compiling snarkvm-circuit v0.16.12
[INFO] [stderr]    Compiling snarkvm-synthesizer-program v0.16.12 (/opt/rustwide/workdir)
[INFO] [stderr]     Finished dev [unoptimized + debuginfo] target(s) in 58.20s
[INFO] running `Command { std: "docker" "inspect" "31e059cc2a57bcc3a6917dcf2ef5c81d6d134f04c99f39676a7fe0d722a0923b", kill_on_drop: false }`
[INFO] running `Command { std: "docker" "rm" "-f" "31e059cc2a57bcc3a6917dcf2ef5c81d6d134f04c99f39676a7fe0d722a0923b", kill_on_drop: false }`
[INFO] [stdout] 31e059cc2a57bcc3a6917dcf2ef5c81d6d134f04c99f39676a7fe0d722a0923b
[INFO] running `Command { std: "docker" "create" "-v" "/var/lib/crater-agent-workspace/builds/worker-2-tc1/target:/opt/rustwide/target:rw,Z" "-v" "/var/lib/crater-agent-workspace/builds/worker-2-tc1/source:/opt/rustwide/workdir:ro,Z" "-v" "/var/lib/crater-agent-workspace/cargo-home:/opt/rustwide/cargo-home:ro,Z" "-v" "/var/lib/crater-agent-workspace/rustup-home:/opt/rustwide/rustup-home:ro,Z" "-e" "SOURCE_DIR=/opt/rustwide/workdir" "-e" "CARGO_TARGET_DIR=/opt/rustwide/target" "-e" "CARGO_INCREMENTAL=0" "-e" "RUST_BACKTRACE=full" "-e" "RUSTFLAGS=--cap-lints=warn" "-e" "RUSTDOCFLAGS=--cap-lints=warn" "-e" "CARGO_HOME=/opt/rustwide/cargo-home" "-e" "RUSTUP_HOME=/opt/rustwide/rustup-home" "-w" "/opt/rustwide/workdir" "-m" "1610612736" "--user" "0:0" "--network" "none" "ghcr.io/rust-lang/crates-build-env/linux@sha256:2788e3201cd34a07e3172128adcd8b3090168a8e3bcc40d7c032b9dda1df7d1c" "/opt/rustwide/cargo-home/bin/cargo" "+1.75.0" "test" "--frozen" "--no-run" "--message-format=json", kill_on_drop: false }`
[INFO] [stdout] c241b8e322cad6ab0aac7efb93ed57df5b80597e048014528e39529aa3b1aee5
[INFO] running `Command { std: "docker" "start" "-a" "c241b8e322cad6ab0aac7efb93ed57df5b80597e048014528e39529aa3b1aee5", kill_on_drop: false }`
[INFO] [stderr]    Compiling serde v1.0.194
[INFO] [stderr]    Compiling rustix v0.38.28
[INFO] [stderr]    Compiling clap_lex v0.6.0
[INFO] [stderr]    Compiling linux-raw-sys v0.4.12
[INFO] [stderr]    Compiling bitflags v2.4.1
[INFO] [stderr]    Compiling plotters-backend v0.3.5
[INFO] [stderr]    Compiling regex-syntax v0.8.2
[INFO] [stderr]    Compiling half v1.8.2
[INFO] [stderr]    Compiling ciborium-io v0.2.1
[INFO] [stderr]    Compiling anstyle v1.0.4
[INFO] [stderr]    Compiling plotters-svg v0.3.5
[INFO] [stderr]    Compiling ciborium-ll v0.2.1
[INFO] [stderr]    Compiling itertools v0.10.5
[INFO] [stderr]    Compiling cast v0.3.0
[INFO] [stderr]    Compiling clap_builder v4.4.12
[INFO] [stderr]    Compiling same-file v1.0.6
[INFO] [stderr]    Compiling plotters v0.3.5
[INFO] [stderr]    Compiling oorandom v11.1.3
[INFO] [stderr]    Compiling anes v0.1.6
[INFO] [stderr]    Compiling walkdir v2.4.0
[INFO] [stderr]    Compiling is-terminal v0.4.10
[INFO] [stderr]    Compiling regex-automata v0.4.3
[INFO] [stderr]    Compiling criterion-plot v0.5.0
[INFO] [stderr]    Compiling clap v4.4.13
[INFO] [stderr]    Compiling regex v1.10.2
[INFO] [stderr]    Compiling indexmap v2.1.0
[INFO] [stderr]    Compiling bincode v1.3.3
[INFO] [stderr]    Compiling ciborium v0.2.1
[INFO] [stderr]    Compiling serde_json v1.0.111
[INFO] [stderr]    Compiling snarkvm-utilities v0.16.12
[INFO] [stderr]    Compiling tinytemplate v1.2.1
[INFO] [stderr]    Compiling criterion v0.5.1
[INFO] [stderr]    Compiling snarkvm-fields v0.16.12
[INFO] [stderr]    Compiling snarkvm-curves v0.16.12
[INFO] [stderr]    Compiling snarkvm-console-network-environment v0.16.12
[INFO] [stderr]    Compiling snarkvm-parameters v0.16.12
[INFO] [stderr]    Compiling snarkvm-console-types-boolean v0.16.12
[INFO] [stderr]    Compiling snarkvm-console-types-field v0.16.12
[INFO] [stderr]    Compiling snarkvm-console-types-scalar v0.16.12
[INFO] [stderr]    Compiling snarkvm-console-types-group v0.16.12
[INFO] [stderr]    Compiling snarkvm-console-types-integers v0.16.12
[INFO] [stderr]    Compiling snarkvm-console-types-address v0.16.12
[INFO] [stderr]    Compiling snarkvm-console-types-string v0.16.12
[INFO] [stderr]    Compiling snarkvm-console-types v0.16.12
[INFO] [stderr]    Compiling snarkvm-algorithms v0.16.12
[INFO] [stderr]    Compiling snarkvm-console-algorithms v0.16.12
[INFO] [stderr]    Compiling snarkvm-console-collections v0.16.12
[INFO] [stderr]    Compiling snarkvm-console-network v0.16.12
[INFO] [stderr]    Compiling snarkvm-circuit-environment v0.16.12
[INFO] [stderr]    Compiling snarkvm-console-account v0.16.12
[INFO] [stderr]    Compiling snarkvm-console-program v0.16.12
[INFO] [stderr]    Compiling snarkvm-circuit-types-boolean v0.16.12
[INFO] [stderr]    Compiling snarkvm-circuit-types-field v0.16.12
[INFO] [stderr]    Compiling snarkvm-circuit-types-scalar v0.16.12
[INFO] [stderr]    Compiling snarkvm-circuit-types-integers v0.16.12
[INFO] [stderr]    Compiling snarkvm-circuit-types-group v0.16.12
[INFO] [stderr]    Compiling snarkvm-circuit-types-address v0.16.12
[INFO] [stderr]    Compiling snarkvm-circuit-types-string v0.16.12
[INFO] [stderr]    Compiling snarkvm-circuit-types v0.16.12
[INFO] [stderr]    Compiling snarkvm-circuit-algorithms v0.16.12
[INFO] [stderr]    Compiling snarkvm-circuit-collections v0.16.12
[INFO] [stderr]    Compiling snarkvm-circuit-network v0.16.12
[INFO] [stderr]    Compiling snarkvm-console v0.16.12
[INFO] [stderr]    Compiling snarkvm-circuit-account v0.16.12
[INFO] [stderr]    Compiling snarkvm-circuit-program v0.16.12
[INFO] [stderr]    Compiling snarkvm-circuit v0.16.12
[INFO] [stderr]    Compiling snarkvm-synthesizer-program v0.16.12 (/opt/rustwide/workdir)
[INFO] [stdout] error[E0599]: no function or associated item named `zero` found for struct `snarkvm_console::snarkvm_console_account::Signature` in the current scope
[INFO] [stdout]    --> src/logic/instruction/operation/macros.rs:889:63
[INFO] [stdout]     |
[INFO] [stdout] 889 |   ...                   0 => ($input_a::zero(), $input_b::zero(), $input_c::zero()),
[INFO] [stdout]     |                                                           ^^^^ function or associated item not found in `Signature<_>`
[INFO] [stdout]     |
[INFO] [stdout]    ::: src/logic/instruction/operation/mod.rs:740:1
[INFO] [stdout]     |
[INFO] [stdout] 740 | / crate::operation!(
[INFO] [stdout] 741 | |     pub struct TernaryOperation<console::prelude::Ternary, circuit::traits::Ternary, ternary, "ternary"> {
[INFO] [stdout] 742 | |         (Boolean, Address, Address) => Address,
[INFO] [stdout] 743 | |         (Boolean, Boolean, Boolean) => Boolean,
[INFO] [stdout] ...   |
[INFO] [stdout] 759 | |     }
[INFO] [stdout] 760 | | );
[INFO] [stdout]     | |_- in this macro invocation
[INFO] [stdout]     |
[INFO] [stdout] note: if you're trying to build a new `snarkvm_console::snarkvm_console_account::Signature<_>` consider using one of the following associated functions:
[INFO] [stdout]       snarkvm_console::snarkvm_console_account::signature::sign::<impl snarkvm_console::snarkvm_console_account::Signature<N>>::sign
[INFO] [stdout]       snarkvm_console::snarkvm_console_account::signature::sign::<impl snarkvm_console::snarkvm_console_account::Signature<N>>::sign_bytes
[INFO] [stdout]       snarkvm_console::snarkvm_console_account::signature::sign::<impl snarkvm_console::snarkvm_console_account::Signature<N>>::sign_bits
[INFO] [stdout]    --> /opt/rustwide/cargo-home/registry/src/index.crates.io-6f17d22bba15001f/snarkvm-console-account-0.16.12/src/signature/sign.rs:21:5
[INFO] [stdout]     |
[INFO] [stdout] 21  |       pub fn sign<R: Rng + CryptoRng>(private_key: &PrivateKey<N>, message: &[Field<N>], rng: &mut R) -> Result<Self> {
[INFO] [stdout]     |       ^^^^^^^^^^^^^^^^^^^^^^^^^^^^^^^^^^^^^^^^^^^^^^^^^^^^^^^^^^^^^^^^^^^^^^^^^^^^^^^^^^^^^^^^^^^^^^^^^^^^^^^^^^^^^^^
[INFO] [stdout] ...
[INFO] [stdout] 57  | /     pub fn sign_bytes<R: Rng + CryptoRng>(
[INFO] [stdout] 58  | |         private_key: &PrivateKey<N>,
[INFO] [stdout] 59  | |         message: &[u8],
[INFO] [stdout] 60  | |         rng: &mut R,
[INFO] [stdout] 61  | |     ) -> Result<Signature<N>> {
[INFO] [stdout]     | |_____________________________^
[INFO] [stdout] ...
[INFO] [stdout] 67  | /     pub fn sign_bits<R: Rng + CryptoRng>(
[INFO] [stdout] 68  | |         private_key: &PrivateKey<N>,
[INFO] [stdout] 69  | |         message: &[bool],
[INFO] [stdout] 70  | |         rng: &mut R,
[INFO] [stdout] 71  | |     ) -> Result<Signature<N>> {
[INFO] [stdout]     | |_____________________________^
[INFO] [stdout]     = note: this error originates in the macro `$crate::test_execute` which comes from the expansion of the macro `crate::operation` (in Nightly builds, run with -Z macro-backtrace for more info)
[INFO] [stdout] 
[INFO] [stdout] 
[INFO] [stdout] error[E0599]: no function or associated item named `zero` found for struct `snarkvm_console::snarkvm_console_account::Signature` in the current scope
[INFO] [stdout]    --> src/logic/instruction/operation/macros.rs:889:81
[INFO] [stdout]     |
[INFO] [stdout] 889 |   ...                   0 => ($input_a::zero(), $input_b::zero(), $input_c::zero()),
[INFO] [stdout]     |                                                                             ^^^^ function or associated item not found in `Signature<_>`
[INFO] [stdout]     |
[INFO] [stdout]    ::: src/logic/instruction/operation/mod.rs:740:1
[INFO] [stdout]     |
[INFO] [stdout] 740 | / crate::operation!(
[INFO] [stdout] 741 | |     pub struct TernaryOperation<console::prelude::Ternary, circuit::traits::Ternary, ternary, "ternary"> {
[INFO] [stdout] 742 | |         (Boolean, Address, Address) => Address,
[INFO] [stdout] 743 | |         (Boolean, Boolean, Boolean) => Boolean,
[INFO] [stdout] ...   |
[INFO] [stdout] 759 | |     }
[INFO] [stdout] 760 | | );
[INFO] [stdout]     | |_- in this macro invocation
[INFO] [stdout]     |
[INFO] [stdout] note: if you're trying to build a new `snarkvm_console::snarkvm_console_account::Signature<_>` consider using one of the following associated functions:
[INFO] [stdout]       snarkvm_console::snarkvm_console_account::signature::sign::<impl snarkvm_console::snarkvm_console_account::Signature<N>>::sign
[INFO] [stdout]       snarkvm_console::snarkvm_console_account::signature::sign::<impl snarkvm_console::snarkvm_console_account::Signature<N>>::sign_bytes
[INFO] [stdout]       snarkvm_console::snarkvm_console_account::signature::sign::<impl snarkvm_console::snarkvm_console_account::Signature<N>>::sign_bits
[INFO] [stdout]    --> /opt/rustwide/cargo-home/registry/src/index.crates.io-6f17d22bba15001f/snarkvm-console-account-0.16.12/src/signature/sign.rs:21:5
[INFO] [stdout]     |
[INFO] [stdout] 21  |       pub fn sign<R: Rng + CryptoRng>(private_key: &PrivateKey<N>, message: &[Field<N>], rng: &mut R) -> Result<Self> {
[INFO] [stdout]     |       ^^^^^^^^^^^^^^^^^^^^^^^^^^^^^^^^^^^^^^^^^^^^^^^^^^^^^^^^^^^^^^^^^^^^^^^^^^^^^^^^^^^^^^^^^^^^^^^^^^^^^^^^^^^^^^^
[INFO] [stdout] ...
[INFO] [stdout] 57  | /     pub fn sign_bytes<R: Rng + CryptoRng>(
[INFO] [stdout] 58  | |         private_key: &PrivateKey<N>,
[INFO] [stdout] 59  | |         message: &[u8],
[INFO] [stdout] 60  | |         rng: &mut R,
[INFO] [stdout] 61  | |     ) -> Result<Signature<N>> {
[INFO] [stdout]     | |_____________________________^
[INFO] [stdout] ...
[INFO] [stdout] 67  | /     pub fn sign_bits<R: Rng + CryptoRng>(
[INFO] [stdout] 68  | |         private_key: &PrivateKey<N>,
[INFO] [stdout] 69  | |         message: &[bool],
[INFO] [stdout] 70  | |         rng: &mut R,
[INFO] [stdout] 71  | |     ) -> Result<Signature<N>> {
[INFO] [stdout]     | |_____________________________^
[INFO] [stdout]     = note: this error originates in the macro `$crate::test_execute` which comes from the expansion of the macro `crate::operation` (in Nightly builds, run with -Z macro-backtrace for more info)
[INFO] [stdout] 
[INFO] [stdout] 
[INFO] [stdout] error[E0599]: the function or associated item `rand` exists for struct `Signature<Testnet3>`, but its trait bounds were not satisfied
[INFO] [stdout]    --> src/logic/instruction/operation/macros.rs:890:107
[INFO] [stdout]     |
[INFO] [stdout] 890 |   ...                   1 => ($input_a::<CurrentNetwork>::rand(&mut rng), $input_b::<CurrentNetwork>::rand(&mut rng), $input_c::zero()),
[INFO] [stdout]     |                                                                                                       ^^^^ function or associated item cannot be called on `Signature<Testnet3>` due to unsatisfied trait bounds
[INFO] [stdout]     |
[INFO] [stdout]    ::: /opt/rustwide/cargo-home/registry/src/index.crates.io-6f17d22bba15001f/rand-0.8.5/src/distributions/mod.rs:218:1
[INFO] [stdout]     |
[INFO] [stdout] 218 |   pub struct Standard;
[INFO] [stdout]     |   -------------------
[INFO] [stdout]     |   |
[INFO] [stdout]     |   doesn't satisfy `_: Distribution<&Signature<Testnet3>>`
[INFO] [stdout]     |   doesn't satisfy `_: Distribution<&mut Signature<Testnet3>>`
[INFO] [stdout]     |   doesn't satisfy `_: Distribution<Signature<Testnet3>>`
[INFO] [stdout]     |
[INFO] [stdout]    ::: /opt/rustwide/cargo-home/registry/src/index.crates.io-6f17d22bba15001f/snarkvm-console-account-0.16.12/src/signature/mod.rs:38:1
[INFO] [stdout]     |
[INFO] [stdout] 38  |   pub struct Signature<N: Network> {
[INFO] [stdout]     |   -------------------------------- doesn't satisfy `_: Uniform`
[INFO] [stdout]     |
[INFO] [stdout]    ::: src/logic/instruction/operation/mod.rs:740:1
[INFO] [stdout]     |
[INFO] [stdout] 740 | / crate::operation!(
[INFO] [stdout] 741 | |     pub struct TernaryOperation<console::prelude::Ternary, circuit::traits::Ternary, ternary, "ternary"> {
[INFO] [stdout] 742 | |         (Boolean, Address, Address) => Address,
[INFO] [stdout] 743 | |         (Boolean, Boolean, Boolean) => Boolean,
[INFO] [stdout] ...   |
[INFO] [stdout] 759 | |     }
[INFO] [stdout] 760 | | );
[INFO] [stdout]     | |_- in this macro invocation
[INFO] [stdout]     |
[INFO] [stdout]     = note: the following trait bounds were not satisfied:
[INFO] [stdout]             `Standard: snarkvm_console::prelude::Distribution<snarkvm_console::snarkvm_console_account::Signature<Testnet3>>`
[INFO] [stdout]             which is required by `snarkvm_console::snarkvm_console_account::Signature<Testnet3>: snarkvm_console::prelude::Uniform`
[INFO] [stdout]             `Standard: snarkvm_console::prelude::Distribution<&snarkvm_console::snarkvm_console_account::Signature<Testnet3>>`
[INFO] [stdout]             which is required by `&snarkvm_console::snarkvm_console_account::Signature<Testnet3>: snarkvm_console::prelude::Uniform`
[INFO] [stdout]             `Standard: snarkvm_console::prelude::Distribution<&mut snarkvm_console::snarkvm_console_account::Signature<Testnet3>>`
[INFO] [stdout]             which is required by `&mut snarkvm_console::snarkvm_console_account::Signature<Testnet3>: snarkvm_console::prelude::Uniform`
[INFO] [stdout]     = note: this error originates in the macro `$crate::test_execute` which comes from the expansion of the macro `crate::operation` (in Nightly builds, run with -Z macro-backtrace for more info)
[INFO] [stdout] 
[INFO] [stdout] 
[INFO] [stdout] error[E0599]: no function or associated item named `zero` found for struct `snarkvm_console::snarkvm_console_account::Signature` in the current scope
[INFO] [stdout]    --> src/logic/instruction/operation/macros.rs:890:133
[INFO] [stdout]     |
[INFO] [stdout] 890 |   ...                   1 => ($input_a::<CurrentNetwork>::rand(&mut rng), $input_b::<CurrentNetwork>::rand(&mut rng), $input_c::zero()),
[INFO] [stdout]     |                                                                                                                                 ^^^^ function or associated item not found in `Signature<_>`
[INFO] [stdout]     |
[INFO] [stdout]    ::: src/logic/instruction/operation/mod.rs:740:1
[INFO] [stdout]     |
[INFO] [stdout] 740 | / crate::operation!(
[INFO] [stdout] 741 | |     pub struct TernaryOperation<console::prelude::Ternary, circuit::traits::Ternary, ternary, "ternary"> {
[INFO] [stdout] 742 | |         (Boolean, Address, Address) => Address,
[INFO] [stdout] 743 | |         (Boolean, Boolean, Boolean) => Boolean,
[INFO] [stdout] ...   |
[INFO] [stdout] 759 | |     }
[INFO] [stdout] 760 | | );
[INFO] [stdout]     | |_- in this macro invocation
[INFO] [stdout]     |
[INFO] [stdout] note: if you're trying to build a new `snarkvm_console::snarkvm_console_account::Signature<_>` consider using one of the following associated functions:
[INFO] [stdout]       snarkvm_console::snarkvm_console_account::signature::sign::<impl snarkvm_console::snarkvm_console_account::Signature<N>>::sign
[INFO] [stdout]       snarkvm_console::snarkvm_console_account::signature::sign::<impl snarkvm_console::snarkvm_console_account::Signature<N>>::sign_bytes
[INFO] [stdout]       snarkvm_console::snarkvm_console_account::signature::sign::<impl snarkvm_console::snarkvm_console_account::Signature<N>>::sign_bits
[INFO] [stdout]    --> /opt/rustwide/cargo-home/registry/src/index.crates.io-6f17d22bba15001f/snarkvm-console-account-0.16.12/src/signature/sign.rs:21:5
[INFO] [stdout]     |
[INFO] [stdout] 21  |       pub fn sign<R: Rng + CryptoRng>(private_key: &PrivateKey<N>, message: &[Field<N>], rng: &mut R) -> Result<Self> {
[INFO] [stdout]     |       ^^^^^^^^^^^^^^^^^^^^^^^^^^^^^^^^^^^^^^^^^^^^^^^^^^^^^^^^^^^^^^^^^^^^^^^^^^^^^^^^^^^^^^^^^^^^^^^^^^^^^^^^^^^^^^^
[INFO] [stdout] ...
[INFO] [stdout] 57  | /     pub fn sign_bytes<R: Rng + CryptoRng>(
[INFO] [stdout] 58  | |         private_key: &PrivateKey<N>,
[INFO] [stdout] 59  | |         message: &[u8],
[INFO] [stdout] 60  | |         rng: &mut R,
[INFO] [stdout] 61  | |     ) -> Result<Signature<N>> {
[INFO] [stdout]     | |_____________________________^
[INFO] [stdout] ...
[INFO] [stdout] 67  | /     pub fn sign_bits<R: Rng + CryptoRng>(
[INFO] [stdout] 68  | |         private_key: &PrivateKey<N>,
[INFO] [stdout] 69  | |         message: &[bool],
[INFO] [stdout] 70  | |         rng: &mut R,
[INFO] [stdout] 71  | |     ) -> Result<Signature<N>> {
[INFO] [stdout]     | |_____________________________^
[INFO] [stdout]     = note: this error originates in the macro `$crate::test_execute` which comes from the expansion of the macro `crate::operation` (in Nightly builds, run with -Z macro-backtrace for more info)
[INFO] [stdout] 
[INFO] [stdout] 
[INFO] [stdout] error[E0599]: no function or associated item named `zero` found for struct `snarkvm_console::snarkvm_console_account::Signature` in the current scope
[INFO] [stdout]    --> src/logic/instruction/operation/macros.rs:891:89
[INFO] [stdout]     |
[INFO] [stdout] 891 |   ...                   2 => ($input_a::<CurrentNetwork>::rand(&mut rng), $input_b::zero(), $input_c::<CurrentNetwork>::rand(&mut rng)),
[INFO] [stdout]     |                                                                                     ^^^^ function or associated item not found in `Signature<_>`
[INFO] [stdout]     |
[INFO] [stdout]    ::: src/logic/instruction/operation/mod.rs:740:1
[INFO] [stdout]     |
[INFO] [stdout] 740 | / crate::operation!(
[INFO] [stdout] 741 | |     pub struct TernaryOperation<console::prelude::Ternary, circuit::traits::Ternary, ternary, "ternary"> {
[INFO] [stdout] 742 | |         (Boolean, Address, Address) => Address,
[INFO] [stdout] 743 | |         (Boolean, Boolean, Boolean) => Boolean,
[INFO] [stdout] ...   |
[INFO] [stdout] 759 | |     }
[INFO] [stdout] 760 | | );
[INFO] [stdout]     | |_- in this macro invocation
[INFO] [stdout]     |
[INFO] [stdout] note: if you're trying to build a new `snarkvm_console::snarkvm_console_account::Signature<_>` consider using one of the following associated functions:
[INFO] [stdout]       snarkvm_console::snarkvm_console_account::signature::sign::<impl snarkvm_console::snarkvm_console_account::Signature<N>>::sign
[INFO] [stdout]       snarkvm_console::snarkvm_console_account::signature::sign::<impl snarkvm_console::snarkvm_console_account::Signature<N>>::sign_bytes
[INFO] [stdout]       snarkvm_console::snarkvm_console_account::signature::sign::<impl snarkvm_console::snarkvm_console_account::Signature<N>>::sign_bits
[INFO] [stdout]    --> /opt/rustwide/cargo-home/registry/src/index.crates.io-6f17d22bba15001f/snarkvm-console-account-0.16.12/src/signature/sign.rs:21:5
[INFO] [stdout]     |
[INFO] [stdout] 21  |       pub fn sign<R: Rng + CryptoRng>(private_key: &PrivateKey<N>, message: &[Field<N>], rng: &mut R) -> Result<Self> {
[INFO] [stdout]     |       ^^^^^^^^^^^^^^^^^^^^^^^^^^^^^^^^^^^^^^^^^^^^^^^^^^^^^^^^^^^^^^^^^^^^^^^^^^^^^^^^^^^^^^^^^^^^^^^^^^^^^^^^^^^^^^^
[INFO] [stdout] ...
[INFO] [stdout] 57  | /     pub fn sign_bytes<R: Rng + CryptoRng>(
[INFO] [stdout] 58  | |         private_key: &PrivateKey<N>,
[INFO] [stdout] 59  | |         message: &[u8],
[INFO] [stdout] 60  | |         rng: &mut R,
[INFO] [stdout] 61  | |     ) -> Result<Signature<N>> {
[INFO] [stdout]     | |_____________________________^
[INFO] [stdout] ...
[INFO] [stdout] 67  | /     pub fn sign_bits<R: Rng + CryptoRng>(
[INFO] [stdout] 68  | |         private_key: &PrivateKey<N>,
[INFO] [stdout] 69  | |         message: &[bool],
[INFO] [stdout] 70  | |         rng: &mut R,
[INFO] [stdout] 71  | |     ) -> Result<Signature<N>> {
[INFO] [stdout]     | |_____________________________^
[INFO] [stdout]     = note: this error originates in the macro `$crate::test_execute` which comes from the expansion of the macro `crate::operation` (in Nightly builds, run with -Z macro-backtrace for more info)
[INFO] [stdout] 
[INFO] [stdout] 
[INFO] [stdout] error[E0599]: the function or associated item `rand` exists for struct `Signature<Testnet3>`, but its trait bounds were not satisfied
[INFO] [stdout]    --> src/logic/instruction/operation/macros.rs:891:125
[INFO] [stdout]     |
[INFO] [stdout] 891 |   ...                   2 => ($input_a::<CurrentNetwork>::rand(&mut rng), $input_b::zero(), $input_c::<CurrentNetwork>::rand(&mut rng)),
[INFO] [stdout]     |                                                                                                                         ^^^^ function or associated item cannot be called on `Signature<Testnet3>` due to unsatisfied trait bounds
[INFO] [stdout]     |
[INFO] [stdout]    ::: /opt/rustwide/cargo-home/registry/src/index.crates.io-6f17d22bba15001f/rand-0.8.5/src/distributions/mod.rs:218:1
[INFO] [stdout]     |
[INFO] [stdout] 218 |   pub struct Standard;
[INFO] [stdout]     |   -------------------
[INFO] [stdout]     |   |
[INFO] [stdout]     |   doesn't satisfy `_: Distribution<&Signature<Testnet3>>`
[INFO] [stdout]     |   doesn't satisfy `_: Distribution<&mut Signature<Testnet3>>`
[INFO] [stdout]     |   doesn't satisfy `_: Distribution<Signature<Testnet3>>`
[INFO] [stdout]     |
[INFO] [stdout]    ::: /opt/rustwide/cargo-home/registry/src/index.crates.io-6f17d22bba15001f/snarkvm-console-account-0.16.12/src/signature/mod.rs:38:1
[INFO] [stdout]     |
[INFO] [stdout] 38  |   pub struct Signature<N: Network> {
[INFO] [stdout]     |   -------------------------------- doesn't satisfy `_: Uniform`
[INFO] [stdout]     |
[INFO] [stdout]    ::: src/logic/instruction/operation/mod.rs:740:1
[INFO] [stdout]     |
[INFO] [stdout] 740 | / crate::operation!(
[INFO] [stdout] 741 | |     pub struct TernaryOperation<console::prelude::Ternary, circuit::traits::Ternary, ternary, "ternary"> {
[INFO] [stdout] 742 | |         (Boolean, Address, Address) => Address,
[INFO] [stdout] 743 | |         (Boolean, Boolean, Boolean) => Boolean,
[INFO] [stdout] ...   |
[INFO] [stdout] 759 | |     }
[INFO] [stdout] 760 | | );
[INFO] [stdout]     | |_- in this macro invocation
[INFO] [stdout]     |
[INFO] [stdout]     = note: the following trait bounds were not satisfied:
[INFO] [stdout]             `Standard: snarkvm_console::prelude::Distribution<snarkvm_console::snarkvm_console_account::Signature<Testnet3>>`
[INFO] [stdout]             which is required by `snarkvm_console::snarkvm_console_account::Signature<Testnet3>: snarkvm_console::prelude::Uniform`
[INFO] [stdout]             `Standard: snarkvm_console::prelude::Distribution<&snarkvm_console::snarkvm_console_account::Signature<Testnet3>>`
[INFO] [stdout]             which is required by `&snarkvm_console::snarkvm_console_account::Signature<Testnet3>: snarkvm_console::prelude::Uniform`
[INFO] [stdout]             `Standard: snarkvm_console::prelude::Distribution<&mut snarkvm_console::snarkvm_console_account::Signature<Testnet3>>`
[INFO] [stdout]             which is required by `&mut snarkvm_console::snarkvm_console_account::Signature<Testnet3>: snarkvm_console::prelude::Uniform`
[INFO] [stdout]     = note: this error originates in the macro `$crate::test_execute` which comes from the expansion of the macro `crate::operation` (in Nightly builds, run with -Z macro-backtrace for more info)
[INFO] [stdout] 
[INFO] [stdout] 
[INFO] [stdout] error[E0599]: no function or associated item named `zero` found for struct `snarkvm_console::snarkvm_console_account::Signature` in the current scope
[INFO] [stdout]    --> src/logic/instruction/operation/macros.rs:892:89
[INFO] [stdout]     |
[INFO] [stdout] 892 |   ...                   3 => ($input_a::<CurrentNetwork>::rand(&mut rng), $input_b::zero(), $input_c::zero()),
[INFO] [stdout]     |                                                                                     ^^^^ function or associated item not found in `Signature<_>`
[INFO] [stdout]     |
[INFO] [stdout]    ::: src/logic/instruction/operation/mod.rs:740:1
[INFO] [stdout]     |
[INFO] [stdout] 740 | / crate::operation!(
[INFO] [stdout] 741 | |     pub struct TernaryOperation<console::prelude::Ternary, circuit::traits::Ternary, ternary, "ternary"> {
[INFO] [stdout] 742 | |         (Boolean, Address, Address) => Address,
[INFO] [stdout] 743 | |         (Boolean, Boolean, Boolean) => Boolean,
[INFO] [stdout] ...   |
[INFO] [stdout] 759 | |     }
[INFO] [stdout] 760 | | );
[INFO] [stdout]     | |_- in this macro invocation
[INFO] [stdout]     |
[INFO] [stdout] note: if you're trying to build a new `snarkvm_console::snarkvm_console_account::Signature<_>` consider using one of the following associated functions:
[INFO] [stdout]       snarkvm_console::snarkvm_console_account::signature::sign::<impl snarkvm_console::snarkvm_console_account::Signature<N>>::sign
[INFO] [stdout]       snarkvm_console::snarkvm_console_account::signature::sign::<impl snarkvm_console::snarkvm_console_account::Signature<N>>::sign_bytes
[INFO] [stdout]       snarkvm_console::snarkvm_console_account::signature::sign::<impl snarkvm_console::snarkvm_console_account::Signature<N>>::sign_bits
[INFO] [stdout]    --> /opt/rustwide/cargo-home/registry/src/index.crates.io-6f17d22bba15001f/snarkvm-console-account-0.16.12/src/signature/sign.rs:21:5
[INFO] [stdout]     |
[INFO] [stdout] 21  |       pub fn sign<R: Rng + CryptoRng>(private_key: &PrivateKey<N>, message: &[Field<N>], rng: &mut R) -> Result<Self> {
[INFO] [stdout]     |       ^^^^^^^^^^^^^^^^^^^^^^^^^^^^^^^^^^^^^^^^^^^^^^^^^^^^^^^^^^^^^^^^^^^^^^^^^^^^^^^^^^^^^^^^^^^^^^^^^^^^^^^^^^^^^^^
[INFO] [stdout] ...
[INFO] [stdout] 57  | /     pub fn sign_bytes<R: Rng + CryptoRng>(
[INFO] [stdout] 58  | |         private_key: &PrivateKey<N>,
[INFO] [stdout] 59  | |         message: &[u8],
[INFO] [stdout] 60  | |         rng: &mut R,
[INFO] [stdout] 61  | |     ) -> Result<Signature<N>> {
[INFO] [stdout]     | |_____________________________^
[INFO] [stdout] ...
[INFO] [stdout] 67  | /     pub fn sign_bits<R: Rng + CryptoRng>(
[INFO] [stdout] 68  | |         private_key: &PrivateKey<N>,
[INFO] [stdout] 69  | |         message: &[bool],
[INFO] [stdout] 70  | |         rng: &mut R,
[INFO] [stdout] 71  | |     ) -> Result<Signature<N>> {
[INFO] [stdout]     | |_____________________________^
[INFO] [stdout]     = note: this error originates in the macro `$crate::test_execute` which comes from the expansion of the macro `crate::operation` (in Nightly builds, run with -Z macro-backtrace for more info)
[INFO] [stdout] 
[INFO] [stdout] 
[INFO] [stdout] error[E0599]: no function or associated item named `zero` found for struct `snarkvm_console::snarkvm_console_account::Signature` in the current scope
[INFO] [stdout]    --> src/logic/instruction/operation/macros.rs:892:107
[INFO] [stdout]     |
[INFO] [stdout] 892 |   ...                   3 => ($input_a::<CurrentNetwork>::rand(&mut rng), $input_b::zero(), $input_c::zero()),
[INFO] [stdout]     |                                                                                                       ^^^^ function or associated item not found in `Signature<_>`
[INFO] [stdout]     |
[INFO] [stdout]    ::: src/logic/instruction/operation/mod.rs:740:1
[INFO] [stdout]     |
[INFO] [stdout] 740 | / crate::operation!(
[INFO] [stdout] 741 | |     pub struct TernaryOperation<console::prelude::Ternary, circuit::traits::Ternary, ternary, "ternary"> {
[INFO] [stdout] 742 | |         (Boolean, Address, Address) => Address,
[INFO] [stdout] 743 | |         (Boolean, Boolean, Boolean) => Boolean,
[INFO] [stdout] ...   |
[INFO] [stdout] 759 | |     }
[INFO] [stdout] 760 | | );
[INFO] [stdout]     | |_- in this macro invocation
[INFO] [stdout]     |
[INFO] [stdout] note: if you're trying to build a new `snarkvm_console::snarkvm_console_account::Signature<_>` consider using one of the following associated functions:
[INFO] [stdout]       snarkvm_console::snarkvm_console_account::signature::sign::<impl snarkvm_console::snarkvm_console_account::Signature<N>>::sign
[INFO] [stdout]       snarkvm_console::snarkvm_console_account::signature::sign::<impl snarkvm_console::snarkvm_console_account::Signature<N>>::sign_bytes
[INFO] [stdout]       snarkvm_console::snarkvm_console_account::signature::sign::<impl snarkvm_console::snarkvm_console_account::Signature<N>>::sign_bits
[INFO] [stdout]    --> /opt/rustwide/cargo-home/registry/src/index.crates.io-6f17d22bba15001f/snarkvm-console-account-0.16.12/src/signature/sign.rs:21:5
[INFO] [stdout]     |
[INFO] [stdout] 21  |       pub fn sign<R: Rng + CryptoRng>(private_key: &PrivateKey<N>, message: &[Field<N>], rng: &mut R) -> Result<Self> {
[INFO] [stdout]     |       ^^^^^^^^^^^^^^^^^^^^^^^^^^^^^^^^^^^^^^^^^^^^^^^^^^^^^^^^^^^^^^^^^^^^^^^^^^^^^^^^^^^^^^^^^^^^^^^^^^^^^^^^^^^^^^^
[INFO] [stdout] ...
[INFO] [stdout] 57  | /     pub fn sign_bytes<R: Rng + CryptoRng>(
[INFO] [stdout] 58  | |         private_key: &PrivateKey<N>,
[INFO] [stdout] 59  | |         message: &[u8],
[INFO] [stdout] 60  | |         rng: &mut R,
[INFO] [stdout] 61  | |     ) -> Result<Signature<N>> {
[INFO] [stdout]     | |_____________________________^
[INFO] [stdout] ...
[INFO] [stdout] 67  | /     pub fn sign_bits<R: Rng + CryptoRng>(
[INFO] [stdout] 68  | |         private_key: &PrivateKey<N>,
[INFO] [stdout] 69  | |         message: &[bool],
[INFO] [stdout] 70  | |         rng: &mut R,
[INFO] [stdout] 71  | |     ) -> Result<Signature<N>> {
[INFO] [stdout]     | |_____________________________^
[INFO] [stdout]     = note: this error originates in the macro `$crate::test_execute` which comes from the expansion of the macro `crate::operation` (in Nightly builds, run with -Z macro-backtrace for more info)
[INFO] [stdout] 
[INFO] [stdout] 
[INFO] [stdout] error[E0599]: the function or associated item `rand` exists for struct `Signature<Testnet3>`, but its trait bounds were not satisfied
[INFO] [stdout]    --> src/logic/instruction/operation/macros.rs:893:81
[INFO] [stdout]     |
[INFO] [stdout] 893 |   ...                   4 => ($input_a::zero(), $input_b::<CurrentNetwork>::rand(&mut rng), $input_c::<CurrentNetwork>::rand(&mut rng)),
[INFO] [stdout]     |                                                                             ^^^^ function or associated item cannot be called on `Signature<Testnet3>` due to unsatisfied trait bounds
[INFO] [stdout]     |
[INFO] [stdout]    ::: /opt/rustwide/cargo-home/registry/src/index.crates.io-6f17d22bba15001f/rand-0.8.5/src/distributions/mod.rs:218:1
[INFO] [stdout]     |
[INFO] [stdout] 218 |   pub struct Standard;
[INFO] [stdout]     |   -------------------
[INFO] [stdout]     |   |
[INFO] [stdout]     |   doesn't satisfy `_: Distribution<&Signature<Testnet3>>`
[INFO] [stdout]     |   doesn't satisfy `_: Distribution<&mut Signature<Testnet3>>`
[INFO] [stdout]     |   doesn't satisfy `_: Distribution<Signature<Testnet3>>`
[INFO] [stdout]     |
[INFO] [stdout]    ::: /opt/rustwide/cargo-home/registry/src/index.crates.io-6f17d22bba15001f/snarkvm-console-account-0.16.12/src/signature/mod.rs:38:1
[INFO] [stdout]     |
[INFO] [stdout] 38  |   pub struct Signature<N: Network> {
[INFO] [stdout]     |   -------------------------------- doesn't satisfy `_: Uniform`
[INFO] [stdout]     |
[INFO] [stdout]    ::: src/logic/instruction/operation/mod.rs:740:1
[INFO] [stdout]     |
[INFO] [stdout] 740 | / crate::operation!(
[INFO] [stdout] 741 | |     pub struct TernaryOperation<console::prelude::Ternary, circuit::traits::Ternary, ternary, "ternary"> {
[INFO] [stdout] 742 | |         (Boolean, Address, Address) => Address,
[INFO] [stdout] 743 | |         (Boolean, Boolean, Boolean) => Boolean,
[INFO] [stdout] ...   |
[INFO] [stdout] 759 | |     }
[INFO] [stdout] 760 | | );
[INFO] [stdout]     | |_- in this macro invocation
[INFO] [stdout]     |
[INFO] [stdout]     = note: the following trait bounds were not satisfied:
[INFO] [stdout]             `Standard: snarkvm_console::prelude::Distribution<snarkvm_console::snarkvm_console_account::Signature<Testnet3>>`
[INFO] [stdout]             which is required by `snarkvm_console::snarkvm_console_account::Signature<Testnet3>: snarkvm_console::prelude::Uniform`
[INFO] [stdout]             `Standard: snarkvm_console::prelude::Distribution<&snarkvm_console::snarkvm_console_account::Signature<Testnet3>>`
[INFO] [stdout]             which is required by `&snarkvm_console::snarkvm_console_account::Signature<Testnet3>: snarkvm_console::prelude::Uniform`
[INFO] [stdout]             `Standard: snarkvm_console::prelude::Distribution<&mut snarkvm_console::snarkvm_console_account::Signature<Testnet3>>`
[INFO] [stdout]             which is required by `&mut snarkvm_console::snarkvm_console_account::Signature<Testnet3>: snarkvm_console::prelude::Uniform`
[INFO] [stdout]     = note: this error originates in the macro `$crate::test_execute` which comes from the expansion of the macro `crate::operation` (in Nightly builds, run with -Z macro-backtrace for more info)
[INFO] [stdout] 
[INFO] [stdout] 
[INFO] [stdout] error[E0599]: the function or associated item `rand` exists for struct `Signature<Testnet3>`, but its trait bounds were not satisfied
[INFO] [stdout]    --> src/logic/instruction/operation/macros.rs:893:125
[INFO] [stdout]     |
[INFO] [stdout] 893 |   ...                   4 => ($input_a::zero(), $input_b::<CurrentNetwork>::rand(&mut rng), $input_c::<CurrentNetwork>::rand(&mut rng)),
[INFO] [stdout]     |                                                                                                                         ^^^^ function or associated item cannot be called on `Signature<Testnet3>` due to unsatisfied trait bounds
[INFO] [stdout]     |
[INFO] [stdout]    ::: /opt/rustwide/cargo-home/registry/src/index.crates.io-6f17d22bba15001f/rand-0.8.5/src/distributions/mod.rs:218:1
[INFO] [stdout]     |
[INFO] [stdout] 218 |   pub struct Standard;
[INFO] [stdout]     |   -------------------
[INFO] [stdout]     |   |
[INFO] [stdout]     |   doesn't satisfy `_: Distribution<&Signature<Testnet3>>`
[INFO] [stdout]     |   doesn't satisfy `_: Distribution<&mut Signature<Testnet3>>`
[INFO] [stdout]     |   doesn't satisfy `_: Distribution<Signature<Testnet3>>`
[INFO] [stdout]     |
[INFO] [stdout]    ::: /opt/rustwide/cargo-home/registry/src/index.crates.io-6f17d22bba15001f/snarkvm-console-account-0.16.12/src/signature/mod.rs:38:1
[INFO] [stdout]     |
[INFO] [stdout] 38  |   pub struct Signature<N: Network> {
[INFO] [stdout]     |   -------------------------------- doesn't satisfy `_: Uniform`
[INFO] [stdout]     |
[INFO] [stdout]    ::: src/logic/instruction/operation/mod.rs:740:1
[INFO] [stdout]     |
[INFO] [stdout] 740 | / crate::operation!(
[INFO] [stdout] 741 | |     pub struct TernaryOperation<console::prelude::Ternary, circuit::traits::Ternary, ternary, "ternary"> {
[INFO] [stdout] 742 | |         (Boolean, Address, Address) => Address,
[INFO] [stdout] 743 | |         (Boolean, Boolean, Boolean) => Boolean,
[INFO] [stdout] ...   |
[INFO] [stdout] 759 | |     }
[INFO] [stdout] 760 | | );
[INFO] [stdout]     | |_- in this macro invocation
[INFO] [stdout]     |
[INFO] [stdout]     = note: the following trait bounds were not satisfied:
[INFO] [stdout]             `Standard: snarkvm_console::prelude::Distribution<snarkvm_console::snarkvm_console_account::Signature<Testnet3>>`
[INFO] [stdout]             which is required by `snarkvm_console::snarkvm_console_account::Signature<Testnet3>: snarkvm_console::prelude::Uniform`
[INFO] [stdout]             `Standard: snarkvm_console::prelude::Distribution<&snarkvm_console::snarkvm_console_account::Signature<Testnet3>>`
[INFO] [stdout]             which is required by `&snarkvm_console::snarkvm_console_account::Signature<Testnet3>: snarkvm_console::prelude::Uniform`
[INFO] [stdout]             `Standard: snarkvm_console::prelude::Distribution<&mut snarkvm_console::snarkvm_console_account::Signature<Testnet3>>`
[INFO] [stdout]             which is required by `&mut snarkvm_console::snarkvm_console_account::Signature<Testnet3>: snarkvm_console::prelude::Uniform`
[INFO] [stdout]     = note: this error originates in the macro `$crate::test_execute` which comes from the expansion of the macro `crate::operation` (in Nightly builds, run with -Z macro-backtrace for more info)
[INFO] [stdout] 
[INFO] [stdout] 
[INFO] [stdout] error[E0599]: the function or associated item `rand` exists for struct `Signature<Testnet3>`, but its trait bounds were not satisfied
[INFO] [stdout]    --> src/logic/instruction/operation/macros.rs:894:81
[INFO] [stdout]     |
[INFO] [stdout] 894 |   ...                   5 => ($input_a::zero(), $input_b::<CurrentNetwork>::rand(&mut rng), $input_c::<CurrentNetwork>::zero()),
[INFO] [stdout]     |                                                                             ^^^^ function or associated item cannot be called on `Signature<Testnet3>` due to unsatisfied trait bounds
[INFO] [stdout]     |
[INFO] [stdout]    ::: /opt/rustwide/cargo-home/registry/src/index.crates.io-6f17d22bba15001f/rand-0.8.5/src/distributions/mod.rs:218:1
[INFO] [stdout]     |
[INFO] [stdout] 218 |   pub struct Standard;
[INFO] [stdout]     |   -------------------
[INFO] [stdout]     |   |
[INFO] [stdout]     |   doesn't satisfy `_: Distribution<&Signature<Testnet3>>`
[INFO] [stdout]     |   doesn't satisfy `_: Distribution<&mut Signature<Testnet3>>`
[INFO] [stdout]     |   doesn't satisfy `_: Distribution<Signature<Testnet3>>`
[INFO] [stdout]     |
[INFO] [stdout]    ::: /opt/rustwide/cargo-home/registry/src/index.crates.io-6f17d22bba15001f/snarkvm-console-account-0.16.12/src/signature/mod.rs:38:1
[INFO] [stdout]     |
[INFO] [stdout] 38  |   pub struct Signature<N: Network> {
[INFO] [stdout]     |   -------------------------------- doesn't satisfy `_: Uniform`
[INFO] [stdout]     |
[INFO] [stdout]    ::: src/logic/instruction/operation/mod.rs:740:1
[INFO] [stdout]     |
[INFO] [stdout] 740 | / crate::operation!(
[INFO] [stdout] 741 | |     pub struct TernaryOperation<console::prelude::Ternary, circuit::traits::Ternary, ternary, "ternary"> {
[INFO] [stdout] 742 | |         (Boolean, Address, Address) => Address,
[INFO] [stdout] 743 | |         (Boolean, Boolean, Boolean) => Boolean,
[INFO] [stdout] ...   |
[INFO] [stdout] 759 | |     }
[INFO] [stdout] 760 | | );
[INFO] [stdout]     | |_- in this macro invocation
[INFO] [stdout]     |
[INFO] [stdout]     = note: the following trait bounds were not satisfied:
[INFO] [stdout]             `Standard: snarkvm_console::prelude::Distribution<snarkvm_console::snarkvm_console_account::Signature<Testnet3>>`
[INFO] [stdout]             which is required by `snarkvm_console::snarkvm_console_account::Signature<Testnet3>: snarkvm_console::prelude::Uniform`
[INFO] [stdout]             `Standard: snarkvm_console::prelude::Distribution<&snarkvm_console::snarkvm_console_account::Signature<Testnet3>>`
[INFO] [stdout]             which is required by `&snarkvm_console::snarkvm_console_account::Signature<Testnet3>: snarkvm_console::prelude::Uniform`
[INFO] [stdout]             `Standard: snarkvm_console::prelude::Distribution<&mut snarkvm_console::snarkvm_console_account::Signature<Testnet3>>`
[INFO] [stdout]             which is required by `&mut snarkvm_console::snarkvm_console_account::Signature<Testnet3>: snarkvm_console::prelude::Uniform`
[INFO] [stdout]     = note: this error originates in the macro `$crate::test_execute` which comes from the expansion of the macro `crate::operation` (in Nightly builds, run with -Z macro-backtrace for more info)
[INFO] [stdout] 
[INFO] [stdout] 
[INFO] [stdout] error[E0599]: no function or associated item named `zero` found for struct `snarkvm_console::snarkvm_console_account::Signature` in the current scope
[INFO] [stdout]    --> src/logic/instruction/operation/macros.rs:894:125
[INFO] [stdout]     |
[INFO] [stdout] 894 |   ...                   5 => ($input_a::zero(), $input_b::<CurrentNetwork>::rand(&mut rng), $input_c::<CurrentNetwork>::zero()),
[INFO] [stdout]     |                                                                                                                         ^^^^ function or associated item not found in `Signature<Testnet3>`
[INFO] [stdout]     |
[INFO] [stdout]    ::: src/logic/instruction/operation/mod.rs:740:1
[INFO] [stdout]     |
[INFO] [stdout] 740 | / crate::operation!(
[INFO] [stdout] 741 | |     pub struct TernaryOperation<console::prelude::Ternary, circuit::traits::Ternary, ternary, "ternary"> {
[INFO] [stdout] 742 | |         (Boolean, Address, Address) => Address,
[INFO] [stdout] 743 | |         (Boolean, Boolean, Boolean) => Boolean,
[INFO] [stdout] ...   |
[INFO] [stdout] 759 | |     }
[INFO] [stdout] 760 | | );
[INFO] [stdout]     | |_- in this macro invocation
[INFO] [stdout]     |
[INFO] [stdout]     = note: this error originates in the macro `$crate::test_execute` which comes from the expansion of the macro `crate::operation` (in Nightly builds, run with -Z macro-backtrace for more info)
[INFO] [stdout] 
[INFO] [stdout] 
[INFO] [stdout] error[E0599]: no function or associated item named `zero` found for struct `snarkvm_console::snarkvm_console_account::Signature` in the current scope
[INFO] [stdout]    --> src/logic/instruction/operation/macros.rs:895:63
[INFO] [stdout]     |
[INFO] [stdout] 895 |   ...                   6 => ($input_a::zero(), $input_b::zero(), $input_c::<CurrentNetwork>::rand(&mut rng)),
[INFO] [stdout]     |                                                           ^^^^ function or associated item not found in `Signature<_>`
[INFO] [stdout]     |
[INFO] [stdout]    ::: src/logic/instruction/operation/mod.rs:740:1
[INFO] [stdout]     |
[INFO] [stdout] 740 | / crate::operation!(
[INFO] [stdout] 741 | |     pub struct TernaryOperation<console::prelude::Ternary, circuit::traits::Ternary, ternary, "ternary"> {
[INFO] [stdout] 742 | |         (Boolean, Address, Address) => Address,
[INFO] [stdout] 743 | |         (Boolean, Boolean, Boolean) => Boolean,
[INFO] [stdout] ...   |
[INFO] [stdout] 759 | |     }
[INFO] [stdout] 760 | | );
[INFO] [stdout]     | |_- in this macro invocation
[INFO] [stdout]     |
[INFO] [stdout] note: if you're trying to build a new `snarkvm_console::snarkvm_console_account::Signature<_>` consider using one of the following associated functions:
[INFO] [stdout]       snarkvm_console::snarkvm_console_account::signature::sign::<impl snarkvm_console::snarkvm_console_account::Signature<N>>::sign
[INFO] [stdout]       snarkvm_console::snarkvm_console_account::signature::sign::<impl snarkvm_console::snarkvm_console_account::Signature<N>>::sign_bytes
[INFO] [stdout]       snarkvm_console::snarkvm_console_account::signature::sign::<impl snarkvm_console::snarkvm_console_account::Signature<N>>::sign_bits
[INFO] [stdout]    --> /opt/rustwide/cargo-home/registry/src/index.crates.io-6f17d22bba15001f/snarkvm-console-account-0.16.12/src/signature/sign.rs:21:5
[INFO] [stdout]     |
[INFO] [stdout] 21  |       pub fn sign<R: Rng + CryptoRng>(private_key: &PrivateKey<N>, message: &[Field<N>], rng: &mut R) -> Result<Self> {
[INFO] [stdout]     |       ^^^^^^^^^^^^^^^^^^^^^^^^^^^^^^^^^^^^^^^^^^^^^^^^^^^^^^^^^^^^^^^^^^^^^^^^^^^^^^^^^^^^^^^^^^^^^^^^^^^^^^^^^^^^^^^
[INFO] [stdout] ...
[INFO] [stdout] 57  | /     pub fn sign_bytes<R: Rng + CryptoRng>(
[INFO] [stdout] 58  | |         private_key: &PrivateKey<N>,
[INFO] [stdout] 59  | |         message: &[u8],
[INFO] [stdout] 60  | |         rng: &mut R,
[INFO] [stdout] 61  | |     ) -> Result<Signature<N>> {
[INFO] [stdout]     | |_____________________________^
[INFO] [stdout] ...
[INFO] [stdout] 67  | /     pub fn sign_bits<R: Rng + CryptoRng>(
[INFO] [stdout] 68  | |         private_key: &PrivateKey<N>,
[INFO] [stdout] 69  | |         message: &[bool],
[INFO] [stdout] 70  | |         rng: &mut R,
[INFO] [stdout] 71  | |     ) -> Result<Signature<N>> {
[INFO] [stdout]     | |_____________________________^
[INFO] [stdout]     = note: this error originates in the macro `$crate::test_execute` which comes from the expansion of the macro `crate::operation` (in Nightly builds, run with -Z macro-backtrace for more info)
[INFO] [stdout] 
[INFO] [stdout] 
[INFO] [stdout] error[E0599]: the function or associated item `rand` exists for struct `Signature<Testnet3>`, but its trait bounds were not satisfied
[INFO] [stdout]    --> src/logic/instruction/operation/macros.rs:895:99
[INFO] [stdout]     |
[INFO] [stdout] 895 |   ...                   6 => ($input_a::zero(), $input_b::zero(), $input_c::<CurrentNetwork>::rand(&mut rng)),
[INFO] [stdout]     |                                                                                               ^^^^ function or associated item cannot be called on `Signature<Testnet3>` due to unsatisfied trait bounds
[INFO] [stdout]     |
[INFO] [stdout]    ::: /opt/rustwide/cargo-home/registry/src/index.crates.io-6f17d22bba15001f/rand-0.8.5/src/distributions/mod.rs:218:1
[INFO] [stdout]     |
[INFO] [stdout] 218 |   pub struct Standard;
[INFO] [stdout]     |   -------------------
[INFO] [stdout]     |   |
[INFO] [stdout]     |   doesn't satisfy `_: Distribution<&Signature<Testnet3>>`
[INFO] [stdout]     |   doesn't satisfy `_: Distribution<&mut Signature<Testnet3>>`
[INFO] [stdout]     |   doesn't satisfy `_: Distribution<Signature<Testnet3>>`
[INFO] [stdout]     |
[INFO] [stdout]    ::: /opt/rustwide/cargo-home/registry/src/index.crates.io-6f17d22bba15001f/snarkvm-console-account-0.16.12/src/signature/mod.rs:38:1
[INFO] [stdout]     |
[INFO] [stdout] 38  |   pub struct Signature<N: Network> {
[INFO] [stdout]     |   -------------------------------- doesn't satisfy `_: Uniform`
[INFO] [stdout]     |
[INFO] [stdout]    ::: src/logic/instruction/operation/mod.rs:740:1
[INFO] [stdout]     |
[INFO] [stdout] 740 | / crate::operation!(
[INFO] [stdout] 741 | |     pub struct TernaryOperation<console::prelude::Ternary, circuit::traits::Ternary, ternary, "ternary"> {
[INFO] [stdout] 742 | |         (Boolean, Address, Address) => Address,
[INFO] [stdout] 743 | |         (Boolean, Boolean, Boolean) => Boolean,
[INFO] [stdout] ...   |
[INFO] [stdout] 759 | |     }
[INFO] [stdout] 760 | | );
[INFO] [stdout]     | |_- in this macro invocation
[INFO] [stdout]     |
[INFO] [stdout]     = note: the following trait bounds were not satisfied:
[INFO] [stdout]             `Standard: snarkvm_console::prelude::Distribution<snarkvm_console::snarkvm_console_account::Signature<Testnet3>>`
[INFO] [stdout]             which is required by `snarkvm_console::snarkvm_console_account::Signature<Testnet3>: snarkvm_console::prelude::Uniform`
[INFO] [stdout]             `Standard: snarkvm_console::prelude::Distribution<&snarkvm_console::snarkvm_console_account::Signature<Testnet3>>`
[INFO] [stdout]             which is required by `&snarkvm_console::snarkvm_console_account::Signature<Testnet3>: snarkvm_console::prelude::Uniform`
[INFO] [stdout]             `Standard: snarkvm_console::prelude::Distribution<&mut snarkvm_console::snarkvm_console_account::Signature<Testnet3>>`
[INFO] [stdout]             which is required by `&mut snarkvm_console::snarkvm_console_account::Signature<Testnet3>: snarkvm_console::prelude::Uniform`
[INFO] [stdout]     = note: this error originates in the macro `$crate::test_execute` which comes from the expansion of the macro `crate::operation` (in Nightly builds, run with -Z macro-backtrace for more info)
[INFO] [stdout] 
[INFO] [stdout] 
[INFO] [stdout] error[E0599]: the function or associated item `rand` exists for struct `Signature<Testnet3>`, but its trait bounds were not satisfied
[INFO] [stdout]    --> src/logic/instruction/operation/macros.rs:896:109
[INFO] [stdout]     |
[INFO] [stdout] 896 |   ...rentNetwork>::rand(&mut rng), $input_c::<CurrentNetwork>::rand(&mut rng))
[INFO] [stdout]     |                    ^^^^ function or associated item cannot be called on `Signature<Testnet3>` due to unsatisfied trait bounds
[INFO] [stdout]     |
[INFO] [stdout]    ::: /opt/rustwide/cargo-home/registry/src/index.crates.io-6f17d22bba15001f/rand-0.8.5/src/distributions/mod.rs:218:1
[INFO] [stdout]     |
[INFO] [stdout] 218 |   pub struct Standard;
[INFO] [stdout]     |   -------------------
[INFO] [stdout]     |   |
[INFO] [stdout]     |   doesn't satisfy `_: Distribution<&Signature<Testnet3>>`
[INFO] [stdout]     |   doesn't satisfy `_: Distribution<&mut Signature<Testnet3>>`
[INFO] [stdout]     |   doesn't satisfy `_: Distribution<Signature<Testnet3>>`
[INFO] [stdout]     |
[INFO] [stdout]    ::: /opt/rustwide/cargo-home/registry/src/index.crates.io-6f17d22bba15001f/snarkvm-console-account-0.16.12/src/signature/mod.rs:38:1
[INFO] [stdout]     |
[INFO] [stdout] 38  |   pub struct Signature<N: Network> {
[INFO] [stdout]     |   -------------------------------- doesn't satisfy `_: Uniform`
[INFO] [stdout]     |
[INFO] [stdout]    ::: src/logic/instruction/operation/mod.rs:740:1
[INFO] [stdout]     |
[INFO] [stdout] 740 | / crate::operation!(
[INFO] [stdout] 741 | |     pub struct TernaryOperation<console::prelude::Ternary, circuit::traits::Ternary, ternary, "ternary"> {
[INFO] [stdout] 742 | |         (Boolean, Address, Address) => Address,
[INFO] [stdout] 743 | |         (Boolean, Boolean, Boolean) => Boolean,
[INFO] [stdout] ...   |
[INFO] [stdout] 759 | |     }
[INFO] [stdout] 760 | | );
[INFO] [stdout]     | |_- in this macro invocation
[INFO] [stdout]     |
[INFO] [stdout]     = note: the following trait bounds were not satisfied:
[INFO] [stdout]             `Standard: snarkvm_console::prelude::Distribution<snarkvm_console::snarkvm_console_account::Signature<Testnet3>>`
[INFO] [stdout]             which is required by `snarkvm_console::snarkvm_console_account::Signature<Testnet3>: snarkvm_console::prelude::Uniform`
[INFO] [stdout]             `Standard: snarkvm_console::prelude::Distribution<&snarkvm_console::snarkvm_console_account::Signature<Testnet3>>`
[INFO] [stdout]             which is required by `&snarkvm_console::snarkvm_console_account::Signature<Testnet3>: snarkvm_console::prelude::Uniform`
[INFO] [stdout]             `Standard: snarkvm_console::prelude::Distribution<&mut snarkvm_console::snarkvm_console_account::Signature<Testnet3>>`
[INFO] [stdout]             which is required by `&mut snarkvm_console::snarkvm_console_account::Signature<Testnet3>: snarkvm_console::prelude::Uniform`
[INFO] [stdout]     = note: this error originates in the macro `$crate::test_execute` which comes from the expansion of the macro `crate::operation` (in Nightly builds, run with -Z macro-backtrace for more info)
[INFO] [stdout] 
[INFO] [stdout] 
[INFO] [stdout] error[E0599]: the function or associated item `rand` exists for struct `Signature<Testnet3>`, but its trait bounds were not satisfied
[INFO] [stdout]    --> src/logic/instruction/operation/macros.rs:896:153
[INFO] [stdout]     |
[INFO] [stdout] 896 |   ...rentNetwork>::rand(&mut rng))
[INFO] [stdout]     |                    ^^^^ function or associated item cannot be called on `Signature<Testnet3>` due to unsatisfied trait bounds
[INFO] [stdout]     |
[INFO] [stdout]    ::: /opt/rustwide/cargo-home/registry/src/index.crates.io-6f17d22bba15001f/rand-0.8.5/src/distributions/mod.rs:218:1
[INFO] [stdout]     |
[INFO] [stdout] 218 |   pub struct Standard;
[INFO] [stdout]     |   -------------------
[INFO] [stdout]     |   |
[INFO] [stdout]     |   doesn't satisfy `_: Distribution<&Signature<Testnet3>>`
[INFO] [stdout]     |   doesn't satisfy `_: Distribution<&mut Signature<Testnet3>>`
[INFO] [stdout]     |   doesn't satisfy `_: Distribution<Signature<Testnet3>>`
[INFO] [stdout]     |
[INFO] [stdout]    ::: /opt/rustwide/cargo-home/registry/src/index.crates.io-6f17d22bba15001f/snarkvm-console-account-0.16.12/src/signature/mod.rs:38:1
[INFO] [stdout]     |
[INFO] [stdout] 38  |   pub struct Signature<N: Network> {
[INFO] [stdout]     |   -------------------------------- doesn't satisfy `_: Uniform`
[INFO] [stdout]     |
[INFO] [stdout]    ::: src/logic/instruction/operation/mod.rs:740:1
[INFO] [stdout]     |
[INFO] [stdout] 740 | / crate::operation!(
[INFO] [stdout] 741 | |     pub struct TernaryOperation<console::prelude::Ternary, circuit::traits::Ternary, ternary, "ternary"> {
[INFO] [stdout] 742 | |         (Boolean, Address, Address) => Address,
[INFO] [stdout] 743 | |         (Boolean, Boolean, Boolean) => Boolean,
[INFO] [stdout] ...   |
[INFO] [stdout] 759 | |     }
[INFO] [stdout] 760 | | );
[INFO] [stdout]     | |_- in this macro invocation
[INFO] [stdout]     |
[INFO] [stdout]     = note: the following trait bounds were not satisfied:
[INFO] [stdout]             `Standard: snarkvm_console::prelude::Distribution<snarkvm_console::snarkvm_console_account::Signature<Testnet3>>`
[INFO] [stdout]             which is required by `snarkvm_console::snarkvm_console_account::Signature<Testnet3>: snarkvm_console::prelude::Uniform`
[INFO] [stdout]             `Standard: snarkvm_console::prelude::Distribution<&snarkvm_console::snarkvm_console_account::Signature<Testnet3>>`
[INFO] [stdout]             which is required by `&snarkvm_console::snarkvm_console_account::Signature<Testnet3>: snarkvm_console::prelude::Uniform`
[INFO] [stdout]             `Standard: snarkvm_console::prelude::Distribution<&mut snarkvm_console::snarkvm_console_account::Signature<Testnet3>>`
[INFO] [stdout]             which is required by `&mut snarkvm_console::snarkvm_console_account::Signature<Testnet3>: snarkvm_console::prelude::Uniform`
[INFO] [stdout]     = note: this error originates in the macro `$crate::test_execute` which comes from the expansion of the macro `crate::operation` (in Nightly builds, run with -Z macro-backtrace for more info)
[INFO] [stdout] 
[INFO] [stdout] 
[INFO] [stdout] error: aborting due to 16 previous errors
[INFO] [stdout] 
[INFO] [stdout] 
[INFO] [stdout] For more information about this error, try `rustc --explain E0599`.
[INFO] [stdout] 
[INFO] [stderr] error: could not compile `snarkvm-synthesizer-program` (lib test) due to 17 previous errors
[INFO] running `Command { std: "docker" "inspect" "c241b8e322cad6ab0aac7efb93ed57df5b80597e048014528e39529aa3b1aee5", kill_on_drop: false }`
[INFO] running `Command { std: "docker" "rm" "-f" "c241b8e322cad6ab0aac7efb93ed57df5b80597e048014528e39529aa3b1aee5", kill_on_drop: false }`
[INFO] [stdout] c241b8e322cad6ab0aac7efb93ed57df5b80597e048014528e39529aa3b1aee5
[INFO] testing snarkvm-synthesizer-program-0.16.12 against beta-2023-12-22 for beta-1.76-1
[INFO] extracting crate snarkvm-synthesizer-program 0.16.12 into /workspace/builds/worker-2-tc2/source
[INFO] validating manifest of crates.io crate snarkvm-synthesizer-program 0.16.12 on toolchain beta-2023-12-22
[INFO] running `Command { std: CARGO_HOME="/workspace/cargo-home" RUSTUP_HOME="/workspace/rustup-home" "/workspace/cargo-home/bin/cargo" "+beta-2023-12-22" "metadata" "--manifest-path" "Cargo.toml" "--no-deps", kill_on_drop: false }`
[INFO] started tweaking crates.io crate snarkvm-synthesizer-program 0.16.12
[INFO] finished tweaking crates.io crate snarkvm-synthesizer-program 0.16.12
[INFO] tweaked toml for crates.io crate snarkvm-synthesizer-program 0.16.12 written to /workspace/builds/worker-2-tc2/source/Cargo.toml
[INFO] running `Command { std: CARGO_HOME="/workspace/cargo-home" RUSTUP_HOME="/workspace/rustup-home" "/workspace/cargo-home/bin/cargo" "+beta-2023-12-22" "generate-lockfile" "--manifest-path" "Cargo.toml", kill_on_drop: false }`
[INFO] [stderr]     Updating crates.io index
[INFO] running `Command { std: CARGO_HOME="/workspace/cargo-home" RUSTUP_HOME="/workspace/rustup-home" "/workspace/cargo-home/bin/cargo" "+beta-2023-12-22" "fetch" "--manifest-path" "Cargo.toml", kill_on_drop: false }`
[INFO] running `Command { std: "docker" "create" "-v" "/var/lib/crater-agent-workspace/builds/worker-2-tc2/target:/opt/rustwide/target:rw,Z" "-v" "/var/lib/crater-agent-workspace/builds/worker-2-tc2/source:/opt/rustwide/workdir:ro,Z" "-v" "/var/lib/crater-agent-workspace/cargo-home:/opt/rustwide/cargo-home:ro,Z" "-v" "/var/lib/crater-agent-workspace/rustup-home:/opt/rustwide/rustup-home:ro,Z" "-e" "SOURCE_DIR=/opt/rustwide/workdir" "-e" "CARGO_TARGET_DIR=/opt/rustwide/target" "-e" "CARGO_HOME=/opt/rustwide/cargo-home" "-e" "RUSTUP_HOME=/opt/rustwide/rustup-home" "-w" "/opt/rustwide/workdir" "-m" "1610612736" "--user" "0:0" "--network" "none" "ghcr.io/rust-lang/crates-build-env/linux@sha256:2788e3201cd34a07e3172128adcd8b3090168a8e3bcc40d7c032b9dda1df7d1c" "/opt/rustwide/cargo-home/bin/cargo" "+beta-2023-12-22" "metadata" "--no-deps" "--format-version=1", kill_on_drop: false }`
[INFO] [stdout] 431fd307feea7657e0ae7971138b99ed50502ec73a458549ccfa47f8e98d4e34
[INFO] running `Command { std: "docker" "start" "-a" "431fd307feea7657e0ae7971138b99ed50502ec73a458549ccfa47f8e98d4e34", kill_on_drop: false }`
[INFO] running `Command { std: "docker" "inspect" "431fd307feea7657e0ae7971138b99ed50502ec73a458549ccfa47f8e98d4e34", kill_on_drop: false }`
[INFO] running `Command { std: "docker" "rm" "-f" "431fd307feea7657e0ae7971138b99ed50502ec73a458549ccfa47f8e98d4e34", kill_on_drop: false }`
[INFO] [stdout] 431fd307feea7657e0ae7971138b99ed50502ec73a458549ccfa47f8e98d4e34
[INFO] running `Command { std: "docker" "create" "-v" "/var/lib/crater-agent-workspace/builds/worker-2-tc2/target:/opt/rustwide/target:rw,Z" "-v" "/var/lib/crater-agent-workspace/builds/worker-2-tc2/source:/opt/rustwide/workdir:ro,Z" "-v" "/var/lib/crater-agent-workspace/cargo-home:/opt/rustwide/cargo-home:ro,Z" "-v" "/var/lib/crater-agent-workspace/rustup-home:/opt/rustwide/rustup-home:ro,Z" "-e" "SOURCE_DIR=/opt/rustwide/workdir" "-e" "CARGO_TARGET_DIR=/opt/rustwide/target" "-e" "CARGO_INCREMENTAL=0" "-e" "RUST_BACKTRACE=full" "-e" "RUSTFLAGS=--cap-lints=warn" "-e" "RUSTDOCFLAGS=--cap-lints=warn" "-e" "CARGO_HOME=/opt/rustwide/cargo-home" "-e" "RUSTUP_HOME=/opt/rustwide/rustup-home" "-w" "/opt/rustwide/workdir" "-m" "1610612736" "--user" "0:0" "--network" "none" "ghcr.io/rust-lang/crates-build-env/linux@sha256:2788e3201cd34a07e3172128adcd8b3090168a8e3bcc40d7c032b9dda1df7d1c" "/opt/rustwide/cargo-home/bin/cargo" "+beta-2023-12-22" "build" "--frozen" "--message-format=json", kill_on_drop: false }`
[INFO] [stdout] 1e79b1170a547f9e039af6bfb508f03c78c06140d652bef0829540dc528b2b45
[INFO] running `Command { std: "docker" "start" "-a" "1e79b1170a547f9e039af6bfb508f03c78c06140d652bef0829540dc528b2b45", kill_on_drop: false }`
[INFO] [stderr]    Compiling libc v0.2.151
[INFO] [stderr]    Compiling cfg-if v1.0.0
[INFO] [stderr]    Compiling version_check v0.9.4
[INFO] [stderr]    Compiling autocfg v1.1.0
[INFO] [stderr]    Compiling crossbeam-utils v0.8.18
[INFO] [stderr]    Compiling syn v1.0.109
[INFO] [stderr]    Compiling rayon-core v1.12.0
[INFO] [stderr]    Compiling syn v2.0.48
[INFO] [stderr]    Compiling serde v1.0.194
[INFO] [stderr]    Compiling ahash v0.8.7
[INFO] [stderr]    Compiling num-traits v0.2.17
[INFO] [stderr]    Compiling once_cell v1.19.0
[INFO] [stderr]    Compiling zerocopy v0.7.32
[INFO] [stderr]    Compiling either v1.9.0
[INFO] [stderr]    Compiling num-integer v0.1.45
[INFO] [stderr]    Compiling allocator-api2 v0.2.16
[INFO] [stderr]    Compiling crossbeam-epoch v0.9.17
[INFO] [stderr]    Compiling num-bigint v0.4.4
[INFO] [stderr]    Compiling crossbeam-deque v0.8.4
[INFO] [stderr]    Compiling getrandom v0.2.11
[INFO] [stderr]    Compiling dirs-sys v0.3.7
[INFO] [stderr]    Compiling rand_core v0.6.4
[INFO] [stderr]    Compiling hashbrown v0.14.3
[INFO] [stderr]    Compiling equivalent v1.0.1
[INFO] [stderr]    Compiling dirs v4.0.0
[INFO] [stderr]    Compiling anyhow v1.0.79
[INFO] [stderr]    Compiling ppv-lite86 v0.2.17
[INFO] [stderr]    Compiling thiserror v1.0.56
[INFO] [stderr]    Compiling rayon v1.8.0
[INFO] [stderr]    Compiling serde_json v1.0.111
[INFO] [stderr]    Compiling rand_chacha v0.3.1
[INFO] [stderr]    Compiling aleo-std-storage v0.1.3
[INFO] [stderr]    Compiling itoa v1.0.10
[INFO] [stderr]    Compiling aleo-std-timer v0.1.2
[INFO] [stderr]    Compiling aleo-std-cpu v0.1.4
[INFO] [stderr]    Compiling aleo-std-profiler v0.1.15
[INFO] [stderr]    Compiling ryu v1.0.16
[INFO] [stderr]    Compiling rand v0.8.5
[INFO] [stderr]    Compiling rand_xorshift v0.3.0
[INFO] [stderr]    Compiling num_cpus v1.16.0
[INFO] [stderr]    Compiling smol_str v0.2.0
[INFO] [stderr]    Compiling itertools v0.11.0
[INFO] [stderr]    Compiling pkg-config v0.3.28
[INFO] [stderr]    Compiling minimal-lexical v0.2.1
[INFO] [stderr]    Compiling memchr v2.7.1
[INFO] [stderr]    Compiling vcpkg v0.2.15
[INFO] [stderr]    Compiling cc v1.0.83
[INFO] [stderr]    Compiling nom v7.1.3
[INFO] [stderr]    Compiling bech32 v0.9.1
[INFO] [stderr]    Compiling typenum v1.17.0
[INFO] [stderr]    Compiling generic-array v0.14.7
[INFO] [stderr]    Compiling smallvec v1.11.2
[INFO] [stderr]    Compiling crunchy v0.2.2
[INFO] [stderr]    Compiling subtle v2.5.0
[INFO] [stderr]    Compiling lock_api v0.4.11
[INFO] [stderr]    Compiling paste v1.0.14
[INFO] [stderr]    Compiling curl v0.4.44
[INFO] [stderr]    Compiling parking_lot_core v0.9.9
[INFO] [stderr]    Compiling tiny-keccak v2.0.2
[INFO] [stderr]    Compiling libz-sys v1.1.12
[INFO] [stderr]    Compiling openssl-sys v0.9.98
[INFO] [stderr]    Compiling curl-sys v0.4.70+curl-8.5.0
[INFO] [stderr]    Compiling socket2 v0.4.10
[INFO] [stderr]    Compiling openssl-probe v0.1.5
[INFO] [stderr]    Compiling constant_time_eq v0.3.0
[INFO] [stderr]    Compiling lazy_static v1.4.0
[INFO] [stderr]    Compiling cpufeatures v0.2.12
[INFO] [stderr]    Compiling arrayvec v0.7.4
[INFO] [stderr]    Compiling arrayref v0.3.7
[INFO] [stderr]    Compiling scopeguard v1.2.0
[INFO] [stderr]    Compiling serde_derive v1.0.194
[INFO] [stderr]    Compiling zeroize_derive v1.4.2
[INFO] [stderr]    Compiling thiserror-impl v1.0.56
[INFO] [stderr]    Compiling snarkvm-utilities-derives v0.16.12
[INFO] [stderr]    Compiling blake2s_simd v1.0.2
[INFO] [stderr]    Compiling crypto-common v0.1.6
[INFO] [stderr]    Compiling block-buffer v0.10.4
[INFO] [stderr]    Compiling digest v0.10.7
[INFO] [stderr]    Compiling sha2 v0.10.8
[INFO] [stderr]    Compiling aleo-std-timed v0.1.2
[INFO] [stderr]    Compiling aleo-std-time v0.1.2
[INFO] [stderr]    Compiling zeroize v1.7.0
[INFO] [stderr]    Compiling derivative v2.2.0
[INFO] [stderr]    Compiling colored v2.1.0
[INFO] [stderr]    Compiling aleo-std v0.1.18
[INFO] [stderr]    Compiling byteorder v1.5.0
[INFO] [stderr]    Compiling hex v0.4.3
[INFO] [stderr]    Compiling parking_lot v0.12.1
[INFO] [stderr]    Compiling blake2 v0.10.6
[INFO] [stderr]    Compiling fxhash v0.2.1
[INFO] [stderr]    Compiling snarkvm-circuit-types-boolean v0.16.12
[INFO] [stderr]    Compiling snarkvm-circuit-environment-witness v0.16.12
[INFO] [stderr]    Compiling snarkvm-circuit-types-field v0.16.12
[INFO] [stderr]    Compiling snarkvm-circuit-types-scalar v0.16.12
[INFO] [stderr]    Compiling snarkvm-circuit-types-group v0.16.12
[INFO] [stderr]    Compiling snarkvm-circuit-types-integers v0.16.12
[INFO] [stderr]    Compiling snarkvm-circuit-types-string v0.16.12
[INFO] [stderr]    Compiling snarkvm-circuit-types-address v0.16.12
[INFO] [stderr]    Compiling unicode-xid v0.0.4
[INFO] [stderr]    Compiling snarkvm-circuit-algorithms v0.16.12
[INFO] [stderr]    Compiling synom v0.11.3
[INFO] [stderr]    Compiling snarkvm-circuit-collections v0.16.12
[INFO] [stderr]    Compiling quote v0.3.15
[INFO] [stderr]    Compiling bs58 v0.5.0
[INFO] [stderr]    Compiling snarkvm-circuit-network v0.16.12
[INFO] [stderr]    Compiling num-derive v0.4.1
[INFO] [stderr]    Compiling enum_index v0.2.0
[INFO] [stderr]    Compiling syn v0.11.11
[INFO] [stderr]    Compiling snarkvm-circuit-account v0.16.12
[INFO] [stderr]    Compiling snarkvm-circuit-program v0.16.12
[INFO] [stderr]    Compiling enum_index_derive v0.2.0
[INFO] [stderr]    Compiling indexmap v2.1.0
[INFO] [stderr]    Compiling bincode v1.3.3
[INFO] [stderr]    Compiling snarkvm-utilities v0.16.12
[INFO] [stderr]    Compiling snarkvm-fields v0.16.12
[INFO] [stderr]    Compiling snarkvm-curves v0.16.12
[INFO] [stderr]    Compiling snarkvm-console-network-environment v0.16.12
[INFO] [stderr]    Compiling snarkvm-parameters v0.16.12
[INFO] [stderr]    Compiling snarkvm-console-types-boolean v0.16.12
[INFO] [stderr]    Compiling snarkvm-console-types-field v0.16.12
[INFO] [stderr]    Compiling snarkvm-console-types-scalar v0.16.12
[INFO] [stderr]    Compiling snarkvm-console-types-integers v0.16.12
[INFO] [stderr]    Compiling snarkvm-console-types-group v0.16.12
[INFO] [stderr]    Compiling snarkvm-console-types-address v0.16.12
[INFO] [stderr]    Compiling snarkvm-console-types-string v0.16.12
[INFO] [stderr]    Compiling snarkvm-algorithms v0.16.12
[INFO] [stderr]    Compiling snarkvm-console-types v0.16.12
[INFO] [stderr]    Compiling snarkvm-console-algorithms v0.16.12
[INFO] [stderr]    Compiling snarkvm-console-collections v0.16.12
[INFO] [stderr]    Compiling snarkvm-console-network v0.16.12
[INFO] [stderr]    Compiling snarkvm-circuit-environment v0.16.12
[INFO] [stderr]    Compiling snarkvm-console-account v0.16.12
[INFO] [stderr]    Compiling snarkvm-console-program v0.16.12
[INFO] [stderr]    Compiling snarkvm-circuit-types v0.16.12
[INFO] [stderr]    Compiling snarkvm-console v0.16.12
[INFO] [stderr]    Compiling snarkvm-circuit v0.16.12
[INFO] [stderr]    Compiling snarkvm-synthesizer-program v0.16.12 (/opt/rustwide/workdir)
[INFO] [stderr]     Finished dev [unoptimized + debuginfo] target(s) in 35.89s
[INFO] running `Command { std: "docker" "inspect" "1e79b1170a547f9e039af6bfb508f03c78c06140d652bef0829540dc528b2b45", kill_on_drop: false }`
[INFO] running `Command { std: "docker" "rm" "-f" "1e79b1170a547f9e039af6bfb508f03c78c06140d652bef0829540dc528b2b45", kill_on_drop: false }`
[INFO] [stdout] 1e79b1170a547f9e039af6bfb508f03c78c06140d652bef0829540dc528b2b45
[INFO] running `Command { std: "docker" "create" "-v" "/var/lib/crater-agent-workspace/builds/worker-2-tc2/target:/opt/rustwide/target:rw,Z" "-v" "/var/lib/crater-agent-workspace/builds/worker-2-tc2/source:/opt/rustwide/workdir:ro,Z" "-v" "/var/lib/crater-agent-workspace/cargo-home:/opt/rustwide/cargo-home:ro,Z" "-v" "/var/lib/crater-agent-workspace/rustup-home:/opt/rustwide/rustup-home:ro,Z" "-e" "SOURCE_DIR=/opt/rustwide/workdir" "-e" "CARGO_TARGET_DIR=/opt/rustwide/target" "-e" "CARGO_INCREMENTAL=0" "-e" "RUST_BACKTRACE=full" "-e" "RUSTFLAGS=--cap-lints=warn" "-e" "RUSTDOCFLAGS=--cap-lints=warn" "-e" "CARGO_HOME=/opt/rustwide/cargo-home" "-e" "RUSTUP_HOME=/opt/rustwide/rustup-home" "-w" "/opt/rustwide/workdir" "-m" "1610612736" "--user" "0:0" "--network" "none" "ghcr.io/rust-lang/crates-build-env/linux@sha256:2788e3201cd34a07e3172128adcd8b3090168a8e3bcc40d7c032b9dda1df7d1c" "/opt/rustwide/cargo-home/bin/cargo" "+beta-2023-12-22" "test" "--frozen" "--no-run" "--message-format=json", kill_on_drop: false }`
[INFO] [stdout] 3c7b20f86038dfa2d3efc6b66e10e0395dbeffeb7aa4c1005a02530a9d78b20b
[INFO] running `Command { std: "docker" "start" "-a" "3c7b20f86038dfa2d3efc6b66e10e0395dbeffeb7aa4c1005a02530a9d78b20b", kill_on_drop: false }`
[INFO] [stderr]    Compiling serde v1.0.194
[INFO] [stderr]    Compiling rustix v0.38.28
[INFO] [stderr]    Compiling bitflags v2.4.1
[INFO] [stderr]    Compiling ciborium-io v0.2.1
[INFO] [stderr]    Compiling half v1.8.2
[INFO] [stderr]    Compiling regex-syntax v0.8.2
[INFO] [stderr]    Compiling plotters-backend v0.3.5
[INFO] [stderr]    Compiling clap_lex v0.6.0
[INFO] [stderr]    Compiling linux-raw-sys v0.4.12
[INFO] [stderr]    Compiling anstyle v1.0.4
[INFO] [stderr]    Compiling clap_builder v4.4.12
[INFO] [stderr]    Compiling plotters-svg v0.3.5
[INFO] [stderr]    Compiling ciborium-ll v0.2.1
[INFO] [stderr]    Compiling itertools v0.10.5
[INFO] [stderr]    Compiling cast v0.3.0
[INFO] [stderr]    Compiling same-file v1.0.6
[INFO] [stderr]    Compiling plotters v0.3.5
[INFO] [stderr]    Compiling walkdir v2.4.0
[INFO] [stderr]    Compiling oorandom v11.1.3
[INFO] [stderr]    Compiling anes v0.1.6
[INFO] [stderr]    Compiling is-terminal v0.4.10
[INFO] [stderr]    Compiling regex-automata v0.4.3
[INFO] [stderr]    Compiling criterion-plot v0.5.0
[INFO] [stderr]    Compiling clap v4.4.13
[INFO] [stderr]    Compiling regex v1.10.2
[INFO] [stderr]    Compiling indexmap v2.1.0
[INFO] [stderr]    Compiling bincode v1.3.3
[INFO] [stderr]    Compiling ciborium v0.2.1
[INFO] [stderr]    Compiling serde_json v1.0.111
[INFO] [stderr]    Compiling snarkvm-utilities v0.16.12
[INFO] [stderr]    Compiling tinytemplate v1.2.1
[INFO] [stderr]    Compiling criterion v0.5.1
[INFO] [stderr]    Compiling snarkvm-fields v0.16.12
[INFO] [stderr]    Compiling snarkvm-curves v0.16.12
[INFO] [stderr]    Compiling snarkvm-console-network-environment v0.16.12
[INFO] [stderr]    Compiling snarkvm-parameters v0.16.12
[INFO] [stderr]    Compiling snarkvm-console-types-boolean v0.16.12
[INFO] [stderr]    Compiling snarkvm-console-types-field v0.16.12
[INFO] [stderr]    Compiling snarkvm-console-types-scalar v0.16.12
[INFO] [stderr]    Compiling snarkvm-console-types-integers v0.16.12
[INFO] [stderr]    Compiling snarkvm-console-types-group v0.16.12
[INFO] [stderr]    Compiling snarkvm-console-types-address v0.16.12
[INFO] [stderr]    Compiling snarkvm-console-types-string v0.16.12
[INFO] [stderr]    Compiling snarkvm-algorithms v0.16.12
[INFO] [stderr]    Compiling snarkvm-console-types v0.16.12
[INFO] [stderr]    Compiling snarkvm-console-algorithms v0.16.12
[INFO] [stderr]    Compiling snarkvm-console-collections v0.16.12
[INFO] [stderr]    Compiling snarkvm-console-network v0.16.12
[INFO] [stderr]    Compiling snarkvm-circuit-environment v0.16.12
[INFO] [stderr]    Compiling snarkvm-console-account v0.16.12
[INFO] [stderr]    Compiling snarkvm-console-program v0.16.12
[INFO] [stderr]    Compiling snarkvm-circuit-types-boolean v0.16.12
[INFO] [stderr]    Compiling snarkvm-circuit-types-field v0.16.12
[INFO] [stderr]    Compiling snarkvm-circuit-types-scalar v0.16.12
[INFO] [stderr]    Compiling snarkvm-circuit-types-group v0.16.12
[INFO] [stderr]    Compiling snarkvm-circuit-types-integers v0.16.12
[INFO] [stderr]    Compiling snarkvm-circuit-types-address v0.16.12
[INFO] [stderr]    Compiling snarkvm-circuit-types-string v0.16.12
[INFO] [stderr]    Compiling snarkvm-circuit-types v0.16.12
[INFO] [stderr]    Compiling snarkvm-circuit-algorithms v0.16.12
[INFO] [stderr]    Compiling snarkvm-circuit-collections v0.16.12
[INFO] [stderr]    Compiling snarkvm-console v0.16.12
[INFO] [stderr]    Compiling snarkvm-circuit-network v0.16.12
[INFO] [stderr]    Compiling snarkvm-circuit-account v0.16.12
[INFO] [stderr]    Compiling snarkvm-circuit-program v0.16.12
[INFO] [stderr]    Compiling snarkvm-circuit v0.16.12
[INFO] [stderr]    Compiling snarkvm-synthesizer-program v0.16.12 (/opt/rustwide/workdir)
[INFO] [stdout] error[E0599]: no function or associated item named `zero` found for struct `snarkvm_console::snarkvm_console_account::Signature` in the current scope
[INFO] [stdout]    --> src/logic/instruction/operation/macros.rs:889:63
[INFO] [stdout]     |
[INFO] [stdout] 889 |   ...                   0 => ($input_a::zero(), $input_b::zero(), $input_c::zero()),
[INFO] [stdout]     |                                                           ^^^^ function or associated item not found in `Signature<_>`
[INFO] [stdout]     |
[INFO] [stdout]    ::: src/logic/instruction/operation/mod.rs:740:1
[INFO] [stdout]     |
[INFO] [stdout] 740 | / crate::operation!(
[INFO] [stdout] 741 | |     pub struct TernaryOperation<console::prelude::Ternary, circuit::traits::Ternary, ternary, "ternary"> {
[INFO] [stdout] 742 | |         (Boolean, Address, Address) => Address,
[INFO] [stdout] 743 | |         (Boolean, Boolean, Boolean) => Boolean,
[INFO] [stdout] ...   |
[INFO] [stdout] 759 | |     }
[INFO] [stdout] 760 | | );
[INFO] [stdout]     | |_- in this macro invocation
[INFO] [stdout]     |
[INFO] [stdout] note: if you're trying to build a new `snarkvm_console::snarkvm_console_account::Signature<_>` consider using one of the following associated functions:
[INFO] [stdout]       snarkvm_console::snarkvm_console_account::signature::sign::<impl snarkvm_console::snarkvm_console_account::Signature<N>>::sign
[INFO] [stdout]       snarkvm_console::snarkvm_console_account::signature::sign::<impl snarkvm_console::snarkvm_console_account::Signature<N>>::sign_bytes
[INFO] [stdout]       snarkvm_console::snarkvm_console_account::signature::sign::<impl snarkvm_console::snarkvm_console_account::Signature<N>>::sign_bits
[INFO] [stdout]    --> /opt/rustwide/cargo-home/registry/src/index.crates.io-6f17d22bba15001f/snarkvm-console-account-0.16.12/src/signature/sign.rs:21:5
[INFO] [stdout]     |
[INFO] [stdout] 21  |       pub fn sign<R: Rng + CryptoRng>(private_key: &PrivateKey<N>, message: &[Field<N>], rng: &mut R) -> Result<Self> {
[INFO] [stdout]     |       ^^^^^^^^^^^^^^^^^^^^^^^^^^^^^^^^^^^^^^^^^^^^^^^^^^^^^^^^^^^^^^^^^^^^^^^^^^^^^^^^^^^^^^^^^^^^^^^^^^^^^^^^^^^^^^^
[INFO] [stdout] ...
[INFO] [stdout] 57  | /     pub fn sign_bytes<R: Rng + CryptoRng>(
[INFO] [stdout] 58  | |         private_key: &PrivateKey<N>,
[INFO] [stdout] 59  | |         message: &[u8],
[INFO] [stdout] 60  | |         rng: &mut R,
[INFO] [stdout] 61  | |     ) -> Result<Signature<N>> {
[INFO] [stdout]     | |_____________________________^
[INFO] [stdout] ...
[INFO] [stdout] 67  | /     pub fn sign_bits<R: Rng + CryptoRng>(
[INFO] [stdout] 68  | |         private_key: &PrivateKey<N>,
[INFO] [stdout] 69  | |         message: &[bool],
[INFO] [stdout] 70  | |         rng: &mut R,
[INFO] [stdout] 71  | |     ) -> Result<Signature<N>> {
[INFO] [stdout]     | |_____________________________^
[INFO] [stdout]     = note: this error originates in the macro `$crate::test_execute` which comes from the expansion of the macro `crate::operation` (in Nightly builds, run with -Z macro-backtrace for more info)
[INFO] [stdout] 
[INFO] [stdout] 
[INFO] [stdout] error[E0599]: no function or associated item named `zero` found for struct `snarkvm_console::snarkvm_console_account::Signature` in the current scope
[INFO] [stdout]    --> src/logic/instruction/operation/macros.rs:889:81
[INFO] [stdout]     |
[INFO] [stdout] 889 |   ...                   0 => ($input_a::zero(), $input_b::zero(), $input_c::zero()),
[INFO] [stdout]     |                                                                             ^^^^ function or associated item not found in `Signature<_>`
[INFO] [stdout]     |
[INFO] [stdout]    ::: src/logic/instruction/operation/mod.rs:740:1
[INFO] [stdout]     |
[INFO] [stdout] 740 | / crate::operation!(
[INFO] [stdout] 741 | |     pub struct TernaryOperation<console::prelude::Ternary, circuit::traits::Ternary, ternary, "ternary"> {
[INFO] [stdout] 742 | |         (Boolean, Address, Address) => Address,
[INFO] [stdout] 743 | |         (Boolean, Boolean, Boolean) => Boolean,
[INFO] [stdout] ...   |
[INFO] [stdout] 759 | |     }
[INFO] [stdout] 760 | | );
[INFO] [stdout]     | |_- in this macro invocation
[INFO] [stdout]     |
[INFO] [stdout] note: if you're trying to build a new `snarkvm_console::snarkvm_console_account::Signature<_>` consider using one of the following associated functions:
[INFO] [stdout]       snarkvm_console::snarkvm_console_account::signature::sign::<impl snarkvm_console::snarkvm_console_account::Signature<N>>::sign
[INFO] [stdout]       snarkvm_console::snarkvm_console_account::signature::sign::<impl snarkvm_console::snarkvm_console_account::Signature<N>>::sign_bytes
[INFO] [stdout]       snarkvm_console::snarkvm_console_account::signature::sign::<impl snarkvm_console::snarkvm_console_account::Signature<N>>::sign_bits
[INFO] [stdout]    --> /opt/rustwide/cargo-home/registry/src/index.crates.io-6f17d22bba15001f/snarkvm-console-account-0.16.12/src/signature/sign.rs:21:5
[INFO] [stdout]     |
[INFO] [stdout] 21  |       pub fn sign<R: Rng + CryptoRng>(private_key: &PrivateKey<N>, message: &[Field<N>], rng: &mut R) -> Result<Self> {
[INFO] [stdout]     |       ^^^^^^^^^^^^^^^^^^^^^^^^^^^^^^^^^^^^^^^^^^^^^^^^^^^^^^^^^^^^^^^^^^^^^^^^^^^^^^^^^^^^^^^^^^^^^^^^^^^^^^^^^^^^^^^
[INFO] [stdout] ...
[INFO] [stdout] 57  | /     pub fn sign_bytes<R: Rng + CryptoRng>(
[INFO] [stdout] 58  | |         private_key: &PrivateKey<N>,
[INFO] [stdout] 59  | |         message: &[u8],
[INFO] [stdout] 60  | |         rng: &mut R,
[INFO] [stdout] 61  | |     ) -> Result<Signature<N>> {
[INFO] [stdout]     | |_____________________________^
[INFO] [stdout] ...
[INFO] [stdout] 67  | /     pub fn sign_bits<R: Rng + CryptoRng>(
[INFO] [stdout] 68  | |         private_key: &PrivateKey<N>,
[INFO] [stdout] 69  | |         message: &[bool],
[INFO] [stdout] 70  | |         rng: &mut R,
[INFO] [stdout] 71  | |     ) -> Result<Signature<N>> {
[INFO] [stdout]     | |_____________________________^
[INFO] [stdout]     = note: this error originates in the macro `$crate::test_execute` which comes from the expansion of the macro `crate::operation` (in Nightly builds, run with -Z macro-backtrace for more info)
[INFO] [stdout] 
[INFO] [stdout] 
[INFO] [stdout] error[E0599]: the function or associated item `rand` exists for struct `Signature<Testnet3>`, but its trait bounds were not satisfied
[INFO] [stdout]    --> src/logic/instruction/operation/macros.rs:890:107
[INFO] [stdout]     |
[INFO] [stdout] 890 |   ...                   1 => ($input_a::<CurrentNetwork>::rand(&mut rng), $input_b::<CurrentNetwork>::rand(&mut rng), $input_c::zero()),
[INFO] [stdout]     |                                                                                                       ^^^^ function or associated item cannot be called on `Signature<Testnet3>` due to unsatisfied trait bounds
[INFO] [stdout]     |
[INFO] [stdout]    ::: /opt/rustwide/cargo-home/registry/src/index.crates.io-6f17d22bba15001f/rand-0.8.5/src/distributions/mod.rs:218:1
[INFO] [stdout]     |
[INFO] [stdout] 218 |   pub struct Standard;
[INFO] [stdout]     |   -------------------
[INFO] [stdout]     |   |
[INFO] [stdout]     |   doesn't satisfy `_: Distribution<&Signature<Testnet3>>`
[INFO] [stdout]     |   doesn't satisfy `_: Distribution<&mut Signature<Testnet3>>`
[INFO] [stdout]     |   doesn't satisfy `_: Distribution<Signature<Testnet3>>`
[INFO] [stdout]     |
[INFO] [stdout]    ::: /opt/rustwide/cargo-home/registry/src/index.crates.io-6f17d22bba15001f/snarkvm-console-account-0.16.12/src/signature/mod.rs:38:1
[INFO] [stdout]     |
[INFO] [stdout] 38  |   pub struct Signature<N: Network> {
[INFO] [stdout]     |   -------------------------------- doesn't satisfy `_: Uniform`
[INFO] [stdout]     |
[INFO] [stdout]    ::: src/logic/instruction/operation/mod.rs:740:1
[INFO] [stdout]     |
[INFO] [stdout] 740 | / crate::operation!(
[INFO] [stdout] 741 | |     pub struct TernaryOperation<console::prelude::Ternary, circuit::traits::Ternary, ternary, "ternary"> {
[INFO] [stdout] 742 | |         (Boolean, Address, Address) => Address,
[INFO] [stdout] 743 | |         (Boolean, Boolean, Boolean) => Boolean,
[INFO] [stdout] ...   |
[INFO] [stdout] 759 | |     }
[INFO] [stdout] 760 | | );
[INFO] [stdout]     | |_- in this macro invocation
[INFO] [stdout]     |
[INFO] [stdout]     = note: the following trait bounds were not satisfied:
[INFO] [stdout]             `Standard: snarkvm_console::prelude::Distribution<snarkvm_console::snarkvm_console_account::Signature<Testnet3>>`
[INFO] [stdout]             which is required by `snarkvm_console::snarkvm_console_account::Signature<Testnet3>: snarkvm_console::prelude::Uniform`
[INFO] [stdout]             `Standard: snarkvm_console::prelude::Distribution<&snarkvm_console::snarkvm_console_account::Signature<Testnet3>>`
[INFO] [stdout]             which is required by `&snarkvm_console::snarkvm_console_account::Signature<Testnet3>: snarkvm_console::prelude::Uniform`
[INFO] [stdout]             `Standard: snarkvm_console::prelude::Distribution<&mut snarkvm_console::snarkvm_console_account::Signature<Testnet3>>`
[INFO] [stdout]             which is required by `&mut snarkvm_console::snarkvm_console_account::Signature<Testnet3>: snarkvm_console::prelude::Uniform`
[INFO] [stdout]     = note: this error originates in the macro `$crate::test_execute` which comes from the expansion of the macro `crate::operation` (in Nightly builds, run with -Z macro-backtrace for more info)
[INFO] [stdout] 
[INFO] [stdout] 
[INFO] [stdout] error[E0599]: no function or associated item named `zero` found for struct `snarkvm_console::snarkvm_console_account::Signature` in the current scope
[INFO] [stdout]    --> src/logic/instruction/operation/macros.rs:890:133
[INFO] [stdout]     |
[INFO] [stdout] 890 |   ...                   1 => ($input_a::<CurrentNetwork>::rand(&mut rng), $input_b::<CurrentNetwork>::rand(&mut rng), $input_c::zero()),
[INFO] [stdout]     |                                                                                                                                 ^^^^ function or associated item not found in `Signature<_>`
[INFO] [stdout]     |
[INFO] [stdout]    ::: src/logic/instruction/operation/mod.rs:740:1
[INFO] [stdout]     |
[INFO] [stdout] 740 | / crate::operation!(
[INFO] [stdout] 741 | |     pub struct TernaryOperation<console::prelude::Ternary, circuit::traits::Ternary, ternary, "ternary"> {
[INFO] [stdout] 742 | |         (Boolean, Address, Address) => Address,
[INFO] [stdout] 743 | |         (Boolean, Boolean, Boolean) => Boolean,
[INFO] [stdout] ...   |
[INFO] [stdout] 759 | |     }
[INFO] [stdout] 760 | | );
[INFO] [stdout]     | |_- in this macro invocation
[INFO] [stdout]     |
[INFO] [stdout] note: if you're trying to build a new `snarkvm_console::snarkvm_console_account::Signature<_>` consider using one of the following associated functions:
[INFO] [stdout]       snarkvm_console::snarkvm_console_account::signature::sign::<impl snarkvm_console::snarkvm_console_account::Signature<N>>::sign
[INFO] [stdout]       snarkvm_console::snarkvm_console_account::signature::sign::<impl snarkvm_console::snarkvm_console_account::Signature<N>>::sign_bytes
[INFO] [stdout]       snarkvm_console::snarkvm_console_account::signature::sign::<impl snarkvm_console::snarkvm_console_account::Signature<N>>::sign_bits
[INFO] [stdout]    --> /opt/rustwide/cargo-home/registry/src/index.crates.io-6f17d22bba15001f/snarkvm-console-account-0.16.12/src/signature/sign.rs:21:5
[INFO] [stdout]     |
[INFO] [stdout] 21  |       pub fn sign<R: Rng + CryptoRng>(private_key: &PrivateKey<N>, message: &[Field<N>], rng: &mut R) -> Result<Self> {
[INFO] [stdout]     |       ^^^^^^^^^^^^^^^^^^^^^^^^^^^^^^^^^^^^^^^^^^^^^^^^^^^^^^^^^^^^^^^^^^^^^^^^^^^^^^^^^^^^^^^^^^^^^^^^^^^^^^^^^^^^^^^
[INFO] [stdout] ...
[INFO] [stdout] 57  | /     pub fn sign_bytes<R: Rng + CryptoRng>(
[INFO] [stdout] 58  | |         private_key: &PrivateKey<N>,
[INFO] [stdout] 59  | |         message: &[u8],
[INFO] [stdout] 60  | |         rng: &mut R,
[INFO] [stdout] 61  | |     ) -> Result<Signature<N>> {
[INFO] [stdout]     | |_____________________________^
[INFO] [stdout] ...
[INFO] [stdout] 67  | /     pub fn sign_bits<R: Rng + CryptoRng>(
[INFO] [stdout] 68  | |         private_key: &PrivateKey<N>,
[INFO] [stdout] 69  | |         message: &[bool],
[INFO] [stdout] 70  | |         rng: &mut R,
[INFO] [stdout] 71  | |     ) -> Result<Signature<N>> {
[INFO] [stdout]     | |_____________________________^
[INFO] [stdout]     = note: this error originates in the macro `$crate::test_execute` which comes from the expansion of the macro `crate::operation` (in Nightly builds, run with -Z macro-backtrace for more info)
[INFO] [stdout] 
[INFO] [stdout] 
[INFO] [stdout] error[E0599]: no function or associated item named `zero` found for struct `snarkvm_console::snarkvm_console_account::Signature` in the current scope
[INFO] [stdout]    --> src/logic/instruction/operation/macros.rs:891:89
[INFO] [stdout]     |
[INFO] [stdout] 891 |   ...                   2 => ($input_a::<CurrentNetwork>::rand(&mut rng), $input_b::zero(), $input_c::<CurrentNetwork>::rand(&mut rng)),
[INFO] [stdout]     |                                                                                     ^^^^ function or associated item not found in `Signature<_>`
[INFO] [stdout]     |
[INFO] [stdout]    ::: src/logic/instruction/operation/mod.rs:740:1
[INFO] [stdout]     |
[INFO] [stdout] 740 | / crate::operation!(
[INFO] [stdout] 741 | |     pub struct TernaryOperation<console::prelude::Ternary, circuit::traits::Ternary, ternary, "ternary"> {
[INFO] [stdout] 742 | |         (Boolean, Address, Address) => Address,
[INFO] [stdout] 743 | |         (Boolean, Boolean, Boolean) => Boolean,
[INFO] [stdout] ...   |
[INFO] [stdout] 759 | |     }
[INFO] [stdout] 760 | | );
[INFO] [stdout]     | |_- in this macro invocation
[INFO] [stdout]     |
[INFO] [stdout] note: if you're trying to build a new `snarkvm_console::snarkvm_console_account::Signature<_>` consider using one of the following associated functions:
[INFO] [stdout]       snarkvm_console::snarkvm_console_account::signature::sign::<impl snarkvm_console::snarkvm_console_account::Signature<N>>::sign
[INFO] [stdout]       snarkvm_console::snarkvm_console_account::signature::sign::<impl snarkvm_console::snarkvm_console_account::Signature<N>>::sign_bytes
[INFO] [stdout]       snarkvm_console::snarkvm_console_account::signature::sign::<impl snarkvm_console::snarkvm_console_account::Signature<N>>::sign_bits
[INFO] [stdout]    --> /opt/rustwide/cargo-home/registry/src/index.crates.io-6f17d22bba15001f/snarkvm-console-account-0.16.12/src/signature/sign.rs:21:5
[INFO] [stdout]     |
[INFO] [stdout] 21  |       pub fn sign<R: Rng + CryptoRng>(private_key: &PrivateKey<N>, message: &[Field<N>], rng: &mut R) -> Result<Self> {
[INFO] [stdout]     |       ^^^^^^^^^^^^^^^^^^^^^^^^^^^^^^^^^^^^^^^^^^^^^^^^^^^^^^^^^^^^^^^^^^^^^^^^^^^^^^^^^^^^^^^^^^^^^^^^^^^^^^^^^^^^^^^
[INFO] [stdout] ...
[INFO] [stdout] 57  | /     pub fn sign_bytes<R: Rng + CryptoRng>(
[INFO] [stdout] 58  | |         private_key: &PrivateKey<N>,
[INFO] [stdout] 59  | |         message: &[u8],
[INFO] [stdout] 60  | |         rng: &mut R,
[INFO] [stdout] 61  | |     ) -> Result<Signature<N>> {
[INFO] [stdout]     | |_____________________________^
[INFO] [stdout] ...
[INFO] [stdout] 67  | /     pub fn sign_bits<R: Rng + CryptoRng>(
[INFO] [stdout] 68  | |         private_key: &PrivateKey<N>,
[INFO] [stdout] 69  | |         message: &[bool],
[INFO] [stdout] 70  | |         rng: &mut R,
[INFO] [stdout] 71  | |     ) -> Result<Signature<N>> {
[INFO] [stdout]     | |_____________________________^
[INFO] [stdout]     = note: this error originates in the macro `$crate::test_execute` which comes from the expansion of the macro `crate::operation` (in Nightly builds, run with -Z macro-backtrace for more info)
[INFO] [stdout] 
[INFO] [stdout] 
[INFO] [stdout] error[E0599]: the function or associated item `rand` exists for struct `Signature<Testnet3>`, but its trait bounds were not satisfied
[INFO] [stdout]    --> src/logic/instruction/operation/macros.rs:891:125
[INFO] [stdout]     |
[INFO] [stdout] 891 |   ...                   2 => ($input_a::<CurrentNetwork>::rand(&mut rng), $input_b::zero(), $input_c::<CurrentNetwork>::rand(&mut rng)),
[INFO] [stdout]     |                                                                                                                         ^^^^ function or associated item cannot be called on `Signature<Testnet3>` due to unsatisfied trait bounds
[INFO] [stdout]     |
[INFO] [stdout]    ::: /opt/rustwide/cargo-home/registry/src/index.crates.io-6f17d22bba15001f/rand-0.8.5/src/distributions/mod.rs:218:1
[INFO] [stdout]     |
[INFO] [stdout] 218 |   pub struct Standard;
[INFO] [stdout]     |   -------------------
[INFO] [stdout]     |   |
[INFO] [stdout]     |   doesn't satisfy `_: Distribution<&Signature<Testnet3>>`
[INFO] [stdout]     |   doesn't satisfy `_: Distribution<&mut Signature<Testnet3>>`
[INFO] [stdout]     |   doesn't satisfy `_: Distribution<Signature<Testnet3>>`
[INFO] [stdout]     |
[INFO] [stdout]    ::: /opt/rustwide/cargo-home/registry/src/index.crates.io-6f17d22bba15001f/snarkvm-console-account-0.16.12/src/signature/mod.rs:38:1
[INFO] [stdout]     |
[INFO] [stdout] 38  |   pub struct Signature<N: Network> {
[INFO] [stdout]     |   -------------------------------- doesn't satisfy `_: Uniform`
[INFO] [stdout]     |
[INFO] [stdout]    ::: src/logic/instruction/operation/mod.rs:740:1
[INFO] [stdout]     |
[INFO] [stdout] 740 | / crate::operation!(
[INFO] [stdout] 741 | |     pub struct TernaryOperation<console::prelude::Ternary, circuit::traits::Ternary, ternary, "ternary"> {
[INFO] [stdout] 742 | |         (Boolean, Address, Address) => Address,
[INFO] [stdout] 743 | |         (Boolean, Boolean, Boolean) => Boolean,
[INFO] [stdout] ...   |
[INFO] [stdout] 759 | |     }
[INFO] [stdout] 760 | | );
[INFO] [stdout]     | |_- in this macro invocation
[INFO] [stdout]     |
[INFO] [stdout]     = note: the following trait bounds were not satisfied:
[INFO] [stdout]             `Standard: snarkvm_console::prelude::Distribution<snarkvm_console::snarkvm_console_account::Signature<Testnet3>>`
[INFO] [stdout]             which is required by `snarkvm_console::snarkvm_console_account::Signature<Testnet3>: snarkvm_console::prelude::Uniform`
[INFO] [stdout]             `Standard: snarkvm_console::prelude::Distribution<&snarkvm_console::snarkvm_console_account::Signature<Testnet3>>`
[INFO] [stdout]             which is required by `&snarkvm_console::snarkvm_console_account::Signature<Testnet3>: snarkvm_console::prelude::Uniform`
[INFO] [stdout]             `Standard: snarkvm_console::prelude::Distribution<&mut snarkvm_console::snarkvm_console_account::Signature<Testnet3>>`
[INFO] [stdout]             which is required by `&mut snarkvm_console::snarkvm_console_account::Signature<Testnet3>: snarkvm_console::prelude::Uniform`
[INFO] [stdout]     = note: this error originates in the macro `$crate::test_execute` which comes from the expansion of the macro `crate::operation` (in Nightly builds, run with -Z macro-backtrace for more info)
[INFO] [stdout] 
[INFO] [stdout] 
[INFO] [stdout] error[E0599]: no function or associated item named `zero` found for struct `snarkvm_console::snarkvm_console_account::Signature` in the current scope
[INFO] [stdout]    --> src/logic/instruction/operation/macros.rs:892:89
[INFO] [stdout]     |
[INFO] [stdout] 892 |   ...                   3 => ($input_a::<CurrentNetwork>::rand(&mut rng), $input_b::zero(), $input_c::zero()),
[INFO] [stdout]     |                                                                                     ^^^^ function or associated item not found in `Signature<_>`
[INFO] [stdout]     |
[INFO] [stdout]    ::: src/logic/instruction/operation/mod.rs:740:1
[INFO] [stdout]     |
[INFO] [stdout] 740 | / crate::operation!(
[INFO] [stdout] 741 | |     pub struct TernaryOperation<console::prelude::Ternary, circuit::traits::Ternary, ternary, "ternary"> {
[INFO] [stdout] 742 | |         (Boolean, Address, Address) => Address,
[INFO] [stdout] 743 | |         (Boolean, Boolean, Boolean) => Boolean,
[INFO] [stdout] ...   |
[INFO] [stdout] 759 | |     }
[INFO] [stdout] 760 | | );
[INFO] [stdout]     | |_- in this macro invocation
[INFO] [stdout]     |
[INFO] [stdout] note: if you're trying to build a new `snarkvm_console::snarkvm_console_account::Signature<_>` consider using one of the following associated functions:
[INFO] [stdout]       snarkvm_console::snarkvm_console_account::signature::sign::<impl snarkvm_console::snarkvm_console_account::Signature<N>>::sign
[INFO] [stdout]       snarkvm_console::snarkvm_console_account::signature::sign::<impl snarkvm_console::snarkvm_console_account::Signature<N>>::sign_bytes
[INFO] [stdout]       snarkvm_console::snarkvm_console_account::signature::sign::<impl snarkvm_console::snarkvm_console_account::Signature<N>>::sign_bits
[INFO] [stdout]    --> /opt/rustwide/cargo-home/registry/src/index.crates.io-6f17d22bba15001f/snarkvm-console-account-0.16.12/src/signature/sign.rs:21:5
[INFO] [stdout]     |
[INFO] [stdout] 21  |       pub fn sign<R: Rng + CryptoRng>(private_key: &PrivateKey<N>, message: &[Field<N>], rng: &mut R) -> Result<Self> {
[INFO] [stdout]     |       ^^^^^^^^^^^^^^^^^^^^^^^^^^^^^^^^^^^^^^^^^^^^^^^^^^^^^^^^^^^^^^^^^^^^^^^^^^^^^^^^^^^^^^^^^^^^^^^^^^^^^^^^^^^^^^^
[INFO] [stdout] ...
[INFO] [stdout] 57  | /     pub fn sign_bytes<R: Rng + CryptoRng>(
[INFO] [stdout] 58  | |         private_key: &PrivateKey<N>,
[INFO] [stdout] 59  | |         message: &[u8],
[INFO] [stdout] 60  | |         rng: &mut R,
[INFO] [stdout] 61  | |     ) -> Result<Signature<N>> {
[INFO] [stdout]     | |_____________________________^
[INFO] [stdout] ...
[INFO] [stdout] 67  | /     pub fn sign_bits<R: Rng + CryptoRng>(
[INFO] [stdout] 68  | |         private_key: &PrivateKey<N>,
[INFO] [stdout] 69  | |         message: &[bool],
[INFO] [stdout] 70  | |         rng: &mut R,
[INFO] [stdout] 71  | |     ) -> Result<Signature<N>> {
[INFO] [stdout]     | |_____________________________^
[INFO] [stdout]     = note: this error originates in the macro `$crate::test_execute` which comes from the expansion of the macro `crate::operation` (in Nightly builds, run with -Z macro-backtrace for more info)
[INFO] [stdout] 
[INFO] [stdout] 
[INFO] [stdout] error[E0599]: no function or associated item named `zero` found for struct `snarkvm_console::snarkvm_console_account::Signature` in the current scope
[INFO] [stdout]    --> src/logic/instruction/operation/macros.rs:892:107
[INFO] [stdout]     |
[INFO] [stdout] 892 |   ...                   3 => ($input_a::<CurrentNetwork>::rand(&mut rng), $input_b::zero(), $input_c::zero()),
[INFO] [stdout]     |                                                                                                       ^^^^ function or associated item not found in `Signature<_>`
[INFO] [stdout]     |
[INFO] [stdout]    ::: src/logic/instruction/operation/mod.rs:740:1
[INFO] [stdout]     |
[INFO] [stdout] 740 | / crate::operation!(
[INFO] [stdout] 741 | |     pub struct TernaryOperation<console::prelude::Ternary, circuit::traits::Ternary, ternary, "ternary"> {
[INFO] [stdout] 742 | |         (Boolean, Address, Address) => Address,
[INFO] [stdout] 743 | |         (Boolean, Boolean, Boolean) => Boolean,
[INFO] [stdout] ...   |
[INFO] [stdout] 759 | |     }
[INFO] [stdout] 760 | | );
[INFO] [stdout]     | |_- in this macro invocation
[INFO] [stdout]     |
[INFO] [stdout] note: if you're trying to build a new `snarkvm_console::snarkvm_console_account::Signature<_>` consider using one of the following associated functions:
[INFO] [stdout]       snarkvm_console::snarkvm_console_account::signature::sign::<impl snarkvm_console::snarkvm_console_account::Signature<N>>::sign
[INFO] [stdout]       snarkvm_console::snarkvm_console_account::signature::sign::<impl snarkvm_console::snarkvm_console_account::Signature<N>>::sign_bytes
[INFO] [stdout]       snarkvm_console::snarkvm_console_account::signature::sign::<impl snarkvm_console::snarkvm_console_account::Signature<N>>::sign_bits
[INFO] [stdout]    --> /opt/rustwide/cargo-home/registry/src/index.crates.io-6f17d22bba15001f/snarkvm-console-account-0.16.12/src/signature/sign.rs:21:5
[INFO] [stdout]     |
[INFO] [stdout] 21  |       pub fn sign<R: Rng + CryptoRng>(private_key: &PrivateKey<N>, message: &[Field<N>], rng: &mut R) -> Result<Self> {
[INFO] [stdout]     |       ^^^^^^^^^^^^^^^^^^^^^^^^^^^^^^^^^^^^^^^^^^^^^^^^^^^^^^^^^^^^^^^^^^^^^^^^^^^^^^^^^^^^^^^^^^^^^^^^^^^^^^^^^^^^^^^
[INFO] [stdout] ...
[INFO] [stdout] 57  | /     pub fn sign_bytes<R: Rng + CryptoRng>(
[INFO] [stdout] 58  | |         private_key: &PrivateKey<N>,
[INFO] [stdout] 59  | |         message: &[u8],
[INFO] [stdout] 60  | |         rng: &mut R,
[INFO] [stdout] 61  | |     ) -> Result<Signature<N>> {
[INFO] [stdout]     | |_____________________________^
[INFO] [stdout] ...
[INFO] [stdout] 67  | /     pub fn sign_bits<R: Rng + CryptoRng>(
[INFO] [stdout] 68  | |         private_key: &PrivateKey<N>,
[INFO] [stdout] 69  | |         message: &[bool],
[INFO] [stdout] 70  | |         rng: &mut R,
[INFO] [stdout] 71  | |     ) -> Result<Signature<N>> {
[INFO] [stdout]     | |_____________________________^
[INFO] [stdout]     = note: this error originates in the macro `$crate::test_execute` which comes from the expansion of the macro `crate::operation` (in Nightly builds, run with -Z macro-backtrace for more info)
[INFO] [stdout] 
[INFO] [stdout] 
[INFO] [stdout] error[E0599]: the function or associated item `rand` exists for struct `Signature<Testnet3>`, but its trait bounds were not satisfied
[INFO] [stdout]    --> src/logic/instruction/operation/macros.rs:893:81
[INFO] [stdout]     |
[INFO] [stdout] 893 |   ...                   4 => ($input_a::zero(), $input_b::<CurrentNetwork>::rand(&mut rng), $input_c::<CurrentNetwork>::rand(&mut rng)),
[INFO] [stdout]     |                                                                             ^^^^ function or associated item cannot be called on `Signature<Testnet3>` due to unsatisfied trait bounds
[INFO] [stdout]     |
[INFO] [stdout]    ::: /opt/rustwide/cargo-home/registry/src/index.crates.io-6f17d22bba15001f/rand-0.8.5/src/distributions/mod.rs:218:1
[INFO] [stdout]     |
[INFO] [stdout] 218 |   pub struct Standard;
[INFO] [stdout]     |   -------------------
[INFO] [stdout]     |   |
[INFO] [stdout]     |   doesn't satisfy `_: Distribution<&Signature<Testnet3>>`
[INFO] [stdout]     |   doesn't satisfy `_: Distribution<&mut Signature<Testnet3>>`
[INFO] [stdout]     |   doesn't satisfy `_: Distribution<Signature<Testnet3>>`
[INFO] [stdout]     |
[INFO] [stdout]    ::: /opt/rustwide/cargo-home/registry/src/index.crates.io-6f17d22bba15001f/snarkvm-console-account-0.16.12/src/signature/mod.rs:38:1
[INFO] [stdout]     |
[INFO] [stdout] 38  |   pub struct Signature<N: Network> {
[INFO] [stdout]     |   -------------------------------- doesn't satisfy `_: Uniform`
[INFO] [stdout]     |
[INFO] [stdout]    ::: src/logic/instruction/operation/mod.rs:740:1
[INFO] [stdout]     |
[INFO] [stdout] 740 | / crate::operation!(
[INFO] [stdout] 741 | |     pub struct TernaryOperation<console::prelude::Ternary, circuit::traits::Ternary, ternary, "ternary"> {
[INFO] [stdout] 742 | |         (Boolean, Address, Address) => Address,
[INFO] [stdout] 743 | |         (Boolean, Boolean, Boolean) => Boolean,
[INFO] [stdout] ...   |
[INFO] [stdout] 759 | |     }
[INFO] [stdout] 760 | | );
[INFO] [stdout]     | |_- in this macro invocation
[INFO] [stdout]     |
[INFO] [stdout]     = note: the following trait bounds were not satisfied:
[INFO] [stdout]             `Standard: snarkvm_console::prelude::Distribution<snarkvm_console::snarkvm_console_account::Signature<Testnet3>>`
[INFO] [stdout]             which is required by `snarkvm_console::snarkvm_console_account::Signature<Testnet3>: snarkvm_console::prelude::Uniform`
[INFO] [stdout]             `Standard: snarkvm_console::prelude::Distribution<&snarkvm_console::snarkvm_console_account::Signature<Testnet3>>`
[INFO] [stdout]             which is required by `&snarkvm_console::snarkvm_console_account::Signature<Testnet3>: snarkvm_console::prelude::Uniform`
[INFO] [stdout]             `Standard: snarkvm_console::prelude::Distribution<&mut snarkvm_console::snarkvm_console_account::Signature<Testnet3>>`
[INFO] [stdout]             which is required by `&mut snarkvm_console::snarkvm_console_account::Signature<Testnet3>: snarkvm_console::prelude::Uniform`
[INFO] [stdout]     = note: this error originates in the macro `$crate::test_execute` which comes from the expansion of the macro `crate::operation` (in Nightly builds, run with -Z macro-backtrace for more info)
[INFO] [stdout] 
[INFO] [stdout] 
[INFO] [stdout] error[E0599]: the function or associated item `rand` exists for struct `Signature<Testnet3>`, but its trait bounds were not satisfied
[INFO] [stdout]    --> src/logic/instruction/operation/macros.rs:893:125
[INFO] [stdout]     |
[INFO] [stdout] 893 |   ...                   4 => ($input_a::zero(), $input_b::<CurrentNetwork>::rand(&mut rng), $input_c::<CurrentNetwork>::rand(&mut rng)),
[INFO] [stdout]     |                                                                                                                         ^^^^ function or associated item cannot be called on `Signature<Testnet3>` due to unsatisfied trait bounds
[INFO] [stdout]     |
[INFO] [stdout]    ::: /opt/rustwide/cargo-home/registry/src/index.crates.io-6f17d22bba15001f/rand-0.8.5/src/distributions/mod.rs:218:1
[INFO] [stdout]     |
[INFO] [stdout] 218 |   pub struct Standard;
[INFO] [stdout]     |   -------------------
[INFO] [stdout]     |   |
[INFO] [stdout]     |   doesn't satisfy `_: Distribution<&Signature<Testnet3>>`
[INFO] [stdout]     |   doesn't satisfy `_: Distribution<&mut Signature<Testnet3>>`
[INFO] [stdout]     |   doesn't satisfy `_: Distribution<Signature<Testnet3>>`
[INFO] [stdout]     |
[INFO] [stdout]    ::: /opt/rustwide/cargo-home/registry/src/index.crates.io-6f17d22bba15001f/snarkvm-console-account-0.16.12/src/signature/mod.rs:38:1
[INFO] [stdout]     |
[INFO] [stdout] 38  |   pub struct Signature<N: Network> {
[INFO] [stdout]     |   -------------------------------- doesn't satisfy `_: Uniform`
[INFO] [stdout]     |
[INFO] [stdout]    ::: src/logic/instruction/operation/mod.rs:740:1
[INFO] [stdout]     |
[INFO] [stdout] 740 | / crate::operation!(
[INFO] [stdout] 741 | |     pub struct TernaryOperation<console::prelude::Ternary, circuit::traits::Ternary, ternary, "ternary"> {
[INFO] [stdout] 742 | |         (Boolean, Address, Address) => Address,
[INFO] [stdout] 743 | |         (Boolean, Boolean, Boolean) => Boolean,
[INFO] [stdout] ...   |
[INFO] [stdout] 759 | |     }
[INFO] [stdout] 760 | | );
[INFO] [stdout]     | |_- in this macro invocation
[INFO] [stdout]     |
[INFO] [stdout]     = note: the following trait bounds were not satisfied:
[INFO] [stdout]             `Standard: snarkvm_console::prelude::Distribution<snarkvm_console::snarkvm_console_account::Signature<Testnet3>>`
[INFO] [stdout]             which is required by `snarkvm_console::snarkvm_console_account::Signature<Testnet3>: snarkvm_console::prelude::Uniform`
[INFO] [stdout]             `Standard: snarkvm_console::prelude::Distribution<&snarkvm_console::snarkvm_console_account::Signature<Testnet3>>`
[INFO] [stdout]             which is required by `&snarkvm_console::snarkvm_console_account::Signature<Testnet3>: snarkvm_console::prelude::Uniform`
[INFO] [stdout]             `Standard: snarkvm_console::prelude::Distribution<&mut snarkvm_console::snarkvm_console_account::Signature<Testnet3>>`
[INFO] [stdout]             which is required by `&mut snarkvm_console::snarkvm_console_account::Signature<Testnet3>: snarkvm_console::prelude::Uniform`
[INFO] [stdout]     = note: this error originates in the macro `$crate::test_execute` which comes from the expansion of the macro `crate::operation` (in Nightly builds, run with -Z macro-backtrace for more info)
[INFO] [stdout] 
[INFO] [stdout] 
[INFO] [stdout] error[E0599]: the function or associated item `rand` exists for struct `Signature<Testnet3>`, but its trait bounds were not satisfied
[INFO] [stdout]    --> src/logic/instruction/operation/macros.rs:894:81
[INFO] [stdout]     |
[INFO] [stdout] 894 |   ...                   5 => ($input_a::zero(), $input_b::<CurrentNetwork>::rand(&mut rng), $input_c::<CurrentNetwork>::zero()),
[INFO] [stdout]     |                                                                             ^^^^ function or associated item cannot be called on `Signature<Testnet3>` due to unsatisfied trait bounds
[INFO] [stdout]     |
[INFO] [stdout]    ::: /opt/rustwide/cargo-home/registry/src/index.crates.io-6f17d22bba15001f/rand-0.8.5/src/distributions/mod.rs:218:1
[INFO] [stdout]     |
[INFO] [stdout] 218 |   pub struct Standard;
[INFO] [stdout]     |   -------------------
[INFO] [stdout]     |   |
[INFO] [stdout]     |   doesn't satisfy `_: Distribution<&Signature<Testnet3>>`
[INFO] [stdout]     |   doesn't satisfy `_: Distribution<&mut Signature<Testnet3>>`
[INFO] [stdout]     |   doesn't satisfy `_: Distribution<Signature<Testnet3>>`
[INFO] [stdout]     |
[INFO] [stdout]    ::: /opt/rustwide/cargo-home/registry/src/index.crates.io-6f17d22bba15001f/snarkvm-console-account-0.16.12/src/signature/mod.rs:38:1
[INFO] [stdout]     |
[INFO] [stdout] 38  |   pub struct Signature<N: Network> {
[INFO] [stdout]     |   -------------------------------- doesn't satisfy `_: Uniform`
[INFO] [stdout]     |
[INFO] [stdout]    ::: src/logic/instruction/operation/mod.rs:740:1
[INFO] [stdout]     |
[INFO] [stdout] 740 | / crate::operation!(
[INFO] [stdout] 741 | |     pub struct TernaryOperation<console::prelude::Ternary, circuit::traits::Ternary, ternary, "ternary"> {
[INFO] [stdout] 742 | |         (Boolean, Address, Address) => Address,
[INFO] [stdout] 743 | |         (Boolean, Boolean, Boolean) => Boolean,
[INFO] [stdout] ...   |
[INFO] [stdout] 759 | |     }
[INFO] [stdout] 760 | | );
[INFO] [stdout]     | |_- in this macro invocation
[INFO] [stdout]     |
[INFO] [stdout]     = note: the following trait bounds were not satisfied:
[INFO] [stdout]             `Standard: snarkvm_console::prelude::Distribution<snarkvm_console::snarkvm_console_account::Signature<Testnet3>>`
[INFO] [stdout]             which is required by `snarkvm_console::snarkvm_console_account::Signature<Testnet3>: snarkvm_console::prelude::Uniform`
[INFO] [stdout]             `Standard: snarkvm_console::prelude::Distribution<&snarkvm_console::snarkvm_console_account::Signature<Testnet3>>`
[INFO] [stdout]             which is required by `&snarkvm_console::snarkvm_console_account::Signature<Testnet3>: snarkvm_console::prelude::Uniform`
[INFO] [stdout]             `Standard: snarkvm_console::prelude::Distribution<&mut snarkvm_console::snarkvm_console_account::Signature<Testnet3>>`
[INFO] [stdout]             which is required by `&mut snarkvm_console::snarkvm_console_account::Signature<Testnet3>: snarkvm_console::prelude::Uniform`
[INFO] [stdout]     = note: this error originates in the macro `$crate::test_execute` which comes from the expansion of the macro `crate::operation` (in Nightly builds, run with -Z macro-backtrace for more info)
[INFO] [stdout] 
[INFO] [stdout] 
[INFO] [stdout] error[E0599]: no function or associated item named `zero` found for struct `snarkvm_console::snarkvm_console_account::Signature` in the current scope
[INFO] [stdout]    --> src/logic/instruction/operation/macros.rs:894:125
[INFO] [stdout]     |
[INFO] [stdout] 894 |   ...                   5 => ($input_a::zero(), $input_b::<CurrentNetwork>::rand(&mut rng), $input_c::<CurrentNetwork>::zero()),
[INFO] [stdout]     |                                                                                                                         ^^^^ function or associated item not found in `Signature<Testnet3>`
[INFO] [stdout]     |
[INFO] [stdout]    ::: src/logic/instruction/operation/mod.rs:740:1
[INFO] [stdout]     |
[INFO] [stdout] 740 | / crate::operation!(
[INFO] [stdout] 741 | |     pub struct TernaryOperation<console::prelude::Ternary, circuit::traits::Ternary, ternary, "ternary"> {
[INFO] [stdout] 742 | |         (Boolean, Address, Address) => Address,
[INFO] [stdout] 743 | |         (Boolean, Boolean, Boolean) => Boolean,
[INFO] [stdout] ...   |
[INFO] [stdout] 759 | |     }
[INFO] [stdout] 760 | | );
[INFO] [stdout]     | |_- in this macro invocation
[INFO] [stdout]     |
[INFO] [stdout]     = note: this error originates in the macro `$crate::test_execute` which comes from the expansion of the macro `crate::operation` (in Nightly builds, run with -Z macro-backtrace for more info)
[INFO] [stdout] 
[INFO] [stdout] 
[INFO] [stdout] error[E0599]: no function or associated item named `zero` found for struct `snarkvm_console::snarkvm_console_account::Signature` in the current scope
[INFO] [stdout]    --> src/logic/instruction/operation/macros.rs:895:63
[INFO] [stdout]     |
[INFO] [stdout] 895 |   ...                   6 => ($input_a::zero(), $input_b::zero(), $input_c::<CurrentNetwork>::rand(&mut rng)),
[INFO] [stdout]     |                                                           ^^^^ function or associated item not found in `Signature<_>`
[INFO] [stdout]     |
[INFO] [stdout]    ::: src/logic/instruction/operation/mod.rs:740:1
[INFO] [stdout]     |
[INFO] [stdout] 740 | / crate::operation!(
[INFO] [stdout] 741 | |     pub struct TernaryOperation<console::prelude::Ternary, circuit::traits::Ternary, ternary, "ternary"> {
[INFO] [stdout] 742 | |         (Boolean, Address, Address) => Address,
[INFO] [stdout] 743 | |         (Boolean, Boolean, Boolean) => Boolean,
[INFO] [stdout] ...   |
[INFO] [stdout] 759 | |     }
[INFO] [stdout] 760 | | );
[INFO] [stdout]     | |_- in this macro invocation
[INFO] [stdout]     |
[INFO] [stdout] note: if you're trying to build a new `snarkvm_console::snarkvm_console_account::Signature<_>` consider using one of the following associated functions:
[INFO] [stdout]       snarkvm_console::snarkvm_console_account::signature::sign::<impl snarkvm_console::snarkvm_console_account::Signature<N>>::sign
[INFO] [stdout]       snarkvm_console::snarkvm_console_account::signature::sign::<impl snarkvm_console::snarkvm_console_account::Signature<N>>::sign_bytes
[INFO] [stdout]       snarkvm_console::snarkvm_console_account::signature::sign::<impl snarkvm_console::snarkvm_console_account::Signature<N>>::sign_bits
[INFO] [stdout]    --> /opt/rustwide/cargo-home/registry/src/index.crates.io-6f17d22bba15001f/snarkvm-console-account-0.16.12/src/signature/sign.rs:21:5
[INFO] [stdout]     |
[INFO] [stdout] 21  |       pub fn sign<R: Rng + CryptoRng>(private_key: &PrivateKey<N>, message: &[Field<N>], rng: &mut R) -> Result<Self> {
[INFO] [stdout]     |       ^^^^^^^^^^^^^^^^^^^^^^^^^^^^^^^^^^^^^^^^^^^^^^^^^^^^^^^^^^^^^^^^^^^^^^^^^^^^^^^^^^^^^^^^^^^^^^^^^^^^^^^^^^^^^^^
[INFO] [stdout] ...
[INFO] [stdout] 57  | /     pub fn sign_bytes<R: Rng + CryptoRng>(
[INFO] [stdout] 58  | |         private_key: &PrivateKey<N>,
[INFO] [stdout] 59  | |         message: &[u8],
[INFO] [stdout] 60  | |         rng: &mut R,
[INFO] [stdout] 61  | |     ) -> Result<Signature<N>> {
[INFO] [stdout]     | |_____________________________^
[INFO] [stdout] ...
[INFO] [stdout] 67  | /     pub fn sign_bits<R: Rng + CryptoRng>(
[INFO] [stdout] 68  | |         private_key: &PrivateKey<N>,
[INFO] [stdout] 69  | |         message: &[bool],
[INFO] [stdout] 70  | |         rng: &mut R,
[INFO] [stdout] 71  | |     ) -> Result<Signature<N>> {
[INFO] [stdout]     | |_____________________________^
[INFO] [stdout]     = note: this error originates in the macro `$crate::test_execute` which comes from the expansion of the macro `crate::operation` (in Nightly builds, run with -Z macro-backtrace for more info)
[INFO] [stdout] 
[INFO] [stdout] 
[INFO] [stdout] error[E0599]: the function or associated item `rand` exists for struct `Signature<Testnet3>`, but its trait bounds were not satisfied
[INFO] [stdout]    --> src/logic/instruction/operation/macros.rs:895:99
[INFO] [stdout]     |
[INFO] [stdout] 895 |   ...                   6 => ($input_a::zero(), $input_b::zero(), $input_c::<CurrentNetwork>::rand(&mut rng)),
[INFO] [stdout]     |                                                                                               ^^^^ function or associated item cannot be called on `Signature<Testnet3>` due to unsatisfied trait bounds
[INFO] [stdout]     |
[INFO] [stdout]    ::: /opt/rustwide/cargo-home/registry/src/index.crates.io-6f17d22bba15001f/rand-0.8.5/src/distributions/mod.rs:218:1
[INFO] [stdout]     |
[INFO] [stdout] 218 |   pub struct Standard;
[INFO] [stdout]     |   -------------------
[INFO] [stdout]     |   |
[INFO] [stdout]     |   doesn't satisfy `_: Distribution<&Signature<Testnet3>>`
[INFO] [stdout]     |   doesn't satisfy `_: Distribution<&mut Signature<Testnet3>>`
[INFO] [stdout]     |   doesn't satisfy `_: Distribution<Signature<Testnet3>>`
[INFO] [stdout]     |
[INFO] [stdout]    ::: /opt/rustwide/cargo-home/registry/src/index.crates.io-6f17d22bba15001f/snarkvm-console-account-0.16.12/src/signature/mod.rs:38:1
[INFO] [stdout]     |
[INFO] [stdout] 38  |   pub struct Signature<N: Network> {
[INFO] [stdout]     |   -------------------------------- doesn't satisfy `_: Uniform`
[INFO] [stdout]     |
[INFO] [stdout]    ::: src/logic/instruction/operation/mod.rs:740:1
[INFO] [stdout]     |
[INFO] [stdout] 740 | / crate::operation!(
[INFO] [stdout] 741 | |     pub struct TernaryOperation<console::prelude::Ternary, circuit::traits::Ternary, ternary, "ternary"> {
[INFO] [stdout] 742 | |         (Boolean, Address, Address) => Address,
[INFO] [stdout] 743 | |         (Boolean, Boolean, Boolean) => Boolean,
[INFO] [stdout] ...   |
[INFO] [stdout] 759 | |     }
[INFO] [stdout] 760 | | );
[INFO] [stdout]     | |_- in this macro invocation
[INFO] [stdout]     |
[INFO] [stdout]     = note: the following trait bounds were not satisfied:
[INFO] [stdout]             `Standard: snarkvm_console::prelude::Distribution<snarkvm_console::snarkvm_console_account::Signature<Testnet3>>`
[INFO] [stdout]             which is required by `snarkvm_console::snarkvm_console_account::Signature<Testnet3>: snarkvm_console::prelude::Uniform`
[INFO] [stdout]             `Standard: snarkvm_console::prelude::Distribution<&snarkvm_console::snarkvm_console_account::Signature<Testnet3>>`
[INFO] [stdout]             which is required by `&snarkvm_console::snarkvm_console_account::Signature<Testnet3>: snarkvm_console::prelude::Uniform`
[INFO] [stdout]             `Standard: snarkvm_console::prelude::Distribution<&mut snarkvm_console::snarkvm_console_account::Signature<Testnet3>>`
[INFO] [stdout]             which is required by `&mut snarkvm_console::snarkvm_console_account::Signature<Testnet3>: snarkvm_console::prelude::Uniform`
[INFO] [stdout]     = note: this error originates in the macro `$crate::test_execute` which comes from the expansion of the macro `crate::operation` (in Nightly builds, run with -Z macro-backtrace for more info)
[INFO] [stdout] 
[INFO] [stdout] 
[INFO] [stdout] error[E0599]: the function or associated item `rand` exists for struct `Signature<Testnet3>`, but its trait bounds were not satisfied
[INFO] [stdout]    --> src/logic/instruction/operation/macros.rs:896:109
[INFO] [stdout]     |
[INFO] [stdout] 896 |   ...rentNetwork>::rand(&mut rng), $input_c::<CurrentNetwork>::rand(&mut rng))
[INFO] [stdout]     |                    ^^^^ function or associated item cannot be called on `Signature<Testnet3>` due to unsatisfied trait bounds
[INFO] [stdout]     |
[INFO] [stdout]    ::: /opt/rustwide/cargo-home/registry/src/index.crates.io-6f17d22bba15001f/rand-0.8.5/src/distributions/mod.rs:218:1
[INFO] [stdout]     |
[INFO] [stdout] 218 |   pub struct Standard;
[INFO] [stdout]     |   -------------------
[INFO] [stdout]     |   |
[INFO] [stdout]     |   doesn't satisfy `_: Distribution<&Signature<Testnet3>>`
[INFO] [stdout]     |   doesn't satisfy `_: Distribution<&mut Signature<Testnet3>>`
[INFO] [stdout]     |   doesn't satisfy `_: Distribution<Signature<Testnet3>>`
[INFO] [stdout]     |
[INFO] [stdout]    ::: /opt/rustwide/cargo-home/registry/src/index.crates.io-6f17d22bba15001f/snarkvm-console-account-0.16.12/src/signature/mod.rs:38:1
[INFO] [stdout]     |
[INFO] [stdout] 38  |   pub struct Signature<N: Network> {
[INFO] [stdout]     |   -------------------------------- doesn't satisfy `_: Uniform`
[INFO] [stdout]     |
[INFO] [stdout]    ::: src/logic/instruction/operation/mod.rs:740:1
[INFO] [stdout]     |
[INFO] [stdout] 740 | / crate::operation!(
[INFO] [stdout] 741 | |     pub struct TernaryOperation<console::prelude::Ternary, circuit::traits::Ternary, ternary, "ternary"> {
[INFO] [stdout] 742 | |         (Boolean, Address, Address) => Address,
[INFO] [stdout] 743 | |         (Boolean, Boolean, Boolean) => Boolean,
[INFO] [stdout] ...   |
[INFO] [stdout] 759 | |     }
[INFO] [stdout] 760 | | );
[INFO] [stdout]     | |_- in this macro invocation
[INFO] [stdout]     |
[INFO] [stdout]     = note: the following trait bounds were not satisfied:
[INFO] [stdout]             `Standard: snarkvm_console::prelude::Distribution<snarkvm_console::snarkvm_console_account::Signature<Testnet3>>`
[INFO] [stdout]             which is required by `snarkvm_console::snarkvm_console_account::Signature<Testnet3>: snarkvm_console::prelude::Uniform`
[INFO] [stdout]             `Standard: snarkvm_console::prelude::Distribution<&snarkvm_console::snarkvm_console_account::Signature<Testnet3>>`
[INFO] [stdout]             which is required by `&snarkvm_console::snarkvm_console_account::Signature<Testnet3>: snarkvm_console::prelude::Uniform`
[INFO] [stdout]             `Standard: snarkvm_console::prelude::Distribution<&mut snarkvm_console::snarkvm_console_account::Signature<Testnet3>>`
[INFO] [stdout]             which is required by `&mut snarkvm_console::snarkvm_console_account::Signature<Testnet3>: snarkvm_console::prelude::Uniform`
[INFO] [stdout]     = note: this error originates in the macro `$crate::test_execute` which comes from the expansion of the macro `crate::operation` (in Nightly builds, run with -Z macro-backtrace for more info)
[INFO] [stdout] 
[INFO] [stdout] 
[INFO] [stdout] error[E0599]: the function or associated item `rand` exists for struct `Signature<Testnet3>`, but its trait bounds were not satisfied
[INFO] [stdout]    --> src/logic/instruction/operation/macros.rs:896:153
[INFO] [stdout]     |
[INFO] [stdout] 896 |   ...rentNetwork>::rand(&mut rng))
[INFO] [stdout]     |                    ^^^^ function or associated item cannot be called on `Signature<Testnet3>` due to unsatisfied trait bounds
[INFO] [stdout]     |
[INFO] [stdout]    ::: /opt/rustwide/cargo-home/registry/src/index.crates.io-6f17d22bba15001f/rand-0.8.5/src/distributions/mod.rs:218:1
[INFO] [stdout]     |
[INFO] [stdout] 218 |   pub struct Standard;
[INFO] [stdout]     |   -------------------
[INFO] [stdout]     |   |
[INFO] [stdout]     |   doesn't satisfy `_: Distribution<&Signature<Testnet3>>`
[INFO] [stdout]     |   doesn't satisfy `_: Distribution<&mut Signature<Testnet3>>`
[INFO] [stdout]     |   doesn't satisfy `_: Distribution<Signature<Testnet3>>`
[INFO] [stdout]     |
[INFO] [stdout]    ::: /opt/rustwide/cargo-home/registry/src/index.crates.io-6f17d22bba15001f/snarkvm-console-account-0.16.12/src/signature/mod.rs:38:1
[INFO] [stdout]     |
[INFO] [stdout] 38  |   pub struct Signature<N: Network> {
[INFO] [stdout]     |   -------------------------------- doesn't satisfy `_: Uniform`
[INFO] [stdout]     |
[INFO] [stdout]    ::: src/logic/instruction/operation/mod.rs:740:1
[INFO] [stdout]     |
[INFO] [stdout] 740 | / crate::operation!(
[INFO] [stdout] 741 | |     pub struct TernaryOperation<console::prelude::Ternary, circuit::traits::Ternary, ternary, "ternary"> {
[INFO] [stdout] 742 | |         (Boolean, Address, Address) => Address,
[INFO] [stdout] 743 | |         (Boolean, Boolean, Boolean) => Boolean,
[INFO] [stdout] ...   |
[INFO] [stdout] 759 | |     }
[INFO] [stdout] 760 | | );
[INFO] [stdout]     | |_- in this macro invocation
[INFO] [stdout]     |
[INFO] [stdout]     = note: the following trait bounds were not satisfied:
[INFO] [stdout]             `Standard: snarkvm_console::prelude::Distribution<snarkvm_console::snarkvm_console_account::Signature<Testnet3>>`
[INFO] [stdout]             which is required by `snarkvm_console::snarkvm_console_account::Signature<Testnet3>: snarkvm_console::prelude::Uniform`
[INFO] [stdout]             `Standard: snarkvm_console::prelude::Distribution<&snarkvm_console::snarkvm_console_account::Signature<Testnet3>>`
[INFO] [stdout]             which is required by `&snarkvm_console::snarkvm_console_account::Signature<Testnet3>: snarkvm_console::prelude::Uniform`
[INFO] [stdout]             `Standard: snarkvm_console::prelude::Distribution<&mut snarkvm_console::snarkvm_console_account::Signature<Testnet3>>`
[INFO] [stdout]             which is required by `&mut snarkvm_console::snarkvm_console_account::Signature<Testnet3>: snarkvm_console::prelude::Uniform`
[INFO] [stdout]     = note: this error originates in the macro `$crate::test_execute` which comes from the expansion of the macro `crate::operation` (in Nightly builds, run with -Z macro-backtrace for more info)
[INFO] [stdout] 
[INFO] [stdout] 
[INFO] [stdout] error: aborting due to 16 previous errors
[INFO] [stdout] 
[INFO] [stdout] 
[INFO] [stdout] For more information about this error, try `rustc --explain E0599`.
[INFO] [stdout] 
[INFO] [stderr] error: could not compile `snarkvm-synthesizer-program` (lib test) due to 17 previous errors
[INFO] running `Command { std: "docker" "inspect" "3c7b20f86038dfa2d3efc6b66e10e0395dbeffeb7aa4c1005a02530a9d78b20b", kill_on_drop: false }`
[INFO] running `Command { std: "docker" "rm" "-f" "3c7b20f86038dfa2d3efc6b66e10e0395dbeffeb7aa4c1005a02530a9d78b20b", kill_on_drop: false }`
[INFO] [stdout] 3c7b20f86038dfa2d3efc6b66e10e0395dbeffeb7aa4c1005a02530a9d78b20b
