[INFO] fetching crate snarkvm-synthesizer-process 0.16.12...
[INFO] testing snarkvm-synthesizer-process-0.16.12 against 1.75.0 for beta-1.76-1
[INFO] extracting crate snarkvm-synthesizer-process 0.16.12 into /workspace/builds/worker-3-tc1/source
[INFO] validating manifest of crates.io crate snarkvm-synthesizer-process 0.16.12 on toolchain 1.75.0
[INFO] running `Command { std: CARGO_HOME="/workspace/cargo-home" RUSTUP_HOME="/workspace/rustup-home" "/workspace/cargo-home/bin/cargo" "+1.75.0" "metadata" "--manifest-path" "Cargo.toml" "--no-deps", kill_on_drop: false }`
[INFO] started tweaking crates.io crate snarkvm-synthesizer-process 0.16.12
[INFO] finished tweaking crates.io crate snarkvm-synthesizer-process 0.16.12
[INFO] tweaked toml for crates.io crate snarkvm-synthesizer-process 0.16.12 written to /workspace/builds/worker-3-tc1/source/Cargo.toml
[INFO] running `Command { std: CARGO_HOME="/workspace/cargo-home" RUSTUP_HOME="/workspace/rustup-home" "/workspace/cargo-home/bin/cargo" "+1.75.0" "generate-lockfile" "--manifest-path" "Cargo.toml", kill_on_drop: false }`
[INFO] [stderr]     Updating crates.io index
[INFO] running `Command { std: CARGO_HOME="/workspace/cargo-home" RUSTUP_HOME="/workspace/rustup-home" "/workspace/cargo-home/bin/cargo" "+1.75.0" "fetch" "--manifest-path" "Cargo.toml", kill_on_drop: false }`
[INFO] [stderr]  Downloading crates ...
[INFO] [stderr]   Downloaded snarkvm-curves v0.16.12
[INFO] [stderr]   Downloaded enum_index v0.2.0
[INFO] [stderr]   Downloaded snarkvm-utilities-derives v0.16.12
[INFO] [stderr]   Downloaded snarkvm-ledger-committee v0.16.12
[INFO] [stderr]   Downloaded snarkvm-console-network-environment v0.16.12
[INFO] [stderr]   Downloaded snarkvm-circuit v0.16.12
[INFO] [stderr]   Downloaded enum_index_derive v0.2.0
[INFO] [stderr]   Downloaded snarkvm-circuit-types-scalar v0.16.12
[INFO] [stderr]   Downloaded snarkvm-console-types-field v0.16.12
[INFO] [stderr]   Downloaded snarkvm-circuit-account v0.16.12
[INFO] [stderr]   Downloaded snarkvm-circuit-types v0.16.12
[INFO] [stderr]   Downloaded snarkvm-ledger-narwhal-subdag v0.16.12
[INFO] [stderr]   Downloaded snarkvm-ledger-coinbase v0.16.12
[INFO] [stderr]   Downloaded snarkvm-console-account v0.16.12
[INFO] [stderr]   Downloaded snarkvm-ledger-block v0.16.12
[INFO] [stderr]   Downloaded snarkvm-algorithms v0.16.12
[INFO] [stderr]   Downloaded snarkvm-console-algorithms v0.16.12
[INFO] [stderr]   Downloaded curl-sys v0.4.70+curl-8.5.0
[INFO] [stderr]   Downloaded snarkvm-synthesizer-program v0.16.12
[INFO] [stderr]   Downloaded snarkvm-console-types-boolean v0.16.12
[INFO] [stderr]   Downloaded snarkvm-parameters v0.16.12
[INFO] [stderr]   Downloaded snarkvm-circuit-program v0.16.12
[INFO] [stderr]   Downloaded snarkvm-console-program v0.16.12
[INFO] [stderr]   Downloaded snarkvm-ledger-store v0.16.12
[INFO] [stderr]   Downloaded snarkvm-circuit-algorithms v0.16.12
[INFO] [stderr]   Downloaded snarkvm-console-types-group v0.16.12
[INFO] [stderr]   Downloaded snarkvm-circuit-environment v0.16.12
[INFO] [stderr]   Downloaded snarkvm-fields v0.16.12
[INFO] [stderr]   Downloaded snarkvm-circuit-types-group v0.16.12
[INFO] [stderr]   Downloaded snarkvm-console-collections v0.16.12
[INFO] [stderr]   Downloaded snarkvm-console-types-address v0.16.12
[INFO] [stderr]   Downloaded snarkvm-console-types-integers v0.16.12
[INFO] [stderr]   Downloaded snarkvm-utilities v0.16.12
[INFO] [stderr]   Downloaded snarkvm-circuit-types-field v0.16.12
[INFO] [stderr]   Downloaded snarkvm-synthesizer-snark v0.16.12
[INFO] [stderr]   Downloaded snarkvm-ledger-authority v0.16.12
[INFO] [stderr]   Downloaded snarkvm-circuit-types-string v0.16.12
[INFO] [stderr]   Downloaded snarkvm-circuit-network v0.16.12
[INFO] [stderr]   Downloaded snarkvm-console-types-scalar v0.16.12
[INFO] [stderr]   Downloaded snarkvm-console-network v0.16.12
[INFO] [stderr]   Downloaded snarkvm-ledger-narwhal-batch-certificate v0.16.12
[INFO] [stderr]   Downloaded snarkvm-circuit-collections v0.16.12
[INFO] [stderr]   Downloaded snarkvm-ledger-query v0.16.12
[INFO] [stderr]   Downloaded snarkvm-ledger-narwhal-batch-header v0.16.12
[INFO] [stderr]   Downloaded snarkvm-circuit-types-address v0.16.12
[INFO] [stderr]   Downloaded aleo-std-cpu v0.1.4
[INFO] [stderr]   Downloaded snarkvm-console-types-string v0.16.12
[INFO] [stderr]   Downloaded snarkvm-ledger-narwhal-transmission-id v0.16.12
[INFO] [stderr]   Downloaded snarkvm-circuit-environment-witness v0.16.12
[INFO] [stderr]   Downloaded snarkvm-circuit-types-integers v0.16.12
[INFO] [stderr]   Downloaded snarkvm-console v0.16.12
[INFO] [stderr]   Downloaded aleo-std-storage v0.1.3
[INFO] [stderr]   Downloaded snarkvm-circuit-types-boolean v0.16.12
[INFO] [stderr]   Downloaded snarkvm-console-types v0.16.12
[INFO] running `Command { std: "docker" "create" "-v" "/var/lib/crater-agent-workspace/builds/worker-3-tc1/target:/opt/rustwide/target:rw,Z" "-v" "/var/lib/crater-agent-workspace/builds/worker-3-tc1/source:/opt/rustwide/workdir:ro,Z" "-v" "/var/lib/crater-agent-workspace/cargo-home:/opt/rustwide/cargo-home:ro,Z" "-v" "/var/lib/crater-agent-workspace/rustup-home:/opt/rustwide/rustup-home:ro,Z" "-e" "SOURCE_DIR=/opt/rustwide/workdir" "-e" "CARGO_TARGET_DIR=/opt/rustwide/target" "-e" "CARGO_HOME=/opt/rustwide/cargo-home" "-e" "RUSTUP_HOME=/opt/rustwide/rustup-home" "-w" "/opt/rustwide/workdir" "-m" "1610612736" "--user" "0:0" "--network" "none" "ghcr.io/rust-lang/crates-build-env/linux@sha256:2788e3201cd34a07e3172128adcd8b3090168a8e3bcc40d7c032b9dda1df7d1c" "/opt/rustwide/cargo-home/bin/cargo" "+1.75.0" "metadata" "--no-deps" "--format-version=1", kill_on_drop: false }`
[INFO] [stdout] 5fa71db1d5eacc6201e9e88d3ca1b109fc212a06b5ff3c8c8290e12ef0c2ba5c
[INFO] running `Command { std: "docker" "start" "-a" "5fa71db1d5eacc6201e9e88d3ca1b109fc212a06b5ff3c8c8290e12ef0c2ba5c", kill_on_drop: false }`
[INFO] running `Command { std: "docker" "inspect" "5fa71db1d5eacc6201e9e88d3ca1b109fc212a06b5ff3c8c8290e12ef0c2ba5c", kill_on_drop: false }`
[INFO] running `Command { std: "docker" "rm" "-f" "5fa71db1d5eacc6201e9e88d3ca1b109fc212a06b5ff3c8c8290e12ef0c2ba5c", kill_on_drop: false }`
[INFO] [stdout] 5fa71db1d5eacc6201e9e88d3ca1b109fc212a06b5ff3c8c8290e12ef0c2ba5c
[INFO] running `Command { std: "docker" "create" "-v" "/var/lib/crater-agent-workspace/builds/worker-3-tc1/target:/opt/rustwide/target:rw,Z" "-v" "/var/lib/crater-agent-workspace/builds/worker-3-tc1/source:/opt/rustwide/workdir:ro,Z" "-v" "/var/lib/crater-agent-workspace/cargo-home:/opt/rustwide/cargo-home:ro,Z" "-v" "/var/lib/crater-agent-workspace/rustup-home:/opt/rustwide/rustup-home:ro,Z" "-e" "SOURCE_DIR=/opt/rustwide/workdir" "-e" "CARGO_TARGET_DIR=/opt/rustwide/target" "-e" "CARGO_INCREMENTAL=0" "-e" "RUST_BACKTRACE=full" "-e" "RUSTFLAGS=--cap-lints=warn" "-e" "RUSTDOCFLAGS=--cap-lints=warn" "-e" "CARGO_HOME=/opt/rustwide/cargo-home" "-e" "RUSTUP_HOME=/opt/rustwide/rustup-home" "-w" "/opt/rustwide/workdir" "-m" "1610612736" "--user" "0:0" "--network" "none" "ghcr.io/rust-lang/crates-build-env/linux@sha256:2788e3201cd34a07e3172128adcd8b3090168a8e3bcc40d7c032b9dda1df7d1c" "/opt/rustwide/cargo-home/bin/cargo" "+1.75.0" "build" "--frozen" "--message-format=json", kill_on_drop: false }`
[INFO] [stdout] e381a46393a758eb64db0a097b3249fd90de06dcaacb3e6f047d686feabb6cfa
[INFO] running `Command { std: "docker" "start" "-a" "e381a46393a758eb64db0a097b3249fd90de06dcaacb3e6f047d686feabb6cfa", kill_on_drop: false }`
[INFO] [stderr]    Compiling crossbeam-utils v0.8.18
[INFO] [stderr]    Compiling ahash v0.8.7
[INFO] [stderr]    Compiling rayon-core v1.12.0
[INFO] [stderr]    Compiling num-traits v0.2.17
[INFO] [stderr]    Compiling syn v2.0.48
[INFO] [stderr]    Compiling syn v1.0.109
[INFO] [stderr]    Compiling getrandom v0.2.11
[INFO] [stderr]    Compiling either v1.9.0
[INFO] [stderr]    Compiling zerocopy v0.7.32
[INFO] [stderr]    Compiling rand_core v0.6.4
[INFO] [stderr]    Compiling dirs-sys v0.3.7
[INFO] [stderr]    Compiling num-integer v0.1.45
[INFO] [stderr]    Compiling allocator-api2 v0.2.16
[INFO] [stderr]    Compiling dirs v4.0.0
[INFO] [stderr]    Compiling num-bigint v0.4.4
[INFO] [stderr]    Compiling ppv-lite86 v0.2.17
[INFO] [stderr]    Compiling serde_json v1.0.111
[INFO] [stderr]    Compiling crossbeam-epoch v0.9.17
[INFO] [stderr]    Compiling hashbrown v0.14.3
[INFO] [stderr]    Compiling rand_chacha v0.3.1
[INFO] [stderr]    Compiling aleo-std-storage v0.1.3
[INFO] [stderr]    Compiling aleo-std-profiler v0.1.15
[INFO] [stderr]    Compiling aleo-std-timer v0.1.2
[INFO] [stderr]    Compiling crossbeam-deque v0.8.4
[INFO] [stderr]    Compiling aleo-std-cpu v0.1.4
[INFO] [stderr]    Compiling rand v0.8.5
[INFO] [stderr]    Compiling rand_xorshift v0.3.0
[INFO] [stderr]    Compiling smol_str v0.2.0
[INFO] [stderr]    Compiling itertools v0.11.0
[INFO] [stderr]    Compiling rayon v1.8.0
[INFO] [stderr]    Compiling minimal-lexical v0.2.1
[INFO] [stderr]    Compiling memchr v2.7.1
[INFO] [stderr]    Compiling bech32 v0.9.1
[INFO] [stderr]    Compiling libz-sys v1.1.12
[INFO] [stderr]    Compiling curl-sys v0.4.70+curl-8.5.0
[INFO] [stderr]    Compiling nom v7.1.3
[INFO] [stderr]    Compiling smallvec v1.11.2
[INFO] [stderr]    Compiling crunchy v0.2.2
[INFO] [stderr]    Compiling tiny-keccak v2.0.2
[INFO] [stderr]    Compiling curl v0.4.44
[INFO] [stderr]    Compiling parking_lot_core v0.9.9
[INFO] [stderr]    Compiling socket2 v0.4.10
[INFO] [stderr]    Compiling arrayref v0.3.7
[INFO] [stderr]    Compiling arrayvec v0.7.4
[INFO] [stderr]    Compiling constant_time_eq v0.3.0
[INFO] [stderr]    Compiling colored v2.1.0
[INFO] [stderr]    Compiling blake2s_simd v1.0.2
[INFO] [stderr]    Compiling sha2 v0.10.8
[INFO] [stderr]    Compiling hex v0.4.3
[INFO] [stderr]    Compiling fxhash v0.2.1
[INFO] [stderr]    Compiling parking_lot v0.12.1
[INFO] [stderr]    Compiling blake2 v0.10.6
[INFO] [stderr]    Compiling snarkvm-circuit-types-boolean v0.16.12
[INFO] [stderr]    Compiling snarkvm-circuit-environment-witness v0.16.12
[INFO] [stderr]    Compiling snarkvm-circuit-types-field v0.16.12
[INFO] [stderr]    Compiling snarkvm-circuit-types-scalar v0.16.12
[INFO] [stderr]    Compiling snarkvm-circuit-types-integers v0.16.12
[INFO] [stderr]    Compiling snarkvm-circuit-types-group v0.16.12
[INFO] [stderr]    Compiling unicode-xid v0.0.4
[INFO] [stderr]    Compiling snarkvm-circuit-types-string v0.16.12
[INFO] [stderr]    Compiling snarkvm-circuit-types-address v0.16.12
[INFO] [stderr]    Compiling synom v0.11.3
[INFO] [stderr]    Compiling bs58 v0.5.0
[INFO] [stderr]    Compiling quote v0.3.15
[INFO] [stderr]    Compiling snarkvm-circuit-algorithms v0.16.12
[INFO] [stderr]    Compiling enum_index v0.2.0
[INFO] [stderr]    Compiling snarkvm-circuit-collections v0.16.12
[INFO] [stderr]    Compiling snarkvm-circuit-network v0.16.12
[INFO] [stderr]    Compiling snarkvm-circuit-account v0.16.12
[INFO] [stderr]    Compiling snarkvm-circuit-program v0.16.12
[INFO] [stderr]    Compiling syn v0.11.11
[INFO] [stderr]    Compiling serde_derive v1.0.194
[INFO] [stderr]    Compiling zeroize_derive v1.4.2
[INFO] [stderr]    Compiling thiserror-impl v1.0.56
[INFO] [stderr]    Compiling snarkvm-utilities-derives v0.16.12
[INFO] [stderr]    Compiling num-derive v0.4.1
[INFO] [stderr]    Compiling async-trait v0.1.77
[INFO] [stderr]    Compiling aleo-std-time v0.1.2
[INFO] [stderr]    Compiling aleo-std-timed v0.1.2
[INFO] [stderr]    Compiling derivative v2.2.0
[INFO] [stderr]    Compiling enum_index_derive v0.2.0
[INFO] [stderr]    Compiling aleo-std v0.1.18
[INFO] [stderr]    Compiling zeroize v1.7.0
[INFO] [stderr]    Compiling thiserror v1.0.56
[INFO] [stderr]    Compiling serde v1.0.194
[INFO] [stderr]    Compiling indexmap v2.1.0
[INFO] [stderr]    Compiling bincode v1.3.3
[INFO] [stderr]    Compiling snarkvm-utilities v0.16.12
[INFO] [stderr]    Compiling snarkvm-fields v0.16.12
[INFO] [stderr]    Compiling snarkvm-curves v0.16.12
[INFO] [stderr]    Compiling snarkvm-console-network-environment v0.16.12
[INFO] [stderr]    Compiling snarkvm-parameters v0.16.12
[INFO] [stderr]    Compiling snarkvm-console-types-boolean v0.16.12
[INFO] [stderr]    Compiling snarkvm-console-types-field v0.16.12
[INFO] [stderr]    Compiling snarkvm-console-types-scalar v0.16.12
[INFO] [stderr]    Compiling snarkvm-console-types-integers v0.16.12
[INFO] [stderr]    Compiling snarkvm-console-types-group v0.16.12
[INFO] [stderr]    Compiling snarkvm-console-types-string v0.16.12
[INFO] [stderr]    Compiling snarkvm-console-types-address v0.16.12
[INFO] [stderr]    Compiling snarkvm-console-types v0.16.12
[INFO] [stderr]    Compiling snarkvm-console-algorithms v0.16.12
[INFO] [stderr]    Compiling snarkvm-algorithms v0.16.12
[INFO] [stderr]    Compiling snarkvm-console-collections v0.16.12
[INFO] [stderr]    Compiling snarkvm-console-network v0.16.12
[INFO] [stderr]    Compiling snarkvm-circuit-environment v0.16.12
[INFO] [stderr]    Compiling snarkvm-console-account v0.16.12
[INFO] [stderr]    Compiling snarkvm-console-program v0.16.12
[INFO] [stderr]    Compiling snarkvm-circuit-types v0.16.12
[INFO] [stderr]    Compiling snarkvm-console v0.16.12
[INFO] [stderr]    Compiling snarkvm-ledger-committee v0.16.12
[INFO] [stderr]    Compiling snarkvm-ledger-query v0.16.12
[INFO] [stderr]    Compiling snarkvm-circuit v0.16.12
[INFO] [stderr]    Compiling snarkvm-synthesizer-snark v0.16.12
[INFO] [stderr]    Compiling snarkvm-synthesizer-program v0.16.12
[INFO] [stderr]    Compiling snarkvm-ledger-coinbase v0.16.12
[INFO] [stderr]    Compiling snarkvm-ledger-narwhal-transmission-id v0.16.12
[INFO] [stderr]    Compiling snarkvm-ledger-narwhal-batch-header v0.16.12
[INFO] [stderr]    Compiling snarkvm-ledger-narwhal-batch-certificate v0.16.12
[INFO] [stderr]    Compiling snarkvm-ledger-narwhal-subdag v0.16.12
[INFO] [stderr]    Compiling snarkvm-ledger-authority v0.16.12
[INFO] [stderr]    Compiling snarkvm-ledger-block v0.16.12
[INFO] [stderr]    Compiling snarkvm-ledger-store v0.16.12
[INFO] [stderr]    Compiling snarkvm-synthesizer-process v0.16.12 (/opt/rustwide/workdir)
[INFO] [stdout] warning: call to `.deref()` on a reference in this situation does nothing
[INFO] [stdout]   --> src/stack/call/mod.rs:65:70
[INFO] [stdout]    |
[INFO] [stdout] 65 |             self.operands().iter().map(|operand| registers.load(stack.deref(), operand)).try_collect()?;
[INFO] [stdout]    |                                                                      ^^^^^^^^ help: remove this redundant call
[INFO] [stdout]    |
[INFO] [stdout]    = note: the type `impl StackEvaluate<N> + StackMatches<N> + StackProgram<N>` does not implement `Deref`, so calling `deref` on `&impl StackEvaluate<N> + StackMatches<N> + StackProgram<N>` copies the reference, which does not do anything and can be removed
[INFO] [stdout]    = note: `#[warn(noop_method_call)]` on by default
[INFO] [stdout] 
[INFO] [stdout] 
[INFO] [stdout] warning: 1 warning emitted
[INFO] [stdout] 
[INFO] [stdout] 
[INFO] [stderr]     Finished dev [unoptimized + debuginfo] target(s) in 1m 10s
[INFO] running `Command { std: "docker" "inspect" "e381a46393a758eb64db0a097b3249fd90de06dcaacb3e6f047d686feabb6cfa", kill_on_drop: false }`
[INFO] running `Command { std: "docker" "rm" "-f" "e381a46393a758eb64db0a097b3249fd90de06dcaacb3e6f047d686feabb6cfa", kill_on_drop: false }`
[INFO] [stdout] e381a46393a758eb64db0a097b3249fd90de06dcaacb3e6f047d686feabb6cfa
[INFO] running `Command { std: "docker" "create" "-v" "/var/lib/crater-agent-workspace/builds/worker-3-tc1/target:/opt/rustwide/target:rw,Z" "-v" "/var/lib/crater-agent-workspace/builds/worker-3-tc1/source:/opt/rustwide/workdir:ro,Z" "-v" "/var/lib/crater-agent-workspace/cargo-home:/opt/rustwide/cargo-home:ro,Z" "-v" "/var/lib/crater-agent-workspace/rustup-home:/opt/rustwide/rustup-home:ro,Z" "-e" "SOURCE_DIR=/opt/rustwide/workdir" "-e" "CARGO_TARGET_DIR=/opt/rustwide/target" "-e" "CARGO_INCREMENTAL=0" "-e" "RUST_BACKTRACE=full" "-e" "RUSTFLAGS=--cap-lints=warn" "-e" "RUSTDOCFLAGS=--cap-lints=warn" "-e" "CARGO_HOME=/opt/rustwide/cargo-home" "-e" "RUSTUP_HOME=/opt/rustwide/rustup-home" "-w" "/opt/rustwide/workdir" "-m" "1610612736" "--user" "0:0" "--network" "none" "ghcr.io/rust-lang/crates-build-env/linux@sha256:2788e3201cd34a07e3172128adcd8b3090168a8e3bcc40d7c032b9dda1df7d1c" "/opt/rustwide/cargo-home/bin/cargo" "+1.75.0" "test" "--frozen" "--no-run" "--message-format=json", kill_on_drop: false }`
[INFO] [stdout] 1a2d880de72cab651232df72a4235555cb124e5019da8b3e8d3e6efbd7a67638
[INFO] running `Command { std: "docker" "start" "-a" "1a2d880de72cab651232df72a4235555cb124e5019da8b3e8d3e6efbd7a67638", kill_on_drop: false }`
[INFO] [stderr]    Compiling rustix v0.38.28
[INFO] [stderr]    Compiling bitflags v2.4.1
[INFO] [stderr]    Compiling linux-raw-sys v0.4.12
[INFO] [stderr]    Compiling fastrand v2.0.1
[INFO] [stdout] warning: call to `.deref()` on a reference in this situation does nothing
[INFO] [stdout]   --> src/stack/call/mod.rs:65:70
[INFO] [stdout]    |
[INFO] [stdout] 65 |             self.operands().iter().map(|operand| registers.load(stack.deref(), operand)).try_collect()?;
[INFO] [stdout]    |                                                                      ^^^^^^^^ help: remove this redundant call
[INFO] [stdout]    |
[INFO] [stdout]    = note: the type `impl StackEvaluate<N> + StackMatches<N> + StackProgram<N>` does not implement `Deref`, so calling `deref` on `&impl StackEvaluate<N> + StackMatches<N> + StackProgram<N>` copies the reference, which does not do anything and can be removed
[INFO] [stdout]    = note: `#[warn(noop_method_call)]` on by default
[INFO] [stdout] 
[INFO] [stdout] 
[INFO] [stdout] warning: 1 warning emitted
[INFO] [stdout] 
[INFO] [stdout] 
[INFO] [stderr]    Compiling tempfile v3.9.0
[INFO] [stderr]    Compiling snarkvm-synthesizer-process v0.16.12 (/opt/rustwide/workdir)
[INFO] [stdout] error[E0432]: unresolved import `ledger_query::Query`
[INFO] [stdout]   --> src/tests/test_credits.rs:24:5
[INFO] [stdout]    |
[INFO] [stdout] 24 | use ledger_query::Query;
[INFO] [stdout]    |     ^^^^^^^^^^^^^^^^^^^ no `Query` in the root
[INFO] [stdout] 
[INFO] [stdout] 
[INFO] [stdout] error[E0432]: unresolved import `ledger_query::Query`
[INFO] [stdout]   --> src/tests/test_execute.rs:29:5
[INFO] [stdout]    |
[INFO] [stdout] 29 | use ledger_query::Query;
[INFO] [stdout]    |     ^^^^^^^^^^^^^^^^^^^ no `Query` in the root
[INFO] [stdout] 
[INFO] [stdout] 
[INFO] [stdout] error[E0432]: unresolved import `ledger_query::Query`
[INFO] [stdout]    --> src/lib.rs:288:9
[INFO] [stdout]     |
[INFO] [stdout] 288 |     use ledger_query::Query;
[INFO] [stdout]     |         ^^^^^^^^^^^^^^^^^^^ no `Query` in the root
[INFO] [stdout] 
[INFO] [stdout] 
[INFO] [stdout] error[E0432]: unresolved import `ledger_committee`
[INFO] [stdout]   --> src/tests/test_credits.rs:23:5
[INFO] [stdout]    |
[INFO] [stdout] 23 | use ledger_committee::{MIN_DELEGATOR_STAKE, MIN_VALIDATOR_STAKE};
[INFO] [stdout]    |     ^^^^^^^^^^^^^^^^ use of undeclared crate or module `ledger_committee`
[INFO] [stdout] 
[INFO] [stdout] 
[INFO] [stdout] error[E0433]: failed to resolve: use of undeclared crate or module `ledger_test_helpers`
[INFO] [stdout]    --> src/verify_fee.rs:227:13
[INFO] [stdout]     |
[INFO] [stdout] 227 |             ledger_test_helpers::sample_deployment_transaction(true, rng),
[INFO] [stdout]     |             ^^^^^^^^^^^^^^^^^^^ use of undeclared crate or module `ledger_test_helpers`
[INFO] [stdout] 
[INFO] [stdout] 
[INFO] [stdout] error[E0433]: failed to resolve: use of undeclared crate or module `ledger_test_helpers`
[INFO] [stdout]    --> src/verify_fee.rs:228:13
[INFO] [stdout]     |
[INFO] [stdout] 228 |             ledger_test_helpers::sample_deployment_transaction(false, rng),
[INFO] [stdout]     |             ^^^^^^^^^^^^^^^^^^^ use of undeclared crate or module `ledger_test_helpers`
[INFO] [stdout] 
[INFO] [stdout] 
[INFO] [stdout] error[E0433]: failed to resolve: use of undeclared crate or module `ledger_test_helpers`
[INFO] [stdout]    --> src/verify_fee.rs:229:13
[INFO] [stdout]     |
[INFO] [stdout] 229 |             ledger_test_helpers::sample_execution_transaction_with_fee(true, rng),
[INFO] [stdout]     |             ^^^^^^^^^^^^^^^^^^^ use of undeclared crate or module `ledger_test_helpers`
[INFO] [stdout] 
[INFO] [stdout] 
[INFO] [stdout] error[E0433]: failed to resolve: use of undeclared crate or module `ledger_test_helpers`
[INFO] [stdout]    --> src/verify_fee.rs:230:13
[INFO] [stdout]     |
[INFO] [stdout] 230 |             ledger_test_helpers::sample_execution_transaction_with_fee(false, rng),
[INFO] [stdout]     |             ^^^^^^^^^^^^^^^^^^^ use of undeclared crate or module `ledger_test_helpers`
[INFO] [stdout] 
[INFO] [stdout] 
[INFO] [stdout] error[E0433]: failed to resolve: use of undeclared crate or module `ledger_test_helpers`
[INFO] [stdout]    --> src/verify_fee.rs:231:13
[INFO] [stdout]     |
[INFO] [stdout] 231 |             ledger_test_helpers::sample_fee_private_transaction(rng),
[INFO] [stdout]     |             ^^^^^^^^^^^^^^^^^^^ use of undeclared crate or module `ledger_test_helpers`
[INFO] [stdout] 
[INFO] [stdout] 
[INFO] [stdout] error[E0433]: failed to resolve: use of undeclared crate or module `ledger_test_helpers`
[INFO] [stdout]    --> src/verify_fee.rs:232:13
[INFO] [stdout]     |
[INFO] [stdout] 232 |             ledger_test_helpers::sample_fee_public_transaction(rng),
[INFO] [stdout]     |             ^^^^^^^^^^^^^^^^^^^ use of undeclared crate or module `ledger_test_helpers`
[INFO] [stdout] 
[INFO] [stdout] 
[INFO] [stdout] error: aborting due to 10 previous errors
[INFO] [stdout] 
[INFO] [stdout] 
[INFO] [stdout] Some errors have detailed explanations: E0432, E0433.
[INFO] [stdout] 
[INFO] [stdout] For more information about an error, try `rustc --explain E0432`.
[INFO] [stdout] 
[INFO] [stderr] error: could not compile `snarkvm-synthesizer-process` (lib test) due to 11 previous errors
[INFO] running `Command { std: "docker" "inspect" "1a2d880de72cab651232df72a4235555cb124e5019da8b3e8d3e6efbd7a67638", kill_on_drop: false }`
[INFO] running `Command { std: "docker" "rm" "-f" "1a2d880de72cab651232df72a4235555cb124e5019da8b3e8d3e6efbd7a67638", kill_on_drop: false }`
[INFO] [stdout] 1a2d880de72cab651232df72a4235555cb124e5019da8b3e8d3e6efbd7a67638
[INFO] testing snarkvm-synthesizer-process-0.16.12 against beta-2023-12-22 for beta-1.76-1
[INFO] extracting crate snarkvm-synthesizer-process 0.16.12 into /workspace/builds/worker-3-tc2/source
[INFO] validating manifest of crates.io crate snarkvm-synthesizer-process 0.16.12 on toolchain beta-2023-12-22
[INFO] running `Command { std: CARGO_HOME="/workspace/cargo-home" RUSTUP_HOME="/workspace/rustup-home" "/workspace/cargo-home/bin/cargo" "+beta-2023-12-22" "metadata" "--manifest-path" "Cargo.toml" "--no-deps", kill_on_drop: false }`
[INFO] started tweaking crates.io crate snarkvm-synthesizer-process 0.16.12
[INFO] finished tweaking crates.io crate snarkvm-synthesizer-process 0.16.12
[INFO] tweaked toml for crates.io crate snarkvm-synthesizer-process 0.16.12 written to /workspace/builds/worker-3-tc2/source/Cargo.toml
[INFO] running `Command { std: CARGO_HOME="/workspace/cargo-home" RUSTUP_HOME="/workspace/rustup-home" "/workspace/cargo-home/bin/cargo" "+beta-2023-12-22" "generate-lockfile" "--manifest-path" "Cargo.toml", kill_on_drop: false }`
[INFO] [stderr]     Updating crates.io index
[INFO] running `Command { std: CARGO_HOME="/workspace/cargo-home" RUSTUP_HOME="/workspace/rustup-home" "/workspace/cargo-home/bin/cargo" "+beta-2023-12-22" "fetch" "--manifest-path" "Cargo.toml", kill_on_drop: false }`
[INFO] running `Command { std: "docker" "create" "-v" "/var/lib/crater-agent-workspace/builds/worker-3-tc2/target:/opt/rustwide/target:rw,Z" "-v" "/var/lib/crater-agent-workspace/builds/worker-3-tc2/source:/opt/rustwide/workdir:ro,Z" "-v" "/var/lib/crater-agent-workspace/cargo-home:/opt/rustwide/cargo-home:ro,Z" "-v" "/var/lib/crater-agent-workspace/rustup-home:/opt/rustwide/rustup-home:ro,Z" "-e" "SOURCE_DIR=/opt/rustwide/workdir" "-e" "CARGO_TARGET_DIR=/opt/rustwide/target" "-e" "CARGO_HOME=/opt/rustwide/cargo-home" "-e" "RUSTUP_HOME=/opt/rustwide/rustup-home" "-w" "/opt/rustwide/workdir" "-m" "1610612736" "--user" "0:0" "--network" "none" "ghcr.io/rust-lang/crates-build-env/linux@sha256:2788e3201cd34a07e3172128adcd8b3090168a8e3bcc40d7c032b9dda1df7d1c" "/opt/rustwide/cargo-home/bin/cargo" "+beta-2023-12-22" "metadata" "--no-deps" "--format-version=1", kill_on_drop: false }`
[INFO] [stdout] a5aa5b2c3cd2bcbc6afa4d708619a9e4ba4f68389102996708ecd142c8fff03d
[INFO] running `Command { std: "docker" "start" "-a" "a5aa5b2c3cd2bcbc6afa4d708619a9e4ba4f68389102996708ecd142c8fff03d", kill_on_drop: false }`
[INFO] running `Command { std: "docker" "inspect" "a5aa5b2c3cd2bcbc6afa4d708619a9e4ba4f68389102996708ecd142c8fff03d", kill_on_drop: false }`
[INFO] running `Command { std: "docker" "rm" "-f" "a5aa5b2c3cd2bcbc6afa4d708619a9e4ba4f68389102996708ecd142c8fff03d", kill_on_drop: false }`
[INFO] [stdout] a5aa5b2c3cd2bcbc6afa4d708619a9e4ba4f68389102996708ecd142c8fff03d
[INFO] running `Command { std: "docker" "create" "-v" "/var/lib/crater-agent-workspace/builds/worker-3-tc2/target:/opt/rustwide/target:rw,Z" "-v" "/var/lib/crater-agent-workspace/builds/worker-3-tc2/source:/opt/rustwide/workdir:ro,Z" "-v" "/var/lib/crater-agent-workspace/cargo-home:/opt/rustwide/cargo-home:ro,Z" "-v" "/var/lib/crater-agent-workspace/rustup-home:/opt/rustwide/rustup-home:ro,Z" "-e" "SOURCE_DIR=/opt/rustwide/workdir" "-e" "CARGO_TARGET_DIR=/opt/rustwide/target" "-e" "CARGO_INCREMENTAL=0" "-e" "RUST_BACKTRACE=full" "-e" "RUSTFLAGS=--cap-lints=warn" "-e" "RUSTDOCFLAGS=--cap-lints=warn" "-e" "CARGO_HOME=/opt/rustwide/cargo-home" "-e" "RUSTUP_HOME=/opt/rustwide/rustup-home" "-w" "/opt/rustwide/workdir" "-m" "1610612736" "--user" "0:0" "--network" "none" "ghcr.io/rust-lang/crates-build-env/linux@sha256:2788e3201cd34a07e3172128adcd8b3090168a8e3bcc40d7c032b9dda1df7d1c" "/opt/rustwide/cargo-home/bin/cargo" "+beta-2023-12-22" "build" "--frozen" "--message-format=json", kill_on_drop: false }`
[INFO] [stdout] 58f5ef981a7a35371c4e29c9b6c7660ce225090a459c672b35e7f253e9662e41
[INFO] running `Command { std: "docker" "start" "-a" "58f5ef981a7a35371c4e29c9b6c7660ce225090a459c672b35e7f253e9662e41", kill_on_drop: false }`
[INFO] [stderr]    Compiling crossbeam-utils v0.8.18
[INFO] [stderr]    Compiling ahash v0.8.7
[INFO] [stderr]    Compiling rayon-core v1.12.0
[INFO] [stderr]    Compiling num-traits v0.2.17
[INFO] [stderr]    Compiling syn v2.0.48
[INFO] [stderr]    Compiling syn v1.0.109
[INFO] [stderr]    Compiling getrandom v0.2.11
[INFO] [stderr]    Compiling zerocopy v0.7.32
[INFO] [stderr]    Compiling either v1.9.0
[INFO] [stderr]    Compiling rand_core v0.6.4
[INFO] [stderr]    Compiling dirs-sys v0.3.7
[INFO] [stderr]    Compiling num-integer v0.1.45
[INFO] [stderr]    Compiling allocator-api2 v0.2.16
[INFO] [stderr]    Compiling num-bigint v0.4.4
[INFO] [stderr]    Compiling dirs v4.0.0
[INFO] [stderr]    Compiling ppv-lite86 v0.2.17
[INFO] [stderr]    Compiling serde_json v1.0.111
[INFO] [stderr]    Compiling crossbeam-epoch v0.9.17
[INFO] [stderr]    Compiling rand_chacha v0.3.1
[INFO] [stderr]    Compiling hashbrown v0.14.3
[INFO] [stderr]    Compiling aleo-std-storage v0.1.3
[INFO] [stderr]    Compiling aleo-std-cpu v0.1.4
[INFO] [stderr]    Compiling aleo-std-timer v0.1.2
[INFO] [stderr]    Compiling aleo-std-profiler v0.1.15
[INFO] [stderr]    Compiling rand v0.8.5
[INFO] [stderr]    Compiling crossbeam-deque v0.8.4
[INFO] [stderr]    Compiling rand_xorshift v0.3.0
[INFO] [stderr]    Compiling smol_str v0.2.0
[INFO] [stderr]    Compiling itertools v0.11.0
[INFO] [stderr]    Compiling memchr v2.7.1
[INFO] [stderr]    Compiling minimal-lexical v0.2.1
[INFO] [stderr]    Compiling rayon v1.8.0
[INFO] [stderr]    Compiling bech32 v0.9.1
[INFO] [stderr]    Compiling nom v7.1.3
[INFO] [stderr]    Compiling libz-sys v1.1.12
[INFO] [stderr]    Compiling curl-sys v0.4.70+curl-8.5.0
[INFO] [stderr]    Compiling crunchy v0.2.2
[INFO] [stderr]    Compiling smallvec v1.11.2
[INFO] [stderr]    Compiling parking_lot_core v0.9.9
[INFO] [stderr]    Compiling tiny-keccak v2.0.2
[INFO] [stderr]    Compiling curl v0.4.44
[INFO] [stderr]    Compiling socket2 v0.4.10
[INFO] [stderr]    Compiling constant_time_eq v0.3.0
[INFO] [stderr]    Compiling arrayref v0.3.7
[INFO] [stderr]    Compiling arrayvec v0.7.4
[INFO] [stderr]    Compiling sha2 v0.10.8
[INFO] [stderr]    Compiling blake2s_simd v1.0.2
[INFO] [stderr]    Compiling colored v2.1.0
[INFO] [stderr]    Compiling hex v0.4.3
[INFO] [stderr]    Compiling fxhash v0.2.1
[INFO] [stderr]    Compiling parking_lot v0.12.1
[INFO] [stderr]    Compiling blake2 v0.10.6
[INFO] [stderr]    Compiling snarkvm-circuit-types-boolean v0.16.12
[INFO] [stderr]    Compiling snarkvm-circuit-environment-witness v0.16.12
[INFO] [stderr]    Compiling snarkvm-circuit-types-field v0.16.12
[INFO] [stderr]    Compiling snarkvm-circuit-types-scalar v0.16.12
[INFO] [stderr]    Compiling snarkvm-circuit-types-group v0.16.12
[INFO] [stderr]    Compiling snarkvm-circuit-types-integers v0.16.12
[INFO] [stderr]    Compiling snarkvm-circuit-types-address v0.16.12
[INFO] [stderr]    Compiling unicode-xid v0.0.4
[INFO] [stderr]    Compiling snarkvm-circuit-types-string v0.16.12
[INFO] [stderr]    Compiling synom v0.11.3
[INFO] [stderr]    Compiling bs58 v0.5.0
[INFO] [stderr]    Compiling quote v0.3.15
[INFO] [stderr]    Compiling snarkvm-circuit-algorithms v0.16.12
[INFO] [stderr]    Compiling enum_index v0.2.0
[INFO] [stderr]    Compiling snarkvm-circuit-collections v0.16.12
[INFO] [stderr]    Compiling snarkvm-circuit-network v0.16.12
[INFO] [stderr]    Compiling syn v0.11.11
[INFO] [stderr]    Compiling snarkvm-circuit-account v0.16.12
[INFO] [stderr]    Compiling snarkvm-circuit-program v0.16.12
[INFO] [stderr]    Compiling aleo-std-timed v0.1.2
[INFO] [stderr]    Compiling aleo-std-time v0.1.2
[INFO] [stderr]    Compiling derivative v2.2.0
[INFO] [stderr]    Compiling serde_derive v1.0.194
[INFO] [stderr]    Compiling zeroize_derive v1.4.2
[INFO] [stderr]    Compiling thiserror-impl v1.0.56
[INFO] [stderr]    Compiling snarkvm-utilities-derives v0.16.12
[INFO] [stderr]    Compiling num-derive v0.4.1
[INFO] [stderr]    Compiling aleo-std v0.1.18
[INFO] [stderr]    Compiling async-trait v0.1.77
[INFO] [stderr]    Compiling enum_index_derive v0.2.0
[INFO] [stderr]    Compiling zeroize v1.7.0
[INFO] [stderr]    Compiling thiserror v1.0.56
[INFO] [stderr]    Compiling serde v1.0.194
[INFO] [stderr]    Compiling indexmap v2.1.0
[INFO] [stderr]    Compiling bincode v1.3.3
[INFO] [stderr]    Compiling snarkvm-utilities v0.16.12
[INFO] [stderr]    Compiling snarkvm-fields v0.16.12
[INFO] [stderr]    Compiling snarkvm-curves v0.16.12
[INFO] [stderr]    Compiling snarkvm-console-network-environment v0.16.12
[INFO] [stderr]    Compiling snarkvm-parameters v0.16.12
[INFO] [stderr]    Compiling snarkvm-console-types-boolean v0.16.12
[INFO] [stderr]    Compiling snarkvm-console-types-field v0.16.12
[INFO] [stderr]    Compiling snarkvm-console-types-scalar v0.16.12
[INFO] [stderr]    Compiling snarkvm-console-types-group v0.16.12
[INFO] [stderr]    Compiling snarkvm-console-types-integers v0.16.12
[INFO] [stderr]    Compiling snarkvm-console-types-address v0.16.12
[INFO] [stderr]    Compiling snarkvm-algorithms v0.16.12
[INFO] [stderr]    Compiling snarkvm-console-types-string v0.16.12
[INFO] [stderr]    Compiling snarkvm-console-types v0.16.12
[INFO] [stderr]    Compiling snarkvm-console-algorithms v0.16.12
[INFO] [stderr]    Compiling snarkvm-console-collections v0.16.12
[INFO] [stderr]    Compiling snarkvm-console-network v0.16.12
[INFO] [stderr]    Compiling snarkvm-circuit-environment v0.16.12
[INFO] [stderr]    Compiling snarkvm-console-account v0.16.12
[INFO] [stderr]    Compiling snarkvm-console-program v0.16.12
[INFO] [stderr]    Compiling snarkvm-console v0.16.12
[INFO] [stderr]    Compiling snarkvm-ledger-committee v0.16.12
[INFO] [stderr]    Compiling snarkvm-ledger-query v0.16.12
[INFO] [stderr]    Compiling snarkvm-circuit-types v0.16.12
[INFO] [stderr]    Compiling snarkvm-circuit v0.16.12
[INFO] [stderr]    Compiling snarkvm-synthesizer-snark v0.16.12
[INFO] [stderr]    Compiling snarkvm-synthesizer-program v0.16.12
[INFO] [stderr]    Compiling snarkvm-ledger-coinbase v0.16.12
[INFO] [stderr]    Compiling snarkvm-ledger-narwhal-transmission-id v0.16.12
[INFO] [stderr]    Compiling snarkvm-ledger-narwhal-batch-header v0.16.12
[INFO] [stderr]    Compiling snarkvm-ledger-narwhal-batch-certificate v0.16.12
[INFO] [stderr]    Compiling snarkvm-ledger-narwhal-subdag v0.16.12
[INFO] [stderr]    Compiling snarkvm-ledger-authority v0.16.12
[INFO] [stderr]    Compiling snarkvm-ledger-block v0.16.12
[INFO] [stderr]    Compiling snarkvm-ledger-store v0.16.12
[INFO] [stderr]    Compiling snarkvm-synthesizer-process v0.16.12 (/opt/rustwide/workdir)
[INFO] [stdout] warning: call to `.deref()` on a reference in this situation does nothing
[INFO] [stdout]   --> src/stack/call/mod.rs:65:70
[INFO] [stdout]    |
[INFO] [stdout] 65 |             self.operands().iter().map(|operand| registers.load(stack.deref(), operand)).try_collect()?;
[INFO] [stdout]    |                                                                      ^^^^^^^^ help: remove this redundant call
[INFO] [stdout]    |
[INFO] [stdout]    = note: the type `impl StackEvaluate<N> + StackMatches<N> + StackProgram<N>` does not implement `Deref`, so calling `deref` on `&impl StackEvaluate<N> + StackMatches<N> + StackProgram<N>` copies the reference, which does not do anything and can be removed
[INFO] [stdout]    = note: `#[warn(noop_method_call)]` on by default
[INFO] [stdout] 
[INFO] [stdout] 
[INFO] [stdout] warning: 1 warning emitted
[INFO] [stdout] 
[INFO] [stdout] 
[INFO] [stderr]     Finished dev [unoptimized + debuginfo] target(s) in 59.78s
[INFO] running `Command { std: "docker" "inspect" "58f5ef981a7a35371c4e29c9b6c7660ce225090a459c672b35e7f253e9662e41", kill_on_drop: false }`
[INFO] running `Command { std: "docker" "rm" "-f" "58f5ef981a7a35371c4e29c9b6c7660ce225090a459c672b35e7f253e9662e41", kill_on_drop: false }`
[INFO] [stdout] 58f5ef981a7a35371c4e29c9b6c7660ce225090a459c672b35e7f253e9662e41
[INFO] running `Command { std: "docker" "create" "-v" "/var/lib/crater-agent-workspace/builds/worker-3-tc2/target:/opt/rustwide/target:rw,Z" "-v" "/var/lib/crater-agent-workspace/builds/worker-3-tc2/source:/opt/rustwide/workdir:ro,Z" "-v" "/var/lib/crater-agent-workspace/cargo-home:/opt/rustwide/cargo-home:ro,Z" "-v" "/var/lib/crater-agent-workspace/rustup-home:/opt/rustwide/rustup-home:ro,Z" "-e" "SOURCE_DIR=/opt/rustwide/workdir" "-e" "CARGO_TARGET_DIR=/opt/rustwide/target" "-e" "CARGO_INCREMENTAL=0" "-e" "RUST_BACKTRACE=full" "-e" "RUSTFLAGS=--cap-lints=warn" "-e" "RUSTDOCFLAGS=--cap-lints=warn" "-e" "CARGO_HOME=/opt/rustwide/cargo-home" "-e" "RUSTUP_HOME=/opt/rustwide/rustup-home" "-w" "/opt/rustwide/workdir" "-m" "1610612736" "--user" "0:0" "--network" "none" "ghcr.io/rust-lang/crates-build-env/linux@sha256:2788e3201cd34a07e3172128adcd8b3090168a8e3bcc40d7c032b9dda1df7d1c" "/opt/rustwide/cargo-home/bin/cargo" "+beta-2023-12-22" "test" "--frozen" "--no-run" "--message-format=json", kill_on_drop: false }`
[INFO] [stdout] 65e799df0036618fed8e598d0ab18023e7f49b63759e9aae8df886011090d057
[INFO] running `Command { std: "docker" "start" "-a" "65e799df0036618fed8e598d0ab18023e7f49b63759e9aae8df886011090d057", kill_on_drop: false }`
[INFO] [stderr]    Compiling rustix v0.38.28
[INFO] [stderr]    Compiling bitflags v2.4.1
[INFO] [stderr]    Compiling linux-raw-sys v0.4.12
[INFO] [stderr]    Compiling fastrand v2.0.1
[INFO] [stdout] warning: call to `.deref()` on a reference in this situation does nothing
[INFO] [stdout]   --> src/stack/call/mod.rs:65:70
[INFO] [stdout]    |
[INFO] [stdout] 65 |             self.operands().iter().map(|operand| registers.load(stack.deref(), operand)).try_collect()?;
[INFO] [stdout]    |                                                                      ^^^^^^^^ help: remove this redundant call
[INFO] [stdout]    |
[INFO] [stdout]    = note: the type `impl StackEvaluate<N> + StackMatches<N> + StackProgram<N>` does not implement `Deref`, so calling `deref` on `&impl StackEvaluate<N> + StackMatches<N> + StackProgram<N>` copies the reference, which does not do anything and can be removed
[INFO] [stdout]    = note: `#[warn(noop_method_call)]` on by default
[INFO] [stdout] 
[INFO] [stdout] 
[INFO] [stdout] warning: 1 warning emitted
[INFO] [stdout] 
[INFO] [stdout] 
[INFO] [stderr]    Compiling tempfile v3.9.0
[INFO] [stderr]    Compiling snarkvm-synthesizer-process v0.16.12 (/opt/rustwide/workdir)
[INFO] [stdout] error[E0432]: unresolved import `ledger_query::Query`
[INFO] [stdout]   --> src/tests/test_credits.rs:24:5
[INFO] [stdout]    |
[INFO] [stdout] 24 | use ledger_query::Query;
[INFO] [stdout]    |     ^^^^^^^^^^^^^^^^^^^ no `Query` in the root
[INFO] [stdout] 
[INFO] [stdout] 
[INFO] [stdout] error[E0432]: unresolved import `ledger_query::Query`
[INFO] [stdout]   --> src/tests/test_execute.rs:29:5
[INFO] [stdout]    |
[INFO] [stdout] 29 | use ledger_query::Query;
[INFO] [stdout]    |     ^^^^^^^^^^^^^^^^^^^ no `Query` in the root
[INFO] [stdout] 
[INFO] [stdout] 
[INFO] [stdout] error[E0432]: unresolved import `ledger_query::Query`
[INFO] [stdout]    --> src/lib.rs:288:9
[INFO] [stdout]     |
[INFO] [stdout] 288 |     use ledger_query::Query;
[INFO] [stdout]     |         ^^^^^^^^^^^^^^^^^^^ no `Query` in the root
[INFO] [stdout] 
[INFO] [stdout] 
[INFO] [stdout] error[E0432]: unresolved import `ledger_committee`
[INFO] [stdout]   --> src/tests/test_credits.rs:23:5
[INFO] [stdout]    |
[INFO] [stdout] 23 | use ledger_committee::{MIN_DELEGATOR_STAKE, MIN_VALIDATOR_STAKE};
[INFO] [stdout]    |     ^^^^^^^^^^^^^^^^ use of undeclared crate or module `ledger_committee`
[INFO] [stdout] 
[INFO] [stdout] 
[INFO] [stdout] error[E0433]: failed to resolve: use of undeclared crate or module `ledger_test_helpers`
[INFO] [stdout]    --> src/verify_fee.rs:227:13
[INFO] [stdout]     |
[INFO] [stdout] 227 |             ledger_test_helpers::sample_deployment_transaction(true, rng),
[INFO] [stdout]     |             ^^^^^^^^^^^^^^^^^^^ use of undeclared crate or module `ledger_test_helpers`
[INFO] [stdout] 
[INFO] [stdout] 
[INFO] [stdout] error[E0433]: failed to resolve: use of undeclared crate or module `ledger_test_helpers`
[INFO] [stdout]    --> src/verify_fee.rs:228:13
[INFO] [stdout]     |
[INFO] [stdout] 228 |             ledger_test_helpers::sample_deployment_transaction(false, rng),
[INFO] [stdout]     |             ^^^^^^^^^^^^^^^^^^^ use of undeclared crate or module `ledger_test_helpers`
[INFO] [stdout] 
[INFO] [stdout] 
[INFO] [stdout] error[E0433]: failed to resolve: use of undeclared crate or module `ledger_test_helpers`
[INFO] [stdout]    --> src/verify_fee.rs:229:13
[INFO] [stdout]     |
[INFO] [stdout] 229 |             ledger_test_helpers::sample_execution_transaction_with_fee(true, rng),
[INFO] [stdout]     |             ^^^^^^^^^^^^^^^^^^^ use of undeclared crate or module `ledger_test_helpers`
[INFO] [stdout] 
[INFO] [stdout] 
[INFO] [stdout] error[E0433]: failed to resolve: use of undeclared crate or module `ledger_test_helpers`
[INFO] [stdout]    --> src/verify_fee.rs:230:13
[INFO] [stdout]     |
[INFO] [stdout] 230 |             ledger_test_helpers::sample_execution_transaction_with_fee(false, rng),
[INFO] [stdout]     |             ^^^^^^^^^^^^^^^^^^^ use of undeclared crate or module `ledger_test_helpers`
[INFO] [stdout] 
[INFO] [stdout] 
[INFO] [stdout] error[E0433]: failed to resolve: use of undeclared crate or module `ledger_test_helpers`
[INFO] [stdout]    --> src/verify_fee.rs:231:13
[INFO] [stdout]     |
[INFO] [stdout] 231 |             ledger_test_helpers::sample_fee_private_transaction(rng),
[INFO] [stdout]     |             ^^^^^^^^^^^^^^^^^^^ use of undeclared crate or module `ledger_test_helpers`
[INFO] [stdout] 
[INFO] [stdout] 
[INFO] [stdout] error[E0433]: failed to resolve: use of undeclared crate or module `ledger_test_helpers`
[INFO] [stdout]    --> src/verify_fee.rs:232:13
[INFO] [stdout]     |
[INFO] [stdout] 232 |             ledger_test_helpers::sample_fee_public_transaction(rng),
[INFO] [stdout]     |             ^^^^^^^^^^^^^^^^^^^ use of undeclared crate or module `ledger_test_helpers`
[INFO] [stdout] 
[INFO] [stdout] 
[INFO] [stdout] error: aborting due to 10 previous errors
[INFO] [stdout] 
[INFO] [stdout] 
[INFO] [stdout] Some errors have detailed explanations: E0432, E0433.
[INFO] [stdout] 
[INFO] [stdout] For more information about an error, try `rustc --explain E0432`.
[INFO] [stdout] 
[INFO] [stderr] error: could not compile `snarkvm-synthesizer-process` (lib test) due to 11 previous errors
[INFO] running `Command { std: "docker" "inspect" "65e799df0036618fed8e598d0ab18023e7f49b63759e9aae8df886011090d057", kill_on_drop: false }`
[INFO] running `Command { std: "docker" "rm" "-f" "65e799df0036618fed8e598d0ab18023e7f49b63759e9aae8df886011090d057", kill_on_drop: false }`
[INFO] [stdout] 65e799df0036618fed8e598d0ab18023e7f49b63759e9aae8df886011090d057
