[INFO] fetching crate snarkvm-ledger-narwhal-batch-header 0.16.12...
[INFO] testing snarkvm-ledger-narwhal-batch-header-0.16.12 against 1.75.0 for beta-1.76-1
[INFO] extracting crate snarkvm-ledger-narwhal-batch-header 0.16.12 into /workspace/builds/worker-2-tc1/source
[INFO] validating manifest of crates.io crate snarkvm-ledger-narwhal-batch-header 0.16.12 on toolchain 1.75.0
[INFO] running `Command { std: CARGO_HOME="/workspace/cargo-home" RUSTUP_HOME="/workspace/rustup-home" "/workspace/cargo-home/bin/cargo" "+1.75.0" "metadata" "--manifest-path" "Cargo.toml" "--no-deps", kill_on_drop: false }`
[INFO] started tweaking crates.io crate snarkvm-ledger-narwhal-batch-header 0.16.12
[INFO] finished tweaking crates.io crate snarkvm-ledger-narwhal-batch-header 0.16.12
[INFO] tweaked toml for crates.io crate snarkvm-ledger-narwhal-batch-header 0.16.12 written to /workspace/builds/worker-2-tc1/source/Cargo.toml
[INFO] running `Command { std: CARGO_HOME="/workspace/cargo-home" RUSTUP_HOME="/workspace/rustup-home" "/workspace/cargo-home/bin/cargo" "+1.75.0" "generate-lockfile" "--manifest-path" "Cargo.toml", kill_on_drop: false }`
[INFO] [stderr]     Updating crates.io index
[INFO] running `Command { std: CARGO_HOME="/workspace/cargo-home" RUSTUP_HOME="/workspace/rustup-home" "/workspace/cargo-home/bin/cargo" "+1.75.0" "fetch" "--manifest-path" "Cargo.toml", kill_on_drop: false }`
[INFO] [stderr]  Downloading crates ...
[INFO] [stderr]   Downloaded snarkvm-circuit-types-integers v0.16.12
[INFO] [stderr]   Downloaded snarkvm-circuit v0.16.12
[INFO] [stderr]   Downloaded snarkvm-console v0.16.12
[INFO] [stderr]   Downloaded snarkvm-circuit-types v0.16.12
[INFO] [stderr]   Downloaded snarkvm-circuit-network v0.16.12
[INFO] [stderr]   Downloaded snarkvm-circuit-types-string v0.16.12
[INFO] [stderr]   Downloaded snarkvm-circuit-environment-witness v0.16.12
[INFO] [stderr]   Downloaded snarkvm-console-types v0.16.12
[INFO] [stderr]   Downloaded snarkvm-utilities-derives v0.16.12
[INFO] [stderr]   Downloaded snarkvm-ledger-narwhal-transmission-id v0.16.12
[INFO] [stderr]   Downloaded snarkvm-console-network-environment v0.16.12
[INFO] [stderr]   Downloaded snarkvm-console-types-field v0.16.12
[INFO] [stderr]   Downloaded snarkvm-console-program v0.16.12
[INFO] [stderr]   Downloaded snarkvm-algorithms v0.16.12
[INFO] [stderr]   Downloaded snarkvm-console-algorithms v0.16.12
[INFO] [stderr]   Downloaded snarkvm-curves v0.16.12
[INFO] [stderr]   Downloaded snarkvm-circuit-program v0.16.12
[INFO] [stderr]   Downloaded snarkvm-fields v0.16.12
[INFO] [stderr]   Downloaded snarkvm-parameters v0.16.12
[INFO] [stderr]   Downloaded snarkvm-console-types-string v0.16.12
[INFO] [stderr]   Downloaded snarkvm-console-collections v0.16.12
[INFO] [stderr]   Downloaded snarkvm-console-types-scalar v0.16.12
[INFO] [stderr]   Downloaded snarkvm-console-types-group v0.16.12
[INFO] [stderr]   Downloaded snarkvm-circuit-algorithms v0.16.12
[INFO] [stderr]   Downloaded snarkvm-circuit-types-group v0.16.12
[INFO] [stderr]   Downloaded snarkvm-circuit-environment v0.16.12
[INFO] [stderr]   Downloaded snarkvm-console-types-boolean v0.16.12
[INFO] [stderr]   Downloaded snarkvm-console-types-integers v0.16.12
[INFO] [stderr]   Downloaded snarkvm-console-network v0.16.12
[INFO] [stderr]   Downloaded snarkvm-ledger-coinbase v0.16.12
[INFO] [stderr]   Downloaded snarkvm-utilities v0.16.12
[INFO] [stderr]   Downloaded snarkvm-console-types-address v0.16.12
[INFO] [stderr]   Downloaded snarkvm-synthesizer-snark v0.16.12
[INFO] [stderr]   Downloaded snarkvm-console-account v0.16.12
[INFO] [stderr]   Downloaded snarkvm-circuit-account v0.16.12
[INFO] [stderr]   Downloaded snarkvm-circuit-collections v0.16.12
[INFO] [stderr]   Downloaded snarkvm-circuit-types-address v0.16.12
[INFO] [stderr]   Downloaded snarkvm-circuit-types-boolean v0.16.12
[INFO] [stderr]   Downloaded snarkvm-circuit-types-field v0.16.12
[INFO] [stderr]   Downloaded snarkvm-circuit-types-scalar v0.16.12
[INFO] running `Command { std: "docker" "create" "-v" "/var/lib/crater-agent-workspace/builds/worker-2-tc1/target:/opt/rustwide/target:rw,Z" "-v" "/var/lib/crater-agent-workspace/builds/worker-2-tc1/source:/opt/rustwide/workdir:ro,Z" "-v" "/var/lib/crater-agent-workspace/cargo-home:/opt/rustwide/cargo-home:ro,Z" "-v" "/var/lib/crater-agent-workspace/rustup-home:/opt/rustwide/rustup-home:ro,Z" "-e" "SOURCE_DIR=/opt/rustwide/workdir" "-e" "CARGO_TARGET_DIR=/opt/rustwide/target" "-e" "CARGO_HOME=/opt/rustwide/cargo-home" "-e" "RUSTUP_HOME=/opt/rustwide/rustup-home" "-w" "/opt/rustwide/workdir" "-m" "1610612736" "--user" "0:0" "--network" "none" "ghcr.io/rust-lang/crates-build-env/linux@sha256:2788e3201cd34a07e3172128adcd8b3090168a8e3bcc40d7c032b9dda1df7d1c" "/opt/rustwide/cargo-home/bin/cargo" "+1.75.0" "metadata" "--no-deps" "--format-version=1", kill_on_drop: false }`
[INFO] [stdout] c7670192fa311c381a90826bba286e44ac414550cb3776c150d29a56a19d4a10
[INFO] running `Command { std: "docker" "start" "-a" "c7670192fa311c381a90826bba286e44ac414550cb3776c150d29a56a19d4a10", kill_on_drop: false }`
[INFO] running `Command { std: "docker" "inspect" "c7670192fa311c381a90826bba286e44ac414550cb3776c150d29a56a19d4a10", kill_on_drop: false }`
[INFO] running `Command { std: "docker" "rm" "-f" "c7670192fa311c381a90826bba286e44ac414550cb3776c150d29a56a19d4a10", kill_on_drop: false }`
[INFO] [stdout] c7670192fa311c381a90826bba286e44ac414550cb3776c150d29a56a19d4a10
[INFO] running `Command { std: "docker" "create" "-v" "/var/lib/crater-agent-workspace/builds/worker-2-tc1/target:/opt/rustwide/target:rw,Z" "-v" "/var/lib/crater-agent-workspace/builds/worker-2-tc1/source:/opt/rustwide/workdir:ro,Z" "-v" "/var/lib/crater-agent-workspace/cargo-home:/opt/rustwide/cargo-home:ro,Z" "-v" "/var/lib/crater-agent-workspace/rustup-home:/opt/rustwide/rustup-home:ro,Z" "-e" "SOURCE_DIR=/opt/rustwide/workdir" "-e" "CARGO_TARGET_DIR=/opt/rustwide/target" "-e" "CARGO_INCREMENTAL=0" "-e" "RUST_BACKTRACE=full" "-e" "RUSTFLAGS=--cap-lints=warn" "-e" "RUSTDOCFLAGS=--cap-lints=warn" "-e" "CARGO_HOME=/opt/rustwide/cargo-home" "-e" "RUSTUP_HOME=/opt/rustwide/rustup-home" "-w" "/opt/rustwide/workdir" "-m" "1610612736" "--user" "0:0" "--network" "none" "ghcr.io/rust-lang/crates-build-env/linux@sha256:2788e3201cd34a07e3172128adcd8b3090168a8e3bcc40d7c032b9dda1df7d1c" "/opt/rustwide/cargo-home/bin/cargo" "+1.75.0" "build" "--frozen" "--message-format=json", kill_on_drop: false }`
[INFO] [stdout] eca2b1d0d7f9b1e4f43f588204130a72922f433f73ed38ce1206e5bc30a31ff4
[INFO] running `Command { std: "docker" "start" "-a" "eca2b1d0d7f9b1e4f43f588204130a72922f433f73ed38ce1206e5bc30a31ff4", kill_on_drop: false }`
[INFO] [stderr]    Compiling syn v1.0.109
[INFO] [stderr]    Compiling num-traits v0.2.17
[INFO] [stderr]    Compiling syn v2.0.48
[INFO] [stderr]    Compiling either v1.9.0
[INFO] [stderr]    Compiling dirs-sys v0.3.7
[INFO] [stderr]    Compiling num-integer v0.1.45
[INFO] [stderr]    Compiling hashbrown v0.14.3
[INFO] [stderr]    Compiling num-bigint v0.4.4
[INFO] [stderr]    Compiling rayon v1.8.0
[INFO] [stderr]    Compiling dirs v4.0.0
[INFO] [stderr]    Compiling anyhow v1.0.79
[INFO] [stderr]    Compiling serde_json v1.0.111
[INFO] [stderr]    Compiling aleo-std-storage v0.1.3
[INFO] [stderr]    Compiling aleo-std-timer v0.1.2
[INFO] [stderr]    Compiling aleo-std-cpu v0.1.4
[INFO] [stderr]    Compiling aleo-std-profiler v0.1.15
[INFO] [stderr]    Compiling rand_xorshift v0.3.0
[INFO] [stderr]    Compiling num_cpus v1.16.0
[INFO] [stderr]    Compiling smol_str v0.2.0
[INFO] [stderr]    Compiling itertools v0.11.0
[INFO] [stderr]    Compiling cc v1.0.83
[INFO] [stderr]    Compiling memchr v2.7.1
[INFO] [stderr]    Compiling bech32 v0.9.1
[INFO] [stderr]    Compiling nom v7.1.3
[INFO] [stderr]    Compiling smallvec v1.11.2
[INFO] [stderr]    Compiling crunchy v0.2.2
[INFO] [stderr]    Compiling curl v0.4.44
[INFO] [stderr]    Compiling paste v1.0.14
[INFO] [stderr]    Compiling openssl-sys v0.9.98
[INFO] [stderr]    Compiling libz-sys v1.1.12
[INFO] [stderr]    Compiling curl-sys v0.4.70+curl-8.5.0
[INFO] [stderr]    Compiling tiny-keccak v2.0.2
[INFO] [stderr]    Compiling socket2 v0.4.10
[INFO] [stderr]    Compiling constant_time_eq v0.3.0
[INFO] [stderr]    Compiling arrayref v0.3.7
[INFO] [stderr]    Compiling arrayvec v0.7.4
[INFO] [stderr]    Compiling colored v2.1.0
[INFO] [stderr]    Compiling blake2s_simd v1.0.2
[INFO] [stderr]    Compiling sha2 v0.10.8
[INFO] [stderr]    Compiling parking_lot_core v0.9.9
[INFO] [stderr]    Compiling fxhash v0.2.1
[INFO] [stderr]    Compiling parking_lot v0.12.1
[INFO] [stderr]    Compiling blake2 v0.10.6
[INFO] [stderr]    Compiling snarkvm-circuit-types-boolean v0.16.12
[INFO] [stderr]    Compiling snarkvm-circuit-environment-witness v0.16.12
[INFO] [stderr]    Compiling snarkvm-circuit-types-field v0.16.12
[INFO] [stderr]    Compiling snarkvm-circuit-types-scalar v0.16.12
[INFO] [stderr]    Compiling snarkvm-circuit-types-group v0.16.12
[INFO] [stderr]    Compiling snarkvm-circuit-types-integers v0.16.12
[INFO] [stderr]    Compiling snarkvm-circuit-types-string v0.16.12
[INFO] [stderr]    Compiling snarkvm-circuit-types-address v0.16.12
[INFO] [stderr]    Compiling snarkvm-circuit-algorithms v0.16.12
[INFO] [stderr]    Compiling unicode-xid v0.0.4
[INFO] [stderr]    Compiling quote v0.3.15
[INFO] [stderr]    Compiling snarkvm-circuit-collections v0.16.12
[INFO] [stderr]    Compiling synom v0.11.3
[INFO] [stderr]    Compiling bs58 v0.5.0
[INFO] [stderr]    Compiling snarkvm-circuit-network v0.16.12
[INFO] [stderr]    Compiling syn v0.11.11
[INFO] [stderr]    Compiling snarkvm-circuit-account v0.16.12
[INFO] [stderr]    Compiling enum_index v0.2.0
[INFO] [stderr]    Compiling snarkvm-circuit-program v0.16.12
[INFO] [stderr]    Compiling serde_derive v1.0.194
[INFO] [stderr]    Compiling zeroize_derive v1.4.2
[INFO] [stderr]    Compiling thiserror-impl v1.0.56
[INFO] [stderr]    Compiling snarkvm-utilities-derives v0.16.12
[INFO] [stderr]    Compiling num-derive v0.4.1
[INFO] [stderr]    Compiling aleo-std-time v0.1.2
[INFO] [stderr]    Compiling aleo-std-timed v0.1.2
[INFO] [stderr]    Compiling derivative v2.2.0
[INFO] [stderr]    Compiling aleo-std v0.1.18
[INFO] [stderr]    Compiling zeroize v1.7.0
[INFO] [stderr]    Compiling enum_index_derive v0.2.0
[INFO] [stderr]    Compiling thiserror v1.0.56
[INFO] [stderr]    Compiling serde v1.0.194
[INFO] [stderr]    Compiling indexmap v2.1.0
[INFO] [stderr]    Compiling bincode v1.3.3
[INFO] [stderr]    Compiling snarkvm-utilities v0.16.12
[INFO] [stderr]    Compiling snarkvm-fields v0.16.12
[INFO] [stderr]    Compiling snarkvm-curves v0.16.12
[INFO] [stderr]    Compiling snarkvm-console-network-environment v0.16.12
[INFO] [stderr]    Compiling snarkvm-parameters v0.16.12
[INFO] [stderr]    Compiling snarkvm-console-types-boolean v0.16.12
[INFO] [stderr]    Compiling snarkvm-console-types-field v0.16.12
[INFO] [stderr]    Compiling snarkvm-console-types-scalar v0.16.12
[INFO] [stderr]    Compiling snarkvm-console-types-group v0.16.12
[INFO] [stderr]    Compiling snarkvm-console-types-integers v0.16.12
[INFO] [stderr]    Compiling snarkvm-console-types-address v0.16.12
[INFO] [stderr]    Compiling snarkvm-console-types-string v0.16.12
[INFO] [stderr]    Compiling snarkvm-algorithms v0.16.12
[INFO] [stderr]    Compiling snarkvm-console-types v0.16.12
[INFO] [stderr]    Compiling snarkvm-console-algorithms v0.16.12
[INFO] [stderr]    Compiling snarkvm-console-collections v0.16.12
[INFO] [stderr]    Compiling snarkvm-console-network v0.16.12
[INFO] [stderr]    Compiling snarkvm-circuit-environment v0.16.12
[INFO] [stderr]    Compiling snarkvm-console-account v0.16.12
[INFO] [stderr]    Compiling snarkvm-console-program v0.16.12
[INFO] [stderr]    Compiling snarkvm-circuit-types v0.16.12
[INFO] [stderr]    Compiling snarkvm-console v0.16.12
[INFO] [stderr]    Compiling snarkvm-circuit v0.16.12
[INFO] [stderr]    Compiling snarkvm-synthesizer-snark v0.16.12
[INFO] [stderr]    Compiling snarkvm-ledger-coinbase v0.16.12
[INFO] [stderr]    Compiling snarkvm-ledger-narwhal-transmission-id v0.16.12
[INFO] [stderr]    Compiling snarkvm-ledger-narwhal-batch-header v0.16.12 (/opt/rustwide/workdir)
[INFO] [stderr]     Finished dev [unoptimized + debuginfo] target(s) in 45.74s
[INFO] running `Command { std: "docker" "inspect" "eca2b1d0d7f9b1e4f43f588204130a72922f433f73ed38ce1206e5bc30a31ff4", kill_on_drop: false }`
[INFO] running `Command { std: "docker" "rm" "-f" "eca2b1d0d7f9b1e4f43f588204130a72922f433f73ed38ce1206e5bc30a31ff4", kill_on_drop: false }`
[INFO] [stdout] eca2b1d0d7f9b1e4f43f588204130a72922f433f73ed38ce1206e5bc30a31ff4
[INFO] running `Command { std: "docker" "create" "-v" "/var/lib/crater-agent-workspace/builds/worker-2-tc1/target:/opt/rustwide/target:rw,Z" "-v" "/var/lib/crater-agent-workspace/builds/worker-2-tc1/source:/opt/rustwide/workdir:ro,Z" "-v" "/var/lib/crater-agent-workspace/cargo-home:/opt/rustwide/cargo-home:ro,Z" "-v" "/var/lib/crater-agent-workspace/rustup-home:/opt/rustwide/rustup-home:ro,Z" "-e" "SOURCE_DIR=/opt/rustwide/workdir" "-e" "CARGO_TARGET_DIR=/opt/rustwide/target" "-e" "CARGO_INCREMENTAL=0" "-e" "RUST_BACKTRACE=full" "-e" "RUSTFLAGS=--cap-lints=warn" "-e" "RUSTDOCFLAGS=--cap-lints=warn" "-e" "CARGO_HOME=/opt/rustwide/cargo-home" "-e" "RUSTUP_HOME=/opt/rustwide/rustup-home" "-w" "/opt/rustwide/workdir" "-m" "1610612736" "--user" "0:0" "--network" "none" "ghcr.io/rust-lang/crates-build-env/linux@sha256:2788e3201cd34a07e3172128adcd8b3090168a8e3bcc40d7c032b9dda1df7d1c" "/opt/rustwide/cargo-home/bin/cargo" "+1.75.0" "test" "--frozen" "--no-run" "--message-format=json", kill_on_drop: false }`
[INFO] [stdout] 511d4725ee83adef1ca4dc7409b33959e70fd5e7fa993071759727d78eed6ebd
[INFO] running `Command { std: "docker" "start" "-a" "511d4725ee83adef1ca4dc7409b33959e70fd5e7fa993071759727d78eed6ebd", kill_on_drop: false }`
[INFO] [stderr]    Compiling snarkvm-ledger-narwhal-batch-header v0.16.12 (/opt/rustwide/workdir)
[INFO] [stdout] error[E0432]: unresolved import `time`
[INFO] [stdout]    --> src/lib.rs:171:9
[INFO] [stdout]     |
[INFO] [stdout] 171 |     use time::OffsetDateTime;
[INFO] [stdout]     |         ^^^^ help: a similar path exists: `std::time`
[INFO] [stdout] 
[INFO] [stdout] 
[INFO] [stdout] error[E0433]: failed to resolve: could not find `test_helpers` in `narwhal_transmission_id`
[INFO] [stdout]    --> src/lib.rs:198:38
[INFO] [stdout]     |
[INFO] [stdout] 198 |             narwhal_transmission_id::test_helpers::sample_transmission_ids(rng).into_iter().collect::<IndexSet<_>>();
[INFO] [stdout]     |                                      ^^^^^^^^^^^^ could not find `test_helpers` in `narwhal_transmission_id`
[INFO] [stdout] 
[INFO] [stdout] 
[INFO] [stdout] error: aborting due to 2 previous errors
[INFO] [stdout] 
[INFO] [stdout] 
[INFO] [stderr] error: could not compile `snarkvm-ledger-narwhal-batch-header` (lib test) due to 3 previous errors
[INFO] [stdout] Some errors have detailed explanations: E0432, E0433.
[INFO] [stdout] 
[INFO] [stdout] For more information about an error, try `rustc --explain E0432`.
[INFO] [stdout] 
[INFO] running `Command { std: "docker" "inspect" "511d4725ee83adef1ca4dc7409b33959e70fd5e7fa993071759727d78eed6ebd", kill_on_drop: false }`
[INFO] running `Command { std: "docker" "rm" "-f" "511d4725ee83adef1ca4dc7409b33959e70fd5e7fa993071759727d78eed6ebd", kill_on_drop: false }`
[INFO] [stdout] 511d4725ee83adef1ca4dc7409b33959e70fd5e7fa993071759727d78eed6ebd
[INFO] testing snarkvm-ledger-narwhal-batch-header-0.16.12 against beta-2023-12-22 for beta-1.76-1
[INFO] extracting crate snarkvm-ledger-narwhal-batch-header 0.16.12 into /workspace/builds/worker-2-tc2/source
[INFO] validating manifest of crates.io crate snarkvm-ledger-narwhal-batch-header 0.16.12 on toolchain beta-2023-12-22
[INFO] running `Command { std: CARGO_HOME="/workspace/cargo-home" RUSTUP_HOME="/workspace/rustup-home" "/workspace/cargo-home/bin/cargo" "+beta-2023-12-22" "metadata" "--manifest-path" "Cargo.toml" "--no-deps", kill_on_drop: false }`
[INFO] started tweaking crates.io crate snarkvm-ledger-narwhal-batch-header 0.16.12
[INFO] finished tweaking crates.io crate snarkvm-ledger-narwhal-batch-header 0.16.12
[INFO] tweaked toml for crates.io crate snarkvm-ledger-narwhal-batch-header 0.16.12 written to /workspace/builds/worker-2-tc2/source/Cargo.toml
[INFO] running `Command { std: CARGO_HOME="/workspace/cargo-home" RUSTUP_HOME="/workspace/rustup-home" "/workspace/cargo-home/bin/cargo" "+beta-2023-12-22" "generate-lockfile" "--manifest-path" "Cargo.toml", kill_on_drop: false }`
[INFO] [stderr]     Updating crates.io index
[INFO] running `Command { std: CARGO_HOME="/workspace/cargo-home" RUSTUP_HOME="/workspace/rustup-home" "/workspace/cargo-home/bin/cargo" "+beta-2023-12-22" "fetch" "--manifest-path" "Cargo.toml", kill_on_drop: false }`
[INFO] running `Command { std: "docker" "create" "-v" "/var/lib/crater-agent-workspace/builds/worker-2-tc2/target:/opt/rustwide/target:rw,Z" "-v" "/var/lib/crater-agent-workspace/builds/worker-2-tc2/source:/opt/rustwide/workdir:ro,Z" "-v" "/var/lib/crater-agent-workspace/cargo-home:/opt/rustwide/cargo-home:ro,Z" "-v" "/var/lib/crater-agent-workspace/rustup-home:/opt/rustwide/rustup-home:ro,Z" "-e" "SOURCE_DIR=/opt/rustwide/workdir" "-e" "CARGO_TARGET_DIR=/opt/rustwide/target" "-e" "CARGO_HOME=/opt/rustwide/cargo-home" "-e" "RUSTUP_HOME=/opt/rustwide/rustup-home" "-w" "/opt/rustwide/workdir" "-m" "1610612736" "--user" "0:0" "--network" "none" "ghcr.io/rust-lang/crates-build-env/linux@sha256:2788e3201cd34a07e3172128adcd8b3090168a8e3bcc40d7c032b9dda1df7d1c" "/opt/rustwide/cargo-home/bin/cargo" "+beta-2023-12-22" "metadata" "--no-deps" "--format-version=1", kill_on_drop: false }`
[INFO] [stdout] 55dde68600f2567aca9167c89bca456f87ede5097e6a3ab4df370783764d8701
[INFO] running `Command { std: "docker" "start" "-a" "55dde68600f2567aca9167c89bca456f87ede5097e6a3ab4df370783764d8701", kill_on_drop: false }`
[INFO] running `Command { std: "docker" "inspect" "55dde68600f2567aca9167c89bca456f87ede5097e6a3ab4df370783764d8701", kill_on_drop: false }`
[INFO] running `Command { std: "docker" "rm" "-f" "55dde68600f2567aca9167c89bca456f87ede5097e6a3ab4df370783764d8701", kill_on_drop: false }`
[INFO] [stdout] 55dde68600f2567aca9167c89bca456f87ede5097e6a3ab4df370783764d8701
[INFO] running `Command { std: "docker" "create" "-v" "/var/lib/crater-agent-workspace/builds/worker-2-tc2/target:/opt/rustwide/target:rw,Z" "-v" "/var/lib/crater-agent-workspace/builds/worker-2-tc2/source:/opt/rustwide/workdir:ro,Z" "-v" "/var/lib/crater-agent-workspace/cargo-home:/opt/rustwide/cargo-home:ro,Z" "-v" "/var/lib/crater-agent-workspace/rustup-home:/opt/rustwide/rustup-home:ro,Z" "-e" "SOURCE_DIR=/opt/rustwide/workdir" "-e" "CARGO_TARGET_DIR=/opt/rustwide/target" "-e" "CARGO_INCREMENTAL=0" "-e" "RUST_BACKTRACE=full" "-e" "RUSTFLAGS=--cap-lints=warn" "-e" "RUSTDOCFLAGS=--cap-lints=warn" "-e" "CARGO_HOME=/opt/rustwide/cargo-home" "-e" "RUSTUP_HOME=/opt/rustwide/rustup-home" "-w" "/opt/rustwide/workdir" "-m" "1610612736" "--user" "0:0" "--network" "none" "ghcr.io/rust-lang/crates-build-env/linux@sha256:2788e3201cd34a07e3172128adcd8b3090168a8e3bcc40d7c032b9dda1df7d1c" "/opt/rustwide/cargo-home/bin/cargo" "+beta-2023-12-22" "build" "--frozen" "--message-format=json", kill_on_drop: false }`
[INFO] [stdout] 5bd36c9a61766275bdc5881454b9a7a48f095dc5e94ca0b9535d060d3441355d
[INFO] running `Command { std: "docker" "start" "-a" "5bd36c9a61766275bdc5881454b9a7a48f095dc5e94ca0b9535d060d3441355d", kill_on_drop: false }`
[INFO] [stderr]    Compiling syn v1.0.109
[INFO] [stderr]    Compiling num-traits v0.2.17
[INFO] [stderr]    Compiling syn v2.0.48
[INFO] [stderr]    Compiling either v1.9.0
[INFO] [stderr]    Compiling dirs-sys v0.3.7
[INFO] [stderr]    Compiling num-integer v0.1.45
[INFO] [stderr]    Compiling hashbrown v0.14.3
[INFO] [stderr]    Compiling num-bigint v0.4.4
[INFO] [stderr]    Compiling rayon v1.8.0
[INFO] [stderr]    Compiling dirs v4.0.0
[INFO] [stderr]    Compiling serde_json v1.0.111
[INFO] [stderr]    Compiling anyhow v1.0.79
[INFO] [stderr]    Compiling aleo-std-storage v0.1.3
[INFO] [stderr]    Compiling aleo-std-cpu v0.1.4
[INFO] [stderr]    Compiling aleo-std-timer v0.1.2
[INFO] [stderr]    Compiling aleo-std-profiler v0.1.15
[INFO] [stderr]    Compiling rand_xorshift v0.3.0
[INFO] [stderr]    Compiling num_cpus v1.16.0
[INFO] [stderr]    Compiling smol_str v0.2.0
[INFO] [stderr]    Compiling itertools v0.11.0
[INFO] [stderr]    Compiling cc v1.0.83
[INFO] [stderr]    Compiling memchr v2.7.1
[INFO] [stderr]    Compiling bech32 v0.9.1
[INFO] [stderr]    Compiling smallvec v1.11.2
[INFO] [stderr]    Compiling crunchy v0.2.2
[INFO] [stderr]    Compiling nom v7.1.3
[INFO] [stderr]    Compiling tiny-keccak v2.0.2
[INFO] [stderr]    Compiling openssl-sys v0.9.98
[INFO] [stderr]    Compiling libz-sys v1.1.12
[INFO] [stderr]    Compiling curl-sys v0.4.70+curl-8.5.0
[INFO] [stderr]    Compiling curl v0.4.44
[INFO] [stderr]    Compiling paste v1.0.14
[INFO] [stderr]    Compiling socket2 v0.4.10
[INFO] [stderr]    Compiling arrayref v0.3.7
[INFO] [stderr]    Compiling constant_time_eq v0.3.0
[INFO] [stderr]    Compiling arrayvec v0.7.4
[INFO] [stderr]    Compiling blake2s_simd v1.0.2
[INFO] [stderr]    Compiling colored v2.1.0
[INFO] [stderr]    Compiling sha2 v0.10.8
[INFO] [stderr]    Compiling parking_lot_core v0.9.9
[INFO] [stderr]    Compiling fxhash v0.2.1
[INFO] [stderr]    Compiling parking_lot v0.12.1
[INFO] [stderr]    Compiling blake2 v0.10.6
[INFO] [stderr]    Compiling snarkvm-circuit-environment-witness v0.16.12
[INFO] [stderr]    Compiling snarkvm-circuit-types-boolean v0.16.12
[INFO] [stderr]    Compiling snarkvm-circuit-types-field v0.16.12
[INFO] [stderr]    Compiling snarkvm-circuit-types-scalar v0.16.12
[INFO] [stderr]    Compiling snarkvm-circuit-types-group v0.16.12
[INFO] [stderr]    Compiling snarkvm-circuit-types-integers v0.16.12
[INFO] [stderr]    Compiling snarkvm-circuit-types-string v0.16.12
[INFO] [stderr]    Compiling snarkvm-circuit-types-address v0.16.12
[INFO] [stderr]    Compiling snarkvm-circuit-algorithms v0.16.12
[INFO] [stderr]    Compiling unicode-xid v0.0.4
[INFO] [stderr]    Compiling snarkvm-circuit-collections v0.16.12
[INFO] [stderr]    Compiling synom v0.11.3
[INFO] [stderr]    Compiling bs58 v0.5.0
[INFO] [stderr]    Compiling quote v0.3.15
[INFO] [stderr]    Compiling snarkvm-circuit-network v0.16.12
[INFO] [stderr]    Compiling enum_index v0.2.0
[INFO] [stderr]    Compiling snarkvm-circuit-account v0.16.12
[INFO] [stderr]    Compiling snarkvm-circuit-program v0.16.12
[INFO] [stderr]    Compiling syn v0.11.11
[INFO] [stderr]    Compiling serde_derive v1.0.194
[INFO] [stderr]    Compiling thiserror-impl v1.0.56
[INFO] [stderr]    Compiling zeroize_derive v1.4.2
[INFO] [stderr]    Compiling snarkvm-utilities-derives v0.16.12
[INFO] [stderr]    Compiling num-derive v0.4.1
[INFO] [stderr]    Compiling aleo-std-timed v0.1.2
[INFO] [stderr]    Compiling aleo-std-time v0.1.2
[INFO] [stderr]    Compiling derivative v2.2.0
[INFO] [stderr]    Compiling aleo-std v0.1.18
[INFO] [stderr]    Compiling enum_index_derive v0.2.0
[INFO] [stderr]    Compiling zeroize v1.7.0
[INFO] [stderr]    Compiling thiserror v1.0.56
[INFO] [stderr]    Compiling serde v1.0.194
[INFO] [stderr]    Compiling indexmap v2.1.0
[INFO] [stderr]    Compiling bincode v1.3.3
[INFO] [stderr]    Compiling snarkvm-utilities v0.16.12
[INFO] [stderr]    Compiling snarkvm-fields v0.16.12
[INFO] [stderr]    Compiling snarkvm-curves v0.16.12
[INFO] [stderr]    Compiling snarkvm-console-network-environment v0.16.12
[INFO] [stderr]    Compiling snarkvm-parameters v0.16.12
[INFO] [stderr]    Compiling snarkvm-console-types-boolean v0.16.12
[INFO] [stderr]    Compiling snarkvm-console-types-field v0.16.12
[INFO] [stderr]    Compiling snarkvm-console-types-scalar v0.16.12
[INFO] [stderr]    Compiling snarkvm-console-types-integers v0.16.12
[INFO] [stderr]    Compiling snarkvm-console-types-group v0.16.12
[INFO] [stderr]    Compiling snarkvm-console-types-address v0.16.12
[INFO] [stderr]    Compiling snarkvm-algorithms v0.16.12
[INFO] [stderr]    Compiling snarkvm-console-types-string v0.16.12
[INFO] [stderr]    Compiling snarkvm-console-types v0.16.12
[INFO] [stderr]    Compiling snarkvm-console-algorithms v0.16.12
[INFO] [stderr]    Compiling snarkvm-console-collections v0.16.12
[INFO] [stderr]    Compiling snarkvm-console-network v0.16.12
[INFO] [stderr]    Compiling snarkvm-circuit-environment v0.16.12
[INFO] [stderr]    Compiling snarkvm-console-account v0.16.12
[INFO] [stderr]    Compiling snarkvm-console-program v0.16.12
[INFO] [stderr]    Compiling snarkvm-circuit-types v0.16.12
[INFO] [stderr]    Compiling snarkvm-console v0.16.12
[INFO] [stderr]    Compiling snarkvm-circuit v0.16.12
[INFO] [stderr]    Compiling snarkvm-synthesizer-snark v0.16.12
[INFO] [stderr]    Compiling snarkvm-ledger-coinbase v0.16.12
[INFO] [stderr]    Compiling snarkvm-ledger-narwhal-transmission-id v0.16.12
[INFO] [stderr]    Compiling snarkvm-ledger-narwhal-batch-header v0.16.12 (/opt/rustwide/workdir)
[INFO] [stderr]     Finished dev [unoptimized + debuginfo] target(s) in 1m 14s
[INFO] running `Command { std: "docker" "inspect" "5bd36c9a61766275bdc5881454b9a7a48f095dc5e94ca0b9535d060d3441355d", kill_on_drop: false }`
[INFO] running `Command { std: "docker" "rm" "-f" "5bd36c9a61766275bdc5881454b9a7a48f095dc5e94ca0b9535d060d3441355d", kill_on_drop: false }`
[INFO] [stdout] 5bd36c9a61766275bdc5881454b9a7a48f095dc5e94ca0b9535d060d3441355d
[INFO] running `Command { std: "docker" "create" "-v" "/var/lib/crater-agent-workspace/builds/worker-2-tc2/target:/opt/rustwide/target:rw,Z" "-v" "/var/lib/crater-agent-workspace/builds/worker-2-tc2/source:/opt/rustwide/workdir:ro,Z" "-v" "/var/lib/crater-agent-workspace/cargo-home:/opt/rustwide/cargo-home:ro,Z" "-v" "/var/lib/crater-agent-workspace/rustup-home:/opt/rustwide/rustup-home:ro,Z" "-e" "SOURCE_DIR=/opt/rustwide/workdir" "-e" "CARGO_TARGET_DIR=/opt/rustwide/target" "-e" "CARGO_INCREMENTAL=0" "-e" "RUST_BACKTRACE=full" "-e" "RUSTFLAGS=--cap-lints=warn" "-e" "RUSTDOCFLAGS=--cap-lints=warn" "-e" "CARGO_HOME=/opt/rustwide/cargo-home" "-e" "RUSTUP_HOME=/opt/rustwide/rustup-home" "-w" "/opt/rustwide/workdir" "-m" "1610612736" "--user" "0:0" "--network" "none" "ghcr.io/rust-lang/crates-build-env/linux@sha256:2788e3201cd34a07e3172128adcd8b3090168a8e3bcc40d7c032b9dda1df7d1c" "/opt/rustwide/cargo-home/bin/cargo" "+beta-2023-12-22" "test" "--frozen" "--no-run" "--message-format=json", kill_on_drop: false }`
[INFO] [stdout] ac0c1f907004a7b577181acb922f1d180b1ee2b9d9397dc5d456c9dd231c619a
[INFO] running `Command { std: "docker" "start" "-a" "ac0c1f907004a7b577181acb922f1d180b1ee2b9d9397dc5d456c9dd231c619a", kill_on_drop: false }`
[INFO] [stderr]    Compiling snarkvm-ledger-narwhal-batch-header v0.16.12 (/opt/rustwide/workdir)
[INFO] [stdout] error[E0432]: unresolved import `time`
[INFO] [stdout]    --> src/lib.rs:171:9
[INFO] [stdout]     |
[INFO] [stdout] 171 |     use time::OffsetDateTime;
[INFO] [stdout]     |         ^^^^ help: a similar path exists: `std::time`
[INFO] [stdout] 
[INFO] [stdout] 
[INFO] [stdout] error[E0433]: failed to resolve: could not find `test_helpers` in `narwhal_transmission_id`
[INFO] [stdout]    --> src/lib.rs:198:38
[INFO] [stdout]     |
[INFO] [stdout] 198 |             narwhal_transmission_id::test_helpers::sample_transmission_ids(rng).into_iter().collect::<IndexSet<_>>();
[INFO] [stdout]     |                                      ^^^^^^^^^^^^ could not find `test_helpers` in `narwhal_transmission_id`
[INFO] [stdout] 
[INFO] [stdout] 
[INFO] [stdout] error: aborting due to 2 previous errors
[INFO] [stdout] 
[INFO] [stdout] 
[INFO] [stdout] Some errors have detailed explanations: E0432, E0433.
[INFO] [stdout] 
[INFO] [stdout] For more information about an error, try `rustc --explain E0432`.
[INFO] [stdout] 
[INFO] [stderr] error: could not compile `snarkvm-ledger-narwhal-batch-header` (lib test) due to 3 previous errors
[INFO] running `Command { std: "docker" "inspect" "ac0c1f907004a7b577181acb922f1d180b1ee2b9d9397dc5d456c9dd231c619a", kill_on_drop: false }`
[INFO] running `Command { std: "docker" "rm" "-f" "ac0c1f907004a7b577181acb922f1d180b1ee2b9d9397dc5d456c9dd231c619a", kill_on_drop: false }`
[INFO] [stdout] ac0c1f907004a7b577181acb922f1d180b1ee2b9d9397dc5d456c9dd231c619a
