[INFO] fetching crate snarkvm-ledger-committee 0.16.12...
[INFO] testing snarkvm-ledger-committee-0.16.12 against 1.75.0 for beta-1.76-1
[INFO] extracting crate snarkvm-ledger-committee 0.16.12 into /workspace/builds/worker-7-tc1/source
[INFO] validating manifest of crates.io crate snarkvm-ledger-committee 0.16.12 on toolchain 1.75.0
[INFO] running `Command { std: CARGO_HOME="/workspace/cargo-home" RUSTUP_HOME="/workspace/rustup-home" "/workspace/cargo-home/bin/cargo" "+1.75.0" "metadata" "--manifest-path" "Cargo.toml" "--no-deps", kill_on_drop: false }`
[INFO] started tweaking crates.io crate snarkvm-ledger-committee 0.16.12
[INFO] finished tweaking crates.io crate snarkvm-ledger-committee 0.16.12
[INFO] tweaked toml for crates.io crate snarkvm-ledger-committee 0.16.12 written to /workspace/builds/worker-7-tc1/source/Cargo.toml
[INFO] running `Command { std: CARGO_HOME="/workspace/cargo-home" RUSTUP_HOME="/workspace/rustup-home" "/workspace/cargo-home/bin/cargo" "+1.75.0" "generate-lockfile" "--manifest-path" "Cargo.toml", kill_on_drop: false }`
[INFO] [stderr]     Blocking waiting for file lock on package cache
[INFO] [stderr]     Updating crates.io index
[INFO] running `Command { std: CARGO_HOME="/workspace/cargo-home" RUSTUP_HOME="/workspace/rustup-home" "/workspace/cargo-home/bin/cargo" "+1.75.0" "fetch" "--manifest-path" "Cargo.toml", kill_on_drop: false }`
[INFO] [stderr]  Downloading crates ...
[INFO] [stderr]   Downloaded snarkvm-console-network-environment v0.16.12
[INFO] [stderr]   Downloaded snarkvm-console-types v0.16.12
[INFO] [stderr]   Downloaded snarkvm-fields v0.16.12
[INFO] [stderr]   Downloaded snarkvm-utilities-derives v0.16.12
[INFO] [stderr]   Downloaded snarkvm-console-types-field v0.16.12
[INFO] [stderr]   Downloaded snarkvm-console-network v0.16.12
[INFO] [stderr]   Downloaded snarkvm-console-types-scalar v0.16.12
[INFO] [stderr]   Downloaded snarkvm-console-program v0.16.12
[INFO] [stderr]   Downloaded snarkvm-console-algorithms v0.16.12
[INFO] [stderr]   Downloaded snarkvm-algorithms v0.16.12
[INFO] [stderr]   Downloaded test-strategy v0.3.1
[INFO] [stderr]   Downloaded snarkvm-console-types-boolean v0.16.12
[INFO] [stderr]   Downloaded snarkvm-console-collections v0.16.12
[INFO] [stderr]   Downloaded snarkvm-utilities v0.16.12
[INFO] [stderr]   Downloaded snarkvm-parameters v0.16.12
[INFO] [stderr]   Downloaded snarkvm-console-types-integers v0.16.12
[INFO] [stderr]   Downloaded snarkvm-console-types-group v0.16.12
[INFO] [stderr]   Downloaded snarkvm-console-types-address v0.16.12
[INFO] [stderr]   Downloaded snarkvm-console-types-string v0.16.12
[INFO] [stderr]   Downloaded snarkvm-console-account v0.16.12
[INFO] [stderr]   Downloaded snarkvm-console v0.16.12
[INFO] [stderr]   Downloaded snarkvm-metrics v0.16.12
[INFO] [stderr]   Downloaded snarkvm-curves v0.16.12
[INFO] running `Command { std: "docker" "create" "-v" "/var/lib/crater-agent-workspace/builds/worker-7-tc1/target:/opt/rustwide/target:rw,Z" "-v" "/var/lib/crater-agent-workspace/builds/worker-7-tc1/source:/opt/rustwide/workdir:ro,Z" "-v" "/var/lib/crater-agent-workspace/cargo-home:/opt/rustwide/cargo-home:ro,Z" "-v" "/var/lib/crater-agent-workspace/rustup-home:/opt/rustwide/rustup-home:ro,Z" "-e" "SOURCE_DIR=/opt/rustwide/workdir" "-e" "CARGO_TARGET_DIR=/opt/rustwide/target" "-e" "CARGO_HOME=/opt/rustwide/cargo-home" "-e" "RUSTUP_HOME=/opt/rustwide/rustup-home" "-w" "/opt/rustwide/workdir" "-m" "1610612736" "--user" "0:0" "--network" "none" "ghcr.io/rust-lang/crates-build-env/linux@sha256:2788e3201cd34a07e3172128adcd8b3090168a8e3bcc40d7c032b9dda1df7d1c" "/opt/rustwide/cargo-home/bin/cargo" "+1.75.0" "metadata" "--no-deps" "--format-version=1", kill_on_drop: false }`
[INFO] [stdout] 359ea0f59a59cbcadcb0aabec0312396199081caa55b6dd1eae8cdfb4eb8910a
[INFO] running `Command { std: "docker" "start" "-a" "359ea0f59a59cbcadcb0aabec0312396199081caa55b6dd1eae8cdfb4eb8910a", kill_on_drop: false }`
[INFO] running `Command { std: "docker" "inspect" "359ea0f59a59cbcadcb0aabec0312396199081caa55b6dd1eae8cdfb4eb8910a", kill_on_drop: false }`
[INFO] running `Command { std: "docker" "rm" "-f" "359ea0f59a59cbcadcb0aabec0312396199081caa55b6dd1eae8cdfb4eb8910a", kill_on_drop: false }`
[INFO] [stdout] 359ea0f59a59cbcadcb0aabec0312396199081caa55b6dd1eae8cdfb4eb8910a
[INFO] running `Command { std: "docker" "create" "-v" "/var/lib/crater-agent-workspace/builds/worker-7-tc1/target:/opt/rustwide/target:rw,Z" "-v" "/var/lib/crater-agent-workspace/builds/worker-7-tc1/source:/opt/rustwide/workdir:ro,Z" "-v" "/var/lib/crater-agent-workspace/cargo-home:/opt/rustwide/cargo-home:ro,Z" "-v" "/var/lib/crater-agent-workspace/rustup-home:/opt/rustwide/rustup-home:ro,Z" "-e" "SOURCE_DIR=/opt/rustwide/workdir" "-e" "CARGO_TARGET_DIR=/opt/rustwide/target" "-e" "CARGO_INCREMENTAL=0" "-e" "RUST_BACKTRACE=full" "-e" "RUSTFLAGS=--cap-lints=warn" "-e" "RUSTDOCFLAGS=--cap-lints=warn" "-e" "CARGO_HOME=/opt/rustwide/cargo-home" "-e" "RUSTUP_HOME=/opt/rustwide/rustup-home" "-w" "/opt/rustwide/workdir" "-m" "1610612736" "--user" "0:0" "--network" "none" "ghcr.io/rust-lang/crates-build-env/linux@sha256:2788e3201cd34a07e3172128adcd8b3090168a8e3bcc40d7c032b9dda1df7d1c" "/opt/rustwide/cargo-home/bin/cargo" "+1.75.0" "build" "--frozen" "--message-format=json", kill_on_drop: false }`
[INFO] [stdout] f8a3d8e834fa0a9aa961744685c3fb001679b78f91f79ad41c7bd1d6920af7ab
[INFO] running `Command { std: "docker" "start" "-a" "f8a3d8e834fa0a9aa961744685c3fb001679b78f91f79ad41c7bd1d6920af7ab", kill_on_drop: false }`
[INFO] [stderr]    Compiling libc v0.2.151
[INFO] [stderr]    Compiling cfg-if v1.0.0
[INFO] [stderr]    Compiling crossbeam-utils v0.8.18
[INFO] [stderr]    Compiling syn v1.0.109
[INFO] [stderr]    Compiling serde v1.0.194
[INFO] [stderr]    Compiling rayon-core v1.12.0
[INFO] [stderr]    Compiling either v1.9.0
[INFO] [stderr]    Compiling once_cell v1.19.0
[INFO] [stderr]    Compiling zerocopy v0.7.32
[INFO] [stderr]    Compiling allocator-api2 v0.2.16
[INFO] [stderr]    Compiling ppv-lite86 v0.2.17
[INFO] [stderr]    Compiling equivalent v1.0.1
[INFO] [stderr]    Compiling ahash v0.8.7
[INFO] [stderr]    Compiling num-traits v0.2.17
[INFO] [stderr]    Compiling num-integer v0.1.45
[INFO] [stderr]    Compiling syn v2.0.48
[INFO] [stderr]    Compiling num-bigint v0.4.4
[INFO] [stderr]    Compiling thiserror v1.0.56
[INFO] [stderr]    Compiling serde_json v1.0.111
[INFO] [stderr]    Compiling anyhow v1.0.79
[INFO] [stderr]    Compiling aleo-std-cpu v0.1.4
[INFO] [stderr]    Compiling aleo-std-timer v0.1.2
[INFO] [stderr]    Compiling aleo-std-profiler v0.1.15
[INFO] [stderr]    Compiling smol_str v0.2.0
[INFO] [stderr]    Compiling itertools v0.11.0
[INFO] [stderr]    Compiling pkg-config v0.3.28
[INFO] [stderr]    Compiling minimal-lexical v0.2.1
[INFO] [stderr]    Compiling memchr v2.7.1
[INFO] [stderr]    Compiling vcpkg v0.2.15
[INFO] [stderr]    Compiling bech32 v0.9.1
[INFO] [stderr]    Compiling typenum v1.17.0
[INFO] [stderr]    Compiling hashbrown v0.14.3
[INFO] [stderr]    Compiling crossbeam-epoch v0.9.17
[INFO] [stderr]    Compiling generic-array v0.14.7
[INFO] [stderr]    Compiling crossbeam-deque v0.8.4
[INFO] [stderr]    Compiling smallvec v1.11.2
[INFO] [stderr]    Compiling subtle v2.5.0
[INFO] [stderr]    Compiling getrandom v0.2.11
[INFO] [stderr]    Compiling dirs-sys v0.3.7
[INFO] [stderr]    Compiling num_cpus v1.16.0
[INFO] [stderr]    Compiling nom v7.1.3
[INFO] [stderr]    Compiling crunchy v0.2.2
[INFO] [stderr]    Compiling rand_core v0.6.4
[INFO] [stderr]    Compiling dirs v4.0.0
[INFO] [stderr]    Compiling rayon v1.8.0
[INFO] [stderr]    Compiling rand_chacha v0.3.1
[INFO] [stderr]    Compiling aleo-std-storage v0.1.3
[INFO] [stderr]    Compiling rand_xorshift v0.3.0
[INFO] [stderr]    Compiling cc v1.0.83
[INFO] [stderr]    Compiling lock_api v0.4.11
[INFO] [stderr]    Compiling rand v0.8.5
[INFO] [stderr]    Compiling tiny-keccak v2.0.2
[INFO] [stderr]    Compiling parking_lot_core v0.9.9
[INFO] [stderr]    Compiling curl v0.4.44
[INFO] [stderr]    Compiling paste v1.0.14
[INFO] [stderr]    Compiling socket2 v0.4.10
[INFO] [stderr]    Compiling arrayvec v0.7.4
[INFO] [stderr]    Compiling constant_time_eq v0.3.0
[INFO] [stderr]    Compiling cpufeatures v0.2.12
[INFO] [stderr]    Compiling scopeguard v1.2.0
[INFO] [stderr]    Compiling lazy_static v1.4.0
[INFO] [stderr]    Compiling arrayref v0.3.7
[INFO] [stderr]    Compiling openssl-probe v0.1.5
[INFO] [stderr]    Compiling colored v2.1.0
[INFO] [stderr]    Compiling blake2s_simd v1.0.2
[INFO] [stderr]    Compiling hex v0.4.3
[INFO] [stderr]    Compiling byteorder v1.5.0
[INFO] [stderr]    Compiling parking_lot v0.12.1
[INFO] [stderr]    Compiling unicode-xid v0.0.4
[INFO] [stderr]    Compiling quote v0.3.15
[INFO] [stderr]    Compiling bs58 v0.5.0
[INFO] [stderr]    Compiling enum_index v0.2.0
[INFO] [stderr]    Compiling synom v0.11.3
[INFO] [stderr]    Compiling fxhash v0.2.1
[INFO] [stderr]    Compiling syn v0.11.11
[INFO] [stderr]    Compiling libz-sys v1.1.12
[INFO] [stderr]    Compiling openssl-sys v0.9.98
[INFO] [stderr]    Compiling curl-sys v0.4.70+curl-8.5.0
[INFO] [stderr]    Compiling block-buffer v0.10.4
[INFO] [stderr]    Compiling crypto-common v0.1.6
[INFO] [stderr]    Compiling digest v0.10.7
[INFO] [stderr]    Compiling sha2 v0.10.8
[INFO] [stderr]    Compiling blake2 v0.10.6
[INFO] [stderr]    Compiling enum_index_derive v0.2.0
[INFO] [stderr]    Compiling serde_derive v1.0.194
[INFO] [stderr]    Compiling thiserror-impl v1.0.56
[INFO] [stderr]    Compiling zeroize_derive v1.4.2
[INFO] [stderr]    Compiling snarkvm-utilities-derives v0.16.12
[INFO] [stderr]    Compiling num-derive v0.4.1
[INFO] [stderr]    Compiling zeroize v1.7.0
[INFO] [stderr]    Compiling aleo-std-time v0.1.2
[INFO] [stderr]    Compiling aleo-std-timed v0.1.2
[INFO] [stderr]    Compiling derivative v2.2.0
[INFO] [stderr]    Compiling aleo-std v0.1.18
[INFO] [stderr]    Compiling indexmap v2.1.0
[INFO] [stderr]    Compiling bincode v1.3.3
[INFO] [stderr]    Compiling snarkvm-utilities v0.16.12
[INFO] [stderr]    Compiling snarkvm-fields v0.16.12
[INFO] [stderr]    Compiling snarkvm-curves v0.16.12
[INFO] [stderr]    Compiling snarkvm-console-network-environment v0.16.12
[INFO] [stderr]    Compiling snarkvm-parameters v0.16.12
[INFO] [stderr]    Compiling snarkvm-console-types-boolean v0.16.12
[INFO] [stderr]    Compiling snarkvm-console-types-field v0.16.12
[INFO] [stderr]    Compiling snarkvm-console-types-scalar v0.16.12
[INFO] [stderr]    Compiling snarkvm-console-types-group v0.16.12
[INFO] [stderr]    Compiling snarkvm-console-types-integers v0.16.12
[INFO] [stderr]    Compiling snarkvm-console-types-address v0.16.12
[INFO] [stderr]    Compiling snarkvm-console-types-string v0.16.12
[INFO] [stderr]    Compiling snarkvm-console-types v0.16.12
[INFO] [stderr]    Compiling snarkvm-console-algorithms v0.16.12
[INFO] [stderr]    Compiling snarkvm-algorithms v0.16.12
[INFO] [stderr]    Compiling snarkvm-console-collections v0.16.12
[INFO] [stderr]    Compiling snarkvm-console-network v0.16.12
[INFO] [stderr]    Compiling snarkvm-console-account v0.16.12
[INFO] [stderr]    Compiling snarkvm-console-program v0.16.12
[INFO] [stderr]    Compiling snarkvm-console v0.16.12
[INFO] [stderr]    Compiling snarkvm-ledger-committee v0.16.12 (/opt/rustwide/workdir)
[INFO] [stderr]     Finished dev [unoptimized + debuginfo] target(s) in 27.75s
[INFO] running `Command { std: "docker" "inspect" "f8a3d8e834fa0a9aa961744685c3fb001679b78f91f79ad41c7bd1d6920af7ab", kill_on_drop: false }`
[INFO] running `Command { std: "docker" "rm" "-f" "f8a3d8e834fa0a9aa961744685c3fb001679b78f91f79ad41c7bd1d6920af7ab", kill_on_drop: false }`
[INFO] [stdout] f8a3d8e834fa0a9aa961744685c3fb001679b78f91f79ad41c7bd1d6920af7ab
[INFO] running `Command { std: "docker" "create" "-v" "/var/lib/crater-agent-workspace/builds/worker-7-tc1/target:/opt/rustwide/target:rw,Z" "-v" "/var/lib/crater-agent-workspace/builds/worker-7-tc1/source:/opt/rustwide/workdir:ro,Z" "-v" "/var/lib/crater-agent-workspace/cargo-home:/opt/rustwide/cargo-home:ro,Z" "-v" "/var/lib/crater-agent-workspace/rustup-home:/opt/rustwide/rustup-home:ro,Z" "-e" "SOURCE_DIR=/opt/rustwide/workdir" "-e" "CARGO_TARGET_DIR=/opt/rustwide/target" "-e" "CARGO_INCREMENTAL=0" "-e" "RUST_BACKTRACE=full" "-e" "RUSTFLAGS=--cap-lints=warn" "-e" "RUSTDOCFLAGS=--cap-lints=warn" "-e" "CARGO_HOME=/opt/rustwide/cargo-home" "-e" "RUSTUP_HOME=/opt/rustwide/rustup-home" "-w" "/opt/rustwide/workdir" "-m" "1610612736" "--user" "0:0" "--network" "none" "ghcr.io/rust-lang/crates-build-env/linux@sha256:2788e3201cd34a07e3172128adcd8b3090168a8e3bcc40d7c032b9dda1df7d1c" "/opt/rustwide/cargo-home/bin/cargo" "+1.75.0" "test" "--frozen" "--no-run" "--message-format=json", kill_on_drop: false }`
[INFO] [stdout] d6d84cb1b94d6899b8228b54956eb0c7fcf3d2b5950c2ff039e0beb44cde58a4
[INFO] running `Command { std: "docker" "start" "-a" "d6d84cb1b94d6899b8228b54956eb0c7fcf3d2b5950c2ff039e0beb44cde58a4", kill_on_drop: false }`
[INFO] [stderr]    Compiling libm v0.2.8
[INFO] [stderr]    Compiling num-traits v0.2.17
[INFO] [stderr]    Compiling num-integer v0.1.45
[INFO] [stderr]    Compiling rand_distr v0.4.3
[INFO] [stderr]    Compiling num-bigint v0.4.4
[INFO] [stderr]    Compiling snarkvm-utilities v0.16.12
[INFO] [stderr]    Compiling snarkvm-fields v0.16.12
[INFO] [stderr]    Compiling snarkvm-curves v0.16.12
[INFO] [stderr]    Compiling snarkvm-console-network-environment v0.16.12
[INFO] [stderr]    Compiling snarkvm-parameters v0.16.12
[INFO] [stderr]    Compiling snarkvm-console-types-boolean v0.16.12
[INFO] [stderr]    Compiling snarkvm-console-types-field v0.16.12
[INFO] [stderr]    Compiling snarkvm-console-types-scalar v0.16.12
[INFO] [stderr]    Compiling snarkvm-console-types-integers v0.16.12
[INFO] [stderr]    Compiling snarkvm-console-types-group v0.16.12
[INFO] [stderr]    Compiling snarkvm-console-types-address v0.16.12
[INFO] [stderr]    Compiling snarkvm-console-types-string v0.16.12
[INFO] [stderr]    Compiling snarkvm-console-types v0.16.12
[INFO] [stderr]    Compiling snarkvm-console-algorithms v0.16.12
[INFO] [stderr]    Compiling snarkvm-algorithms v0.16.12
[INFO] [stderr]    Compiling snarkvm-console-collections v0.16.12
[INFO] [stderr]    Compiling snarkvm-console-network v0.16.12
[INFO] [stderr]    Compiling snarkvm-console-account v0.16.12
[INFO] [stderr]    Compiling snarkvm-console-program v0.16.12
[INFO] [stderr]    Compiling snarkvm-console v0.16.12
[INFO] [stderr]    Compiling snarkvm-ledger-committee v0.16.12 (/opt/rustwide/workdir)
[INFO] [stdout] error[E0432]: unresolved import `anyhow`
[INFO] [stdout]   --> src/prop_tests.rs:19:5
[INFO] [stdout]    |
[INFO] [stdout] 19 | use anyhow::Result;
[INFO] [stdout]    |     ^^^^^^ use of undeclared crate or module `anyhow`
[INFO] [stdout] 
[INFO] [stdout] 
[INFO] [stdout] error[E0432]: unresolved import `rand`
[INFO] [stdout]   --> src/prop_tests.rs:25:5
[INFO] [stdout]    |
[INFO] [stdout] 25 | use rand::SeedableRng;
[INFO] [stdout]    |     ^^^^ use of undeclared crate or module `rand`
[INFO] [stdout] 
[INFO] [stdout] 
[INFO] [stdout] error[E0432]: unresolved import `test_strategy`
[INFO] [stdout]   --> src/prop_tests.rs:30:5
[INFO] [stdout]    |
[INFO] [stdout] 30 | use test_strategy::proptest;
[INFO] [stdout]    |     ^^^^^^^^^^^^^ use of undeclared crate or module `test_strategy`
[INFO] [stdout] 
[INFO] [stdout] 
[INFO] [stdout] error: cannot determine resolution for the attribute macro `proptest`
[INFO] [stdout]    --> src/prop_tests.rs:170:3
[INFO] [stdout]     |
[INFO] [stdout] 170 | #[proptest]
[INFO] [stdout]     |   ^^^^^^^^
[INFO] [stdout]     |
[INFO] [stdout]     = note: import resolution is stuck, try simplifying macro imports
[INFO] [stdout] 
[INFO] [stdout] 
[INFO] [stdout] error: cannot determine resolution for the attribute macro `proptest`
[INFO] [stdout]    --> src/prop_tests.rs:192:3
[INFO] [stdout]     |
[INFO] [stdout] 192 | #[proptest]
[INFO] [stdout]     |   ^^^^^^^^
[INFO] [stdout]     |
[INFO] [stdout]     = note: import resolution is stuck, try simplifying macro imports
[INFO] [stdout] 
[INFO] [stdout] 
[INFO] [stdout] error: cannot find attribute `strategy` in this scope
[INFO] [stdout]    --> src/prop_tests.rs:193:21
[INFO] [stdout]     |
[INFO] [stdout] 193 | fn invalid_stakes(#[strategy(too_low_stake_committee())] committee: Result<Committee<CurrentNetwork>>) {
[INFO] [stdout]     |                     ^^^^^^^^
[INFO] [stdout] 
[INFO] [stdout] 
[INFO] [stdout] error: cannot determine resolution for the attribute macro `proptest`
[INFO] [stdout]    --> src/prop_tests.rs:200:3
[INFO] [stdout]     |
[INFO] [stdout] 200 | #[proptest]
[INFO] [stdout]     |   ^^^^^^^^
[INFO] [stdout]     |
[INFO] [stdout]     = note: import resolution is stuck, try simplifying macro imports
[INFO] [stdout] 
[INFO] [stdout] 
[INFO] [stdout] error: cannot find attribute `strategy` in this scope
[INFO] [stdout]    --> src/prop_tests.rs:201:27
[INFO] [stdout]     |
[INFO] [stdout] 201 | fn invalid_member_count(#[strategy(too_small_committee())] committee: Result<Committee<CurrentNetwork>>) {
[INFO] [stdout]     |                           ^^^^^^^^
[INFO] [stdout] 
[INFO] [stdout] 
[INFO] [stdout] error[E0433]: failed to resolve: use of undeclared crate or module `rand_chacha`
[INFO] [stdout]    --> src/prop_tests.rs:112:36
[INFO] [stdout]     |
[INFO] [stdout] 112 |                     let rng = &mut rand_chacha::ChaChaRng::seed_from_u64(i);
[INFO] [stdout]     |                                    ^^^^^^^^^^^ use of undeclared crate or module `rand_chacha`
[INFO] [stdout] 
[INFO] [stdout] 
[INFO] [stdout] error[E0433]: failed to resolve: use of undeclared crate or module `rand_chacha`
[INFO] [stdout]    --> src/prop_tests.rs:144:28
[INFO] [stdout]     |
[INFO] [stdout] 144 |             let rng = &mut rand_chacha::ChaChaRng::seed_from_u64(seed);
[INFO] [stdout]     |                            ^^^^^^^^^^^ use of undeclared crate or module `rand_chacha`
[INFO] [stdout] 
[INFO] [stdout] 
[INFO] [stdout] error[E0433]: failed to resolve: use of undeclared crate or module `ledger_narwhal_batch_header`
[INFO] [stdout]    --> src/lib.rs:419:13
[INFO] [stdout]     |
[INFO] [stdout] 419 |             ledger_narwhal_batch_header::BatchHeader::<CurrentNetwork>::MAX_CERTIFICATES
[INFO] [stdout]     |             ^^^^^^^^^^^^^^^^^^^^^^^^^^^ use of undeclared crate or module `ledger_narwhal_batch_header`
[INFO] [stdout] 
[INFO] [stdout] 
[INFO] [stdout] error: aborting due to 11 previous errors
[INFO] [stdout] 
[INFO] [stdout] 
[INFO] [stdout] Some errors have detailed explanations: E0432, E0433.
[INFO] [stdout] 
[INFO] [stdout] For more information about an error, try `rustc --explain E0432`.
[INFO] [stdout] 
[INFO] [stderr] error: could not compile `snarkvm-ledger-committee` (lib test) due to 12 previous errors
[INFO] running `Command { std: "docker" "inspect" "d6d84cb1b94d6899b8228b54956eb0c7fcf3d2b5950c2ff039e0beb44cde58a4", kill_on_drop: false }`
[INFO] running `Command { std: "docker" "rm" "-f" "d6d84cb1b94d6899b8228b54956eb0c7fcf3d2b5950c2ff039e0beb44cde58a4", kill_on_drop: false }`
[INFO] [stdout] d6d84cb1b94d6899b8228b54956eb0c7fcf3d2b5950c2ff039e0beb44cde58a4
