[INFO] fetching crate snarkvm-console-algorithms 0.16.12...
[INFO] testing snarkvm-console-algorithms-0.16.12 against 1.75.0 for beta-1.76-1
[INFO] extracting crate snarkvm-console-algorithms 0.16.12 into /workspace/builds/worker-3-tc1/source
[INFO] validating manifest of crates.io crate snarkvm-console-algorithms 0.16.12 on toolchain 1.75.0
[INFO] running `Command { std: CARGO_HOME="/workspace/cargo-home" RUSTUP_HOME="/workspace/rustup-home" "/workspace/cargo-home/bin/cargo" "+1.75.0" "metadata" "--manifest-path" "Cargo.toml" "--no-deps", kill_on_drop: false }`
[INFO] started tweaking crates.io crate snarkvm-console-algorithms 0.16.12
[INFO] finished tweaking crates.io crate snarkvm-console-algorithms 0.16.12
[INFO] tweaked toml for crates.io crate snarkvm-console-algorithms 0.16.12 written to /workspace/builds/worker-3-tc1/source/Cargo.toml
[INFO] running `Command { std: CARGO_HOME="/workspace/cargo-home" RUSTUP_HOME="/workspace/rustup-home" "/workspace/cargo-home/bin/cargo" "+1.75.0" "generate-lockfile" "--manifest-path" "Cargo.toml", kill_on_drop: false }`
[INFO] [stderr]     Updating crates.io index
[INFO] running `Command { std: CARGO_HOME="/workspace/cargo-home" RUSTUP_HOME="/workspace/rustup-home" "/workspace/cargo-home/bin/cargo" "+1.75.0" "fetch" "--manifest-path" "Cargo.toml", kill_on_drop: false }`
[INFO] [stderr]  Downloading crates ...
[INFO] [stderr]   Downloaded aleo-std v0.1.18
[INFO] [stderr]   Downloaded aleo-std-time v0.1.2
[INFO] [stderr]   Downloaded aleo-std-timed v0.1.2
[INFO] [stderr]   Downloaded aleo-std-cpu v0.1.4
[INFO] [stderr]   Downloaded snarkvm-console-types-group v0.16.12
[INFO] [stderr]   Downloaded snarkvm-console-types-integers v0.16.12
[INFO] [stderr]   Downloaded snarkvm-console-types v0.16.12
[INFO] [stderr]   Downloaded snarkvm-curves v0.16.12
[INFO] [stderr]   Downloaded expect-test v1.4.1
[INFO] [stderr]   Downloaded aleo-std-timer v0.1.2
[INFO] [stderr]   Downloaded snarkvm-console-types-scalar v0.16.12
[INFO] [stderr]   Downloaded snarkvm-fields v0.16.12
[INFO] [stderr]   Downloaded snarkvm-utilities-derives v0.16.12
[INFO] [stderr]   Downloaded snarkvm-console-types-boolean v0.16.12
[INFO] [stderr]   Downloaded aleo-std-profiler v0.1.15
[INFO] [stderr]   Downloaded snarkvm-console-types-field v0.16.12
[INFO] [stderr]   Downloaded snarkvm-utilities v0.16.12
[INFO] [stderr]   Downloaded snarkvm-console-network-environment v0.16.12
[INFO] running `Command { std: "docker" "create" "-v" "/var/lib/crater-agent-workspace/builds/worker-3-tc1/target:/opt/rustwide/target:rw,Z" "-v" "/var/lib/crater-agent-workspace/builds/worker-3-tc1/source:/opt/rustwide/workdir:ro,Z" "-v" "/var/lib/crater-agent-workspace/cargo-home:/opt/rustwide/cargo-home:ro,Z" "-v" "/var/lib/crater-agent-workspace/rustup-home:/opt/rustwide/rustup-home:ro,Z" "-e" "SOURCE_DIR=/opt/rustwide/workdir" "-e" "CARGO_TARGET_DIR=/opt/rustwide/target" "-e" "CARGO_HOME=/opt/rustwide/cargo-home" "-e" "RUSTUP_HOME=/opt/rustwide/rustup-home" "-w" "/opt/rustwide/workdir" "-m" "1610612736" "--user" "0:0" "--network" "none" "ghcr.io/rust-lang/crates-build-env/linux@sha256:2788e3201cd34a07e3172128adcd8b3090168a8e3bcc40d7c032b9dda1df7d1c" "/opt/rustwide/cargo-home/bin/cargo" "+1.75.0" "metadata" "--no-deps" "--format-version=1", kill_on_drop: false }`
[INFO] [stdout] 8dad250f51ae4014f2309e5698bc85da7a51e83f7f83e92222a257209eba416b
[INFO] running `Command { std: "docker" "start" "-a" "8dad250f51ae4014f2309e5698bc85da7a51e83f7f83e92222a257209eba416b", kill_on_drop: false }`
[INFO] running `Command { std: "docker" "inspect" "8dad250f51ae4014f2309e5698bc85da7a51e83f7f83e92222a257209eba416b", kill_on_drop: false }`
[INFO] running `Command { std: "docker" "rm" "-f" "8dad250f51ae4014f2309e5698bc85da7a51e83f7f83e92222a257209eba416b", kill_on_drop: false }`
[INFO] [stdout] 8dad250f51ae4014f2309e5698bc85da7a51e83f7f83e92222a257209eba416b
[INFO] running `Command { std: "docker" "create" "-v" "/var/lib/crater-agent-workspace/builds/worker-3-tc1/target:/opt/rustwide/target:rw,Z" "-v" "/var/lib/crater-agent-workspace/builds/worker-3-tc1/source:/opt/rustwide/workdir:ro,Z" "-v" "/var/lib/crater-agent-workspace/cargo-home:/opt/rustwide/cargo-home:ro,Z" "-v" "/var/lib/crater-agent-workspace/rustup-home:/opt/rustwide/rustup-home:ro,Z" "-e" "SOURCE_DIR=/opt/rustwide/workdir" "-e" "CARGO_TARGET_DIR=/opt/rustwide/target" "-e" "CARGO_INCREMENTAL=0" "-e" "RUST_BACKTRACE=full" "-e" "RUSTFLAGS=--cap-lints=warn" "-e" "RUSTDOCFLAGS=--cap-lints=warn" "-e" "CARGO_HOME=/opt/rustwide/cargo-home" "-e" "RUSTUP_HOME=/opt/rustwide/rustup-home" "-w" "/opt/rustwide/workdir" "-m" "1610612736" "--user" "0:0" "--network" "none" "ghcr.io/rust-lang/crates-build-env/linux@sha256:2788e3201cd34a07e3172128adcd8b3090168a8e3bcc40d7c032b9dda1df7d1c" "/opt/rustwide/cargo-home/bin/cargo" "+1.75.0" "build" "--frozen" "--message-format=json", kill_on_drop: false }`
[INFO] [stdout] 9c283b441fddfac524da620e1b4175ba9d752c3027374e83ca91185492f91298
[INFO] running `Command { std: "docker" "start" "-a" "9c283b441fddfac524da620e1b4175ba9d752c3027374e83ca91185492f91298", kill_on_drop: false }`
[INFO] [stderr]    Compiling syn v1.0.109
[INFO] [stderr]    Compiling crossbeam-utils v0.8.18
[INFO] [stderr]    Compiling num-traits v0.2.17
[INFO] [stderr]    Compiling num-integer v0.1.45
[INFO] [stderr]    Compiling rayon-core v1.12.0
[INFO] [stderr]    Compiling num-bigint v0.4.4
[INFO] [stderr]    Compiling syn v2.0.48
[INFO] [stderr]    Compiling getrandom v0.2.11
[INFO] [stderr]    Compiling rand_core v0.6.4
[INFO] [stderr]    Compiling ppv-lite86 v0.2.17
[INFO] [stderr]    Compiling thiserror v1.0.56
[INFO] [stderr]    Compiling serde_json v1.0.111
[INFO] [stderr]    Compiling hashbrown v0.14.3
[INFO] [stderr]    Compiling equivalent v1.0.1
[INFO] [stderr]    Compiling either v1.9.0
[INFO] [stderr]    Compiling rand_chacha v0.3.1
[INFO] [stderr]    Compiling crossbeam-epoch v0.9.17
[INFO] [stderr]    Compiling crossbeam-deque v0.8.4
[INFO] [stderr]    Compiling aleo-std-profiler v0.1.15
[INFO] [stderr]    Compiling aleo-std-cpu v0.1.4
[INFO] [stderr]    Compiling aleo-std-timer v0.1.2
[INFO] [stderr]    Compiling rand v0.8.5
[INFO] [stderr]    Compiling rand_xorshift v0.3.0
[INFO] [stderr]    Compiling num_cpus v1.16.0
[INFO] [stderr]    Compiling indexmap v2.1.0
[INFO] [stderr]    Compiling smol_str v0.2.0
[INFO] [stderr]    Compiling itertools v0.11.0
[INFO] [stderr]    Compiling rayon v1.8.0
[INFO] [stderr]    Compiling memchr v2.7.1
[INFO] [stderr]    Compiling minimal-lexical v0.2.1
[INFO] [stderr]    Compiling bech32 v0.9.1
[INFO] [stderr]    Compiling nom v7.1.3
[INFO] [stderr]    Compiling crunchy v0.2.2
[INFO] [stderr]    Compiling tiny-keccak v2.0.2
[INFO] [stderr]    Compiling constant_time_eq v0.3.0
[INFO] [stderr]    Compiling arrayref v0.3.7
[INFO] [stderr]    Compiling arrayvec v0.7.4
[INFO] [stderr]    Compiling smallvec v1.11.2
[INFO] [stderr]    Compiling blake2s_simd v1.0.2
[INFO] [stderr]    Compiling serde_derive v1.0.194
[INFO] [stderr]    Compiling zeroize_derive v1.4.2
[INFO] [stderr]    Compiling thiserror-impl v1.0.56
[INFO] [stderr]    Compiling snarkvm-utilities-derives v0.16.12
[INFO] [stderr]    Compiling zeroize v1.7.0
[INFO] [stderr]    Compiling aleo-std-time v0.1.2
[INFO] [stderr]    Compiling aleo-std-timed v0.1.2
[INFO] [stderr]    Compiling derivative v2.2.0
[INFO] [stderr]    Compiling aleo-std v0.1.18
[INFO] [stderr]    Compiling serde v1.0.194
[INFO] [stderr]    Compiling bincode v1.3.3
[INFO] [stderr]    Compiling snarkvm-utilities v0.16.12
[INFO] [stderr]    Compiling snarkvm-fields v0.16.12
[INFO] [stderr]    Compiling snarkvm-curves v0.16.12
[INFO] [stderr]    Compiling snarkvm-console-network-environment v0.16.12
[INFO] [stderr]    Compiling snarkvm-console-types-boolean v0.16.12
[INFO] [stderr]    Compiling snarkvm-console-types-field v0.16.12
[INFO] [stderr]    Compiling snarkvm-console-types-scalar v0.16.12
[INFO] [stderr]    Compiling snarkvm-console-types-integers v0.16.12
[INFO] [stderr]    Compiling snarkvm-console-types-group v0.16.12
[INFO] [stderr]    Compiling snarkvm-console-types v0.16.12
[INFO] [stderr]    Compiling snarkvm-console-algorithms v0.16.12 (/opt/rustwide/workdir)
[INFO] [stderr]     Finished dev [unoptimized + debuginfo] target(s) in 15.31s
[INFO] running `Command { std: "docker" "inspect" "9c283b441fddfac524da620e1b4175ba9d752c3027374e83ca91185492f91298", kill_on_drop: false }`
[INFO] running `Command { std: "docker" "rm" "-f" "9c283b441fddfac524da620e1b4175ba9d752c3027374e83ca91185492f91298", kill_on_drop: false }`
[INFO] [stdout] 9c283b441fddfac524da620e1b4175ba9d752c3027374e83ca91185492f91298
[INFO] running `Command { std: "docker" "create" "-v" "/var/lib/crater-agent-workspace/builds/worker-3-tc1/target:/opt/rustwide/target:rw,Z" "-v" "/var/lib/crater-agent-workspace/builds/worker-3-tc1/source:/opt/rustwide/workdir:ro,Z" "-v" "/var/lib/crater-agent-workspace/cargo-home:/opt/rustwide/cargo-home:ro,Z" "-v" "/var/lib/crater-agent-workspace/rustup-home:/opt/rustwide/rustup-home:ro,Z" "-e" "SOURCE_DIR=/opt/rustwide/workdir" "-e" "CARGO_TARGET_DIR=/opt/rustwide/target" "-e" "CARGO_INCREMENTAL=0" "-e" "RUST_BACKTRACE=full" "-e" "RUSTFLAGS=--cap-lints=warn" "-e" "RUSTDOCFLAGS=--cap-lints=warn" "-e" "CARGO_HOME=/opt/rustwide/cargo-home" "-e" "RUSTUP_HOME=/opt/rustwide/rustup-home" "-w" "/opt/rustwide/workdir" "-m" "1610612736" "--user" "0:0" "--network" "none" "ghcr.io/rust-lang/crates-build-env/linux@sha256:2788e3201cd34a07e3172128adcd8b3090168a8e3bcc40d7c032b9dda1df7d1c" "/opt/rustwide/cargo-home/bin/cargo" "+1.75.0" "test" "--frozen" "--no-run" "--message-format=json", kill_on_drop: false }`
[INFO] [stdout] 53c37c30fb135aeec56fc92e5fefa8d97c4bdb4a12fd80909666c2a955dcd900
[INFO] running `Command { std: "docker" "start" "-a" "53c37c30fb135aeec56fc92e5fefa8d97c4bdb4a12fd80909666c2a955dcd900", kill_on_drop: false }`
[INFO] [stderr]    Compiling serde v1.0.194
[INFO] [stderr]    Compiling rustix v0.38.28
[INFO] [stderr]    Compiling anstyle v1.0.4
[INFO] [stderr]    Compiling clap_lex v0.6.0
[INFO] [stderr]    Compiling linux-raw-sys v0.4.12
[INFO] [stderr]    Compiling plotters-backend v0.3.5
[INFO] [stderr]    Compiling bitflags v2.4.1
[INFO] [stderr]    Compiling regex-syntax v0.8.2
[INFO] [stderr]    Compiling half v1.8.2
[INFO] [stderr]    Compiling ciborium-io v0.2.1
[INFO] [stderr]    Compiling plotters-svg v0.3.5
[INFO] [stderr]    Compiling clap_builder v4.4.12
[INFO] [stderr]    Compiling itertools v0.10.5
[INFO] [stderr]    Compiling ciborium-ll v0.2.1
[INFO] [stderr]    Compiling cast v0.3.0
[INFO] [stderr]    Compiling once_cell v1.19.0
[INFO] [stderr]    Compiling same-file v1.0.6
[INFO] [stderr]    Compiling plotters v0.3.5
[INFO] [stderr]    Compiling oorandom v11.1.3
[INFO] [stderr]    Compiling walkdir v2.4.0
[INFO] [stderr]    Compiling dissimilar v1.0.7
[INFO] [stderr]    Compiling regex-automata v0.4.3
[INFO] [stderr]    Compiling is-terminal v0.4.10
[INFO] [stderr]    Compiling anes v0.1.6
[INFO] [stderr]    Compiling expect-test v1.4.1
[INFO] [stderr]    Compiling criterion-plot v0.5.0
[INFO] [stderr]    Compiling hex v0.4.3
[INFO] [stderr]    Compiling clap v4.4.13
[INFO] [stderr]    Compiling regex v1.10.2
[INFO] [stderr]    Compiling serde_json v1.0.111
[INFO] [stderr]    Compiling bincode v1.3.3
[INFO] [stderr]    Compiling ciborium v0.2.1
[INFO] [stderr]    Compiling snarkvm-utilities v0.16.12
[INFO] [stderr]    Compiling tinytemplate v1.2.1
[INFO] [stderr]    Compiling criterion v0.5.1
[INFO] [stderr]    Compiling snarkvm-fields v0.16.12
[INFO] [stderr]    Compiling snarkvm-curves v0.16.12
[INFO] [stderr]    Compiling snarkvm-console-network-environment v0.16.12
[INFO] [stderr]    Compiling snarkvm-console-types-boolean v0.16.12
[INFO] [stderr]    Compiling snarkvm-console-types-field v0.16.12
[INFO] [stderr]    Compiling snarkvm-console-types-scalar v0.16.12
[INFO] [stderr]    Compiling snarkvm-console-types-integers v0.16.12
[INFO] [stderr]    Compiling snarkvm-console-types-group v0.16.12
[INFO] [stderr]    Compiling snarkvm-console-types v0.16.12
[INFO] [stderr]    Compiling snarkvm-console-algorithms v0.16.12 (/opt/rustwide/workdir)
[INFO] [stdout] error[E0433]: failed to resolve: use of undeclared crate or module `snarkvm_curves`
[INFO] [stdout]   --> src/blake2xs/hash_to_curve.rs:60:9
[INFO] [stdout]    |
[INFO] [stdout] 60 |     use snarkvm_curves::bls12_377::G1Affine;
[INFO] [stdout]    |         ^^^^^^^^^^^^^^ use of undeclared crate or module `snarkvm_curves`
[INFO] [stdout] 
[INFO] [stdout] 
[INFO] [stdout] error[E0433]: failed to resolve: use of undeclared crate or module `snarkvm_curves`
[INFO] [stdout]    --> src/blake2xs/hash_to_curve.rs:141:9
[INFO] [stdout]     |
[INFO] [stdout] 141 |     use snarkvm_curves::bls12_377::G2Affine;
[INFO] [stdout]     |         ^^^^^^^^^^^^^^ use of undeclared crate or module `snarkvm_curves`
[INFO] [stdout] 
[INFO] [stdout] 
[INFO] [stdout] error[E0433]: failed to resolve: use of undeclared crate or module `snarkvm_curves`
[INFO] [stdout]    --> src/blake2xs/hash_to_curve.rs:266:9
[INFO] [stdout]     |
[INFO] [stdout] 266 |     use snarkvm_curves::edwards_bls12::EdwardsAffine;
[INFO] [stdout]     |         ^^^^^^^^^^^^^^ use of undeclared crate or module `snarkvm_curves`
[INFO] [stdout] 
[INFO] [stdout] 
[INFO] [stdout] error[E0433]: failed to resolve: use of undeclared crate or module `snarkvm_curves`
[INFO] [stdout]   --> src/poseidon/mod.rs:75:9
[INFO] [stdout]    |
[INFO] [stdout] 75 |     use snarkvm_curves::edwards_bls12::Fq;
[INFO] [stdout]    |         ^^^^^^^^^^^^^^ use of undeclared crate or module `snarkvm_curves`
[INFO] [stdout] 
[INFO] [stdout] 
[INFO] [stdout] warning: unused import: `PoseidonDefaultField`
[INFO] [stdout]   --> src/poseidon/mod.rs:76:26
[INFO] [stdout]    |
[INFO] [stdout] 76 |     use snarkvm_fields::{PoseidonDefaultField, PoseidonGrainLFSR};
[INFO] [stdout]    |                          ^^^^^^^^^^^^^^^^^^^^
[INFO] [stdout]    |
[INFO] [stdout]    = note: `#[warn(unused_imports)]` on by default
[INFO] [stdout] 
[INFO] [stdout] 
[INFO] [stdout] warning: unused import: `snarkvm_fields::PrimeField`
[INFO] [stdout]   --> src/blake2xs/hash_to_curve.rs:61:9
[INFO] [stdout]    |
[INFO] [stdout] 61 |     use snarkvm_fields::PrimeField;
[INFO] [stdout]    |         ^^^^^^^^^^^^^^^^^^^^^^^^^^
[INFO] [stdout] 
[INFO] [stdout] 
[INFO] [stdout] warning: unused import: `snarkvm_fields::PrimeField`
[INFO] [stdout]    --> src/blake2xs/hash_to_curve.rs:142:9
[INFO] [stdout]     |
[INFO] [stdout] 142 |     use snarkvm_fields::PrimeField;
[INFO] [stdout]     |         ^^^^^^^^^^^^^^^^^^^^^^^^^^
[INFO] [stdout] 
[INFO] [stdout] 
[INFO] [stdout] warning: unused import: `CanonicalSerialize`
[INFO] [stdout]    --> src/blake2xs/hash_to_curve.rs:268:44
[INFO] [stdout]     |
[INFO] [stdout] 268 |     use snarkvm_utilities::{BigInteger256, CanonicalSerialize};
[INFO] [stdout]     |                                            ^^^^^^^^^^^^^^^^^^
[INFO] [stdout] 
[INFO] [stdout] 
[INFO] [stdout] warning: unused import: `snarkvm_fields::PrimeField`
[INFO] [stdout]    --> src/blake2xs/hash_to_curve.rs:267:9
[INFO] [stdout]     |
[INFO] [stdout] 267 |     use snarkvm_fields::PrimeField;
[INFO] [stdout]     |         ^^^^^^^^^^^^^^^^^^^^^^^^^^
[INFO] [stdout] 
[INFO] [stdout] 
[INFO] [stdout] warning: unused import: `CanonicalSerialize`
[INFO] [stdout]    --> src/blake2xs/hash_to_curve.rs:143:44
[INFO] [stdout]     |
[INFO] [stdout] 143 |     use snarkvm_utilities::{BigInteger384, CanonicalSerialize};
[INFO] [stdout]     |                                            ^^^^^^^^^^^^^^^^^^
[INFO] [stdout] 
[INFO] [stdout] 
[INFO] [stdout] warning: unused import: `CanonicalSerialize`
[INFO] [stdout]   --> src/blake2xs/hash_to_curve.rs:62:44
[INFO] [stdout]    |
[INFO] [stdout] 62 |     use snarkvm_utilities::{BigInteger384, CanonicalSerialize};
[INFO] [stdout]    |                                            ^^^^^^^^^^^^^^^^^^
[INFO] [stdout] 
[INFO] [stdout] 
[INFO] [stdout] error: aborting due to 4 previous errors; 7 warnings emitted
[INFO] [stdout] 
[INFO] [stdout] 
[INFO] [stdout] For more information about this error, try `rustc --explain E0433`.
[INFO] [stdout] 
[INFO] [stderr] error: could not compile `snarkvm-console-algorithms` (lib test) due to 5 previous errors; 7 warnings emitted
[INFO] running `Command { std: "docker" "inspect" "53c37c30fb135aeec56fc92e5fefa8d97c4bdb4a12fd80909666c2a955dcd900", kill_on_drop: false }`
[INFO] running `Command { std: "docker" "rm" "-f" "53c37c30fb135aeec56fc92e5fefa8d97c4bdb4a12fd80909666c2a955dcd900", kill_on_drop: false }`
[INFO] [stdout] 53c37c30fb135aeec56fc92e5fefa8d97c4bdb4a12fd80909666c2a955dcd900
[INFO] testing snarkvm-console-algorithms-0.16.12 against beta-2023-12-22 for beta-1.76-1
[INFO] extracting crate snarkvm-console-algorithms 0.16.12 into /workspace/builds/worker-3-tc2/source
[INFO] validating manifest of crates.io crate snarkvm-console-algorithms 0.16.12 on toolchain beta-2023-12-22
[INFO] running `Command { std: CARGO_HOME="/workspace/cargo-home" RUSTUP_HOME="/workspace/rustup-home" "/workspace/cargo-home/bin/cargo" "+beta-2023-12-22" "metadata" "--manifest-path" "Cargo.toml" "--no-deps", kill_on_drop: false }`
[INFO] started tweaking crates.io crate snarkvm-console-algorithms 0.16.12
[INFO] finished tweaking crates.io crate snarkvm-console-algorithms 0.16.12
[INFO] tweaked toml for crates.io crate snarkvm-console-algorithms 0.16.12 written to /workspace/builds/worker-3-tc2/source/Cargo.toml
[INFO] running `Command { std: CARGO_HOME="/workspace/cargo-home" RUSTUP_HOME="/workspace/rustup-home" "/workspace/cargo-home/bin/cargo" "+beta-2023-12-22" "generate-lockfile" "--manifest-path" "Cargo.toml", kill_on_drop: false }`
[INFO] [stderr]     Updating crates.io index
[INFO] running `Command { std: CARGO_HOME="/workspace/cargo-home" RUSTUP_HOME="/workspace/rustup-home" "/workspace/cargo-home/bin/cargo" "+beta-2023-12-22" "fetch" "--manifest-path" "Cargo.toml", kill_on_drop: false }`
[INFO] running `Command { std: "docker" "create" "-v" "/var/lib/crater-agent-workspace/builds/worker-3-tc2/target:/opt/rustwide/target:rw,Z" "-v" "/var/lib/crater-agent-workspace/builds/worker-3-tc2/source:/opt/rustwide/workdir:ro,Z" "-v" "/var/lib/crater-agent-workspace/cargo-home:/opt/rustwide/cargo-home:ro,Z" "-v" "/var/lib/crater-agent-workspace/rustup-home:/opt/rustwide/rustup-home:ro,Z" "-e" "SOURCE_DIR=/opt/rustwide/workdir" "-e" "CARGO_TARGET_DIR=/opt/rustwide/target" "-e" "CARGO_HOME=/opt/rustwide/cargo-home" "-e" "RUSTUP_HOME=/opt/rustwide/rustup-home" "-w" "/opt/rustwide/workdir" "-m" "1610612736" "--user" "0:0" "--network" "none" "ghcr.io/rust-lang/crates-build-env/linux@sha256:2788e3201cd34a07e3172128adcd8b3090168a8e3bcc40d7c032b9dda1df7d1c" "/opt/rustwide/cargo-home/bin/cargo" "+beta-2023-12-22" "metadata" "--no-deps" "--format-version=1", kill_on_drop: false }`
[INFO] [stdout] 065919b82a380be34c13ce8a573b378e8dc157fa4632f095b040bd187d38a609
[INFO] running `Command { std: "docker" "start" "-a" "065919b82a380be34c13ce8a573b378e8dc157fa4632f095b040bd187d38a609", kill_on_drop: false }`
[INFO] running `Command { std: "docker" "inspect" "065919b82a380be34c13ce8a573b378e8dc157fa4632f095b040bd187d38a609", kill_on_drop: false }`
[INFO] running `Command { std: "docker" "rm" "-f" "065919b82a380be34c13ce8a573b378e8dc157fa4632f095b040bd187d38a609", kill_on_drop: false }`
[INFO] [stdout] 065919b82a380be34c13ce8a573b378e8dc157fa4632f095b040bd187d38a609
[INFO] running `Command { std: "docker" "create" "-v" "/var/lib/crater-agent-workspace/builds/worker-3-tc2/target:/opt/rustwide/target:rw,Z" "-v" "/var/lib/crater-agent-workspace/builds/worker-3-tc2/source:/opt/rustwide/workdir:ro,Z" "-v" "/var/lib/crater-agent-workspace/cargo-home:/opt/rustwide/cargo-home:ro,Z" "-v" "/var/lib/crater-agent-workspace/rustup-home:/opt/rustwide/rustup-home:ro,Z" "-e" "SOURCE_DIR=/opt/rustwide/workdir" "-e" "CARGO_TARGET_DIR=/opt/rustwide/target" "-e" "CARGO_INCREMENTAL=0" "-e" "RUST_BACKTRACE=full" "-e" "RUSTFLAGS=--cap-lints=warn" "-e" "RUSTDOCFLAGS=--cap-lints=warn" "-e" "CARGO_HOME=/opt/rustwide/cargo-home" "-e" "RUSTUP_HOME=/opt/rustwide/rustup-home" "-w" "/opt/rustwide/workdir" "-m" "1610612736" "--user" "0:0" "--network" "none" "ghcr.io/rust-lang/crates-build-env/linux@sha256:2788e3201cd34a07e3172128adcd8b3090168a8e3bcc40d7c032b9dda1df7d1c" "/opt/rustwide/cargo-home/bin/cargo" "+beta-2023-12-22" "build" "--frozen" "--message-format=json", kill_on_drop: false }`
[INFO] [stdout] b1f5be190f0f786af3e2af2d9d58d7e51ba5f4121b9af51a608871bfd1ce52b9
[INFO] running `Command { std: "docker" "start" "-a" "b1f5be190f0f786af3e2af2d9d58d7e51ba5f4121b9af51a608871bfd1ce52b9", kill_on_drop: false }`
[INFO] [stderr]    Compiling crossbeam-utils v0.8.18
[INFO] [stderr]    Compiling syn v1.0.109
[INFO] [stderr]    Compiling num-traits v0.2.17
[INFO] [stderr]    Compiling num-integer v0.1.45
[INFO] [stderr]    Compiling rayon-core v1.12.0
[INFO] [stderr]    Compiling num-bigint v0.4.4
[INFO] [stderr]    Compiling syn v2.0.48
[INFO] [stderr]    Compiling getrandom v0.2.11
[INFO] [stderr]    Compiling rand_core v0.6.4
[INFO] [stderr]    Compiling serde_json v1.0.111
[INFO] [stderr]    Compiling equivalent v1.0.1
[INFO] [stderr]    Compiling hashbrown v0.14.3
[INFO] [stderr]    Compiling thiserror v1.0.56
[INFO] [stderr]    Compiling either v1.9.0
[INFO] [stderr]    Compiling ppv-lite86 v0.2.17
[INFO] [stderr]    Compiling aleo-std-timer v0.1.2
[INFO] [stderr]    Compiling aleo-std-profiler v0.1.15
[INFO] [stderr]    Compiling aleo-std-cpu v0.1.4
[INFO] [stderr]    Compiling crossbeam-epoch v0.9.17
[INFO] [stderr]    Compiling rand_xorshift v0.3.0
[INFO] [stderr]    Compiling rand_chacha v0.3.1
[INFO] [stderr]    Compiling num_cpus v1.16.0
[INFO] [stderr]    Compiling indexmap v2.1.0
[INFO] [stderr]    Compiling crossbeam-deque v0.8.4
[INFO] [stderr]    Compiling rand v0.8.5
[INFO] [stderr]    Compiling smol_str v0.2.0
[INFO] [stderr]    Compiling itertools v0.11.0
[INFO] [stderr]    Compiling memchr v2.7.1
[INFO] [stderr]    Compiling minimal-lexical v0.2.1
[INFO] [stderr]    Compiling rayon v1.8.0
[INFO] [stderr]    Compiling bech32 v0.9.1
[INFO] [stderr]    Compiling nom v7.1.3
[INFO] [stderr]    Compiling crunchy v0.2.2
[INFO] [stderr]    Compiling tiny-keccak v2.0.2
[INFO] [stderr]    Compiling arrayvec v0.7.4
[INFO] [stderr]    Compiling arrayref v0.3.7
[INFO] [stderr]    Compiling constant_time_eq v0.3.0
[INFO] [stderr]    Compiling blake2s_simd v1.0.2
[INFO] [stderr]    Compiling smallvec v1.11.2
[INFO] [stderr]    Compiling serde_derive v1.0.194
[INFO] [stderr]    Compiling thiserror-impl v1.0.56
[INFO] [stderr]    Compiling zeroize_derive v1.4.2
[INFO] [stderr]    Compiling snarkvm-utilities-derives v0.16.12
[INFO] [stderr]    Compiling aleo-std-timed v0.1.2
[INFO] [stderr]    Compiling aleo-std-time v0.1.2
[INFO] [stderr]    Compiling derivative v2.2.0
[INFO] [stderr]    Compiling aleo-std v0.1.18
[INFO] [stderr]    Compiling zeroize v1.7.0
[INFO] [stderr]    Compiling serde v1.0.194
[INFO] [stderr]    Compiling bincode v1.3.3
[INFO] [stderr]    Compiling snarkvm-utilities v0.16.12
[INFO] [stderr]    Compiling snarkvm-fields v0.16.12
[INFO] [stderr]    Compiling snarkvm-curves v0.16.12
[INFO] [stderr]    Compiling snarkvm-console-network-environment v0.16.12
[INFO] [stderr]    Compiling snarkvm-console-types-boolean v0.16.12
[INFO] [stderr]    Compiling snarkvm-console-types-field v0.16.12
[INFO] [stderr]    Compiling snarkvm-console-types-scalar v0.16.12
[INFO] [stderr]    Compiling snarkvm-console-types-group v0.16.12
[INFO] [stderr]    Compiling snarkvm-console-types-integers v0.16.12
[INFO] [stderr]    Compiling snarkvm-console-types v0.16.12
[INFO] [stderr]    Compiling snarkvm-console-algorithms v0.16.12 (/opt/rustwide/workdir)
[INFO] [stderr]     Finished dev [unoptimized + debuginfo] target(s) in 13.18s
[INFO] running `Command { std: "docker" "inspect" "b1f5be190f0f786af3e2af2d9d58d7e51ba5f4121b9af51a608871bfd1ce52b9", kill_on_drop: false }`
[INFO] running `Command { std: "docker" "rm" "-f" "b1f5be190f0f786af3e2af2d9d58d7e51ba5f4121b9af51a608871bfd1ce52b9", kill_on_drop: false }`
[INFO] [stdout] b1f5be190f0f786af3e2af2d9d58d7e51ba5f4121b9af51a608871bfd1ce52b9
[INFO] running `Command { std: "docker" "create" "-v" "/var/lib/crater-agent-workspace/builds/worker-3-tc2/target:/opt/rustwide/target:rw,Z" "-v" "/var/lib/crater-agent-workspace/builds/worker-3-tc2/source:/opt/rustwide/workdir:ro,Z" "-v" "/var/lib/crater-agent-workspace/cargo-home:/opt/rustwide/cargo-home:ro,Z" "-v" "/var/lib/crater-agent-workspace/rustup-home:/opt/rustwide/rustup-home:ro,Z" "-e" "SOURCE_DIR=/opt/rustwide/workdir" "-e" "CARGO_TARGET_DIR=/opt/rustwide/target" "-e" "CARGO_INCREMENTAL=0" "-e" "RUST_BACKTRACE=full" "-e" "RUSTFLAGS=--cap-lints=warn" "-e" "RUSTDOCFLAGS=--cap-lints=warn" "-e" "CARGO_HOME=/opt/rustwide/cargo-home" "-e" "RUSTUP_HOME=/opt/rustwide/rustup-home" "-w" "/opt/rustwide/workdir" "-m" "1610612736" "--user" "0:0" "--network" "none" "ghcr.io/rust-lang/crates-build-env/linux@sha256:2788e3201cd34a07e3172128adcd8b3090168a8e3bcc40d7c032b9dda1df7d1c" "/opt/rustwide/cargo-home/bin/cargo" "+beta-2023-12-22" "test" "--frozen" "--no-run" "--message-format=json", kill_on_drop: false }`
[INFO] [stdout] 483ce84293ae855add419963241ab55a54d17d59b9e0233e496a898c6afd9185
[INFO] running `Command { std: "docker" "start" "-a" "483ce84293ae855add419963241ab55a54d17d59b9e0233e496a898c6afd9185", kill_on_drop: false }`
[INFO] [stderr]    Compiling serde v1.0.194
[INFO] [stderr]    Compiling rustix v0.38.28
[INFO] [stderr]    Compiling half v1.8.2
[INFO] [stderr]    Compiling anstyle v1.0.4
[INFO] [stderr]    Compiling regex-syntax v0.8.2
[INFO] [stderr]    Compiling linux-raw-sys v0.4.12
[INFO] [stderr]    Compiling plotters-backend v0.3.5
[INFO] [stderr]    Compiling ciborium-io v0.2.1
[INFO] [stderr]    Compiling bitflags v2.4.1
[INFO] [stderr]    Compiling clap_lex v0.6.0
[INFO] [stderr]    Compiling plotters-svg v0.3.5
[INFO] [stderr]    Compiling itertools v0.10.5
[INFO] [stderr]    Compiling clap_builder v4.4.12
[INFO] [stderr]    Compiling ciborium-ll v0.2.1
[INFO] [stderr]    Compiling same-file v1.0.6
[INFO] [stderr]    Compiling cast v0.3.0
[INFO] [stderr]    Compiling once_cell v1.19.0
[INFO] [stderr]    Compiling walkdir v2.4.0
[INFO] [stderr]    Compiling plotters v0.3.5
[INFO] [stderr]    Compiling dissimilar v1.0.7
[INFO] [stderr]    Compiling oorandom v11.1.3
[INFO] [stderr]    Compiling regex-automata v0.4.3
[INFO] [stderr]    Compiling anes v0.1.6
[INFO] [stderr]    Compiling criterion-plot v0.5.0
[INFO] [stderr]    Compiling is-terminal v0.4.10
[INFO] [stderr]    Compiling expect-test v1.4.1
[INFO] [stderr]    Compiling hex v0.4.3
[INFO] [stderr]    Compiling clap v4.4.13
[INFO] [stderr]    Compiling regex v1.10.2
[INFO] [stderr]    Compiling serde_json v1.0.111
[INFO] [stderr]    Compiling bincode v1.3.3
[INFO] [stderr]    Compiling ciborium v0.2.1
[INFO] [stderr]    Compiling snarkvm-utilities v0.16.12
[INFO] [stderr]    Compiling tinytemplate v1.2.1
[INFO] [stderr]    Compiling criterion v0.5.1
[INFO] [stderr]    Compiling snarkvm-fields v0.16.12
[INFO] [stderr]    Compiling snarkvm-curves v0.16.12
[INFO] [stderr]    Compiling snarkvm-console-network-environment v0.16.12
[INFO] [stderr]    Compiling snarkvm-console-types-boolean v0.16.12
[INFO] [stderr]    Compiling snarkvm-console-types-field v0.16.12
[INFO] [stderr]    Compiling snarkvm-console-types-scalar v0.16.12
[INFO] [stderr]    Compiling snarkvm-console-types-integers v0.16.12
[INFO] [stderr]    Compiling snarkvm-console-types-group v0.16.12
[INFO] [stderr]    Compiling snarkvm-console-types v0.16.12
[INFO] [stderr]    Compiling snarkvm-console-algorithms v0.16.12 (/opt/rustwide/workdir)
[INFO] [stdout] error[E0433]: failed to resolve: use of undeclared crate or module `snarkvm_curves`
[INFO] [stdout]   --> src/blake2xs/hash_to_curve.rs:60:9
[INFO] [stdout]    |
[INFO] [stdout] 60 |     use snarkvm_curves::bls12_377::G1Affine;
[INFO] [stdout]    |         ^^^^^^^^^^^^^^ use of undeclared crate or module `snarkvm_curves`
[INFO] [stdout] 
[INFO] [stdout] 
[INFO] [stdout] error[E0433]: failed to resolve: use of undeclared crate or module `snarkvm_curves`
[INFO] [stdout]    --> src/blake2xs/hash_to_curve.rs:141:9
[INFO] [stdout]     |
[INFO] [stdout] 141 |     use snarkvm_curves::bls12_377::G2Affine;
[INFO] [stdout]     |         ^^^^^^^^^^^^^^ use of undeclared crate or module `snarkvm_curves`
[INFO] [stdout] 
[INFO] [stdout] 
[INFO] [stdout] error[E0433]: failed to resolve: use of undeclared crate or module `snarkvm_curves`
[INFO] [stdout]    --> src/blake2xs/hash_to_curve.rs:266:9
[INFO] [stdout]     |
[INFO] [stdout] 266 |     use snarkvm_curves::edwards_bls12::EdwardsAffine;
[INFO] [stdout]     |         ^^^^^^^^^^^^^^ use of undeclared crate or module `snarkvm_curves`
[INFO] [stdout] 
[INFO] [stdout] 
[INFO] [stdout] error[E0433]: failed to resolve: use of undeclared crate or module `snarkvm_curves`
[INFO] [stdout]   --> src/poseidon/mod.rs:75:9
[INFO] [stdout]    |
[INFO] [stdout] 75 |     use snarkvm_curves::edwards_bls12::Fq;
[INFO] [stdout]    |         ^^^^^^^^^^^^^^ use of undeclared crate or module `snarkvm_curves`
[INFO] [stdout] 
[INFO] [stdout] 
[INFO] [stdout] warning: unused import: `PoseidonDefaultField`
[INFO] [stdout]   --> src/poseidon/mod.rs:76:26
[INFO] [stdout]    |
[INFO] [stdout] 76 |     use snarkvm_fields::{PoseidonDefaultField, PoseidonGrainLFSR};
[INFO] [stdout]    |                          ^^^^^^^^^^^^^^^^^^^^
[INFO] [stdout]    |
[INFO] [stdout]    = note: `#[warn(unused_imports)]` on by default
[INFO] [stdout] 
[INFO] [stdout] 
[INFO] [stdout] warning: unused import: `snarkvm_fields::PrimeField`
[INFO] [stdout]   --> src/blake2xs/hash_to_curve.rs:61:9
[INFO] [stdout]    |
[INFO] [stdout] 61 |     use snarkvm_fields::PrimeField;
[INFO] [stdout]    |         ^^^^^^^^^^^^^^^^^^^^^^^^^^
[INFO] [stdout] 
[INFO] [stdout] 
[INFO] [stdout] warning: unused import: `snarkvm_fields::PrimeField`
[INFO] [stdout]    --> src/blake2xs/hash_to_curve.rs:142:9
[INFO] [stdout]     |
[INFO] [stdout] 142 |     use snarkvm_fields::PrimeField;
[INFO] [stdout]     |         ^^^^^^^^^^^^^^^^^^^^^^^^^^
[INFO] [stdout] 
[INFO] [stdout] 
[INFO] [stdout] warning: unused import: `CanonicalSerialize`
[INFO] [stdout]    --> src/blake2xs/hash_to_curve.rs:268:44
[INFO] [stdout]     |
[INFO] [stdout] 268 |     use snarkvm_utilities::{BigInteger256, CanonicalSerialize};
[INFO] [stdout]     |                                            ^^^^^^^^^^^^^^^^^^
[INFO] [stdout] 
[INFO] [stdout] 
[INFO] [stdout] warning: unused import: `snarkvm_fields::PrimeField`
[INFO] [stdout]    --> src/blake2xs/hash_to_curve.rs:267:9
[INFO] [stdout]     |
[INFO] [stdout] 267 |     use snarkvm_fields::PrimeField;
[INFO] [stdout]     |         ^^^^^^^^^^^^^^^^^^^^^^^^^^
[INFO] [stdout] 
[INFO] [stdout] 
[INFO] [stdout] warning: unused import: `CanonicalSerialize`
[INFO] [stdout]    --> src/blake2xs/hash_to_curve.rs:143:44
[INFO] [stdout]     |
[INFO] [stdout] 143 |     use snarkvm_utilities::{BigInteger384, CanonicalSerialize};
[INFO] [stdout]     |                                            ^^^^^^^^^^^^^^^^^^
[INFO] [stdout] 
[INFO] [stdout] 
[INFO] [stdout] warning: unused import: `CanonicalSerialize`
[INFO] [stdout]   --> src/blake2xs/hash_to_curve.rs:62:44
[INFO] [stdout]    |
[INFO] [stdout] 62 |     use snarkvm_utilities::{BigInteger384, CanonicalSerialize};
[INFO] [stdout]    |                                            ^^^^^^^^^^^^^^^^^^
[INFO] [stdout] 
[INFO] [stdout] 
[INFO] [stdout] error: aborting due to 4 previous errors; 7 warnings emitted
[INFO] [stdout] 
[INFO] [stdout] 
[INFO] [stdout] For more information about this error, try `rustc --explain E0433`.
[INFO] [stdout] 
[INFO] [stderr] error: could not compile `snarkvm-console-algorithms` (lib test) due to 5 previous errors; 7 warnings emitted
[INFO] running `Command { std: "docker" "inspect" "483ce84293ae855add419963241ab55a54d17d59b9e0233e496a898c6afd9185", kill_on_drop: false }`
[INFO] running `Command { std: "docker" "rm" "-f" "483ce84293ae855add419963241ab55a54d17d59b9e0233e496a898c6afd9185", kill_on_drop: false }`
[INFO] [stdout] 483ce84293ae855add419963241ab55a54d17d59b9e0233e496a898c6afd9185
