[INFO] fetching crate snarkvm-compiler 0.9.0...
[INFO] testing snarkvm-compiler-0.9.0 against 1.75.0 for beta-1.76-1
[INFO] extracting crate snarkvm-compiler 0.9.0 into /workspace/builds/worker-0-tc1/source
[INFO] validating manifest of crates.io crate snarkvm-compiler 0.9.0 on toolchain 1.75.0
[INFO] running `Command { std: CARGO_HOME="/workspace/cargo-home" RUSTUP_HOME="/workspace/rustup-home" "/workspace/cargo-home/bin/cargo" "+1.75.0" "metadata" "--manifest-path" "Cargo.toml" "--no-deps", kill_on_drop: false }`
[INFO] started tweaking crates.io crate snarkvm-compiler 0.9.0
[INFO] finished tweaking crates.io crate snarkvm-compiler 0.9.0
[INFO] tweaked toml for crates.io crate snarkvm-compiler 0.9.0 written to /workspace/builds/worker-0-tc1/source/Cargo.toml
[INFO] running `Command { std: CARGO_HOME="/workspace/cargo-home" RUSTUP_HOME="/workspace/rustup-home" "/workspace/cargo-home/bin/cargo" "+1.75.0" "generate-lockfile" "--manifest-path" "Cargo.toml", kill_on_drop: false }`
[INFO] [stderr]     Updating crates.io index
[INFO] running `Command { std: CARGO_HOME="/workspace/cargo-home" RUSTUP_HOME="/workspace/rustup-home" "/workspace/cargo-home/bin/cargo" "+1.75.0" "fetch" "--manifest-path" "Cargo.toml", kill_on_drop: false }`
[INFO] [stderr]  Downloading crates ...
[INFO] [stderr]   Downloaded aleo-std-timer v0.1.2
[INFO] [stderr]   Downloaded aleo-std-storage v0.1.3
[INFO] [stderr]   Downloaded aleo-std-timed v0.1.2
[INFO] [stderr]   Downloaded aleo-std v0.1.18
[INFO] [stderr]   Downloaded aleo-std-cpu v0.1.4
[INFO] [stderr]   Downloaded aleo-std-time v0.1.2
[INFO] [stderr]   Downloaded aleo-std-profiler v0.1.15
[INFO] [stderr]   Downloaded enum_index_derive v0.2.0
[INFO] [stderr]   Downloaded snarkvm-circuit-types v0.9.15
[INFO] [stderr]   Downloaded snarkvm-circuit-types-address v0.9.15
[INFO] [stderr]   Downloaded snarkvm-console-types-field v0.9.15
[INFO] [stderr]   Downloaded snarkvm-console-types-boolean v0.9.15
[INFO] [stderr]   Downloaded snarkvm-utilities-derives v0.9.16
[INFO] [stderr]   Downloaded snarkvm-circuit-environment-witness v0.9.16
[INFO] [stderr]   Downloaded snarkvm-console-types-string v0.9.15
[INFO] [stderr]   Downloaded snarkvm-circuit-types-string v0.9.15
[INFO] [stderr]   Downloaded snarkvm-circuit-network v0.9.15
[INFO] [stderr]   Downloaded enum_index v0.2.0
[INFO] [stderr]   Downloaded snarkvm-console-types-address v0.9.15
[INFO] [stderr]   Downloaded snarkvm-console v0.9.15
[INFO] [stderr]   Downloaded snarkvm-console-types-scalar v0.9.15
[INFO] [stderr]   Downloaded snarkvm-console-types v0.9.15
[INFO] [stderr]   Downloaded snarkvm-circuit-collections v0.9.15
[INFO] [stderr]   Downloaded snarkvm-circuit v0.9.15
[INFO] [stderr]   Downloaded snarkvm-console-network v0.9.15
[INFO] [stderr]   Downloaded snarkvm-console-network-environment v0.9.15
[INFO] [stderr]   Downloaded snarkvm-fields v0.9.15
[INFO] [stderr]   Downloaded snarkvm-console-types-group v0.9.15
[INFO] [stderr]   Downloaded snarkvm-r1cs v0.9.15
[INFO] [stderr]   Downloaded snarkvm-circuit-types-field v0.9.15
[INFO] [stderr]   Downloaded snarkvm-circuit-types-scalar v0.9.15
[INFO] [stderr]   Downloaded snarkvm-circuit-environment v0.9.15
[INFO] [stderr]   Downloaded snarkvm-circuit-types-integers v0.9.15
[INFO] [stderr]   Downloaded snarkvm-circuit-program v0.9.15
[INFO] [stderr]   Downloaded snarkvm-console-collections v0.9.15
[INFO] [stderr]   Downloaded snarkvm-utilities v0.9.15
[INFO] [stderr]   Downloaded snarkvm-circuit-algorithms v0.9.15
[INFO] [stderr]   Downloaded snarkvm-circuit-types-boolean v0.9.15
[INFO] [stderr]   Downloaded snarkvm-circuit-account v0.9.15
[INFO] [stderr]   Downloaded snarkvm-circuit-types-group v0.9.15
[INFO] [stderr]   Downloaded snarkvm-console-account v0.9.15
[INFO] [stderr]   Downloaded snarkvm-console-types-integers v0.9.15
[INFO] [stderr]   Downloaded snarkvm-curves v0.9.15
[INFO] [stderr]   Downloaded snarkvm-console-program v0.9.15
[INFO] [stderr]   Downloaded snarkvm-console-algorithms v0.9.15
[INFO] [stderr]   Downloaded snarkvm-algorithms v0.9.15
[INFO] [stderr]   Downloaded snarkvm-parameters v0.9.15
[INFO] running `Command { std: "docker" "create" "-v" "/var/lib/crater-agent-workspace/builds/worker-0-tc1/target:/opt/rustwide/target:rw,Z" "-v" "/var/lib/crater-agent-workspace/builds/worker-0-tc1/source:/opt/rustwide/workdir:ro,Z" "-v" "/var/lib/crater-agent-workspace/cargo-home:/opt/rustwide/cargo-home:ro,Z" "-v" "/var/lib/crater-agent-workspace/rustup-home:/opt/rustwide/rustup-home:ro,Z" "-e" "SOURCE_DIR=/opt/rustwide/workdir" "-e" "CARGO_TARGET_DIR=/opt/rustwide/target" "-e" "CARGO_HOME=/opt/rustwide/cargo-home" "-e" "RUSTUP_HOME=/opt/rustwide/rustup-home" "-w" "/opt/rustwide/workdir" "-m" "1610612736" "--user" "0:0" "--network" "none" "ghcr.io/rust-lang/crates-build-env/linux@sha256:2788e3201cd34a07e3172128adcd8b3090168a8e3bcc40d7c032b9dda1df7d1c" "/opt/rustwide/cargo-home/bin/cargo" "+1.75.0" "metadata" "--no-deps" "--format-version=1", kill_on_drop: false }`
[INFO] [stdout] 91e77937bf07df155361fe7a26100a24974b96fa4877de66c0bffafe5bedf4b6
[INFO] running `Command { std: "docker" "start" "-a" "91e77937bf07df155361fe7a26100a24974b96fa4877de66c0bffafe5bedf4b6", kill_on_drop: false }`
[INFO] running `Command { std: "docker" "inspect" "91e77937bf07df155361fe7a26100a24974b96fa4877de66c0bffafe5bedf4b6", kill_on_drop: false }`
[INFO] running `Command { std: "docker" "rm" "-f" "91e77937bf07df155361fe7a26100a24974b96fa4877de66c0bffafe5bedf4b6", kill_on_drop: false }`
[INFO] [stdout] 91e77937bf07df155361fe7a26100a24974b96fa4877de66c0bffafe5bedf4b6
[INFO] running `Command { std: "docker" "create" "-v" "/var/lib/crater-agent-workspace/builds/worker-0-tc1/target:/opt/rustwide/target:rw,Z" "-v" "/var/lib/crater-agent-workspace/builds/worker-0-tc1/source:/opt/rustwide/workdir:ro,Z" "-v" "/var/lib/crater-agent-workspace/cargo-home:/opt/rustwide/cargo-home:ro,Z" "-v" "/var/lib/crater-agent-workspace/rustup-home:/opt/rustwide/rustup-home:ro,Z" "-e" "SOURCE_DIR=/opt/rustwide/workdir" "-e" "CARGO_TARGET_DIR=/opt/rustwide/target" "-e" "CARGO_INCREMENTAL=0" "-e" "RUST_BACKTRACE=full" "-e" "RUSTFLAGS=--cap-lints=warn" "-e" "RUSTDOCFLAGS=--cap-lints=warn" "-e" "CARGO_HOME=/opt/rustwide/cargo-home" "-e" "RUSTUP_HOME=/opt/rustwide/rustup-home" "-w" "/opt/rustwide/workdir" "-m" "1610612736" "--user" "0:0" "--network" "none" "ghcr.io/rust-lang/crates-build-env/linux@sha256:2788e3201cd34a07e3172128adcd8b3090168a8e3bcc40d7c032b9dda1df7d1c" "/opt/rustwide/cargo-home/bin/cargo" "+1.75.0" "build" "--frozen" "--message-format=json", kill_on_drop: false }`
[INFO] [stdout] 725514b5de13a9f2dcf2294457c265b5e606b730950b521d3b3a9a18c83e66dd
[INFO] running `Command { std: "docker" "start" "-a" "725514b5de13a9f2dcf2294457c265b5e606b730950b521d3b3a9a18c83e66dd", kill_on_drop: false }`
[INFO] [stderr]    Compiling proc-macro2 v1.0.75
[INFO] [stderr]    Compiling unicode-ident v1.0.12
[INFO] [stderr]    Compiling syn v1.0.109
[INFO] [stderr]    Compiling serde v1.0.194
[INFO] [stderr]    Compiling either v1.9.0
[INFO] [stderr]    Compiling hashbrown v0.14.3
[INFO] [stderr]    Compiling anyhow v1.0.79
[INFO] [stderr]    Compiling equivalent v1.0.1
[INFO] [stderr]    Compiling thiserror v1.0.56
[INFO] [stderr]    Compiling serde_json v1.0.111
[INFO] [stderr]    Compiling ppv-lite86 v0.2.17
[INFO] [stderr]    Compiling libc v0.2.151
[INFO] [stderr]    Compiling num-bigint v0.4.4
[INFO] [stderr]    Compiling aleo-std-timer v0.1.2
[INFO] [stderr]    Compiling aleo-std-profiler v0.1.15
[INFO] [stderr]    Compiling aleo-std-cpu v0.1.4
[INFO] [stderr]    Compiling itoa v1.0.10
[INFO] [stderr]    Compiling ryu v1.0.16
[INFO] [stderr]    Compiling version_check v0.9.4
[INFO] [stderr]    Compiling rayon v1.8.0
[INFO] [stderr]    Compiling itertools v0.10.5
[INFO] [stderr]    Compiling pkg-config v0.3.28
[INFO] [stderr]    Compiling vcpkg v0.2.15
[INFO] [stderr]    Compiling minimal-lexical v0.2.1
[INFO] [stderr]    Compiling memchr v2.7.1
[INFO] [stderr]    Compiling bech32 v0.9.1
[INFO] [stderr]    Compiling typenum v1.17.0
[INFO] [stderr]    Compiling generic-array v0.14.7
[INFO] [stderr]    Compiling smallvec v1.11.2
[INFO] [stderr]    Compiling indexmap v1.9.3
[INFO] [stderr]    Compiling lock_api v0.4.11
[INFO] [stderr]    Compiling indexmap v2.1.0
[INFO] [stderr]    Compiling getrandom v0.2.11
[INFO] [stderr]    Compiling dirs-sys v0.3.7
[INFO] [stderr]    Compiling num_cpus v1.16.0
[INFO] [stderr]    Compiling quote v1.0.35
[INFO] [stderr]    Compiling rand_core v0.6.4
[INFO] [stderr]    Compiling dirs v4.0.0
[INFO] [stderr]    Compiling nom v7.1.3
[INFO] [stderr]    Compiling aleo-std-storage v0.1.3
[INFO] [stderr]    Compiling syn v2.0.48
[INFO] [stderr]    Compiling rand_chacha v0.3.1
[INFO] [stderr]    Compiling rand_xorshift v0.3.0
[INFO] [stderr]    Compiling parking_lot_core v0.9.9
[INFO] [stderr]    Compiling cc v1.0.83
[INFO] [stderr]    Compiling once_cell v1.19.0
[INFO] [stderr]    Compiling ahash v0.8.7
[INFO] [stderr]    Compiling rand v0.8.5
[INFO] [stderr]    Compiling paste v1.0.14
[INFO] [stderr]    Compiling curl v0.4.44
[INFO] [stderr]    Compiling hashbrown v0.12.3
[INFO] [stderr]    Compiling scopeguard v1.2.0
[INFO] [stderr]    Compiling socket2 v0.4.10
[INFO] [stderr]    Compiling openssl-probe v0.1.5
[INFO] [stderr]    Compiling arrayref v0.3.7
[INFO] [stderr]    Compiling zerocopy v0.7.32
[INFO] [stderr]    Compiling constant_time_eq v0.3.0
[INFO] [stderr]    Compiling cpufeatures v0.2.12
[INFO] [stderr]    Compiling lazy_static v1.4.0
[INFO] [stderr]    Compiling arrayvec v0.7.4
[INFO] [stderr]    Compiling colored v2.1.0
[INFO] [stderr]    Compiling parking_lot v0.12.1
[INFO] [stderr]    Compiling fxhash v0.2.1
[INFO] [stderr]    Compiling blake2s_simd v1.0.2
[INFO] [stderr]    Compiling hex v0.4.3
[INFO] [stderr]    Compiling snarkvm-circuit-environment-witness v0.9.16
[INFO] [stderr]    Compiling snarkvm-circuit-types-boolean v0.9.15
[INFO] [stderr]    Compiling hashbrown v0.13.2
[INFO] [stderr]    Compiling snarkvm-circuit-types-field v0.9.15
[INFO] [stderr]    Compiling snarkvm-circuit-types-scalar v0.9.15
[INFO] [stderr]    Compiling snarkvm-circuit-types-group v0.9.15
[INFO] [stderr]    Compiling snarkvm-circuit-types-integers v0.9.15
[INFO] [stderr]    Compiling snarkvm-circuit-types-address v0.9.15
[INFO] [stderr]    Compiling crypto-common v0.1.6
[INFO] [stderr]    Compiling block-buffer v0.10.4
[INFO] [stderr]    Compiling snarkvm-circuit-types-string v0.9.15
[INFO] [stderr]    Compiling unicode-xid v0.0.4
[INFO] [stderr]    Compiling snarkvm-circuit-algorithms v0.9.15
[INFO] [stderr]    Compiling digest v0.10.7
[INFO] [stderr]    Compiling synom v0.11.3
[INFO] [stderr]    Compiling bs58 v0.4.0
[INFO] [stderr]    Compiling snarkvm-circuit-collections v0.9.15
[INFO] [stderr]    Compiling quote v0.3.15
[INFO] [stderr]    Compiling openssl-sys v0.9.98
[INFO] [stderr]    Compiling libz-sys v1.1.12
[INFO] [stderr]    Compiling curl-sys v0.4.70+curl-8.5.0
[INFO] [stderr]    Compiling snarkvm-circuit-network v0.9.15
[INFO] [stderr]    Compiling sha2 v0.10.8
[INFO] [stderr]    Compiling snarkvm-circuit-account v0.9.15
[INFO] [stderr]    Compiling enum_index v0.2.0
[INFO] [stderr]    Compiling snarkvm-circuit-program v0.9.15
[INFO] [stderr]    Compiling powerfmt v0.2.0
[INFO] [stderr]    Compiling syn v0.11.11
[INFO] [stderr]    Compiling tracing-core v0.1.32
[INFO] [stderr]    Compiling time-core v0.1.2
[INFO] [stderr]    Compiling deranged v0.3.11
[INFO] [stderr]    Compiling pin-project-lite v0.2.13
[INFO] [stderr]    Compiling enum_index_derive v0.2.0
[INFO] [stderr]    Compiling time v0.3.31
[INFO] [stderr]    Compiling aleo-std-timed v0.1.2
[INFO] [stderr]    Compiling aleo-std-time v0.1.2
[INFO] [stderr]    Compiling derivative v2.2.0
[INFO] [stderr]    Compiling num-derive v0.3.3
[INFO] [stderr]    Compiling serde_derive v1.0.194
[INFO] [stderr]    Compiling thiserror-impl v1.0.56
[INFO] [stderr]    Compiling snarkvm-utilities-derives v0.9.16
[INFO] [stderr]    Compiling tracing-attributes v0.1.27
[INFO] [stderr]    Compiling aleo-std v0.1.18
[INFO] [stderr]    Compiling tracing v0.1.40
[INFO] [stderr]    Compiling bincode v1.3.3
[INFO] [stderr]    Compiling snarkvm-utilities v0.9.15
[INFO] [stderr]    Compiling snarkvm-fields v0.9.15
[INFO] [stderr]    Compiling snarkvm-curves v0.9.15
[INFO] [stderr]    Compiling snarkvm-console-network-environment v0.9.15
[INFO] [stderr]    Compiling snarkvm-parameters v0.9.15
[INFO] [stderr]    Compiling snarkvm-r1cs v0.9.15
[INFO] [stderr]    Compiling snarkvm-console-types-boolean v0.9.15
[INFO] [stderr]    Compiling snarkvm-console-types-field v0.9.15
[INFO] [stderr]    Compiling snarkvm-console-types-scalar v0.9.15
[INFO] [stderr]    Compiling snarkvm-console-types-integers v0.9.15
[INFO] [stderr]    Compiling snarkvm-console-types-group v0.9.15
[INFO] [stderr]    Compiling snarkvm-algorithms v0.9.15
[INFO] [stderr]    Compiling snarkvm-console-types-string v0.9.15
[INFO] [stderr]    Compiling snarkvm-console-types-address v0.9.15
[INFO] [stderr]    Compiling snarkvm-console-types v0.9.15
[INFO] [stderr]    Compiling snarkvm-console-algorithms v0.9.15
[INFO] [stderr]    Compiling snarkvm-console-collections v0.9.15
[INFO] [stderr]    Compiling snarkvm-console-network v0.9.15
[INFO] [stderr]    Compiling snarkvm-circuit-environment v0.9.15
[INFO] [stderr]    Compiling snarkvm-console-account v0.9.15
[INFO] [stderr]    Compiling snarkvm-console-program v0.9.15
[INFO] [stderr]    Compiling snarkvm-circuit-types v0.9.15
[INFO] [stderr]    Compiling snarkvm-console v0.9.15
[INFO] [stderr]    Compiling snarkvm-circuit v0.9.15
[INFO] [stderr]    Compiling snarkvm-compiler v0.9.0 (/opt/rustwide/workdir)
[INFO] [stdout] error[E0432]: unresolved import `console::program::Interface`
[INFO] [stdout]   --> src/process/stack/finalize_types/mod.rs:30:38
[INFO] [stdout]    |
[INFO] [stdout] 30 |     program::{EntryType, Identifier, Interface, LiteralType, PlaintextType, RecordType, Register, RegisterType},
[INFO] [stdout]    |                                      ^^^^^^^^^ no `Interface` in the root
[INFO] [stdout]    |
[INFO] [stdout] note: variant `crate::program::ProgramDefinition::Interface` exists but is inaccessible
[INFO] [stdout]   --> src/program/mod.rs:50:5
[INFO] [stdout]    |
[INFO] [stdout] 50 |     Interface,
[INFO] [stdout]    |     ^^^^^^^^^ not accessible
[INFO] [stdout] 
[INFO] [stdout] 
[INFO] [stdout] error[E0432]: unresolved import `console::program::Interface`
[INFO] [stdout]   --> src/process/stack/register_types/mod.rs:26:9
[INFO] [stdout]    |
[INFO] [stdout] 26 |         Interface,
[INFO] [stdout]    |         ^^^^^^^^^ no `Interface` in the root
[INFO] [stdout]    |
[INFO] [stdout] note: these items exist but are inaccessible:
[INFO] [stdout]       crate::process::stack::finalize_types::matches::Interface
[INFO] [stdout]   --> src/program/mod.rs:50:5
[INFO] [stdout]    |
[INFO] [stdout] 50 |     Interface,
[INFO] [stdout]    |     ^^^^^^^^^ `crate::program::ProgramDefinition::Interface`: not accessible
[INFO] [stdout] 
[INFO] [stdout] 
[INFO] [stdout] error[E0432]: unresolved import `console::program::Interface`
[INFO] [stdout]   --> src/program/mod.rs:40:38
[INFO] [stdout]    |
[INFO] [stdout] 40 |     program::{EntryType, Identifier, Interface, PlaintextType, ProgramID, RecordType},
[INFO] [stdout]    |                                      ^^^^^^^^^ no `Interface` in the root
[INFO] [stdout]    |
[INFO] [stdout]    = help: consider importing this variant instead:
[INFO] [stdout]            crate::program::ProgramDefinition::Interface
[INFO] [stdout] 
[INFO] [stdout] 
[INFO] [stdout] error[E0433]: failed to resolve: could not find `TrialSRS` in `testnet3`
[INFO] [stdout]   --> src/snark/universal_srs.rs:76:64
[INFO] [stdout]    |
[INFO] [stdout] 76 |                 .get_or_try_init(snarkvm_parameters::testnet3::TrialSRS::load_bytes)
[INFO] [stdout]    |                                                                ^^^^^^^^ could not find `TrialSRS` in `testnet3`
[INFO] [stdout] 
[INFO] [stdout] 
[INFO] [stdout] error[E0425]: cannot find value `TESTNET3_CREDITS_PROGRAM` in module `snarkvm_parameters::testnet3`
[INFO] [stdout]    --> src/process/mod.rs:110:78
[INFO] [stdout]     |
[INFO] [stdout] 110 |             let (proving_key, verifying_key) = snarkvm_parameters::testnet3::TESTNET3_CREDITS_PROGRAM
[INFO] [stdout]     |                                                                              ^^^^^^^^^^^^^^^^^^^^^^^^ not found in `snarkvm_parameters::testnet3`
[INFO] [stdout] 
[INFO] [stdout] 
[INFO] [stdout] warning: ambiguous glob re-exports
[INFO] [stdout]   --> src/program/mod.rs:29:9
[INFO] [stdout]    |
[INFO] [stdout] 29 | pub use instruction::*;
[INFO] [stdout]    |         ^^^^^^^^^^^^^^ the name `AbsWrapped` in the type namespace is first re-exported here
[INFO] [stdout] ...
[INFO] [stdout] 39 |     network::prelude::*,
[INFO] [stdout]    |     ------------------- but the name `AbsWrapped` in the type namespace is also re-exported here
[INFO] [stdout]    |
[INFO] [stdout]    = note: `#[warn(ambiguous_glob_reexports)]` on by default
[INFO] [stdout] 
[INFO] [stdout] 
[INFO] [stdout] warning: ambiguous glob re-exports
[INFO] [stdout]   --> src/program/mod.rs:29:9
[INFO] [stdout]    |
[INFO] [stdout] 29 | pub use instruction::*;
[INFO] [stdout]    |         ^^^^^^^^^^^^^^ the name `Add` in the type namespace is first re-exported here
[INFO] [stdout] ...
[INFO] [stdout] 39 |     network::prelude::*,
[INFO] [stdout]    |     ------------------- but the name `Add` in the type namespace is also re-exported here
[INFO] [stdout] 
[INFO] [stdout] 
[INFO] [stdout] warning: ambiguous glob re-exports
[INFO] [stdout]   --> src/program/mod.rs:29:9
[INFO] [stdout]    |
[INFO] [stdout] 29 | pub use instruction::*;
[INFO] [stdout]    |         ^^^^^^^^^^^^^^ the name `AddWrapped` in the type namespace is first re-exported here
[INFO] [stdout] ...
[INFO] [stdout] 39 |     network::prelude::*,
[INFO] [stdout]    |     ------------------- but the name `AddWrapped` in the type namespace is also re-exported here
[INFO] [stdout] 
[INFO] [stdout] 
[INFO] [stdout] warning: ambiguous glob re-exports
[INFO] [stdout]   --> src/program/mod.rs:29:9
[INFO] [stdout]    |
[INFO] [stdout] 29 | pub use instruction::*;
[INFO] [stdout]    |         ^^^^^^^^^^^^^^ the name `Div` in the type namespace is first re-exported here
[INFO] [stdout] ...
[INFO] [stdout] 39 |     network::prelude::*,
[INFO] [stdout]    |     ------------------- but the name `Div` in the type namespace is also re-exported here
[INFO] [stdout] 
[INFO] [stdout] 
[INFO] [stdout] warning: ambiguous glob re-exports
[INFO] [stdout]   --> src/program/mod.rs:29:9
[INFO] [stdout]    |
[INFO] [stdout] 29 | pub use instruction::*;
[INFO] [stdout]    |         ^^^^^^^^^^^^^^ the name `DivWrapped` in the type namespace is first re-exported here
[INFO] [stdout] ...
[INFO] [stdout] 39 |     network::prelude::*,
[INFO] [stdout]    |     ------------------- but the name `DivWrapped` in the type namespace is also re-exported here
[INFO] [stdout] 
[INFO] [stdout] 
[INFO] [stdout] warning: ambiguous glob re-exports
[INFO] [stdout]   --> src/program/mod.rs:29:9
[INFO] [stdout]    |
[INFO] [stdout] 29 | pub use instruction::*;
[INFO] [stdout]    |         ^^^^^^^^^^^^^^ the name `Double` in the type namespace is first re-exported here
[INFO] [stdout] ...
[INFO] [stdout] 39 |     network::prelude::*,
[INFO] [stdout]    |     ------------------- but the name `Double` in the type namespace is also re-exported here
[INFO] [stdout] 
[INFO] [stdout] 
[INFO] [stdout] warning: ambiguous glob re-exports
[INFO] [stdout]   --> src/program/mod.rs:29:9
[INFO] [stdout]    |
[INFO] [stdout] 29 | pub use instruction::*;
[INFO] [stdout]    |         ^^^^^^^^^^^^^^ the name `Modulo` in the type namespace is first re-exported here
[INFO] [stdout] ...
[INFO] [stdout] 39 |     network::prelude::*,
[INFO] [stdout]    |     ------------------- but the name `Modulo` in the type namespace is also re-exported here
[INFO] [stdout] 
[INFO] [stdout] 
[INFO] [stdout] warning: ambiguous glob re-exports
[INFO] [stdout]   --> src/program/mod.rs:29:9
[INFO] [stdout]    |
[INFO] [stdout] 29 | pub use instruction::*;
[INFO] [stdout]    |         ^^^^^^^^^^^^^^ the name `Mul` in the type namespace is first re-exported here
[INFO] [stdout] ...
[INFO] [stdout] 39 |     network::prelude::*,
[INFO] [stdout]    |     ------------------- but the name `Mul` in the type namespace is also re-exported here
[INFO] [stdout] 
[INFO] [stdout] 
[INFO] [stdout] warning: ambiguous glob re-exports
[INFO] [stdout]   --> src/program/mod.rs:29:9
[INFO] [stdout]    |
[INFO] [stdout] 29 | pub use instruction::*;
[INFO] [stdout]    |         ^^^^^^^^^^^^^^ the name `MulWrapped` in the type namespace is first re-exported here
[INFO] [stdout] ...
[INFO] [stdout] 39 |     network::prelude::*,
[INFO] [stdout]    |     ------------------- but the name `MulWrapped` in the type namespace is also re-exported here
[INFO] [stdout] 
[INFO] [stdout] 
[INFO] [stdout] warning: ambiguous glob re-exports
[INFO] [stdout]   --> src/program/mod.rs:29:9
[INFO] [stdout]    |
[INFO] [stdout] 29 | pub use instruction::*;
[INFO] [stdout]    |         ^^^^^^^^^^^^^^ the name `Nand` in the type namespace is first re-exported here
[INFO] [stdout] ...
[INFO] [stdout] 39 |     network::prelude::*,
[INFO] [stdout]    |     ------------------- but the name `Nand` in the type namespace is also re-exported here
[INFO] [stdout] 
[INFO] [stdout] 
[INFO] [stdout] warning: ambiguous glob re-exports
[INFO] [stdout]   --> src/program/mod.rs:29:9
[INFO] [stdout]    |
[INFO] [stdout] 29 | pub use instruction::*;
[INFO] [stdout]    |         ^^^^^^^^^^^^^^ the name `Neg` in the type namespace is first re-exported here
[INFO] [stdout] ...
[INFO] [stdout] 39 |     network::prelude::*,
[INFO] [stdout]    |     ------------------- but the name `Neg` in the type namespace is also re-exported here
[INFO] [stdout] 
[INFO] [stdout] 
[INFO] [stdout] warning: ambiguous glob re-exports
[INFO] [stdout]   --> src/program/mod.rs:29:9
[INFO] [stdout]    |
[INFO] [stdout] 29 | pub use instruction::*;
[INFO] [stdout]    |         ^^^^^^^^^^^^^^ the name `Nor` in the type namespace is first re-exported here
[INFO] [stdout] ...
[INFO] [stdout] 39 |     network::prelude::*,
[INFO] [stdout]    |     ------------------- but the name `Nor` in the type namespace is also re-exported here
[INFO] [stdout] 
[INFO] [stdout] 
[INFO] [stdout] warning: ambiguous glob re-exports
[INFO] [stdout]   --> src/program/mod.rs:29:9
[INFO] [stdout]    |
[INFO] [stdout] 29 | pub use instruction::*;
[INFO] [stdout]    |         ^^^^^^^^^^^^^^ the name `Not` in the type namespace is first re-exported here
[INFO] [stdout] ...
[INFO] [stdout] 39 |     network::prelude::*,
[INFO] [stdout]    |     ------------------- but the name `Not` in the type namespace is also re-exported here
[INFO] [stdout] 
[INFO] [stdout] 
[INFO] [stdout] warning: ambiguous glob re-exports
[INFO] [stdout]   --> src/program/mod.rs:29:9
[INFO] [stdout]    |
[INFO] [stdout] 29 | pub use instruction::*;
[INFO] [stdout]    |         ^^^^^^^^^^^^^^ the name `Pow` in the type namespace is first re-exported here
[INFO] [stdout] ...
[INFO] [stdout] 39 |     network::prelude::*,
[INFO] [stdout]    |     ------------------- but the name `Pow` in the type namespace is also re-exported here
[INFO] [stdout] 
[INFO] [stdout] 
[INFO] [stdout] warning: ambiguous glob re-exports
[INFO] [stdout]   --> src/program/mod.rs:29:9
[INFO] [stdout]    |
[INFO] [stdout] 29 | pub use instruction::*;
[INFO] [stdout]    |         ^^^^^^^^^^^^^^ the name `PowWrapped` in the type namespace is first re-exported here
[INFO] [stdout] ...
[INFO] [stdout] 39 |     network::prelude::*,
[INFO] [stdout]    |     ------------------- but the name `PowWrapped` in the type namespace is also re-exported here
[INFO] [stdout] 
[INFO] [stdout] 
[INFO] [stdout] warning: ambiguous glob re-exports
[INFO] [stdout]   --> src/program/mod.rs:29:9
[INFO] [stdout]    |
[INFO] [stdout] 29 | pub use instruction::*;
[INFO] [stdout]    |         ^^^^^^^^^^^^^^ the name `Rem` in the type namespace is first re-exported here
[INFO] [stdout] ...
[INFO] [stdout] 39 |     network::prelude::*,
[INFO] [stdout]    |     ------------------- but the name `Rem` in the type namespace is also re-exported here
[INFO] [stdout] 
[INFO] [stdout] 
[INFO] [stdout] warning: ambiguous glob re-exports
[INFO] [stdout]   --> src/program/mod.rs:29:9
[INFO] [stdout]    |
[INFO] [stdout] 29 | pub use instruction::*;
[INFO] [stdout]    |         ^^^^^^^^^^^^^^ the name `RemWrapped` in the type namespace is first re-exported here
[INFO] [stdout] ...
[INFO] [stdout] 39 |     network::prelude::*,
[INFO] [stdout]    |     ------------------- but the name `RemWrapped` in the type namespace is also re-exported here
[INFO] [stdout] 
[INFO] [stdout] 
[INFO] [stdout] warning: ambiguous glob re-exports
[INFO] [stdout]   --> src/program/mod.rs:29:9
[INFO] [stdout]    |
[INFO] [stdout] 29 | pub use instruction::*;
[INFO] [stdout]    |         ^^^^^^^^^^^^^^ the name `Shl` in the type namespace is first re-exported here
[INFO] [stdout] ...
[INFO] [stdout] 39 |     network::prelude::*,
[INFO] [stdout]    |     ------------------- but the name `Shl` in the type namespace is also re-exported here
[INFO] [stdout] 
[INFO] [stdout] 
[INFO] [stdout] warning: ambiguous glob re-exports
[INFO] [stdout]   --> src/program/mod.rs:29:9
[INFO] [stdout]    |
[INFO] [stdout] 29 | pub use instruction::*;
[INFO] [stdout]    |         ^^^^^^^^^^^^^^ the name `ShlWrapped` in the type namespace is first re-exported here
[INFO] [stdout] ...
[INFO] [stdout] 39 |     network::prelude::*,
[INFO] [stdout]    |     ------------------- but the name `ShlWrapped` in the type namespace is also re-exported here
[INFO] [stdout] 
[INFO] [stdout] 
[INFO] [stdout] warning: ambiguous glob re-exports
[INFO] [stdout]   --> src/program/mod.rs:29:9
[INFO] [stdout]    |
[INFO] [stdout] 29 | pub use instruction::*;
[INFO] [stdout]    |         ^^^^^^^^^^^^^^ the name `Shr` in the type namespace is first re-exported here
[INFO] [stdout] ...
[INFO] [stdout] 39 |     network::prelude::*,
[INFO] [stdout]    |     ------------------- but the name `Shr` in the type namespace is also re-exported here
[INFO] [stdout] 
[INFO] [stdout] 
[INFO] [stdout] warning: ambiguous glob re-exports
[INFO] [stdout]   --> src/program/mod.rs:29:9
[INFO] [stdout]    |
[INFO] [stdout] 29 | pub use instruction::*;
[INFO] [stdout]    |         ^^^^^^^^^^^^^^ the name `ShrWrapped` in the type namespace is first re-exported here
[INFO] [stdout] ...
[INFO] [stdout] 39 |     network::prelude::*,
[INFO] [stdout]    |     ------------------- but the name `ShrWrapped` in the type namespace is also re-exported here
[INFO] [stdout] 
[INFO] [stdout] 
[INFO] [stdout] warning: ambiguous glob re-exports
[INFO] [stdout]   --> src/program/mod.rs:29:9
[INFO] [stdout]    |
[INFO] [stdout] 29 | pub use instruction::*;
[INFO] [stdout]    |         ^^^^^^^^^^^^^^ the name `Square` in the type namespace is first re-exported here
[INFO] [stdout] ...
[INFO] [stdout] 39 |     network::prelude::*,
[INFO] [stdout]    |     ------------------- but the name `Square` in the type namespace is also re-exported here
[INFO] [stdout] 
[INFO] [stdout] 
[INFO] [stdout] warning: ambiguous glob re-exports
[INFO] [stdout]   --> src/program/mod.rs:29:9
[INFO] [stdout]    |
[INFO] [stdout] 29 | pub use instruction::*;
[INFO] [stdout]    |         ^^^^^^^^^^^^^^ the name `SquareRoot` in the type namespace is first re-exported here
[INFO] [stdout] ...
[INFO] [stdout] 39 |     network::prelude::*,
[INFO] [stdout]    |     ------------------- but the name `SquareRoot` in the type namespace is also re-exported here
[INFO] [stdout] 
[INFO] [stdout] 
[INFO] [stdout] warning: ambiguous glob re-exports
[INFO] [stdout]   --> src/program/mod.rs:29:9
[INFO] [stdout]    |
[INFO] [stdout] 29 | pub use instruction::*;
[INFO] [stdout]    |         ^^^^^^^^^^^^^^ the name `Sub` in the type namespace is first re-exported here
[INFO] [stdout] ...
[INFO] [stdout] 39 |     network::prelude::*,
[INFO] [stdout]    |     ------------------- but the name `Sub` in the type namespace is also re-exported here
[INFO] [stdout] 
[INFO] [stdout] 
[INFO] [stdout] warning: ambiguous glob re-exports
[INFO] [stdout]   --> src/program/mod.rs:29:9
[INFO] [stdout]    |
[INFO] [stdout] 29 | pub use instruction::*;
[INFO] [stdout]    |         ^^^^^^^^^^^^^^ the name `SubWrapped` in the type namespace is first re-exported here
[INFO] [stdout] ...
[INFO] [stdout] 39 |     network::prelude::*,
[INFO] [stdout]    |     ------------------- but the name `SubWrapped` in the type namespace is also re-exported here
[INFO] [stdout] 
[INFO] [stdout] 
[INFO] [stdout] warning: ambiguous glob re-exports
[INFO] [stdout]   --> src/program/mod.rs:29:9
[INFO] [stdout]    |
[INFO] [stdout] 29 | pub use instruction::*;
[INFO] [stdout]    |         ^^^^^^^^^^^^^^ the name `Ternary` in the type namespace is first re-exported here
[INFO] [stdout] ...
[INFO] [stdout] 39 |     network::prelude::*,
[INFO] [stdout]    |     ------------------- but the name `Ternary` in the type namespace is also re-exported here
[INFO] [stdout] 
[INFO] [stdout] 
[INFO] [stdout] error[E0107]: struct takes 3 generic arguments but 4 generic arguments were supplied
[INFO] [stdout]   --> src/snark/mod.rs:34:13
[INFO] [stdout]    |
[INFO] [stdout] 34 |     marlin::MarlinSNARK<<N as Environment>::PairingCurve, FiatShamir<N>, marlin::MarlinHidingMode, [Fr<N>]>;
[INFO] [stdout]    |             ^^^^^^^^^^^ expected 3 generic arguments                                               ------- help: remove this generic argument
[INFO] [stdout]    |
[INFO] [stdout] note: struct defined here, with 3 generic parameters: `E`, `FS`, `MM`
[INFO] [stdout]   --> /opt/rustwide/cargo-home/registry/src/index.crates.io-6f17d22bba15001f/snarkvm-algorithms-0.9.15/src/snark/marlin/marlin.rs:59:12
[INFO] [stdout]    |
[INFO] [stdout] 59 | pub struct MarlinSNARK<E: PairingEngine, FS: AlgebraicSponge<E::Fq, 2>, MM: MarlinMode>(
[INFO] [stdout]    |            ^^^^^^^^^^^ -                 --                             --
[INFO] [stdout] 
[INFO] [stdout] 
[INFO] [stdout] error: aborting due to 6 previous errors; 26 warnings emitted
[INFO] [stdout] 
[INFO] [stdout] 
[INFO] [stdout] Some errors have detailed explanations: E0107, E0425, E0432, E0433.
[INFO] [stdout] 
[INFO] [stdout] For more information about an error, try `rustc --explain E0107`.
[INFO] [stdout] 
[INFO] [stderr] error: could not compile `snarkvm-compiler` (lib) due to 7 previous errors; 26 warnings emitted
[INFO] running `Command { std: "docker" "inspect" "725514b5de13a9f2dcf2294457c265b5e606b730950b521d3b3a9a18c83e66dd", kill_on_drop: false }`
[INFO] running `Command { std: "docker" "rm" "-f" "725514b5de13a9f2dcf2294457c265b5e606b730950b521d3b3a9a18c83e66dd", kill_on_drop: false }`
[INFO] [stdout] 725514b5de13a9f2dcf2294457c265b5e606b730950b521d3b3a9a18c83e66dd
