[INFO] fetching crate snarkvm-circuit-collections 0.16.12...
[INFO] testing snarkvm-circuit-collections-0.16.12 against 1.75.0 for beta-1.76-1
[INFO] extracting crate snarkvm-circuit-collections 0.16.12 into /workspace/builds/worker-0-tc1/source
[INFO] validating manifest of crates.io crate snarkvm-circuit-collections 0.16.12 on toolchain 1.75.0
[INFO] running `Command { std: CARGO_HOME="/workspace/cargo-home" RUSTUP_HOME="/workspace/rustup-home" "/workspace/cargo-home/bin/cargo" "+1.75.0" "metadata" "--manifest-path" "Cargo.toml" "--no-deps", kill_on_drop: false }`
[INFO] started tweaking crates.io crate snarkvm-circuit-collections 0.16.12
[INFO] finished tweaking crates.io crate snarkvm-circuit-collections 0.16.12
[INFO] tweaked toml for crates.io crate snarkvm-circuit-collections 0.16.12 written to /workspace/builds/worker-0-tc1/source/Cargo.toml
[INFO] running `Command { std: CARGO_HOME="/workspace/cargo-home" RUSTUP_HOME="/workspace/rustup-home" "/workspace/cargo-home/bin/cargo" "+1.75.0" "generate-lockfile" "--manifest-path" "Cargo.toml", kill_on_drop: false }`
[INFO] [stderr]     Updating crates.io index
[INFO] running `Command { std: CARGO_HOME="/workspace/cargo-home" RUSTUP_HOME="/workspace/rustup-home" "/workspace/cargo-home/bin/cargo" "+1.75.0" "fetch" "--manifest-path" "Cargo.toml", kill_on_drop: false }`
[INFO] [stderr]  Downloading crates ...
[INFO] [stderr]   Downloaded snarkvm-console-types-string v0.16.12
[INFO] [stderr]   Downloaded snarkvm-circuit-environment-witness v0.16.12
[INFO] [stderr]   Downloaded snarkvm-console-network-environment v0.16.12
[INFO] [stderr]   Downloaded snarkvm-console-types v0.16.12
[INFO] [stderr]   Downloaded snarkvm-console-types-boolean v0.16.12
[INFO] [stderr]   Downloaded snarkvm-circuit-types v0.16.12
[INFO] [stderr]   Downloaded snarkvm-console-types-scalar v0.16.12
[INFO] [stderr]   Downloaded snarkvm-circuit-types-scalar v0.16.12
[INFO] [stderr]   Downloaded snarkvm-utilities-derives v0.16.12
[INFO] [stderr]   Downloaded snarkvm-fields v0.16.12
[INFO] [stderr]   Downloaded snarkvm-console-network v0.16.12
[INFO] [stderr]   Downloaded snarkvm-circuit-types-integers v0.16.12
[INFO] [stderr]   Downloaded snarkvm-circuit-algorithms v0.16.12
[INFO] [stderr]   Downloaded snarkvm-algorithms v0.16.12
[INFO] [stderr]   Downloaded snarkvm-console-types-address v0.16.12
[INFO] [stderr]   Downloaded snarkvm-console-algorithms v0.16.12
[INFO] [stderr]   Downloaded snarkvm-circuit-types-string v0.16.12
[INFO] [stderr]   Downloaded snarkvm-console-types-field v0.16.12
[INFO] [stderr]   Downloaded snarkvm-parameters v0.16.12
[INFO] [stderr]   Downloaded snarkvm-circuit-types-field v0.16.12
[INFO] [stderr]   Downloaded snarkvm-circuit-types-address v0.16.12
[INFO] [stderr]   Downloaded snarkvm-circuit-types-boolean v0.16.12
[INFO] [stderr]   Downloaded snarkvm-console-types-group v0.16.12
[INFO] [stderr]   Downloaded snarkvm-circuit-environment v0.16.12
[INFO] [stderr]   Downloaded snarkvm-curves v0.16.12
[INFO] [stderr]   Downloaded snarkvm-utilities v0.16.12
[INFO] [stderr]   Downloaded snarkvm-console-types-integers v0.16.12
[INFO] [stderr]   Downloaded snarkvm-circuit-types-group v0.16.12
[INFO] [stderr]   Downloaded snarkvm-console-collections v0.16.12
[INFO] running `Command { std: "docker" "create" "-v" "/var/lib/crater-agent-workspace/builds/worker-0-tc1/target:/opt/rustwide/target:rw,Z" "-v" "/var/lib/crater-agent-workspace/builds/worker-0-tc1/source:/opt/rustwide/workdir:ro,Z" "-v" "/var/lib/crater-agent-workspace/cargo-home:/opt/rustwide/cargo-home:ro,Z" "-v" "/var/lib/crater-agent-workspace/rustup-home:/opt/rustwide/rustup-home:ro,Z" "-e" "SOURCE_DIR=/opt/rustwide/workdir" "-e" "CARGO_TARGET_DIR=/opt/rustwide/target" "-e" "CARGO_HOME=/opt/rustwide/cargo-home" "-e" "RUSTUP_HOME=/opt/rustwide/rustup-home" "-w" "/opt/rustwide/workdir" "-m" "1610612736" "--user" "0:0" "--network" "none" "ghcr.io/rust-lang/crates-build-env/linux@sha256:2788e3201cd34a07e3172128adcd8b3090168a8e3bcc40d7c032b9dda1df7d1c" "/opt/rustwide/cargo-home/bin/cargo" "+1.75.0" "metadata" "--no-deps" "--format-version=1", kill_on_drop: false }`
[INFO] [stdout] 91147cd060837f334a43797d1864581ba360d8a77a8baff2d39f95b8036f7003
[INFO] running `Command { std: "docker" "start" "-a" "91147cd060837f334a43797d1864581ba360d8a77a8baff2d39f95b8036f7003", kill_on_drop: false }`
[INFO] running `Command { std: "docker" "inspect" "91147cd060837f334a43797d1864581ba360d8a77a8baff2d39f95b8036f7003", kill_on_drop: false }`
[INFO] running `Command { std: "docker" "rm" "-f" "91147cd060837f334a43797d1864581ba360d8a77a8baff2d39f95b8036f7003", kill_on_drop: false }`
[INFO] [stdout] 91147cd060837f334a43797d1864581ba360d8a77a8baff2d39f95b8036f7003
[INFO] running `Command { std: "docker" "create" "-v" "/var/lib/crater-agent-workspace/builds/worker-0-tc1/target:/opt/rustwide/target:rw,Z" "-v" "/var/lib/crater-agent-workspace/builds/worker-0-tc1/source:/opt/rustwide/workdir:ro,Z" "-v" "/var/lib/crater-agent-workspace/cargo-home:/opt/rustwide/cargo-home:ro,Z" "-v" "/var/lib/crater-agent-workspace/rustup-home:/opt/rustwide/rustup-home:ro,Z" "-e" "SOURCE_DIR=/opt/rustwide/workdir" "-e" "CARGO_TARGET_DIR=/opt/rustwide/target" "-e" "CARGO_INCREMENTAL=0" "-e" "RUST_BACKTRACE=full" "-e" "RUSTFLAGS=--cap-lints=warn" "-e" "RUSTDOCFLAGS=--cap-lints=warn" "-e" "CARGO_HOME=/opt/rustwide/cargo-home" "-e" "RUSTUP_HOME=/opt/rustwide/rustup-home" "-w" "/opt/rustwide/workdir" "-m" "1610612736" "--user" "0:0" "--network" "none" "ghcr.io/rust-lang/crates-build-env/linux@sha256:2788e3201cd34a07e3172128adcd8b3090168a8e3bcc40d7c032b9dda1df7d1c" "/opt/rustwide/cargo-home/bin/cargo" "+1.75.0" "build" "--frozen" "--message-format=json", kill_on_drop: false }`
[INFO] [stdout] 7523f2ce38ea77fc48a9437ab516ad86204717383753e347b16b3b6b7b0b8bc4
[INFO] running `Command { std: "docker" "start" "-a" "7523f2ce38ea77fc48a9437ab516ad86204717383753e347b16b3b6b7b0b8bc4", kill_on_drop: false }`
[INFO] [stderr]    Compiling syn v1.0.109
[INFO] [stderr]    Compiling zerocopy v0.7.32
[INFO] [stderr]    Compiling allocator-api2 v0.2.16
[INFO] [stderr]    Compiling serde_json v1.0.111
[INFO] [stderr]    Compiling ahash v0.8.7
[INFO] [stderr]    Compiling num-integer v0.1.45
[INFO] [stderr]    Compiling num-bigint v0.4.4
[INFO] [stderr]    Compiling num-traits v0.2.17
[INFO] [stderr]    Compiling dirs-sys v0.3.7
[INFO] [stderr]    Compiling aleo-std-timer v0.1.2
[INFO] [stderr]    Compiling aleo-std-cpu v0.1.4
[INFO] [stderr]    Compiling aleo-std-profiler v0.1.15
[INFO] [stderr]    Compiling syn v2.0.48
[INFO] [stderr]    Compiling rand_xorshift v0.3.0
[INFO] [stderr]    Compiling rand v0.8.5
[INFO] [stderr]    Compiling rayon v1.8.0
[INFO] [stderr]    Compiling smol_str v0.2.0
[INFO] [stderr]    Compiling itertools v0.11.0
[INFO] [stderr]    Compiling memchr v2.7.1
[INFO] [stderr]    Compiling bech32 v0.9.1
[INFO] [stderr]    Compiling dirs v4.0.0
[INFO] [stderr]    Compiling openssl-sys v0.9.98
[INFO] [stderr]    Compiling aleo-std-storage v0.1.3
[INFO] [stderr]    Compiling libz-sys v1.1.12
[INFO] [stderr]    Compiling curl-sys v0.4.70+curl-8.5.0
[INFO] [stderr]    Compiling subtle v2.5.0
[INFO] [stderr]    Compiling crunchy v0.2.2
[INFO] [stderr]    Compiling smallvec v1.11.2
[INFO] [stderr]    Compiling digest v0.10.7
[INFO] [stderr]    Compiling tiny-keccak v2.0.2
[INFO] [stderr]    Compiling curl v0.4.44
[INFO] [stderr]    Compiling socket2 v0.4.10
[INFO] [stderr]    Compiling hashbrown v0.14.3
[INFO] [stderr]    Compiling nom v7.1.3
[INFO] [stderr]    Compiling constant_time_eq v0.3.0
[INFO] [stderr]    Compiling arrayref v0.3.7
[INFO] [stderr]    Compiling arrayvec v0.7.4
[INFO] [stderr]    Compiling sha2 v0.10.8
[INFO] [stderr]    Compiling colored v2.1.0
[INFO] [stderr]    Compiling parking_lot_core v0.9.9
[INFO] [stderr]    Compiling blake2s_simd v1.0.2
[INFO] [stderr]    Compiling parking_lot v0.12.1
[INFO] [stderr]    Compiling blake2 v0.10.6
[INFO] [stderr]    Compiling snarkvm-circuit-types-boolean v0.16.12
[INFO] [stderr]    Compiling indexmap v2.1.0
[INFO] [stderr]    Compiling snarkvm-circuit-environment-witness v0.16.12
[INFO] [stderr]    Compiling snarkvm-circuit-types-field v0.16.12
[INFO] [stderr]    Compiling snarkvm-circuit-types-scalar v0.16.12
[INFO] [stderr]    Compiling snarkvm-circuit-types-integers v0.16.12
[INFO] [stderr]    Compiling snarkvm-circuit-types-group v0.16.12
[INFO] [stderr]    Compiling snarkvm-circuit-types-string v0.16.12
[INFO] [stderr]    Compiling snarkvm-circuit-types-address v0.16.12
[INFO] [stderr]    Compiling snarkvm-circuit-algorithms v0.16.12
[INFO] [stderr]    Compiling snarkvm-circuit-collections v0.16.12 (/opt/rustwide/workdir)
[INFO] [stderr]    Compiling aleo-std-time v0.1.2
[INFO] [stderr]    Compiling aleo-std-timed v0.1.2
[INFO] [stderr]    Compiling derivative v2.2.0
[INFO] [stderr]    Compiling serde_derive v1.0.194
[INFO] [stderr]    Compiling zeroize_derive v1.4.2
[INFO] [stderr]    Compiling thiserror-impl v1.0.56
[INFO] [stderr]    Compiling snarkvm-utilities-derives v0.16.12
[INFO] [stderr]    Compiling aleo-std v0.1.18
[INFO] [stderr]    Compiling zeroize v1.7.0
[INFO] [stderr]    Compiling thiserror v1.0.56
[INFO] [stderr]    Compiling serde v1.0.194
[INFO] [stderr]    Compiling bincode v1.3.3
[INFO] [stderr]    Compiling snarkvm-utilities v0.16.12
[INFO] [stderr]    Compiling snarkvm-fields v0.16.12
[INFO] [stderr]    Compiling snarkvm-curves v0.16.12
[INFO] [stderr]    Compiling snarkvm-console-network-environment v0.16.12
[INFO] [stderr]    Compiling snarkvm-parameters v0.16.12
[INFO] [stderr]    Compiling snarkvm-console-types-boolean v0.16.12
[INFO] [stderr]    Compiling snarkvm-console-types-field v0.16.12
[INFO] [stderr]    Compiling snarkvm-console-types-scalar v0.16.12
[INFO] [stderr]    Compiling snarkvm-console-types-group v0.16.12
[INFO] [stderr]    Compiling snarkvm-console-types-integers v0.16.12
[INFO] [stderr]    Compiling snarkvm-algorithms v0.16.12
[INFO] [stderr]    Compiling snarkvm-console-types-address v0.16.12
[INFO] [stderr]    Compiling snarkvm-console-types v0.16.12
[INFO] [stderr]    Compiling snarkvm-console-types-string v0.16.12
[INFO] [stderr]    Compiling snarkvm-console-algorithms v0.16.12
[INFO] [stderr]    Compiling snarkvm-console-collections v0.16.12
[INFO] [stderr]    Compiling snarkvm-console-network v0.16.12
[INFO] [stderr]    Compiling snarkvm-circuit-environment v0.16.12
[INFO] [stderr]    Compiling snarkvm-circuit-types v0.16.12
[INFO] [stderr]     Finished dev [unoptimized + debuginfo] target(s) in 26.60s
[INFO] running `Command { std: "docker" "inspect" "7523f2ce38ea77fc48a9437ab516ad86204717383753e347b16b3b6b7b0b8bc4", kill_on_drop: false }`
[INFO] running `Command { std: "docker" "rm" "-f" "7523f2ce38ea77fc48a9437ab516ad86204717383753e347b16b3b6b7b0b8bc4", kill_on_drop: false }`
[INFO] [stdout] 7523f2ce38ea77fc48a9437ab516ad86204717383753e347b16b3b6b7b0b8bc4
[INFO] running `Command { std: "docker" "create" "-v" "/var/lib/crater-agent-workspace/builds/worker-0-tc1/target:/opt/rustwide/target:rw,Z" "-v" "/var/lib/crater-agent-workspace/builds/worker-0-tc1/source:/opt/rustwide/workdir:ro,Z" "-v" "/var/lib/crater-agent-workspace/cargo-home:/opt/rustwide/cargo-home:ro,Z" "-v" "/var/lib/crater-agent-workspace/rustup-home:/opt/rustwide/rustup-home:ro,Z" "-e" "SOURCE_DIR=/opt/rustwide/workdir" "-e" "CARGO_TARGET_DIR=/opt/rustwide/target" "-e" "CARGO_INCREMENTAL=0" "-e" "RUST_BACKTRACE=full" "-e" "RUSTFLAGS=--cap-lints=warn" "-e" "RUSTDOCFLAGS=--cap-lints=warn" "-e" "CARGO_HOME=/opt/rustwide/cargo-home" "-e" "RUSTUP_HOME=/opt/rustwide/rustup-home" "-w" "/opt/rustwide/workdir" "-m" "1610612736" "--user" "0:0" "--network" "none" "ghcr.io/rust-lang/crates-build-env/linux@sha256:2788e3201cd34a07e3172128adcd8b3090168a8e3bcc40d7c032b9dda1df7d1c" "/opt/rustwide/cargo-home/bin/cargo" "+1.75.0" "test" "--frozen" "--no-run" "--message-format=json", kill_on_drop: false }`
[INFO] [stdout] 5de454f1fd21d065b97977c87c32a218e3ae0dda6fd2067c1755cd31af2a31ee
[INFO] running `Command { std: "docker" "start" "-a" "5de454f1fd21d065b97977c87c32a218e3ae0dda6fd2067c1755cd31af2a31ee", kill_on_drop: false }`
[INFO] [stderr]    Compiling snarkvm-circuit-collections v0.16.12 (/opt/rustwide/workdir)
[INFO] [stdout] error[E0432]: unresolved import `snarkvm_utilities`
[INFO] [stdout]   --> src/kary_merkle_tree/helpers/leaf_hash.rs:81:9
[INFO] [stdout]    |
[INFO] [stdout] 81 |     use snarkvm_utilities::{TestRng, Uniform};
[INFO] [stdout]    |         ^^^^^^^^^^^^^^^^^ use of undeclared crate or module `snarkvm_utilities`
[INFO] [stdout] 
[INFO] [stdout] 
[INFO] [stdout] error[E0432]: unresolved import `snarkvm_utilities`
[INFO] [stdout]   --> src/kary_merkle_tree/helpers/path_hash.rs:98:9
[INFO] [stdout]    |
[INFO] [stdout] 98 |     use snarkvm_utilities::{TestRng, Uniform};
[INFO] [stdout]    |         ^^^^^^^^^^^^^^^^^ use of undeclared crate or module `snarkvm_utilities`
[INFO] [stdout] 
[INFO] [stdout] 
[INFO] [stdout] error[E0432]: unresolved import `snarkvm_utilities`
[INFO] [stdout]    --> src/kary_merkle_tree/verify.rs:110:9
[INFO] [stdout]     |
[INFO] [stdout] 110 |     use snarkvm_utilities::{TestRng, Uniform};
[INFO] [stdout]     |         ^^^^^^^^^^^^^^^^^ use of undeclared crate or module `snarkvm_utilities`
[INFO] [stdout] 
[INFO] [stdout] 
[INFO] [stdout] error[E0432]: unresolved import `snarkvm_circuit_network`
[INFO] [stdout]   --> src/kary_merkle_tree/mod.rs:88:9
[INFO] [stdout]    |
[INFO] [stdout] 88 |     use snarkvm_circuit_network::AleoV0 as Circuit;
[INFO] [stdout]    |         ^^^^^^^^^^^^^^^^^^^^^^^ use of undeclared crate or module `snarkvm_circuit_network`
[INFO] [stdout]    |
[INFO] [stdout] help: there is a crate or module with a similar name
[INFO] [stdout]    |
[INFO] [stdout] 88 |     use snarkvm_circuit_types::AleoV0 as Circuit;
[INFO] [stdout]    |         ~~~~~~~~~~~~~~~~~~~~~
[INFO] [stdout] 
[INFO] [stdout] 
[INFO] [stdout] error[E0432]: unresolved import `snarkvm_utilities`
[INFO] [stdout]   --> src/kary_merkle_tree/mod.rs:89:9
[INFO] [stdout]    |
[INFO] [stdout] 89 |     use snarkvm_utilities::{TestRng, Uniform};
[INFO] [stdout]    |         ^^^^^^^^^^^^^^^^^ use of undeclared crate or module `snarkvm_utilities`
[INFO] [stdout] 
[INFO] [stdout] 
[INFO] [stdout] error[E0432]: unresolved import `snarkvm_utilities`
[INFO] [stdout]   --> src/merkle_tree/helpers/leaf_hash.rs:62:9
[INFO] [stdout]    |
[INFO] [stdout] 62 |     use snarkvm_utilities::{TestRng, Uniform};
[INFO] [stdout]    |         ^^^^^^^^^^^^^^^^^ use of undeclared crate or module `snarkvm_utilities`
[INFO] [stdout] 
[INFO] [stdout] 
[INFO] [stdout] error[E0432]: unresolved import `snarkvm_utilities`
[INFO] [stdout]   --> src/merkle_tree/helpers/path_hash.rs:63:9
[INFO] [stdout]    |
[INFO] [stdout] 63 |     use snarkvm_utilities::{TestRng, Uniform};
[INFO] [stdout]    |         ^^^^^^^^^^^^^^^^^ use of undeclared crate or module `snarkvm_utilities`
[INFO] [stdout] 
[INFO] [stdout] 
[INFO] [stdout] error[E0432]: unresolved import `snarkvm_utilities`
[INFO] [stdout]   --> src/merkle_tree/verify.rs:63:9
[INFO] [stdout]    |
[INFO] [stdout] 63 |     use snarkvm_utilities::{TestRng, Uniform};
[INFO] [stdout]    |         ^^^^^^^^^^^^^^^^^ use of undeclared crate or module `snarkvm_utilities`
[INFO] [stdout] 
[INFO] [stdout] 
[INFO] [stdout] error[E0432]: unresolved import `snarkvm_circuit_network`
[INFO] [stdout]   --> src/merkle_tree/mod.rs:72:9
[INFO] [stdout]    |
[INFO] [stdout] 72 |     use snarkvm_circuit_network::AleoV0 as Circuit;
[INFO] [stdout]    |         ^^^^^^^^^^^^^^^^^^^^^^^ use of undeclared crate or module `snarkvm_circuit_network`
[INFO] [stdout]    |
[INFO] [stdout] help: there is a crate or module with a similar name
[INFO] [stdout]    |
[INFO] [stdout] 72 |     use snarkvm_circuit_types::AleoV0 as Circuit;
[INFO] [stdout]    |         ~~~~~~~~~~~~~~~~~~~~~
[INFO] [stdout] 
[INFO] [stdout] 
[INFO] [stdout] error[E0432]: unresolved import `snarkvm_utilities`
[INFO] [stdout]   --> src/merkle_tree/mod.rs:73:9
[INFO] [stdout]    |
[INFO] [stdout] 73 |     use snarkvm_utilities::{TestRng, Uniform};
[INFO] [stdout]    |         ^^^^^^^^^^^^^^^^^ use of undeclared crate or module `snarkvm_utilities`
[INFO] [stdout] 
[INFO] [stdout] 
[INFO] [stdout] error[E0433]: failed to resolve: use of undeclared crate or module `snarkvm_console_algorithms`
[INFO] [stdout]    --> src/kary_merkle_tree/helpers/leaf_hash.rs:114:26
[INFO] [stdout]     |
[INFO] [stdout] 114 |             let native = snarkvm_console_algorithms::$hash::<<Circuit as Environment>::Network>::setup(DOMAIN)?;
[INFO] [stdout]     |                          ^^^^^^^^^^^^^^^^^^^^^^^^^^ use of undeclared crate or module `snarkvm_console_algorithms`
[INFO] [stdout] ...
[INFO] [stdout] 129 |         check_hash_leaf!(BHP1024, Constant, 1024, (1791, 0, 0, 0))
[INFO] [stdout]     |         ---------------------------------------------------------- in this macro invocation
[INFO] [stdout]     |
[INFO] [stdout]     = note: this error originates in the macro `check_hash_leaf` (in Nightly builds, run with -Z macro-backtrace for more info)
[INFO] [stdout] help: there is a crate or module with a similar name
[INFO] [stdout]     |
[INFO] [stdout] 114 |             let native = snarkvm_circuit_algorithms::$hash::<<Circuit as Environment>::Network>::setup(DOMAIN)?;
[INFO] [stdout]     |                          ~~~~~~~~~~~~~~~~~~~~~~~~~~
[INFO] [stdout] help: consider importing this type alias
[INFO] [stdout]     |
[INFO] [stdout] 78  +     use snarkvm_circuit_algorithms::BHP1024;
[INFO] [stdout]     |
[INFO] [stdout] 
[INFO] [stdout] 
[INFO] [stdout] error[E0433]: failed to resolve: use of undeclared crate or module `snarkvm_console_algorithms`
[INFO] [stdout]    --> src/kary_merkle_tree/helpers/leaf_hash.rs:114:26
[INFO] [stdout]     |
[INFO] [stdout] 114 |             let native = snarkvm_console_algorithms::$hash::<<Circuit as Environment>::Network>::setup(DOMAIN)?;
[INFO] [stdout]     |                          ^^^^^^^^^^^^^^^^^^^^^^^^^^ use of undeclared crate or module `snarkvm_console_algorithms`
[INFO] [stdout] ...
[INFO] [stdout] 134 |         check_hash_leaf!(BHP1024, Public, 1024, (413, 0, 1744, 1744))
[INFO] [stdout]     |         ------------------------------------------------------------- in this macro invocation
[INFO] [stdout]     |
[INFO] [stdout]     = note: this error originates in the macro `check_hash_leaf` (in Nightly builds, run with -Z macro-backtrace for more info)
[INFO] [stdout] help: there is a crate or module with a similar name
[INFO] [stdout]     |
[INFO] [stdout] 114 |             let native = snarkvm_circuit_algorithms::$hash::<<Circuit as Environment>::Network>::setup(DOMAIN)?;
[INFO] [stdout]     |                          ~~~~~~~~~~~~~~~~~~~~~~~~~~
[INFO] [stdout] help: consider importing this type alias
[INFO] [stdout]     |
[INFO] [stdout] 78  +     use snarkvm_circuit_algorithms::BHP1024;
[INFO] [stdout]     |
[INFO] [stdout] 
[INFO] [stdout] 
[INFO] [stdout] error[E0433]: failed to resolve: use of undeclared crate or module `snarkvm_console_algorithms`
[INFO] [stdout]    --> src/kary_merkle_tree/helpers/leaf_hash.rs:114:26
[INFO] [stdout]     |
[INFO] [stdout] 114 |             let native = snarkvm_console_algorithms::$hash::<<Circuit as Environment>::Network>::setup(DOMAIN)?;
[INFO] [stdout]     |                          ^^^^^^^^^^^^^^^^^^^^^^^^^^ use of undeclared crate or module `snarkvm_console_algorithms`
[INFO] [stdout] ...
[INFO] [stdout] 139 |         check_hash_leaf!(BHP1024, Private, 1024, (413, 0, 1744, 1744))
[INFO] [stdout]     |         -------------------------------------------------------------- in this macro invocation
[INFO] [stdout]     |
[INFO] [stdout]     = note: this error originates in the macro `check_hash_leaf` (in Nightly builds, run with -Z macro-backtrace for more info)
[INFO] [stdout] help: there is a crate or module with a similar name
[INFO] [stdout]     |
[INFO] [stdout] 114 |             let native = snarkvm_circuit_algorithms::$hash::<<Circuit as Environment>::Network>::setup(DOMAIN)?;
[INFO] [stdout]     |                          ~~~~~~~~~~~~~~~~~~~~~~~~~~
[INFO] [stdout] help: consider importing this type alias
[INFO] [stdout]     |
[INFO] [stdout] 78  +     use snarkvm_circuit_algorithms::BHP1024;
[INFO] [stdout]     |
[INFO] [stdout] 
[INFO] [stdout] 
[INFO] [stdout] error[E0433]: failed to resolve: use of undeclared crate or module `snarkvm_console_algorithms`
[INFO] [stdout]    --> src/kary_merkle_tree/helpers/leaf_hash.rs:114:26
[INFO] [stdout]     |
[INFO] [stdout] 114 |             let native = snarkvm_console_algorithms::$hash::<<Circuit as Environment>::Network>::setup(DOMAIN)?;
[INFO] [stdout]     |                          ^^^^^^^^^^^^^^^^^^^^^^^^^^ use of undeclared crate or module `snarkvm_console_algorithms`
[INFO] [stdout] ...
[INFO] [stdout] 144 |         check_hash_leaf!(Poseidon4, Constant, 4, (1, 0, 0, 0))
[INFO] [stdout]     |         ------------------------------------------------------ in this macro invocation
[INFO] [stdout]     |
[INFO] [stdout]     = note: this error originates in the macro `check_hash_leaf` (in Nightly builds, run with -Z macro-backtrace for more info)
[INFO] [stdout] help: there is a crate or module with a similar name
[INFO] [stdout]     |
[INFO] [stdout] 114 |             let native = snarkvm_circuit_algorithms::$hash::<<Circuit as Environment>::Network>::setup(DOMAIN)?;
[INFO] [stdout]     |                          ~~~~~~~~~~~~~~~~~~~~~~~~~~
[INFO] [stdout] help: consider importing this type alias
[INFO] [stdout]     |
[INFO] [stdout] 78  +     use snarkvm_circuit_algorithms::Poseidon4;
[INFO] [stdout]     |
[INFO] [stdout] 
[INFO] [stdout] 
[INFO] [stdout] error[E0433]: failed to resolve: use of undeclared crate or module `snarkvm_console_algorithms`
[INFO] [stdout]    --> src/kary_merkle_tree/helpers/leaf_hash.rs:114:26
[INFO] [stdout]     |
[INFO] [stdout] 114 |             let native = snarkvm_console_algorithms::$hash::<<Circuit as Environment>::Network>::setup(DOMAIN)?;
[INFO] [stdout]     |                          ^^^^^^^^^^^^^^^^^^^^^^^^^^ use of undeclared crate or module `snarkvm_console_algorithms`
[INFO] [stdout] ...
[INFO] [stdout] 149 |         check_hash_leaf!(Poseidon4, Public, 4, (1, 0, 700, 700))
[INFO] [stdout]     |         -------------------------------------------------------- in this macro invocation
[INFO] [stdout]     |
[INFO] [stdout]     = note: this error originates in the macro `check_hash_leaf` (in Nightly builds, run with -Z macro-backtrace for more info)
[INFO] [stdout] help: there is a crate or module with a similar name
[INFO] [stdout]     |
[INFO] [stdout] 114 |             let native = snarkvm_circuit_algorithms::$hash::<<Circuit as Environment>::Network>::setup(DOMAIN)?;
[INFO] [stdout]     |                          ~~~~~~~~~~~~~~~~~~~~~~~~~~
[INFO] [stdout] help: consider importing this type alias
[INFO] [stdout]     |
[INFO] [stdout] 78  +     use snarkvm_circuit_algorithms::Poseidon4;
[INFO] [stdout]     |
[INFO] [stdout] 
[INFO] [stdout] 
[INFO] [stdout] error[E0433]: failed to resolve: use of undeclared crate or module `snarkvm_console_algorithms`
[INFO] [stdout]    --> src/kary_merkle_tree/helpers/leaf_hash.rs:114:26
[INFO] [stdout]     |
[INFO] [stdout] 114 |             let native = snarkvm_console_algorithms::$hash::<<Circuit as Environment>::Network>::setup(DOMAIN)?;
[INFO] [stdout]     |                          ^^^^^^^^^^^^^^^^^^^^^^^^^^ use of undeclared crate or module `snarkvm_console_algorithms`
[INFO] [stdout] ...
[INFO] [stdout] 154 |         check_hash_leaf!(Poseidon4, Private, 4, (1, 0, 700, 700))
[INFO] [stdout]     |         --------------------------------------------------------- in this macro invocation
[INFO] [stdout]     |
[INFO] [stdout]     = note: this error originates in the macro `check_hash_leaf` (in Nightly builds, run with -Z macro-backtrace for more info)
[INFO] [stdout] help: there is a crate or module with a similar name
[INFO] [stdout]     |
[INFO] [stdout] 114 |             let native = snarkvm_circuit_algorithms::$hash::<<Circuit as Environment>::Network>::setup(DOMAIN)?;
[INFO] [stdout]     |                          ~~~~~~~~~~~~~~~~~~~~~~~~~~
[INFO] [stdout] help: consider importing this type alias
[INFO] [stdout]     |
[INFO] [stdout] 78  +     use snarkvm_circuit_algorithms::Poseidon4;
[INFO] [stdout]     |
[INFO] [stdout] 
[INFO] [stdout] 
[INFO] [stdout] error[E0433]: failed to resolve: use of undeclared crate or module `snarkvm_console_algorithms`
[INFO] [stdout]    --> src/kary_merkle_tree/helpers/path_hash.rs:131:26
[INFO] [stdout]     |
[INFO] [stdout] 131 |             let native = snarkvm_console_algorithms::$hash::<<Circuit as Environment>::Network>::setup(DOMAIN)?;
[INFO] [stdout]     |                          ^^^^^^^^^^^^^^^^^^^^^^^^^^ use of undeclared crate or module `snarkvm_console_algorithms`
[INFO] [stdout] ...
[INFO] [stdout] 146 |         check_hash_children!(BHP512, Constant, 2, (1599, 0, 0, 0))?;
[INFO] [stdout]     |         ---------------------------------------------------------- in this macro invocation
[INFO] [stdout]     |
[INFO] [stdout]     = note: this error originates in the macro `check_hash_children` (in Nightly builds, run with -Z macro-backtrace for more info)
[INFO] [stdout] help: there is a crate or module with a similar name
[INFO] [stdout]     |
[INFO] [stdout] 131 |             let native = snarkvm_circuit_algorithms::$hash::<<Circuit as Environment>::Network>::setup(DOMAIN)?;
[INFO] [stdout]     |                          ~~~~~~~~~~~~~~~~~~~~~~~~~~
[INFO] [stdout] help: consider importing this type alias
[INFO] [stdout]     |
[INFO] [stdout] 95  +     use snarkvm_circuit_algorithms::BHP512;
[INFO] [stdout]     |
[INFO] [stdout] 
[INFO] [stdout] 
[INFO] [stdout] error[E0433]: failed to resolve: use of undeclared crate or module `snarkvm_console_algorithms`
[INFO] [stdout]    --> src/kary_merkle_tree/helpers/path_hash.rs:131:26
[INFO] [stdout]     |
[INFO] [stdout] 131 |             let native = snarkvm_console_algorithms::$hash::<<Circuit as Environment>::Network>::setup(DOMAIN)?;
[INFO] [stdout]     |                          ^^^^^^^^^^^^^^^^^^^^^^^^^^ use of undeclared crate or module `snarkvm_console_algorithms`
[INFO] [stdout] ...
[INFO] [stdout] 147 |         check_hash_children!(BHP512, Constant, 3, (2792, 0, 0, 0))
[INFO] [stdout]     |         ---------------------------------------------------------- in this macro invocation
[INFO] [stdout]     |
[INFO] [stdout]     = note: this error originates in the macro `check_hash_children` (in Nightly builds, run with -Z macro-backtrace for more info)
[INFO] [stdout] help: there is a crate or module with a similar name
[INFO] [stdout]     |
[INFO] [stdout] 131 |             let native = snarkvm_circuit_algorithms::$hash::<<Circuit as Environment>::Network>::setup(DOMAIN)?;
[INFO] [stdout]     |                          ~~~~~~~~~~~~~~~~~~~~~~~~~~
[INFO] [stdout] help: consider importing this type alias
[INFO] [stdout]     |
[INFO] [stdout] 95  +     use snarkvm_circuit_algorithms::BHP512;
[INFO] [stdout]     |
[INFO] [stdout] 
[INFO] [stdout] 
[INFO] [stdout] error[E0433]: failed to resolve: use of undeclared crate or module `snarkvm_console_algorithms`
[INFO] [stdout]    --> src/kary_merkle_tree/helpers/path_hash.rs:131:26
[INFO] [stdout]     |
[INFO] [stdout] 131 |             let native = snarkvm_console_algorithms::$hash::<<Circuit as Environment>::Network>::setup(DOMAIN)?;
[INFO] [stdout]     |                          ^^^^^^^^^^^^^^^^^^^^^^^^^^ use of undeclared crate or module `snarkvm_console_algorithms`
[INFO] [stdout] ...
[INFO] [stdout] 152 |         check_hash_children!(BHP512, Public, 2, (409, 0, 1879, 1883))?;
[INFO] [stdout]     |         ------------------------------------------------------------- in this macro invocation
[INFO] [stdout]     |
[INFO] [stdout]     = note: this error originates in the macro `check_hash_children` (in Nightly builds, run with -Z macro-backtrace for more info)
[INFO] [stdout] help: there is a crate or module with a similar name
[INFO] [stdout]     |
[INFO] [stdout] 131 |             let native = snarkvm_circuit_algorithms::$hash::<<Circuit as Environment>::Network>::setup(DOMAIN)?;
[INFO] [stdout]     |                          ~~~~~~~~~~~~~~~~~~~~~~~~~~
[INFO] [stdout] help: consider importing this type alias
[INFO] [stdout]     |
[INFO] [stdout] 95  +     use snarkvm_circuit_algorithms::BHP512;
[INFO] [stdout]     |
[INFO] [stdout] 
[INFO] [stdout] 
[INFO] [stdout] error[E0433]: failed to resolve: use of undeclared crate or module `snarkvm_console_algorithms`
[INFO] [stdout]    --> src/kary_merkle_tree/helpers/path_hash.rs:131:26
[INFO] [stdout]     |
[INFO] [stdout] 131 |             let native = snarkvm_console_algorithms::$hash::<<Circuit as Environment>::Network>::setup(DOMAIN)?;
[INFO] [stdout]     |                          ^^^^^^^^^^^^^^^^^^^^^^^^^^ use of undeclared crate or module `snarkvm_console_algorithms`
[INFO] [stdout] ...
[INFO] [stdout] 153 |         check_hash_children!(BHP512, Public, 3, (418, 0, 3747, 3755))
[INFO] [stdout]     |         ------------------------------------------------------------- in this macro invocation
[INFO] [stdout]     |
[INFO] [stdout]     = note: this error originates in the macro `check_hash_children` (in Nightly builds, run with -Z macro-backtrace for more info)
[INFO] [stdout] help: there is a crate or module with a similar name
[INFO] [stdout]     |
[INFO] [stdout] 131 |             let native = snarkvm_circuit_algorithms::$hash::<<Circuit as Environment>::Network>::setup(DOMAIN)?;
[INFO] [stdout]     |                          ~~~~~~~~~~~~~~~~~~~~~~~~~~
[INFO] [stdout] help: consider importing this type alias
[INFO] [stdout]     |
[INFO] [stdout] 95  +     use snarkvm_circuit_algorithms::BHP512;
[INFO] [stdout]     |
[INFO] [stdout] 
[INFO] [stdout] 
[INFO] [stdout] error[E0433]: failed to resolve: use of undeclared crate or module `snarkvm_console_algorithms`
[INFO] [stdout]    --> src/kary_merkle_tree/helpers/path_hash.rs:131:26
[INFO] [stdout]     |
[INFO] [stdout] 131 |             let native = snarkvm_console_algorithms::$hash::<<Circuit as Environment>::Network>::setup(DOMAIN)?;
[INFO] [stdout]     |                          ^^^^^^^^^^^^^^^^^^^^^^^^^^ use of undeclared crate or module `snarkvm_console_algorithms`
[INFO] [stdout] ...
[INFO] [stdout] 158 |         check_hash_children!(BHP512, Private, 2, (409, 0, 1879, 1883))?;
[INFO] [stdout]     |         -------------------------------------------------------------- in this macro invocation
[INFO] [stdout]     |
[INFO] [stdout]     = note: this error originates in the macro `check_hash_children` (in Nightly builds, run with -Z macro-backtrace for more info)
[INFO] [stdout] help: there is a crate or module with a similar name
[INFO] [stdout]     |
[INFO] [stdout] 131 |             let native = snarkvm_circuit_algorithms::$hash::<<Circuit as Environment>::Network>::setup(DOMAIN)?;
[INFO] [stdout]     |                          ~~~~~~~~~~~~~~~~~~~~~~~~~~
[INFO] [stdout] help: consider importing this type alias
[INFO] [stdout]     |
[INFO] [stdout] 95  +     use snarkvm_circuit_algorithms::BHP512;
[INFO] [stdout]     |
[INFO] [stdout] 
[INFO] [stdout] 
[INFO] [stdout] error[E0433]: failed to resolve: use of undeclared crate or module `snarkvm_console_algorithms`
[INFO] [stdout]    --> src/kary_merkle_tree/helpers/path_hash.rs:131:26
[INFO] [stdout]     |
[INFO] [stdout] 131 |             let native = snarkvm_console_algorithms::$hash::<<Circuit as Environment>::Network>::setup(DOMAIN)?;
[INFO] [stdout]     |                          ^^^^^^^^^^^^^^^^^^^^^^^^^^ use of undeclared crate or module `snarkvm_console_algorithms`
[INFO] [stdout] ...
[INFO] [stdout] 159 |         check_hash_children!(BHP512, Private, 3, (418, 0, 3747, 3755))
[INFO] [stdout]     |         -------------------------------------------------------------- in this macro invocation
[INFO] [stdout]     |
[INFO] [stdout]     = note: this error originates in the macro `check_hash_children` (in Nightly builds, run with -Z macro-backtrace for more info)
[INFO] [stdout] help: there is a crate or module with a similar name
[INFO] [stdout]     |
[INFO] [stdout] 131 |             let native = snarkvm_circuit_algorithms::$hash::<<Circuit as Environment>::Network>::setup(DOMAIN)?;
[INFO] [stdout]     |                          ~~~~~~~~~~~~~~~~~~~~~~~~~~
[INFO] [stdout] help: consider importing this type alias
[INFO] [stdout]     |
[INFO] [stdout] 95  +     use snarkvm_circuit_algorithms::BHP512;
[INFO] [stdout]     |
[INFO] [stdout] 
[INFO] [stdout] 
[INFO] [stdout] error[E0433]: failed to resolve: use of undeclared crate or module `snarkvm_console_algorithms`
[INFO] [stdout]    --> src/kary_merkle_tree/helpers/path_hash.rs:131:26
[INFO] [stdout]     |
[INFO] [stdout] 131 |             let native = snarkvm_console_algorithms::$hash::<<Circuit as Environment>::Network>::setup(DOMAIN)?;
[INFO] [stdout]     |                          ^^^^^^^^^^^^^^^^^^^^^^^^^^ use of undeclared crate or module `snarkvm_console_algorithms`
[INFO] [stdout] ...
[INFO] [stdout] 164 |         check_hash_children!(Poseidon2, Constant, 2, (1, 0, 0, 0))?;
[INFO] [stdout]     |         ---------------------------------------------------------- in this macro invocation
[INFO] [stdout]     |
[INFO] [stdout]     = note: this error originates in the macro `check_hash_children` (in Nightly builds, run with -Z macro-backtrace for more info)
[INFO] [stdout] help: there is a crate or module with a similar name
[INFO] [stdout]     |
[INFO] [stdout] 131 |             let native = snarkvm_circuit_algorithms::$hash::<<Circuit as Environment>::Network>::setup(DOMAIN)?;
[INFO] [stdout]     |                          ~~~~~~~~~~~~~~~~~~~~~~~~~~
[INFO] [stdout] help: consider importing this type alias
[INFO] [stdout]     |
[INFO] [stdout] 95  +     use snarkvm_circuit_algorithms::Poseidon2;
[INFO] [stdout]     |
[INFO] [stdout] 
[INFO] [stdout] 
[INFO] [stdout] error[E0433]: failed to resolve: use of undeclared crate or module `snarkvm_console_algorithms`
[INFO] [stdout]    --> src/kary_merkle_tree/helpers/path_hash.rs:131:26
[INFO] [stdout]     |
[INFO] [stdout] 131 |             let native = snarkvm_console_algorithms::$hash::<<Circuit as Environment>::Network>::setup(DOMAIN)?;
[INFO] [stdout]     |                          ^^^^^^^^^^^^^^^^^^^^^^^^^^ use of undeclared crate or module `snarkvm_console_algorithms`
[INFO] [stdout] ...
[INFO] [stdout] 165 |         check_hash_children!(Poseidon2, Constant, 3, (1, 0, 0, 0))?;
[INFO] [stdout]     |         ---------------------------------------------------------- in this macro invocation
[INFO] [stdout]     |
[INFO] [stdout]     = note: this error originates in the macro `check_hash_children` (in Nightly builds, run with -Z macro-backtrace for more info)
[INFO] [stdout] help: there is a crate or module with a similar name
[INFO] [stdout]     |
[INFO] [stdout] 131 |             let native = snarkvm_circuit_algorithms::$hash::<<Circuit as Environment>::Network>::setup(DOMAIN)?;
[INFO] [stdout]     |                          ~~~~~~~~~~~~~~~~~~~~~~~~~~
[INFO] [stdout] help: consider importing this type alias
[INFO] [stdout]     |
[INFO] [stdout] 95  +     use snarkvm_circuit_algorithms::Poseidon2;
[INFO] [stdout]     |
[INFO] [stdout] 
[INFO] [stdout] 
[INFO] [stdout] error[E0433]: failed to resolve: use of undeclared crate or module `snarkvm_console_algorithms`
[INFO] [stdout]    --> src/kary_merkle_tree/helpers/path_hash.rs:131:26
[INFO] [stdout]     |
[INFO] [stdout] 131 |             let native = snarkvm_console_algorithms::$hash::<<Circuit as Environment>::Network>::setup(DOMAIN)?;
[INFO] [stdout]     |                          ^^^^^^^^^^^^^^^^^^^^^^^^^^ use of undeclared crate or module `snarkvm_console_algorithms`
[INFO] [stdout] ...
[INFO] [stdout] 167 |         check_hash_children!(Poseidon2, Constant, 4, (1, 0, 0, 0))?;
[INFO] [stdout]     |         ---------------------------------------------------------- in this macro invocation
[INFO] [stdout]     |
[INFO] [stdout]     = note: this error originates in the macro `check_hash_children` (in Nightly builds, run with -Z macro-backtrace for more info)
[INFO] [stdout] help: there is a crate or module with a similar name
[INFO] [stdout]     |
[INFO] [stdout] 131 |             let native = snarkvm_circuit_algorithms::$hash::<<Circuit as Environment>::Network>::setup(DOMAIN)?;
[INFO] [stdout]     |                          ~~~~~~~~~~~~~~~~~~~~~~~~~~
[INFO] [stdout] help: consider importing this type alias
[INFO] [stdout]     |
[INFO] [stdout] 95  +     use snarkvm_circuit_algorithms::Poseidon2;
[INFO] [stdout]     |
[INFO] [stdout] 
[INFO] [stdout] 
[INFO] [stdout] error[E0433]: failed to resolve: use of undeclared crate or module `snarkvm_console_algorithms`
[INFO] [stdout]    --> src/kary_merkle_tree/helpers/path_hash.rs:131:26
[INFO] [stdout]     |
[INFO] [stdout] 131 |             let native = snarkvm_console_algorithms::$hash::<<Circuit as Environment>::Network>::setup(DOMAIN)?;
[INFO] [stdout]     |                          ^^^^^^^^^^^^^^^^^^^^^^^^^^ use of undeclared crate or module `snarkvm_console_algorithms`
[INFO] [stdout] ...
[INFO] [stdout] 168 |         check_hash_children!(Poseidon2, Constant, 5, (1, 0, 0, 0))?;
[INFO] [stdout]     |         ---------------------------------------------------------- in this macro invocation
[INFO] [stdout]     |
[INFO] [stdout]     = note: this error originates in the macro `check_hash_children` (in Nightly builds, run with -Z macro-backtrace for more info)
[INFO] [stdout] help: there is a crate or module with a similar name
[INFO] [stdout]     |
[INFO] [stdout] 131 |             let native = snarkvm_circuit_algorithms::$hash::<<Circuit as Environment>::Network>::setup(DOMAIN)?;
[INFO] [stdout]     |                          ~~~~~~~~~~~~~~~~~~~~~~~~~~
[INFO] [stdout] help: consider importing this type alias
[INFO] [stdout]     |
[INFO] [stdout] 95  +     use snarkvm_circuit_algorithms::Poseidon2;
[INFO] [stdout]     |
[INFO] [stdout] 
[INFO] [stdout] 
[INFO] [stdout] error[E0433]: failed to resolve: use of undeclared crate or module `snarkvm_console_algorithms`
[INFO] [stdout]    --> src/kary_merkle_tree/helpers/path_hash.rs:131:26
[INFO] [stdout]     |
[INFO] [stdout] 131 |             let native = snarkvm_console_algorithms::$hash::<<Circuit as Environment>::Network>::setup(DOMAIN)?;
[INFO] [stdout]     |                          ^^^^^^^^^^^^^^^^^^^^^^^^^^ use of undeclared crate or module `snarkvm_console_algorithms`
[INFO] [stdout] ...
[INFO] [stdout] 169 |         check_hash_children!(Poseidon2, Constant, 6, (1, 0, 0, 0))
[INFO] [stdout]     |         ---------------------------------------------------------- in this macro invocation
[INFO] [stdout]     |
[INFO] [stdout]     = note: this error originates in the macro `check_hash_children` (in Nightly builds, run with -Z macro-backtrace for more info)
[INFO] [stdout] help: there is a crate or module with a similar name
[INFO] [stdout]     |
[INFO] [stdout] 131 |             let native = snarkvm_circuit_algorithms::$hash::<<Circuit as Environment>::Network>::setup(DOMAIN)?;
[INFO] [stdout]     |                          ~~~~~~~~~~~~~~~~~~~~~~~~~~
[INFO] [stdout] help: consider importing this type alias
[INFO] [stdout]     |
[INFO] [stdout] 95  +     use snarkvm_circuit_algorithms::Poseidon2;
[INFO] [stdout]     |
[INFO] [stdout] 
[INFO] [stdout] 
[INFO] [stdout] error[E0433]: failed to resolve: use of undeclared crate or module `snarkvm_console_algorithms`
[INFO] [stdout]    --> src/kary_merkle_tree/helpers/path_hash.rs:131:26
[INFO] [stdout]     |
[INFO] [stdout] 131 |             let native = snarkvm_console_algorithms::$hash::<<Circuit as Environment>::Network>::setup(DOMAIN)?;
[INFO] [stdout]     |                          ^^^^^^^^^^^^^^^^^^^^^^^^^^ use of undeclared crate or module `snarkvm_console_algorithms`
[INFO] [stdout] ...
[INFO] [stdout] 174 |         check_hash_children!(Poseidon2, Public, 2, (1, 0, 540, 540))?;
[INFO] [stdout]     |         ------------------------------------------------------------ in this macro invocation
[INFO] [stdout]     |
[INFO] [stdout]     = note: this error originates in the macro `check_hash_children` (in Nightly builds, run with -Z macro-backtrace for more info)
[INFO] [stdout] help: there is a crate or module with a similar name
[INFO] [stdout]     |
[INFO] [stdout] 131 |             let native = snarkvm_circuit_algorithms::$hash::<<Circuit as Environment>::Network>::setup(DOMAIN)?;
[INFO] [stdout]     |                          ~~~~~~~~~~~~~~~~~~~~~~~~~~
[INFO] [stdout] help: consider importing this type alias
[INFO] [stdout]     |
[INFO] [stdout] 95  +     use snarkvm_circuit_algorithms::Poseidon2;
[INFO] [stdout]     |
[INFO] [stdout] 
[INFO] [stdout] 
[INFO] [stdout] error[E0433]: failed to resolve: use of undeclared crate or module `snarkvm_console_algorithms`
[INFO] [stdout]    --> src/kary_merkle_tree/helpers/path_hash.rs:131:26
[INFO] [stdout]     |
[INFO] [stdout] 131 |             let native = snarkvm_console_algorithms::$hash::<<Circuit as Environment>::Network>::setup(DOMAIN)?;
[INFO] [stdout]     |                          ^^^^^^^^^^^^^^^^^^^^^^^^^^ use of undeclared crate or module `snarkvm_console_algorithms`
[INFO] [stdout] ...
[INFO] [stdout] 175 |         check_hash_children!(Poseidon2, Public, 3, (1, 0, 540, 540))?;
[INFO] [stdout]     |         ------------------------------------------------------------ in this macro invocation
[INFO] [stdout]     |
[INFO] [stdout]     = note: this error originates in the macro `check_hash_children` (in Nightly builds, run with -Z macro-backtrace for more info)
[INFO] [stdout] help: there is a crate or module with a similar name
[INFO] [stdout]     |
[INFO] [stdout] 131 |             let native = snarkvm_circuit_algorithms::$hash::<<Circuit as Environment>::Network>::setup(DOMAIN)?;
[INFO] [stdout]     |                          ~~~~~~~~~~~~~~~~~~~~~~~~~~
[INFO] [stdout] help: consider importing this type alias
[INFO] [stdout]     |
[INFO] [stdout] 95  +     use snarkvm_circuit_algorithms::Poseidon2;
[INFO] [stdout]     |
[INFO] [stdout] 
[INFO] [stdout] 
[INFO] [stdout] error[E0433]: failed to resolve: use of undeclared crate or module `snarkvm_console_algorithms`
[INFO] [stdout]    --> src/kary_merkle_tree/helpers/path_hash.rs:131:26
[INFO] [stdout]     |
[INFO] [stdout] 131 |             let native = snarkvm_console_algorithms::$hash::<<Circuit as Environment>::Network>::setup(DOMAIN)?;
[INFO] [stdout]     |                          ^^^^^^^^^^^^^^^^^^^^^^^^^^ use of undeclared crate or module `snarkvm_console_algorithms`
[INFO] [stdout] ...
[INFO] [stdout] 177 |         check_hash_children!(Poseidon2, Public, 4, (1, 0, 815, 815))?;
[INFO] [stdout]     |         ------------------------------------------------------------ in this macro invocation
[INFO] [stdout]     |
[INFO] [stdout]     = note: this error originates in the macro `check_hash_children` (in Nightly builds, run with -Z macro-backtrace for more info)
[INFO] [stdout] help: there is a crate or module with a similar name
[INFO] [stdout]     |
[INFO] [stdout] 131 |             let native = snarkvm_circuit_algorithms::$hash::<<Circuit as Environment>::Network>::setup(DOMAIN)?;
[INFO] [stdout]     |                          ~~~~~~~~~~~~~~~~~~~~~~~~~~
[INFO] [stdout] help: consider importing this type alias
[INFO] [stdout]     |
[INFO] [stdout] 95  +     use snarkvm_circuit_algorithms::Poseidon2;
[INFO] [stdout]     |
[INFO] [stdout] 
[INFO] [stdout] 
[INFO] [stdout] error[E0433]: failed to resolve: use of undeclared crate or module `snarkvm_console_algorithms`
[INFO] [stdout]    --> src/kary_merkle_tree/helpers/path_hash.rs:131:26
[INFO] [stdout]     |
[INFO] [stdout] 131 |             let native = snarkvm_console_algorithms::$hash::<<Circuit as Environment>::Network>::setup(DOMAIN)?;
[INFO] [stdout]     |                          ^^^^^^^^^^^^^^^^^^^^^^^^^^ use of undeclared crate or module `snarkvm_console_algorithms`
[INFO] [stdout] ...
[INFO] [stdout] 178 |         check_hash_children!(Poseidon2, Public, 5, (1, 0, 815, 815))?;
[INFO] [stdout]     |         ------------------------------------------------------------ in this macro invocation
[INFO] [stdout]     |
[INFO] [stdout]     = note: this error originates in the macro `check_hash_children` (in Nightly builds, run with -Z macro-backtrace for more info)
[INFO] [stdout] help: there is a crate or module with a similar name
[INFO] [stdout]     |
[INFO] [stdout] 131 |             let native = snarkvm_circuit_algorithms::$hash::<<Circuit as Environment>::Network>::setup(DOMAIN)?;
[INFO] [stdout]     |                          ~~~~~~~~~~~~~~~~~~~~~~~~~~
[INFO] [stdout] help: consider importing this type alias
[INFO] [stdout]     |
[INFO] [stdout] 95  +     use snarkvm_circuit_algorithms::Poseidon2;
[INFO] [stdout]     |
[INFO] [stdout] 
[INFO] [stdout] 
[INFO] [stdout] error[E0433]: failed to resolve: use of undeclared crate or module `snarkvm_console_algorithms`
[INFO] [stdout]    --> src/kary_merkle_tree/helpers/path_hash.rs:131:26
[INFO] [stdout]     |
[INFO] [stdout] 131 |             let native = snarkvm_console_algorithms::$hash::<<Circuit as Environment>::Network>::setup(DOMAIN)?;
[INFO] [stdout]     |                          ^^^^^^^^^^^^^^^^^^^^^^^^^^ use of undeclared crate or module `snarkvm_console_algorithms`
[INFO] [stdout] ...
[INFO] [stdout] 180 |         check_hash_children!(Poseidon2, Public, 6, (1, 0, 1090, 1090))?;
[INFO] [stdout]     |         -------------------------------------------------------------- in this macro invocation
[INFO] [stdout]     |
[INFO] [stdout]     = note: this error originates in the macro `check_hash_children` (in Nightly builds, run with -Z macro-backtrace for more info)
[INFO] [stdout] help: there is a crate or module with a similar name
[INFO] [stdout]     |
[INFO] [stdout] 131 |             let native = snarkvm_circuit_algorithms::$hash::<<Circuit as Environment>::Network>::setup(DOMAIN)?;
[INFO] [stdout]     |                          ~~~~~~~~~~~~~~~~~~~~~~~~~~
[INFO] [stdout] help: consider importing this type alias
[INFO] [stdout]     |
[INFO] [stdout] 95  +     use snarkvm_circuit_algorithms::Poseidon2;
[INFO] [stdout]     |
[INFO] [stdout] 
[INFO] [stdout] 
[INFO] [stdout] error[E0433]: failed to resolve: use of undeclared crate or module `snarkvm_console_algorithms`
[INFO] [stdout]    --> src/kary_merkle_tree/helpers/path_hash.rs:131:26
[INFO] [stdout]     |
[INFO] [stdout] 131 |             let native = snarkvm_console_algorithms::$hash::<<Circuit as Environment>::Network>::setup(DOMAIN)?;
[INFO] [stdout]     |                          ^^^^^^^^^^^^^^^^^^^^^^^^^^ use of undeclared crate or module `snarkvm_console_algorithms`
[INFO] [stdout] ...
[INFO] [stdout] 181 |         check_hash_children!(Poseidon2, Public, 7, (1, 0, 1090, 1090))
[INFO] [stdout]     |         -------------------------------------------------------------- in this macro invocation
[INFO] [stdout]     |
[INFO] [stdout]     = note: this error originates in the macro `check_hash_children` (in Nightly builds, run with -Z macro-backtrace for more info)
[INFO] [stdout] help: there is a crate or module with a similar name
[INFO] [stdout]     |
[INFO] [stdout] 131 |             let native = snarkvm_circuit_algorithms::$hash::<<Circuit as Environment>::Network>::setup(DOMAIN)?;
[INFO] [stdout]     |                          ~~~~~~~~~~~~~~~~~~~~~~~~~~
[INFO] [stdout] help: consider importing this type alias
[INFO] [stdout]     |
[INFO] [stdout] 95  +     use snarkvm_circuit_algorithms::Poseidon2;
[INFO] [stdout]     |
[INFO] [stdout] 
[INFO] [stdout] 
[INFO] [stdout] error[E0433]: failed to resolve: use of undeclared crate or module `snarkvm_console_algorithms`
[INFO] [stdout]    --> src/kary_merkle_tree/helpers/path_hash.rs:131:26
[INFO] [stdout]     |
[INFO] [stdout] 131 |             let native = snarkvm_console_algorithms::$hash::<<Circuit as Environment>::Network>::setup(DOMAIN)?;
[INFO] [stdout]     |                          ^^^^^^^^^^^^^^^^^^^^^^^^^^ use of undeclared crate or module `snarkvm_console_algorithms`
[INFO] [stdout] ...
[INFO] [stdout] 186 |         check_hash_children!(Poseidon2, Private, 2, (1, 0, 540, 540))?;
[INFO] [stdout]     |         ------------------------------------------------------------- in this macro invocation
[INFO] [stdout]     |
[INFO] [stdout]     = note: this error originates in the macro `check_hash_children` (in Nightly builds, run with -Z macro-backtrace for more info)
[INFO] [stdout] help: there is a crate or module with a similar name
[INFO] [stdout]     |
[INFO] [stdout] 131 |             let native = snarkvm_circuit_algorithms::$hash::<<Circuit as Environment>::Network>::setup(DOMAIN)?;
[INFO] [stdout]     |                          ~~~~~~~~~~~~~~~~~~~~~~~~~~
[INFO] [stdout] help: consider importing this type alias
[INFO] [stdout]     |
[INFO] [stdout] 95  +     use snarkvm_circuit_algorithms::Poseidon2;
[INFO] [stdout]     |
[INFO] [stdout] 
[INFO] [stdout] 
[INFO] [stdout] error[E0433]: failed to resolve: use of undeclared crate or module `snarkvm_console_algorithms`
[INFO] [stdout]    --> src/kary_merkle_tree/helpers/path_hash.rs:131:26
[INFO] [stdout]     |
[INFO] [stdout] 131 |             let native = snarkvm_console_algorithms::$hash::<<Circuit as Environment>::Network>::setup(DOMAIN)?;
[INFO] [stdout]     |                          ^^^^^^^^^^^^^^^^^^^^^^^^^^ use of undeclared crate or module `snarkvm_console_algorithms`
[INFO] [stdout] ...
[INFO] [stdout] 187 |         check_hash_children!(Poseidon2, Private, 3, (1, 0, 540, 540))?;
[INFO] [stdout]     |         ------------------------------------------------------------- in this macro invocation
[INFO] [stdout]     |
[INFO] [stdout]     = note: this error originates in the macro `check_hash_children` (in Nightly builds, run with -Z macro-backtrace for more info)
[INFO] [stdout] help: there is a crate or module with a similar name
[INFO] [stdout]     |
[INFO] [stdout] 131 |             let native = snarkvm_circuit_algorithms::$hash::<<Circuit as Environment>::Network>::setup(DOMAIN)?;
[INFO] [stdout]     |                          ~~~~~~~~~~~~~~~~~~~~~~~~~~
[INFO] [stdout] help: consider importing this type alias
[INFO] [stdout]     |
[INFO] [stdout] 95  +     use snarkvm_circuit_algorithms::Poseidon2;
[INFO] [stdout]     |
[INFO] [stdout] 
[INFO] [stdout] 
[INFO] [stdout] error[E0433]: failed to resolve: use of undeclared crate or module `snarkvm_console_algorithms`
[INFO] [stdout]    --> src/kary_merkle_tree/helpers/path_hash.rs:131:26
[INFO] [stdout]     |
[INFO] [stdout] 131 |             let native = snarkvm_console_algorithms::$hash::<<Circuit as Environment>::Network>::setup(DOMAIN)?;
[INFO] [stdout]     |                          ^^^^^^^^^^^^^^^^^^^^^^^^^^ use of undeclared crate or module `snarkvm_console_algorithms`
[INFO] [stdout] ...
[INFO] [stdout] 189 |         check_hash_children!(Poseidon2, Private, 4, (1, 0, 815, 815))?;
[INFO] [stdout]     |         ------------------------------------------------------------- in this macro invocation
[INFO] [stdout]     |
[INFO] [stdout]     = note: this error originates in the macro `check_hash_children` (in Nightly builds, run with -Z macro-backtrace for more info)
[INFO] [stdout] help: there is a crate or module with a similar name
[INFO] [stdout]     |
[INFO] [stdout] 131 |             let native = snarkvm_circuit_algorithms::$hash::<<Circuit as Environment>::Network>::setup(DOMAIN)?;
[INFO] [stdout]     |                          ~~~~~~~~~~~~~~~~~~~~~~~~~~
[INFO] [stdout] help: consider importing this type alias
[INFO] [stdout]     |
[INFO] [stdout] 95  +     use snarkvm_circuit_algorithms::Poseidon2;
[INFO] [stdout]     |
[INFO] [stdout] 
[INFO] [stdout] 
[INFO] [stdout] error[E0433]: failed to resolve: use of undeclared crate or module `snarkvm_console_algorithms`
[INFO] [stdout]    --> src/kary_merkle_tree/helpers/path_hash.rs:131:26
[INFO] [stdout]     |
[INFO] [stdout] 131 |             let native = snarkvm_console_algorithms::$hash::<<Circuit as Environment>::Network>::setup(DOMAIN)?;
[INFO] [stdout]     |                          ^^^^^^^^^^^^^^^^^^^^^^^^^^ use of undeclared crate or module `snarkvm_console_algorithms`
[INFO] [stdout] ...
[INFO] [stdout] 190 |         check_hash_children!(Poseidon2, Private, 5, (1, 0, 815, 815))?;
[INFO] [stdout]     |         ------------------------------------------------------------- in this macro invocation
[INFO] [stdout]     |
[INFO] [stdout]     = note: this error originates in the macro `check_hash_children` (in Nightly builds, run with -Z macro-backtrace for more info)
[INFO] [stdout] help: there is a crate or module with a similar name
[INFO] [stdout]     |
[INFO] [stdout] 131 |             let native = snarkvm_circuit_algorithms::$hash::<<Circuit as Environment>::Network>::setup(DOMAIN)?;
[INFO] [stdout]     |                          ~~~~~~~~~~~~~~~~~~~~~~~~~~
[INFO] [stdout] help: consider importing this type alias
[INFO] [stdout]     |
[INFO] [stdout] 95  +     use snarkvm_circuit_algorithms::Poseidon2;
[INFO] [stdout]     |
[INFO] [stdout] 
[INFO] [stdout] 
[INFO] [stdout] error[E0433]: failed to resolve: use of undeclared crate or module `snarkvm_console_algorithms`
[INFO] [stdout]    --> src/kary_merkle_tree/helpers/path_hash.rs:131:26
[INFO] [stdout]     |
[INFO] [stdout] 131 |             let native = snarkvm_console_algorithms::$hash::<<Circuit as Environment>::Network>::setup(DOMAIN)?;
[INFO] [stdout]     |                          ^^^^^^^^^^^^^^^^^^^^^^^^^^ use of undeclared crate or module `snarkvm_console_algorithms`
[INFO] [stdout] ...
[INFO] [stdout] 192 |         check_hash_children!(Poseidon2, Private, 6, (1, 0, 1090, 1090))?;
[INFO] [stdout]     |         --------------------------------------------------------------- in this macro invocation
[INFO] [stdout]     |
[INFO] [stdout]     = note: this error originates in the macro `check_hash_children` (in Nightly builds, run with -Z macro-backtrace for more info)
[INFO] [stdout] help: there is a crate or module with a similar name
[INFO] [stdout]     |
[INFO] [stdout] 131 |             let native = snarkvm_circuit_algorithms::$hash::<<Circuit as Environment>::Network>::setup(DOMAIN)?;
[INFO] [stdout]     |                          ~~~~~~~~~~~~~~~~~~~~~~~~~~
[INFO] [stdout] help: consider importing this type alias
[INFO] [stdout]     |
[INFO] [stdout] 95  +     use snarkvm_circuit_algorithms::Poseidon2;
[INFO] [stdout]     |
[INFO] [stdout] 
[INFO] [stdout] 
[INFO] [stdout] error[E0433]: failed to resolve: use of undeclared crate or module `snarkvm_console_algorithms`
[INFO] [stdout]    --> src/kary_merkle_tree/helpers/path_hash.rs:131:26
[INFO] [stdout]     |
[INFO] [stdout] 131 |             let native = snarkvm_console_algorithms::$hash::<<Circuit as Environment>::Network>::setup(DOMAIN)?;
[INFO] [stdout]     |                          ^^^^^^^^^^^^^^^^^^^^^^^^^^ use of undeclared crate or module `snarkvm_console_algorithms`
[INFO] [stdout] ...
[INFO] [stdout] 193 |         check_hash_children!(Poseidon2, Private, 7, (1, 0, 1090, 1090))
[INFO] [stdout]     |         --------------------------------------------------------------- in this macro invocation
[INFO] [stdout]     |
[INFO] [stdout]     = note: this error originates in the macro `check_hash_children` (in Nightly builds, run with -Z macro-backtrace for more info)
[INFO] [stdout] help: there is a crate or module with a similar name
[INFO] [stdout]     |
[INFO] [stdout] 131 |             let native = snarkvm_circuit_algorithms::$hash::<<Circuit as Environment>::Network>::setup(DOMAIN)?;
[INFO] [stdout]     |                          ~~~~~~~~~~~~~~~~~~~~~~~~~~
[INFO] [stdout] help: consider importing this type alias
[INFO] [stdout]     |
[INFO] [stdout] 95  +     use snarkvm_circuit_algorithms::Poseidon2;
[INFO] [stdout]     |
[INFO] [stdout] 
[INFO] [stdout] 
[INFO] [stdout] error[E0433]: failed to resolve: use of undeclared crate or module `snarkvm_console_algorithms`
[INFO] [stdout]    --> src/kary_merkle_tree/verify.rs:121:17
[INFO] [stdout]     |
[INFO] [stdout] 121 |                 snarkvm_console_algorithms::$lh::<<Circuit as Environment>::Network>::setup(DOMAIN)?;
[INFO] [stdout]     |                 ^^^^^^^^^^^^^^^^^^^^^^^^^^ use of undeclared crate or module `snarkvm_console_algorithms`
[INFO] [stdout] ...
[INFO] [stdout] 276 |         check_verify!(BHP1024, BHP512, Constant, 10, 4, 1024, (39234, 0, 0, 0))
[INFO] [stdout]     |         ----------------------------------------------------------------------- in this macro invocation
[INFO] [stdout]     |
[INFO] [stdout]     = note: this error originates in the macro `check_verify` (in Nightly builds, run with -Z macro-backtrace for more info)
[INFO] [stdout] help: there is a crate or module with a similar name
[INFO] [stdout]     |
[INFO] [stdout] 121 |                 snarkvm_circuit_algorithms::$lh::<<Circuit as Environment>::Network>::setup(DOMAIN)?;
[INFO] [stdout]     |                 ~~~~~~~~~~~~~~~~~~~~~~~~~~
[INFO] [stdout] help: consider importing this type alias
[INFO] [stdout]     |
[INFO] [stdout] 107 +     use snarkvm_circuit_algorithms::BHP1024;
[INFO] [stdout]     |
[INFO] [stdout] 
[INFO] [stdout] 
[INFO] [stdout] error[E0433]: failed to resolve: use of undeclared crate or module `snarkvm_console_algorithms`
[INFO] [stdout]    --> src/kary_merkle_tree/verify.rs:128:17
[INFO] [stdout]     |
[INFO] [stdout] 128 |                 snarkvm_console_algorithms::$ph::<<Circuit as Environment>::Network>::setup(DOMAIN)?;
[INFO] [stdout]     |                 ^^^^^^^^^^^^^^^^^^^^^^^^^^ use of undeclared crate or module `snarkvm_console_algorithms`
[INFO] [stdout] ...
[INFO] [stdout] 276 |         check_verify!(BHP1024, BHP512, Constant, 10, 4, 1024, (39234, 0, 0, 0))
[INFO] [stdout]     |         ----------------------------------------------------------------------- in this macro invocation
[INFO] [stdout]     |
[INFO] [stdout]     = note: this error originates in the macro `check_verify` (in Nightly builds, run with -Z macro-backtrace for more info)
[INFO] [stdout] help: there is a crate or module with a similar name
[INFO] [stdout]     |
[INFO] [stdout] 128 |                 snarkvm_circuit_algorithms::$ph::<<Circuit as Environment>::Network>::setup(DOMAIN)?;
[INFO] [stdout]     |                 ~~~~~~~~~~~~~~~~~~~~~~~~~~
[INFO] [stdout] help: consider importing this type alias
[INFO] [stdout]     |
[INFO] [stdout] 107 +     use snarkvm_circuit_algorithms::BHP512;
[INFO] [stdout]     |
[INFO] [stdout] 
[INFO] [stdout] 
[INFO] [stdout] error[E0433]: failed to resolve: use of undeclared crate or module `snarkvm_console_algorithms`
[INFO] [stdout]    --> src/kary_merkle_tree/verify.rs:121:17
[INFO] [stdout]     |
[INFO] [stdout] 121 |                 snarkvm_console_algorithms::$lh::<<Circuit as Environment>::Network>::setup(DOMAIN)?;
[INFO] [stdout]     |                 ^^^^^^^^^^^^^^^^^^^^^^^^^^ use of undeclared crate or module `snarkvm_console_algorithms`
[INFO] [stdout] ...
[INFO] [stdout] 281 |         check_verify!(BHP1024, BHP512, Public, 10, 4, 1024, (9465, 0, 53876, 54056))
[INFO] [stdout]     |         ---------------------------------------------------------------------------- in this macro invocation
[INFO] [stdout]     |
[INFO] [stdout]     = note: this error originates in the macro `check_verify` (in Nightly builds, run with -Z macro-backtrace for more info)
[INFO] [stdout] help: there is a crate or module with a similar name
[INFO] [stdout]     |
[INFO] [stdout] 121 |                 snarkvm_circuit_algorithms::$lh::<<Circuit as Environment>::Network>::setup(DOMAIN)?;
[INFO] [stdout]     |                 ~~~~~~~~~~~~~~~~~~~~~~~~~~
[INFO] [stdout] help: consider importing this type alias
[INFO] [stdout]     |
[INFO] [stdout] 107 +     use snarkvm_circuit_algorithms::BHP1024;
[INFO] [stdout]     |
[INFO] [stdout] 
[INFO] [stdout] 
[INFO] [stdout] error[E0433]: failed to resolve: use of undeclared crate or module `snarkvm_console_algorithms`
[INFO] [stdout]    --> src/kary_merkle_tree/verify.rs:128:17
[INFO] [stdout]     |
[INFO] [stdout] 128 |                 snarkvm_console_algorithms::$ph::<<Circuit as Environment>::Network>::setup(DOMAIN)?;
[INFO] [stdout]     |                 ^^^^^^^^^^^^^^^^^^^^^^^^^^ use of undeclared crate or module `snarkvm_console_algorithms`
[INFO] [stdout] ...
[INFO] [stdout] 281 |         check_verify!(BHP1024, BHP512, Public, 10, 4, 1024, (9465, 0, 53876, 54056))
[INFO] [stdout]     |         ---------------------------------------------------------------------------- in this macro invocation
[INFO] [stdout]     |
[INFO] [stdout]     = note: this error originates in the macro `check_verify` (in Nightly builds, run with -Z macro-backtrace for more info)
[INFO] [stdout] help: there is a crate or module with a similar name
[INFO] [stdout]     |
[INFO] [stdout] 128 |                 snarkvm_circuit_algorithms::$ph::<<Circuit as Environment>::Network>::setup(DOMAIN)?;
[INFO] [stdout]     |                 ~~~~~~~~~~~~~~~~~~~~~~~~~~
[INFO] [stdout] help: consider importing this type alias
[INFO] [stdout]     |
[INFO] [stdout] 107 +     use snarkvm_circuit_algorithms::BHP512;
[INFO] [stdout]     |
[INFO] [stdout] 
[INFO] [stdout] 
[INFO] [stdout] error[E0433]: failed to resolve: use of undeclared crate or module `snarkvm_console_algorithms`
[INFO] [stdout]    --> src/kary_merkle_tree/verify.rs:121:17
[INFO] [stdout]     |
[INFO] [stdout] 121 |                 snarkvm_console_algorithms::$lh::<<Circuit as Environment>::Network>::setup(DOMAIN)?;
[INFO] [stdout]     |                 ^^^^^^^^^^^^^^^^^^^^^^^^^^ use of undeclared crate or module `snarkvm_console_algorithms`
[INFO] [stdout] ...
[INFO] [stdout] 286 |         check_verify!(BHP1024, BHP512, Private, 10, 4, 1024, (9465, 0, 53876, 54056))
[INFO] [stdout]     |         ----------------------------------------------------------------------------- in this macro invocation
[INFO] [stdout]     |
[INFO] [stdout]     = note: this error originates in the macro `check_verify` (in Nightly builds, run with -Z macro-backtrace for more info)
[INFO] [stdout] help: there is a crate or module with a similar name
[INFO] [stdout]     |
[INFO] [stdout] 121 |                 snarkvm_circuit_algorithms::$lh::<<Circuit as Environment>::Network>::setup(DOMAIN)?;
[INFO] [stdout]     |                 ~~~~~~~~~~~~~~~~~~~~~~~~~~
[INFO] [stdout] help: consider importing this type alias
[INFO] [stdout]     |
[INFO] [stdout] 107 +     use snarkvm_circuit_algorithms::BHP1024;
[INFO] [stdout]     |
[INFO] [stdout] 
[INFO] [stdout] 
[INFO] [stdout] error[E0433]: failed to resolve: use of undeclared crate or module `snarkvm_console_algorithms`
[INFO] [stdout]    --> src/kary_merkle_tree/verify.rs:128:17
[INFO] [stdout]     |
[INFO] [stdout] 128 |                 snarkvm_console_algorithms::$ph::<<Circuit as Environment>::Network>::setup(DOMAIN)?;
[INFO] [stdout]     |                 ^^^^^^^^^^^^^^^^^^^^^^^^^^ use of undeclared crate or module `snarkvm_console_algorithms`
[INFO] [stdout] ...
[INFO] [stdout] 286 |         check_verify!(BHP1024, BHP512, Private, 10, 4, 1024, (9465, 0, 53876, 54056))
[INFO] [stdout]     |         ----------------------------------------------------------------------------- in this macro invocation
[INFO] [stdout]     |
[INFO] [stdout]     = note: this error originates in the macro `check_verify` (in Nightly builds, run with -Z macro-backtrace for more info)
[INFO] [stdout] help: there is a crate or module with a similar name
[INFO] [stdout]     |
[INFO] [stdout] 128 |                 snarkvm_circuit_algorithms::$ph::<<Circuit as Environment>::Network>::setup(DOMAIN)?;
[INFO] [stdout]     |                 ~~~~~~~~~~~~~~~~~~~~~~~~~~
[INFO] [stdout] help: consider importing this type alias
[INFO] [stdout]     |
[INFO] [stdout] 107 +     use snarkvm_circuit_algorithms::BHP512;
[INFO] [stdout]     |
[INFO] [stdout] 
[INFO] [stdout] 
[INFO] [stdout] error[E0433]: failed to resolve: use of undeclared crate or module `snarkvm_console_algorithms`
[INFO] [stdout]    --> src/kary_merkle_tree/verify.rs:121:17
[INFO] [stdout]     |
[INFO] [stdout] 121 |                 snarkvm_console_algorithms::$lh::<<Circuit as Environment>::Network>::setup(DOMAIN)?;
[INFO] [stdout]     |                 ^^^^^^^^^^^^^^^^^^^^^^^^^^ use of undeclared crate or module `snarkvm_console_algorithms`
[INFO] [stdout] ...
[INFO] [stdout] 291 |         check_verify!(Poseidon4, Poseidon2, Constant, 10, 4, 4, (3584, 0, 0, 0))
[INFO] [stdout]     |         ------------------------------------------------------------------------ in this macro invocation
[INFO] [stdout]     |
[INFO] [stdout]     = note: this error originates in the macro `check_verify` (in Nightly builds, run with -Z macro-backtrace for more info)
[INFO] [stdout] help: there is a crate or module with a similar name
[INFO] [stdout]     |
[INFO] [stdout] 121 |                 snarkvm_circuit_algorithms::$lh::<<Circuit as Environment>::Network>::setup(DOMAIN)?;
[INFO] [stdout]     |                 ~~~~~~~~~~~~~~~~~~~~~~~~~~
[INFO] [stdout] help: consider importing this type alias
[INFO] [stdout]     |
[INFO] [stdout] 107 +     use snarkvm_circuit_algorithms::Poseidon4;
[INFO] [stdout]     |
[INFO] [stdout] 
[INFO] [stdout] 
[INFO] [stdout] error[E0433]: failed to resolve: use of undeclared crate or module `snarkvm_console_algorithms`
[INFO] [stdout]    --> src/kary_merkle_tree/verify.rs:128:17
[INFO] [stdout]     |
[INFO] [stdout] 128 |                 snarkvm_console_algorithms::$ph::<<Circuit as Environment>::Network>::setup(DOMAIN)?;
[INFO] [stdout]     |                 ^^^^^^^^^^^^^^^^^^^^^^^^^^ use of undeclared crate or module `snarkvm_console_algorithms`
[INFO] [stdout] ...
[INFO] [stdout] 291 |         check_verify!(Poseidon4, Poseidon2, Constant, 10, 4, 4, (3584, 0, 0, 0))
[INFO] [stdout]     |         ------------------------------------------------------------------------ in this macro invocation
[INFO] [stdout]     |
[INFO] [stdout]     = note: this error originates in the macro `check_verify` (in Nightly builds, run with -Z macro-backtrace for more info)
[INFO] [stdout] help: there is a crate or module with a similar name
[INFO] [stdout]     |
[INFO] [stdout] 128 |                 snarkvm_circuit_algorithms::$ph::<<Circuit as Environment>::Network>::setup(DOMAIN)?;
[INFO] [stdout]     |                 ~~~~~~~~~~~~~~~~~~~~~~~~~~
[INFO] [stdout] help: consider importing this type alias
[INFO] [stdout]     |
[INFO] [stdout] 107 +     use snarkvm_circuit_algorithms::Poseidon2;
[INFO] [stdout]     |
[INFO] [stdout] 
[INFO] [stdout] 
[INFO] [stdout] error[E0433]: failed to resolve: use of undeclared crate or module `snarkvm_console_algorithms`
[INFO] [stdout]    --> src/kary_merkle_tree/verify.rs:121:17
[INFO] [stdout]     |
[INFO] [stdout] 121 |                 snarkvm_console_algorithms::$lh::<<Circuit as Environment>::Network>::setup(DOMAIN)?;
[INFO] [stdout]     |                 ^^^^^^^^^^^^^^^^^^^^^^^^^^ use of undeclared crate or module `snarkvm_console_algorithms`
[INFO] [stdout] ...
[INFO] [stdout] 296 |         check_verify!(Poseidon4, Poseidon2, Public, 10, 4, 4, (4843, 0, 14152, 14232))
[INFO] [stdout]     |         ------------------------------------------------------------------------------ in this macro invocation
[INFO] [stdout]     |
[INFO] [stdout]     = note: this error originates in the macro `check_verify` (in Nightly builds, run with -Z macro-backtrace for more info)
[INFO] [stdout] help: there is a crate or module with a similar name
[INFO] [stdout]     |
[INFO] [stdout] 121 |                 snarkvm_circuit_algorithms::$lh::<<Circuit as Environment>::Network>::setup(DOMAIN)?;
[INFO] [stdout]     |                 ~~~~~~~~~~~~~~~~~~~~~~~~~~
[INFO] [stdout] help: consider importing this type alias
[INFO] [stdout]     |
[INFO] [stdout] 107 +     use snarkvm_circuit_algorithms::Poseidon4;
[INFO] [stdout]     |
[INFO] [stdout] 
[INFO] [stdout] 
[INFO] [stdout] error[E0433]: failed to resolve: use of undeclared crate or module `snarkvm_console_algorithms`
[INFO] [stdout]    --> src/kary_merkle_tree/verify.rs:128:17
[INFO] [stdout]     |
[INFO] [stdout] 128 |                 snarkvm_console_algorithms::$ph::<<Circuit as Environment>::Network>::setup(DOMAIN)?;
[INFO] [stdout]     |                 ^^^^^^^^^^^^^^^^^^^^^^^^^^ use of undeclared crate or module `snarkvm_console_algorithms`
[INFO] [stdout] ...
[INFO] [stdout] 296 |         check_verify!(Poseidon4, Poseidon2, Public, 10, 4, 4, (4843, 0, 14152, 14232))
[INFO] [stdout]     |         ------------------------------------------------------------------------------ in this macro invocation
[INFO] [stdout]     |
[INFO] [stdout]     = note: this error originates in the macro `check_verify` (in Nightly builds, run with -Z macro-backtrace for more info)
[INFO] [stdout] help: there is a crate or module with a similar name
[INFO] [stdout]     |
[INFO] [stdout] 128 |                 snarkvm_circuit_algorithms::$ph::<<Circuit as Environment>::Network>::setup(DOMAIN)?;
[INFO] [stdout]     |                 ~~~~~~~~~~~~~~~~~~~~~~~~~~
[INFO] [stdout] help: consider importing this type alias
[INFO] [stdout]     |
[INFO] [stdout] 107 +     use snarkvm_circuit_algorithms::Poseidon2;
[INFO] [stdout]     |
[INFO] [stdout] 
[INFO] [stdout] 
[INFO] [stdout] error[E0433]: failed to resolve: use of undeclared crate or module `snarkvm_console_algorithms`
[INFO] [stdout]    --> src/kary_merkle_tree/verify.rs:121:17
[INFO] [stdout]     |
[INFO] [stdout] 121 |                 snarkvm_console_algorithms::$lh::<<Circuit as Environment>::Network>::setup(DOMAIN)?;
[INFO] [stdout]     |                 ^^^^^^^^^^^^^^^^^^^^^^^^^^ use of undeclared crate or module `snarkvm_console_algorithms`
[INFO] [stdout] ...
[INFO] [stdout] 301 |         check_verify!(Poseidon4, Poseidon2, Private, 10, 4, 4, (4843, 0, 14152, 14232))
[INFO] [stdout]     |         ------------------------------------------------------------------------------- in this macro invocation
[INFO] [stdout]     |
[INFO] [stdout]     = note: this error originates in the macro `check_verify` (in Nightly builds, run with -Z macro-backtrace for more info)
[INFO] [stdout] help: there is a crate or module with a similar name
[INFO] [stdout]     |
[INFO] [stdout] 121 |                 snarkvm_circuit_algorithms::$lh::<<Circuit as Environment>::Network>::setup(DOMAIN)?;
[INFO] [stdout]     |                 ~~~~~~~~~~~~~~~~~~~~~~~~~~
[INFO] [stdout] help: consider importing this type alias
[INFO] [stdout]     |
[INFO] [stdout] 107 +     use snarkvm_circuit_algorithms::Poseidon4;
[INFO] [stdout]     |
[INFO] [stdout] 
[INFO] [stdout] 
[INFO] [stdout] error[E0433]: failed to resolve: use of undeclared crate or module `snarkvm_console_algorithms`
[INFO] [stdout]    --> src/kary_merkle_tree/verify.rs:128:17
[INFO] [stdout]     |
[INFO] [stdout] 128 |                 snarkvm_console_algorithms::$ph::<<Circuit as Environment>::Network>::setup(DOMAIN)?;
[INFO] [stdout]     |                 ^^^^^^^^^^^^^^^^^^^^^^^^^^ use of undeclared crate or module `snarkvm_console_algorithms`
[INFO] [stdout] ...
[INFO] [stdout] 301 |         check_verify!(Poseidon4, Poseidon2, Private, 10, 4, 4, (4843, 0, 14152, 14232))
[INFO] [stdout]     |         ------------------------------------------------------------------------------- in this macro invocation
[INFO] [stdout]     |
[INFO] [stdout]     = note: this error originates in the macro `check_verify` (in Nightly builds, run with -Z macro-backtrace for more info)
[INFO] [stdout] help: there is a crate or module with a similar name
[INFO] [stdout]     |
[INFO] [stdout] 128 |                 snarkvm_circuit_algorithms::$ph::<<Circuit as Environment>::Network>::setup(DOMAIN)?;
[INFO] [stdout]     |                 ~~~~~~~~~~~~~~~~~~~~~~~~~~
[INFO] [stdout] help: consider importing this type alias
[INFO] [stdout]     |
[INFO] [stdout] 107 +     use snarkvm_circuit_algorithms::Poseidon2;
[INFO] [stdout]     |
[INFO] [stdout] 
[INFO] [stdout] 
[INFO] [stdout] error[E0433]: failed to resolve: use of undeclared crate or module `snarkvm_console_algorithms`
[INFO] [stdout]    --> src/kary_merkle_tree/verify.rs:199:38
[INFO] [stdout]     |
[INFO] [stdout] 199 |             let native_leaf_hasher = snarkvm_console_algorithms::$lh::default();
[INFO] [stdout]     |                                      ^^^^^^^^^^^^^^^^^^^^^^^^^^ use of undeclared crate or module `snarkvm_console_algorithms`
[INFO] [stdout] ...
[INFO] [stdout] 306 |         check_verify_keccak!(Keccak256, Keccak256, Constant, 10, 4, 256, (6388, 0, 0, 0))
[INFO] [stdout]     |         --------------------------------------------------------------------------------- in this macro invocation
[INFO] [stdout]     |
[INFO] [stdout]     = note: this error originates in the macro `check_verify_keccak` (in Nightly builds, run with -Z macro-backtrace for more info)
[INFO] [stdout] help: there is a crate or module with a similar name
[INFO] [stdout]     |
[INFO] [stdout] 199 |             let native_leaf_hasher = snarkvm_circuit_algorithms::$lh::default();
[INFO] [stdout]     |                                      ~~~~~~~~~~~~~~~~~~~~~~~~~~
[INFO] [stdout] help: consider importing this type alias
[INFO] [stdout]     |
[INFO] [stdout] 107 +     use snarkvm_circuit_algorithms::Keccak256;
[INFO] [stdout]     |
[INFO] [stdout] 
[INFO] [stdout] 
[INFO] [stdout] error[E0433]: failed to resolve: use of undeclared crate or module `snarkvm_console_algorithms`
[INFO] [stdout]    --> src/kary_merkle_tree/verify.rs:205:38
[INFO] [stdout]     |
[INFO] [stdout] 205 |             let native_path_hasher = snarkvm_console_algorithms::$ph::default();
[INFO] [stdout]     |                                      ^^^^^^^^^^^^^^^^^^^^^^^^^^ use of undeclared crate or module `snarkvm_console_algorithms`
[INFO] [stdout] ...
[INFO] [stdout] 306 |         check_verify_keccak!(Keccak256, Keccak256, Constant, 10, 4, 256, (6388, 0, 0, 0))
[INFO] [stdout]     |         --------------------------------------------------------------------------------- in this macro invocation
[INFO] [stdout]     |
[INFO] [stdout]     = note: this error originates in the macro `check_verify_keccak` (in Nightly builds, run with -Z macro-backtrace for more info)
[INFO] [stdout] help: there is a crate or module with a similar name
[INFO] [stdout]     |
[INFO] [stdout] 205 |             let native_path_hasher = snarkvm_circuit_algorithms::$ph::default();
[INFO] [stdout]     |                                      ~~~~~~~~~~~~~~~~~~~~~~~~~~
[INFO] [stdout] help: consider importing this type alias
[INFO] [stdout]     |
[INFO] [stdout] 107 +     use snarkvm_circuit_algorithms::Keccak256;
[INFO] [stdout]     |
[INFO] [stdout] 
[INFO] [stdout] 
[INFO] [stdout] error[E0433]: failed to resolve: use of undeclared crate or module `snarkvm_console_algorithms`
[INFO] [stdout]    --> src/kary_merkle_tree/verify.rs:199:38
[INFO] [stdout]     |
[INFO] [stdout] 199 |             let native_leaf_hasher = snarkvm_console_algorithms::$lh::default();
[INFO] [stdout]     |                                      ^^^^^^^^^^^^^^^^^^^^^^^^^^ use of undeclared crate or module `snarkvm_console_algorithms`
[INFO] [stdout] ...
[INFO] [stdout] 311 |         check_verify_keccak!(Keccak256, Keccak256, Public, 10, 4, 256, (7648, 0, 1696439, 1696519))
[INFO] [stdout]     |         ------------------------------------------------------------------------------------------- in this macro invocation
[INFO] [stdout]     |
[INFO] [stdout]     = note: this error originates in the macro `check_verify_keccak` (in Nightly builds, run with -Z macro-backtrace for more info)
[INFO] [stdout] help: there is a crate or module with a similar name
[INFO] [stdout]     |
[INFO] [stdout] 199 |             let native_leaf_hasher = snarkvm_circuit_algorithms::$lh::default();
[INFO] [stdout]     |                                      ~~~~~~~~~~~~~~~~~~~~~~~~~~
[INFO] [stdout] help: consider importing this type alias
[INFO] [stdout]     |
[INFO] [stdout] 107 +     use snarkvm_circuit_algorithms::Keccak256;
[INFO] [stdout]     |
[INFO] [stdout] 
[INFO] [stdout] 
[INFO] [stdout] error[E0433]: failed to resolve: use of undeclared crate or module `snarkvm_console_algorithms`
[INFO] [stdout]    --> src/kary_merkle_tree/verify.rs:205:38
[INFO] [stdout]     |
[INFO] [stdout] 205 |             let native_path_hasher = snarkvm_console_algorithms::$ph::default();
[INFO] [stdout]     |                                      ^^^^^^^^^^^^^^^^^^^^^^^^^^ use of undeclared crate or module `snarkvm_console_algorithms`
[INFO] [stdout] ...
[INFO] [stdout] 311 |         check_verify_keccak!(Keccak256, Keccak256, Public, 10, 4, 256, (7648, 0, 1696439, 1696519))
[INFO] [stdout]     |         ------------------------------------------------------------------------------------------- in this macro invocation
[INFO] [stdout]     |
[INFO] [stdout]     = note: this error originates in the macro `check_verify_keccak` (in Nightly builds, run with -Z macro-backtrace for more info)
[INFO] [stdout] help: there is a crate or module with a similar name
[INFO] [stdout]     |
[INFO] [stdout] 205 |             let native_path_hasher = snarkvm_circuit_algorithms::$ph::default();
[INFO] [stdout]     |                                      ~~~~~~~~~~~~~~~~~~~~~~~~~~
[INFO] [stdout] help: consider importing this type alias
[INFO] [stdout]     |
[INFO] [stdout] 107 +     use snarkvm_circuit_algorithms::Keccak256;
[INFO] [stdout]     |
[INFO] [stdout] 
[INFO] [stdout] 
[INFO] [stdout] error[E0433]: failed to resolve: use of undeclared crate or module `snarkvm_console_algorithms`
[INFO] [stdout]    --> src/kary_merkle_tree/verify.rs:199:38
[INFO] [stdout]     |
[INFO] [stdout] 199 |             let native_leaf_hasher = snarkvm_console_algorithms::$lh::default();
[INFO] [stdout]     |                                      ^^^^^^^^^^^^^^^^^^^^^^^^^^ use of undeclared crate or module `snarkvm_console_algorithms`
[INFO] [stdout] ...
[INFO] [stdout] 316 |         check_verify_keccak!(Keccak256, Keccak256, Private, 10, 4, 256, (7648, 0, 1696439, 1696519))
[INFO] [stdout]     |         -------------------------------------------------------------------------------------------- in this macro invocation
[INFO] [stdout]     |
[INFO] [stdout]     = note: this error originates in the macro `check_verify_keccak` (in Nightly builds, run with -Z macro-backtrace for more info)
[INFO] [stdout] help: there is a crate or module with a similar name
[INFO] [stdout]     |
[INFO] [stdout] 199 |             let native_leaf_hasher = snarkvm_circuit_algorithms::$lh::default();
[INFO] [stdout]     |                                      ~~~~~~~~~~~~~~~~~~~~~~~~~~
[INFO] [stdout] help: consider importing this type alias
[INFO] [stdout]     |
[INFO] [stdout] 107 +     use snarkvm_circuit_algorithms::Keccak256;
[INFO] [stdout]     |
[INFO] [stdout] 
[INFO] [stdout] 
[INFO] [stdout] error[E0433]: failed to resolve: use of undeclared crate or module `snarkvm_console_algorithms`
[INFO] [stdout]    --> src/kary_merkle_tree/verify.rs:205:38
[INFO] [stdout]     |
[INFO] [stdout] 205 |             let native_path_hasher = snarkvm_console_algorithms::$ph::default();
[INFO] [stdout]     |                                      ^^^^^^^^^^^^^^^^^^^^^^^^^^ use of undeclared crate or module `snarkvm_console_algorithms`
[INFO] [stdout] ...
[INFO] [stdout] 316 |         check_verify_keccak!(Keccak256, Keccak256, Private, 10, 4, 256, (7648, 0, 1696439, 1696519))
[INFO] [stdout]     |         -------------------------------------------------------------------------------------------- in this macro invocation
[INFO] [stdout]     |
[INFO] [stdout]     = note: this error originates in the macro `check_verify_keccak` (in Nightly builds, run with -Z macro-backtrace for more info)
[INFO] [stdout] help: there is a crate or module with a similar name
[INFO] [stdout]     |
[INFO] [stdout] 205 |             let native_path_hasher = snarkvm_circuit_algorithms::$ph::default();
[INFO] [stdout]     |                                      ~~~~~~~~~~~~~~~~~~~~~~~~~~
[INFO] [stdout] help: consider importing this type alias
[INFO] [stdout]     |
[INFO] [stdout] 107 +     use snarkvm_circuit_algorithms::Keccak256;
[INFO] [stdout]     |
[INFO] [stdout] 
[INFO] [stdout] 
[INFO] [stdout] error[E0433]: failed to resolve: use of undeclared crate or module `snarkvm_console_algorithms`
[INFO] [stdout]    --> src/kary_merkle_tree/verify.rs:199:38
[INFO] [stdout]     |
[INFO] [stdout] 199 |             let native_leaf_hasher = snarkvm_console_algorithms::$lh::default();
[INFO] [stdout]     |                                      ^^^^^^^^^^^^^^^^^^^^^^^^^^ use of undeclared crate or module `snarkvm_console_algorithms`
[INFO] [stdout] ...
[INFO] [stdout] 321 |         check_verify_keccak!(Sha3_256, Sha3_256, Constant, 10, 4, 256, (6388, 0, 0, 0))
[INFO] [stdout]     |         ------------------------------------------------------------------------------- in this macro invocation
[INFO] [stdout]     |
[INFO] [stdout]     = note: this error originates in the macro `check_verify_keccak` (in Nightly builds, run with -Z macro-backtrace for more info)
[INFO] [stdout] help: there is a crate or module with a similar name
[INFO] [stdout]     |
[INFO] [stdout] 199 |             let native_leaf_hasher = snarkvm_circuit_algorithms::$lh::default();
[INFO] [stdout]     |                                      ~~~~~~~~~~~~~~~~~~~~~~~~~~
[INFO] [stdout] help: consider importing this type alias
[INFO] [stdout]     |
[INFO] [stdout] 107 +     use snarkvm_circuit_algorithms::Sha3_256;
[INFO] [stdout]     |
[INFO] [stdout] 
[INFO] [stdout] 
[INFO] [stdout] error[E0433]: failed to resolve: use of undeclared crate or module `snarkvm_console_algorithms`
[INFO] [stdout]    --> src/kary_merkle_tree/verify.rs:205:38
[INFO] [stdout]     |
[INFO] [stdout] 205 |             let native_path_hasher = snarkvm_console_algorithms::$ph::default();
[INFO] [stdout]     |                                      ^^^^^^^^^^^^^^^^^^^^^^^^^^ use of undeclared crate or module `snarkvm_console_algorithms`
[INFO] [stdout] ...
[INFO] [stdout] 321 |         check_verify_keccak!(Sha3_256, Sha3_256, Constant, 10, 4, 256, (6388, 0, 0, 0))
[INFO] [stdout]     |         ------------------------------------------------------------------------------- in this macro invocation
[INFO] [stdout]     |
[INFO] [stdout]     = note: this error originates in the macro `check_verify_keccak` (in Nightly builds, run with -Z macro-backtrace for more info)
[INFO] [stdout] help: there is a crate or module with a similar name
[INFO] [stdout]     |
[INFO] [stdout] 205 |             let native_path_hasher = snarkvm_circuit_algorithms::$ph::default();
[INFO] [stdout]     |                                      ~~~~~~~~~~~~~~~~~~~~~~~~~~
[INFO] [stdout] help: consider importing this type alias
[INFO] [stdout]     |
[INFO] [stdout] 107 +     use snarkvm_circuit_algorithms::Sha3_256;
[INFO] [stdout]     |
[INFO] [stdout] 
[INFO] [stdout] 
[INFO] [stdout] error[E0433]: failed to resolve: use of undeclared crate or module `snarkvm_console_algorithms`
[INFO] [stdout]    --> src/kary_merkle_tree/verify.rs:199:38
[INFO] [stdout]     |
[INFO] [stdout] 199 |             let native_leaf_hasher = snarkvm_console_algorithms::$lh::default();
[INFO] [stdout]     |                                      ^^^^^^^^^^^^^^^^^^^^^^^^^^ use of undeclared crate or module `snarkvm_console_algorithms`
[INFO] [stdout] ...
[INFO] [stdout] 326 |         check_verify_keccak!(Sha3_256, Sha3_256, Public, 10, 4, 256, (7648, 0, 1696439, 1696519))
[INFO] [stdout]     |         ----------------------------------------------------------------------------------------- in this macro invocation
[INFO] [stdout]     |
[INFO] [stdout]     = note: this error originates in the macro `check_verify_keccak` (in Nightly builds, run with -Z macro-backtrace for more info)
[INFO] [stdout] help: there is a crate or module with a similar name
[INFO] [stdout]     |
[INFO] [stdout] 199 |             let native_leaf_hasher = snarkvm_circuit_algorithms::$lh::default();
[INFO] [stdout]     |                                      ~~~~~~~~~~~~~~~~~~~~~~~~~~
[INFO] [stdout] help: consider importing this type alias
[INFO] [stdout]     |
[INFO] [stdout] 107 +     use snarkvm_circuit_algorithms::Sha3_256;
[INFO] [stdout]     |
[INFO] [stdout] 
[INFO] [stdout] 
[INFO] [stdout] error[E0433]: failed to resolve: use of undeclared crate or module `snarkvm_console_algorithms`
[INFO] [stdout]    --> src/kary_merkle_tree/verify.rs:205:38
[INFO] [stdout]     |
[INFO] [stdout] 205 |             let native_path_hasher = snarkvm_console_algorithms::$ph::default();
[INFO] [stdout]     |                                      ^^^^^^^^^^^^^^^^^^^^^^^^^^ use of undeclared crate or module `snarkvm_console_algorithms`
[INFO] [stdout] ...
[INFO] [stdout] 326 |         check_verify_keccak!(Sha3_256, Sha3_256, Public, 10, 4, 256, (7648, 0, 1696439, 1696519))
[INFO] [stdout]     |         ----------------------------------------------------------------------------------------- in this macro invocation
[INFO] [stdout]     |
[INFO] [stdout]     = note: this error originates in the macro `check_verify_keccak` (in Nightly builds, run with -Z macro-backtrace for more info)
[INFO] [stdout] help: there is a crate or module with a similar name
[INFO] [stdout]     |
[INFO] [stdout] 205 |             let native_path_hasher = snarkvm_circuit_algorithms::$ph::default();
[INFO] [stdout]     |                                      ~~~~~~~~~~~~~~~~~~~~~~~~~~
[INFO] [stdout] help: consider importing this type alias
[INFO] [stdout]     |
[INFO] [stdout] 107 +     use snarkvm_circuit_algorithms::Sha3_256;
[INFO] [stdout]     |
[INFO] [stdout] 
[INFO] [stdout] 
[INFO] [stdout] error[E0433]: failed to resolve: use of undeclared crate or module `snarkvm_console_algorithms`
[INFO] [stdout]    --> src/kary_merkle_tree/verify.rs:199:38
[INFO] [stdout]     |
[INFO] [stdout] 199 |             let native_leaf_hasher = snarkvm_console_algorithms::$lh::default();
[INFO] [stdout]     |                                      ^^^^^^^^^^^^^^^^^^^^^^^^^^ use of undeclared crate or module `snarkvm_console_algorithms`
[INFO] [stdout] ...
[INFO] [stdout] 331 |         check_verify_keccak!(Sha3_256, Sha3_256, Private, 10, 4, 256, (7648, 0, 1696439, 1696519))
[INFO] [stdout]     |         ------------------------------------------------------------------------------------------ in this macro invocation
[INFO] [stdout]     |
[INFO] [stdout]     = note: this error originates in the macro `check_verify_keccak` (in Nightly builds, run with -Z macro-backtrace for more info)
[INFO] [stdout] help: there is a crate or module with a similar name
[INFO] [stdout]     |
[INFO] [stdout] 199 |             let native_leaf_hasher = snarkvm_circuit_algorithms::$lh::default();
[INFO] [stdout]     |                                      ~~~~~~~~~~~~~~~~~~~~~~~~~~
[INFO] [stdout] help: consider importing this type alias
[INFO] [stdout]     |
[INFO] [stdout] 107 +     use snarkvm_circuit_algorithms::Sha3_256;
[INFO] [stdout]     |
[INFO] [stdout] 
[INFO] [stdout] 
[INFO] [stdout] error[E0433]: failed to resolve: use of undeclared crate or module `snarkvm_console_algorithms`
[INFO] [stdout]    --> src/kary_merkle_tree/verify.rs:205:38
[INFO] [stdout]     |
[INFO] [stdout] 205 |             let native_path_hasher = snarkvm_console_algorithms::$ph::default();
[INFO] [stdout]     |                                      ^^^^^^^^^^^^^^^^^^^^^^^^^^ use of undeclared crate or module `snarkvm_console_algorithms`
[INFO] [stdout] ...
[INFO] [stdout] 331 |         check_verify_keccak!(Sha3_256, Sha3_256, Private, 10, 4, 256, (7648, 0, 1696439, 1696519))
[INFO] [stdout]     |         ------------------------------------------------------------------------------------------ in this macro invocation
[INFO] [stdout]     |
[INFO] [stdout]     = note: this error originates in the macro `check_verify_keccak` (in Nightly builds, run with -Z macro-backtrace for more info)
[INFO] [stdout] help: there is a crate or module with a similar name
[INFO] [stdout]     |
[INFO] [stdout] 205 |             let native_path_hasher = snarkvm_circuit_algorithms::$ph::default();
[INFO] [stdout]     |                                      ~~~~~~~~~~~~~~~~~~~~~~~~~~
[INFO] [stdout] help: consider importing this type alias
[INFO] [stdout]     |
[INFO] [stdout] 107 +     use snarkvm_circuit_algorithms::Sha3_256;
[INFO] [stdout]     |
[INFO] [stdout] 
[INFO] [stdout] 
[INFO] [stdout] error[E0433]: failed to resolve: use of undeclared crate or module `snarkvm_console_algorithms`
[INFO] [stdout]    --> src/merkle_tree/helpers/leaf_hash.rs:72:26
[INFO] [stdout]     |
[INFO] [stdout] 72  |             let native = snarkvm_console_algorithms::$hash::<<Circuit as Environment>::Network>::setup(DOMAIN)?;
[INFO] [stdout]     |                          ^^^^^^^^^^^^^^^^^^^^^^^^^^ use of undeclared crate or module `snarkvm_console_algorithms`
[INFO] [stdout] ...
[INFO] [stdout] 101 |         check_hash_leaf!(BHP1024, Constant, 1024, (1791, 0, 0, 0))
[INFO] [stdout]     |         ---------------------------------------------------------- in this macro invocation
[INFO] [stdout]     |
[INFO] [stdout]     = note: this error originates in the macro `check_hash_leaf` (in Nightly builds, run with -Z macro-backtrace for more info)
[INFO] [stdout] help: there is a crate or module with a similar name
[INFO] [stdout]     |
[INFO] [stdout] 72  |             let native = snarkvm_circuit_algorithms::$hash::<<Circuit as Environment>::Network>::setup(DOMAIN)?;
[INFO] [stdout]     |                          ~~~~~~~~~~~~~~~~~~~~~~~~~~
[INFO] [stdout] help: consider importing this type alias
[INFO] [stdout]     |
[INFO] [stdout] 59  +     use snarkvm_circuit_algorithms::BHP1024;
[INFO] [stdout]     |
[INFO] [stdout] 
[INFO] [stdout] 
[INFO] [stdout] error[E0433]: failed to resolve: use of undeclared crate or module `snarkvm_console_algorithms`
[INFO] [stdout]    --> src/merkle_tree/helpers/leaf_hash.rs:72:26
[INFO] [stdout]     |
[INFO] [stdout] 72  |             let native = snarkvm_console_algorithms::$hash::<<Circuit as Environment>::Network>::setup(DOMAIN)?;
[INFO] [stdout]     |                          ^^^^^^^^^^^^^^^^^^^^^^^^^^ use of undeclared crate or module `snarkvm_console_algorithms`
[INFO] [stdout] ...
[INFO] [stdout] 106 |         check_hash_leaf!(BHP1024, Public, 1024, (413, 0, 1744, 1744))
[INFO] [stdout]     |         ------------------------------------------------------------- in this macro invocation
[INFO] [stdout]     |
[INFO] [stdout]     = note: this error originates in the macro `check_hash_leaf` (in Nightly builds, run with -Z macro-backtrace for more info)
[INFO] [stdout] help: there is a crate or module with a similar name
[INFO] [stdout]     |
[INFO] [stdout] 72  |             let native = snarkvm_circuit_algorithms::$hash::<<Circuit as Environment>::Network>::setup(DOMAIN)?;
[INFO] [stdout]     |                          ~~~~~~~~~~~~~~~~~~~~~~~~~~
[INFO] [stdout] help: consider importing this type alias
[INFO] [stdout]     |
[INFO] [stdout] 59  +     use snarkvm_circuit_algorithms::BHP1024;
[INFO] [stdout]     |
[INFO] [stdout] 
[INFO] [stdout] 
[INFO] [stdout] error[E0433]: failed to resolve: use of undeclared crate or module `snarkvm_console_algorithms`
[INFO] [stdout]    --> src/merkle_tree/helpers/leaf_hash.rs:72:26
[INFO] [stdout]     |
[INFO] [stdout] 72  |             let native = snarkvm_console_algorithms::$hash::<<Circuit as Environment>::Network>::setup(DOMAIN)?;
[INFO] [stdout]     |                          ^^^^^^^^^^^^^^^^^^^^^^^^^^ use of undeclared crate or module `snarkvm_console_algorithms`
[INFO] [stdout] ...
[INFO] [stdout] 111 |         check_hash_leaf!(BHP1024, Private, 1024, (413, 0, 1744, 1744))
[INFO] [stdout]     |         -------------------------------------------------------------- in this macro invocation
[INFO] [stdout]     |
[INFO] [stdout]     = note: this error originates in the macro `check_hash_leaf` (in Nightly builds, run with -Z macro-backtrace for more info)
[INFO] [stdout] help: there is a crate or module with a similar name
[INFO] [stdout]     |
[INFO] [stdout] 72  |             let native = snarkvm_circuit_algorithms::$hash::<<Circuit as Environment>::Network>::setup(DOMAIN)?;
[INFO] [stdout]     |                          ~~~~~~~~~~~~~~~~~~~~~~~~~~
[INFO] [stdout] help: consider importing this type alias
[INFO] [stdout]     |
[INFO] [stdout] 59  +     use snarkvm_circuit_algorithms::BHP1024;
[INFO] [stdout]     |
[INFO] [stdout] 
[INFO] [stdout] 
[INFO] [stdout] error[E0433]: failed to resolve: use of undeclared crate or module `snarkvm_console_algorithms`
[INFO] [stdout]    --> src/merkle_tree/helpers/leaf_hash.rs:72:26
[INFO] [stdout]     |
[INFO] [stdout] 72  |             let native = snarkvm_console_algorithms::$hash::<<Circuit as Environment>::Network>::setup(DOMAIN)?;
[INFO] [stdout]     |                          ^^^^^^^^^^^^^^^^^^^^^^^^^^ use of undeclared crate or module `snarkvm_console_algorithms`
[INFO] [stdout] ...
[INFO] [stdout] 116 |         check_hash_leaf!(Poseidon4, Constant, 4, (1, 0, 0, 0))
[INFO] [stdout]     |         ------------------------------------------------------ in this macro invocation
[INFO] [stdout]     |
[INFO] [stdout]     = note: this error originates in the macro `check_hash_leaf` (in Nightly builds, run with -Z macro-backtrace for more info)
[INFO] [stdout] help: there is a crate or module with a similar name
[INFO] [stdout]     |
[INFO] [stdout] 72  |             let native = snarkvm_circuit_algorithms::$hash::<<Circuit as Environment>::Network>::setup(DOMAIN)?;
[INFO] [stdout]     |                          ~~~~~~~~~~~~~~~~~~~~~~~~~~
[INFO] [stdout] help: consider importing this type alias
[INFO] [stdout]     |
[INFO] [stdout] 59  +     use snarkvm_circuit_algorithms::Poseidon4;
[INFO] [stdout]     |
[INFO] [stdout] 
[INFO] [stdout] 
[INFO] [stdout] error[E0433]: failed to resolve: use of undeclared crate or module `snarkvm_console_algorithms`
[INFO] [stdout]    --> src/merkle_tree/helpers/leaf_hash.rs:72:26
[INFO] [stdout]     |
[INFO] [stdout] 72  |             let native = snarkvm_console_algorithms::$hash::<<Circuit as Environment>::Network>::setup(DOMAIN)?;
[INFO] [stdout]     |                          ^^^^^^^^^^^^^^^^^^^^^^^^^^ use of undeclared crate or module `snarkvm_console_algorithms`
[INFO] [stdout] ...
[INFO] [stdout] 121 |         check_hash_leaf!(Poseidon4, Public, 4, (1, 0, 700, 700))
[INFO] [stdout]     |         -------------------------------------------------------- in this macro invocation
[INFO] [stdout]     |
[INFO] [stdout]     = note: this error originates in the macro `check_hash_leaf` (in Nightly builds, run with -Z macro-backtrace for more info)
[INFO] [stdout] help: there is a crate or module with a similar name
[INFO] [stdout]     |
[INFO] [stdout] 72  |             let native = snarkvm_circuit_algorithms::$hash::<<Circuit as Environment>::Network>::setup(DOMAIN)?;
[INFO] [stdout]     |                          ~~~~~~~~~~~~~~~~~~~~~~~~~~
[INFO] [stdout] help: consider importing this type alias
[INFO] [stdout]     |
[INFO] [stdout] 59  +     use snarkvm_circuit_algorithms::Poseidon4;
[INFO] [stdout]     |
[INFO] [stdout] 
[INFO] [stdout] 
[INFO] [stdout] error[E0433]: failed to resolve: use of undeclared crate or module `snarkvm_console_algorithms`
[INFO] [stdout]    --> src/merkle_tree/helpers/leaf_hash.rs:72:26
[INFO] [stdout]     |
[INFO] [stdout] 72  |             let native = snarkvm_console_algorithms::$hash::<<Circuit as Environment>::Network>::setup(DOMAIN)?;
[INFO] [stdout]     |                          ^^^^^^^^^^^^^^^^^^^^^^^^^^ use of undeclared crate or module `snarkvm_console_algorithms`
[INFO] [stdout] ...
[INFO] [stdout] 126 |         check_hash_leaf!(Poseidon4, Private, 4, (1, 0, 700, 700))
[INFO] [stdout]     |         --------------------------------------------------------- in this macro invocation
[INFO] [stdout]     |
[INFO] [stdout]     = note: this error originates in the macro `check_hash_leaf` (in Nightly builds, run with -Z macro-backtrace for more info)
[INFO] [stdout] help: there is a crate or module with a similar name
[INFO] [stdout]     |
[INFO] [stdout] 72  |             let native = snarkvm_circuit_algorithms::$hash::<<Circuit as Environment>::Network>::setup(DOMAIN)?;
[INFO] [stdout]     |                          ~~~~~~~~~~~~~~~~~~~~~~~~~~
[INFO] [stdout] help: consider importing this type alias
[INFO] [stdout]     |
[INFO] [stdout] 59  +     use snarkvm_circuit_algorithms::Poseidon4;
[INFO] [stdout]     |
[INFO] [stdout] 
[INFO] [stdout] 
[INFO] [stdout] error[E0433]: failed to resolve: use of undeclared crate or module `snarkvm_console_algorithms`
[INFO] [stdout]    --> src/merkle_tree/helpers/path_hash.rs:73:26
[INFO] [stdout]     |
[INFO] [stdout] 73  |             let native = snarkvm_console_algorithms::$hash::<<Circuit as Environment>::Network>::setup(DOMAIN)?;
[INFO] [stdout]     |                          ^^^^^^^^^^^^^^^^^^^^^^^^^^ use of undeclared crate or module `snarkvm_console_algorithms`
[INFO] [stdout] ...
[INFO] [stdout] 104 |         check_hash_children!(BHP512, Constant, (1599, 0, 0, 0))
[INFO] [stdout]     |         ------------------------------------------------------- in this macro invocation
[INFO] [stdout]     |
[INFO] [stdout]     = note: this error originates in the macro `check_hash_children` (in Nightly builds, run with -Z macro-backtrace for more info)
[INFO] [stdout] help: there is a crate or module with a similar name
[INFO] [stdout]     |
[INFO] [stdout] 73  |             let native = snarkvm_circuit_algorithms::$hash::<<Circuit as Environment>::Network>::setup(DOMAIN)?;
[INFO] [stdout]     |                          ~~~~~~~~~~~~~~~~~~~~~~~~~~
[INFO] [stdout] help: consider importing this type alias
[INFO] [stdout]     |
[INFO] [stdout] 60  +     use snarkvm_circuit_algorithms::BHP512;
[INFO] [stdout]     |
[INFO] [stdout] 
[INFO] [stdout] 
[INFO] [stdout] error[E0433]: failed to resolve: use of undeclared crate or module `snarkvm_console_algorithms`
[INFO] [stdout]    --> src/merkle_tree/helpers/path_hash.rs:73:26
[INFO] [stdout]     |
[INFO] [stdout] 73  |             let native = snarkvm_console_algorithms::$hash::<<Circuit as Environment>::Network>::setup(DOMAIN)?;
[INFO] [stdout]     |                          ^^^^^^^^^^^^^^^^^^^^^^^^^^ use of undeclared crate or module `snarkvm_console_algorithms`
[INFO] [stdout] ...
[INFO] [stdout] 109 |         check_hash_children!(BHP512, Public, (409, 0, 1879, 1883))
[INFO] [stdout]     |         ---------------------------------------------------------- in this macro invocation
[INFO] [stdout]     |
[INFO] [stdout]     = note: this error originates in the macro `check_hash_children` (in Nightly builds, run with -Z macro-backtrace for more info)
[INFO] [stdout] help: there is a crate or module with a similar name
[INFO] [stdout]     |
[INFO] [stdout] 73  |             let native = snarkvm_circuit_algorithms::$hash::<<Circuit as Environment>::Network>::setup(DOMAIN)?;
[INFO] [stdout]     |                          ~~~~~~~~~~~~~~~~~~~~~~~~~~
[INFO] [stdout] help: consider importing this type alias
[INFO] [stdout]     |
[INFO] [stdout] 60  +     use snarkvm_circuit_algorithms::BHP512;
[INFO] [stdout]     |
[INFO] [stdout] 
[INFO] [stdout] 
[INFO] [stdout] error[E0433]: failed to resolve: use of undeclared crate or module `snarkvm_console_algorithms`
[INFO] [stdout]    --> src/merkle_tree/helpers/path_hash.rs:73:26
[INFO] [stdout]     |
[INFO] [stdout] 73  |             let native = snarkvm_console_algorithms::$hash::<<Circuit as Environment>::Network>::setup(DOMAIN)?;
[INFO] [stdout]     |                          ^^^^^^^^^^^^^^^^^^^^^^^^^^ use of undeclared crate or module `snarkvm_console_algorithms`
[INFO] [stdout] ...
[INFO] [stdout] 114 |         check_hash_children!(BHP512, Private, (409, 0, 1879, 1883))
[INFO] [stdout]     |         ----------------------------------------------------------- in this macro invocation
[INFO] [stdout]     |
[INFO] [stdout]     = note: this error originates in the macro `check_hash_children` (in Nightly builds, run with -Z macro-backtrace for more info)
[INFO] [stdout] help: there is a crate or module with a similar name
[INFO] [stdout]     |
[INFO] [stdout] 73  |             let native = snarkvm_circuit_algorithms::$hash::<<Circuit as Environment>::Network>::setup(DOMAIN)?;
[INFO] [stdout]     |                          ~~~~~~~~~~~~~~~~~~~~~~~~~~
[INFO] [stdout] help: consider importing this type alias
[INFO] [stdout]     |
[INFO] [stdout] 60  +     use snarkvm_circuit_algorithms::BHP512;
[INFO] [stdout]     |
[INFO] [stdout] 
[INFO] [stdout] 
[INFO] [stdout] error[E0433]: failed to resolve: use of undeclared crate or module `snarkvm_console_algorithms`
[INFO] [stdout]    --> src/merkle_tree/helpers/path_hash.rs:73:26
[INFO] [stdout]     |
[INFO] [stdout] 73  |             let native = snarkvm_console_algorithms::$hash::<<Circuit as Environment>::Network>::setup(DOMAIN)?;
[INFO] [stdout]     |                          ^^^^^^^^^^^^^^^^^^^^^^^^^^ use of undeclared crate or module `snarkvm_console_algorithms`
[INFO] [stdout] ...
[INFO] [stdout] 119 |         check_hash_children!(Poseidon2, Constant, (1, 0, 0, 0))
[INFO] [stdout]     |         ------------------------------------------------------- in this macro invocation
[INFO] [stdout]     |
[INFO] [stdout]     = note: this error originates in the macro `check_hash_children` (in Nightly builds, run with -Z macro-backtrace for more info)
[INFO] [stdout] help: there is a crate or module with a similar name
[INFO] [stdout]     |
[INFO] [stdout] 73  |             let native = snarkvm_circuit_algorithms::$hash::<<Circuit as Environment>::Network>::setup(DOMAIN)?;
[INFO] [stdout]     |                          ~~~~~~~~~~~~~~~~~~~~~~~~~~
[INFO] [stdout] help: consider importing this type alias
[INFO] [stdout]     |
[INFO] [stdout] 60  +     use snarkvm_circuit_algorithms::Poseidon2;
[INFO] [stdout]     |
[INFO] [stdout] 
[INFO] [stdout] 
[INFO] [stdout] error[E0433]: failed to resolve: use of undeclared crate or module `snarkvm_console_algorithms`
[INFO] [stdout]    --> src/merkle_tree/helpers/path_hash.rs:73:26
[INFO] [stdout]     |
[INFO] [stdout] 73  |             let native = snarkvm_console_algorithms::$hash::<<Circuit as Environment>::Network>::setup(DOMAIN)?;
[INFO] [stdout]     |                          ^^^^^^^^^^^^^^^^^^^^^^^^^^ use of undeclared crate or module `snarkvm_console_algorithms`
[INFO] [stdout] ...
[INFO] [stdout] 124 |         check_hash_children!(Poseidon2, Public, (1, 0, 540, 540))
[INFO] [stdout]     |         --------------------------------------------------------- in this macro invocation
[INFO] [stdout]     |
[INFO] [stdout]     = note: this error originates in the macro `check_hash_children` (in Nightly builds, run with -Z macro-backtrace for more info)
[INFO] [stdout] help: there is a crate or module with a similar name
[INFO] [stdout]     |
[INFO] [stdout] 73  |             let native = snarkvm_circuit_algorithms::$hash::<<Circuit as Environment>::Network>::setup(DOMAIN)?;
[INFO] [stdout]     |                          ~~~~~~~~~~~~~~~~~~~~~~~~~~
[INFO] [stdout] help: consider importing this type alias
[INFO] [stdout]     |
[INFO] [stdout] 60  +     use snarkvm_circuit_algorithms::Poseidon2;
[INFO] [stdout]     |
[INFO] [stdout] 
[INFO] [stdout] 
[INFO] [stdout] error[E0433]: failed to resolve: use of undeclared crate or module `snarkvm_console_algorithms`
[INFO] [stdout]    --> src/merkle_tree/helpers/path_hash.rs:73:26
[INFO] [stdout]     |
[INFO] [stdout] 73  |             let native = snarkvm_console_algorithms::$hash::<<Circuit as Environment>::Network>::setup(DOMAIN)?;
[INFO] [stdout]     |                          ^^^^^^^^^^^^^^^^^^^^^^^^^^ use of undeclared crate or module `snarkvm_console_algorithms`
[INFO] [stdout] ...
[INFO] [stdout] 129 |         check_hash_children!(Poseidon2, Private, (1, 0, 540, 540))
[INFO] [stdout]     |         ---------------------------------------------------------- in this macro invocation
[INFO] [stdout]     |
[INFO] [stdout]     = note: this error originates in the macro `check_hash_children` (in Nightly builds, run with -Z macro-backtrace for more info)
[INFO] [stdout] help: there is a crate or module with a similar name
[INFO] [stdout]     |
[INFO] [stdout] 73  |             let native = snarkvm_circuit_algorithms::$hash::<<Circuit as Environment>::Network>::setup(DOMAIN)?;
[INFO] [stdout]     |                          ~~~~~~~~~~~~~~~~~~~~~~~~~~
[INFO] [stdout] help: consider importing this type alias
[INFO] [stdout]     |
[INFO] [stdout] 60  +     use snarkvm_circuit_algorithms::Poseidon2;
[INFO] [stdout]     |
[INFO] [stdout] 
[INFO] [stdout] 
[INFO] [stdout] error[E0433]: failed to resolve: use of undeclared crate or module `snarkvm_console_algorithms`
[INFO] [stdout]    --> src/merkle_tree/verify.rs:74:17
[INFO] [stdout]     |
[INFO] [stdout] 74  |                 snarkvm_console_algorithms::$lh::<<Circuit as Environment>::Network>::setup(DOMAIN)?;
[INFO] [stdout]     |                 ^^^^^^^^^^^^^^^^^^^^^^^^^^ use of undeclared crate or module `snarkvm_console_algorithms`
[INFO] [stdout] ...
[INFO] [stdout] 149 |         check_verify!(BHP1024, BHP512, Constant, 32, 1024, (52960, 0, 0, 0))
[INFO] [stdout]     |         -------------------------------------------------------------------- in this macro invocation
[INFO] [stdout]     |
[INFO] [stdout]     = note: this error originates in the macro `check_verify` (in Nightly builds, run with -Z macro-backtrace for more info)
[INFO] [stdout] help: there is a crate or module with a similar name
[INFO] [stdout]     |
[INFO] [stdout] 74  |                 snarkvm_circuit_algorithms::$lh::<<Circuit as Environment>::Network>::setup(DOMAIN)?;
[INFO] [stdout]     |                 ~~~~~~~~~~~~~~~~~~~~~~~~~~
[INFO] [stdout] help: consider importing this type alias
[INFO] [stdout]     |
[INFO] [stdout] 60  +     use snarkvm_circuit_algorithms::BHP1024;
[INFO] [stdout]     |
[INFO] [stdout] 
[INFO] [stdout] 
[INFO] [stdout] error[E0433]: failed to resolve: use of undeclared crate or module `snarkvm_console_algorithms`
[INFO] [stdout]    --> src/merkle_tree/verify.rs:81:17
[INFO] [stdout]     |
[INFO] [stdout] 81  |                 snarkvm_console_algorithms::$ph::<<Circuit as Environment>::Network>::setup(DOMAIN)?;
[INFO] [stdout]     |                 ^^^^^^^^^^^^^^^^^^^^^^^^^^ use of undeclared crate or module `snarkvm_console_algorithms`
[INFO] [stdout] ...
[INFO] [stdout] 149 |         check_verify!(BHP1024, BHP512, Constant, 32, 1024, (52960, 0, 0, 0))
[INFO] [stdout]     |         -------------------------------------------------------------------- in this macro invocation
[INFO] [stdout]     |
[INFO] [stdout]     = note: this error originates in the macro `check_verify` (in Nightly builds, run with -Z macro-backtrace for more info)
[INFO] [stdout] help: there is a crate or module with a similar name
[INFO] [stdout]     |
[INFO] [stdout] 81  |                 snarkvm_circuit_algorithms::$ph::<<Circuit as Environment>::Network>::setup(DOMAIN)?;
[INFO] [stdout]     |                 ~~~~~~~~~~~~~~~~~~~~~~~~~~
[INFO] [stdout] help: consider importing this type alias
[INFO] [stdout]     |
[INFO] [stdout] 60  +     use snarkvm_circuit_algorithms::BHP512;
[INFO] [stdout]     |
[INFO] [stdout] 
[INFO] [stdout] 
[INFO] [stdout] error[E0433]: failed to resolve: use of undeclared crate or module `snarkvm_console_algorithms`
[INFO] [stdout]    --> src/merkle_tree/verify.rs:74:17
[INFO] [stdout]     |
[INFO] [stdout] 74  |                 snarkvm_console_algorithms::$lh::<<Circuit as Environment>::Network>::setup(DOMAIN)?;
[INFO] [stdout]     |                 ^^^^^^^^^^^^^^^^^^^^^^^^^^ use of undeclared crate or module `snarkvm_console_algorithms`
[INFO] [stdout] ...
[INFO] [stdout] 154 |         check_verify!(BHP1024, BHP512, Public, 32, 1024, (13501, 0, 61938, 62066))
[INFO] [stdout]     |         -------------------------------------------------------------------------- in this macro invocation
[INFO] [stdout]     |
[INFO] [stdout]     = note: this error originates in the macro `check_verify` (in Nightly builds, run with -Z macro-backtrace for more info)
[INFO] [stdout] help: there is a crate or module with a similar name
[INFO] [stdout]     |
[INFO] [stdout] 74  |                 snarkvm_circuit_algorithms::$lh::<<Circuit as Environment>::Network>::setup(DOMAIN)?;
[INFO] [stdout]     |                 ~~~~~~~~~~~~~~~~~~~~~~~~~~
[INFO] [stdout] help: consider importing this type alias
[INFO] [stdout]     |
[INFO] [stdout] 60  +     use snarkvm_circuit_algorithms::BHP1024;
[INFO] [stdout]     |
[INFO] [stdout] 
[INFO] [stdout] 
[INFO] [stdout] error[E0433]: failed to resolve: use of undeclared crate or module `snarkvm_console_algorithms`
[INFO] [stdout]    --> src/merkle_tree/verify.rs:81:17
[INFO] [stdout]     |
[INFO] [stdout] 81  |                 snarkvm_console_algorithms::$ph::<<Circuit as Environment>::Network>::setup(DOMAIN)?;
[INFO] [stdout]     |                 ^^^^^^^^^^^^^^^^^^^^^^^^^^ use of undeclared crate or module `snarkvm_console_algorithms`
[INFO] [stdout] ...
[INFO] [stdout] 154 |         check_verify!(BHP1024, BHP512, Public, 32, 1024, (13501, 0, 61938, 62066))
[INFO] [stdout]     |         -------------------------------------------------------------------------- in this macro invocation
[INFO] [stdout]     |
[INFO] [stdout]     = note: this error originates in the macro `check_verify` (in Nightly builds, run with -Z macro-backtrace for more info)
[INFO] [stdout] help: there is a crate or module with a similar name
[INFO] [stdout]     |
[INFO] [stdout] 81  |                 snarkvm_circuit_algorithms::$ph::<<Circuit as Environment>::Network>::setup(DOMAIN)?;
[INFO] [stdout]     |                 ~~~~~~~~~~~~~~~~~~~~~~~~~~
[INFO] [stdout] help: consider importing this type alias
[INFO] [stdout]     |
[INFO] [stdout] 60  +     use snarkvm_circuit_algorithms::BHP512;
[INFO] [stdout]     |
[INFO] [stdout] 
[INFO] [stdout] 
[INFO] [stdout] error[E0433]: failed to resolve: use of undeclared crate or module `snarkvm_console_algorithms`
[INFO] [stdout]    --> src/merkle_tree/verify.rs:74:17
[INFO] [stdout]     |
[INFO] [stdout] 74  |                 snarkvm_console_algorithms::$lh::<<Circuit as Environment>::Network>::setup(DOMAIN)?;
[INFO] [stdout]     |                 ^^^^^^^^^^^^^^^^^^^^^^^^^^ use of undeclared crate or module `snarkvm_console_algorithms`
[INFO] [stdout] ...
[INFO] [stdout] 159 |         check_verify!(BHP1024, BHP512, Private, 32, 1024, (13501, 0, 61938, 62066))
[INFO] [stdout]     |         --------------------------------------------------------------------------- in this macro invocation
[INFO] [stdout]     |
[INFO] [stdout]     = note: this error originates in the macro `check_verify` (in Nightly builds, run with -Z macro-backtrace for more info)
[INFO] [stdout] help: there is a crate or module with a similar name
[INFO] [stdout]     |
[INFO] [stdout] 74  |                 snarkvm_circuit_algorithms::$lh::<<Circuit as Environment>::Network>::setup(DOMAIN)?;
[INFO] [stdout]     |                 ~~~~~~~~~~~~~~~~~~~~~~~~~~
[INFO] [stdout] help: consider importing this type alias
[INFO] [stdout]     |
[INFO] [stdout] 60  +     use snarkvm_circuit_algorithms::BHP1024;
[INFO] [stdout]     |
[INFO] [stdout] 
[INFO] [stdout] 
[INFO] [stdout] error[E0433]: failed to resolve: use of undeclared crate or module `snarkvm_console_algorithms`
[INFO] [stdout]    --> src/merkle_tree/verify.rs:81:17
[INFO] [stdout]     |
[INFO] [stdout] 81  |                 snarkvm_console_algorithms::$ph::<<Circuit as Environment>::Network>::setup(DOMAIN)?;
[INFO] [stdout]     |                 ^^^^^^^^^^^^^^^^^^^^^^^^^^ use of undeclared crate or module `snarkvm_console_algorithms`
[INFO] [stdout] ...
[INFO] [stdout] 159 |         check_verify!(BHP1024, BHP512, Private, 32, 1024, (13501, 0, 61938, 62066))
[INFO] [stdout]     |         --------------------------------------------------------------------------- in this macro invocation
[INFO] [stdout]     |
[INFO] [stdout]     = note: this error originates in the macro `check_verify` (in Nightly builds, run with -Z macro-backtrace for more info)
[INFO] [stdout] help: there is a crate or module with a similar name
[INFO] [stdout]     |
[INFO] [stdout] 81  |                 snarkvm_circuit_algorithms::$ph::<<Circuit as Environment>::Network>::setup(DOMAIN)?;
[INFO] [stdout]     |                 ~~~~~~~~~~~~~~~~~~~~~~~~~~
[INFO] [stdout] help: consider importing this type alias
[INFO] [stdout]     |
[INFO] [stdout] 60  +     use snarkvm_circuit_algorithms::BHP512;
[INFO] [stdout]     |
[INFO] [stdout] 
[INFO] [stdout] 
[INFO] [stdout] error[E0433]: failed to resolve: use of undeclared crate or module `snarkvm_console_algorithms`
[INFO] [stdout]    --> src/merkle_tree/verify.rs:74:17
[INFO] [stdout]     |
[INFO] [stdout] 74  |                 snarkvm_console_algorithms::$lh::<<Circuit as Environment>::Network>::setup(DOMAIN)?;
[INFO] [stdout]     |                 ^^^^^^^^^^^^^^^^^^^^^^^^^^ use of undeclared crate or module `snarkvm_console_algorithms`
[INFO] [stdout] ...
[INFO] [stdout] 164 |         check_verify!(Poseidon4, Poseidon2, Constant, 32, 4, (34, 0, 0, 0))
[INFO] [stdout]     |         ------------------------------------------------------------------- in this macro invocation
[INFO] [stdout]     |
[INFO] [stdout]     = note: this error originates in the macro `check_verify` (in Nightly builds, run with -Z macro-backtrace for more info)
[INFO] [stdout] help: there is a crate or module with a similar name
[INFO] [stdout]     |
[INFO] [stdout] 74  |                 snarkvm_circuit_algorithms::$lh::<<Circuit as Environment>::Network>::setup(DOMAIN)?;
[INFO] [stdout]     |                 ~~~~~~~~~~~~~~~~~~~~~~~~~~
[INFO] [stdout] help: consider importing this type alias
[INFO] [stdout]     |
[INFO] [stdout] 60  +     use snarkvm_circuit_algorithms::Poseidon4;
[INFO] [stdout]     |
[INFO] [stdout] 
[INFO] [stdout] 
[INFO] [stdout] error[E0433]: failed to resolve: use of undeclared crate or module `snarkvm_console_algorithms`
[INFO] [stdout]    --> src/merkle_tree/verify.rs:81:17
[INFO] [stdout]     |
[INFO] [stdout] 81  |                 snarkvm_console_algorithms::$ph::<<Circuit as Environment>::Network>::setup(DOMAIN)?;
[INFO] [stdout]     |                 ^^^^^^^^^^^^^^^^^^^^^^^^^^ use of undeclared crate or module `snarkvm_console_algorithms`
[INFO] [stdout] ...
[INFO] [stdout] 164 |         check_verify!(Poseidon4, Poseidon2, Constant, 32, 4, (34, 0, 0, 0))
[INFO] [stdout]     |         ------------------------------------------------------------------- in this macro invocation
[INFO] [stdout]     |
[INFO] [stdout]     = note: this error originates in the macro `check_verify` (in Nightly builds, run with -Z macro-backtrace for more info)
[INFO] [stdout] help: there is a crate or module with a similar name
[INFO] [stdout]     |
[INFO] [stdout] 81  |                 snarkvm_circuit_algorithms::$ph::<<Circuit as Environment>::Network>::setup(DOMAIN)?;
[INFO] [stdout]     |                 ~~~~~~~~~~~~~~~~~~~~~~~~~~
[INFO] [stdout] help: consider importing this type alias
[INFO] [stdout]     |
[INFO] [stdout] 60  +     use snarkvm_circuit_algorithms::Poseidon2;
[INFO] [stdout]     |
[INFO] [stdout] 
[INFO] [stdout] 
[INFO] [stdout] error[E0433]: failed to resolve: use of undeclared crate or module `snarkvm_console_algorithms`
[INFO] [stdout]    --> src/merkle_tree/verify.rs:74:17
[INFO] [stdout]     |
[INFO] [stdout] 74  |                 snarkvm_console_algorithms::$lh::<<Circuit as Environment>::Network>::setup(DOMAIN)?;
[INFO] [stdout]     |                 ^^^^^^^^^^^^^^^^^^^^^^^^^^ use of undeclared crate or module `snarkvm_console_algorithms`
[INFO] [stdout] ...
[INFO] [stdout] 169 |         check_verify!(Poseidon4, Poseidon2, Public, 32, 4, (33, 0, 18046, 18046))
[INFO] [stdout]     |         ------------------------------------------------------------------------- in this macro invocation
[INFO] [stdout]     |
[INFO] [stdout]     = note: this error originates in the macro `check_verify` (in Nightly builds, run with -Z macro-backtrace for more info)
[INFO] [stdout] help: there is a crate or module with a similar name
[INFO] [stdout]     |
[INFO] [stdout] 74  |                 snarkvm_circuit_algorithms::$lh::<<Circuit as Environment>::Network>::setup(DOMAIN)?;
[INFO] [stdout]     |                 ~~~~~~~~~~~~~~~~~~~~~~~~~~
[INFO] [stdout] help: consider importing this type alias
[INFO] [stdout]     |
[INFO] [stdout] 60  +     use snarkvm_circuit_algorithms::Poseidon4;
[INFO] [stdout]     |
[INFO] [stdout] 
[INFO] [stdout] 
[INFO] [stdout] error[E0433]: failed to resolve: use of undeclared crate or module `snarkvm_console_algorithms`
[INFO] [stdout]    --> src/merkle_tree/verify.rs:81:17
[INFO] [stdout]     |
[INFO] [stdout] 81  |                 snarkvm_console_algorithms::$ph::<<Circuit as Environment>::Network>::setup(DOMAIN)?;
[INFO] [stdout]     |                 ^^^^^^^^^^^^^^^^^^^^^^^^^^ use of undeclared crate or module `snarkvm_console_algorithms`
[INFO] [stdout] ...
[INFO] [stdout] 169 |         check_verify!(Poseidon4, Poseidon2, Public, 32, 4, (33, 0, 18046, 18046))
[INFO] [stdout]     |         ------------------------------------------------------------------------- in this macro invocation
[INFO] [stdout]     |
[INFO] [stdout]     = note: this error originates in the macro `check_verify` (in Nightly builds, run with -Z macro-backtrace for more info)
[INFO] [stdout] help: there is a crate or module with a similar name
[INFO] [stdout]     |
[INFO] [stdout] 81  |                 snarkvm_circuit_algorithms::$ph::<<Circuit as Environment>::Network>::setup(DOMAIN)?;
[INFO] [stdout]     |                 ~~~~~~~~~~~~~~~~~~~~~~~~~~
[INFO] [stdout] help: consider importing this type alias
[INFO] [stdout]     |
[INFO] [stdout] 60  +     use snarkvm_circuit_algorithms::Poseidon2;
[INFO] [stdout]     |
[INFO] [stdout] 
[INFO] [stdout] 
[INFO] [stdout] error[E0433]: failed to resolve: use of undeclared crate or module `snarkvm_console_algorithms`
[INFO] [stdout]    --> src/merkle_tree/verify.rs:74:17
[INFO] [stdout]     |
[INFO] [stdout] 74  |                 snarkvm_console_algorithms::$lh::<<Circuit as Environment>::Network>::setup(DOMAIN)?;
[INFO] [stdout]     |                 ^^^^^^^^^^^^^^^^^^^^^^^^^^ use of undeclared crate or module `snarkvm_console_algorithms`
[INFO] [stdout] ...
[INFO] [stdout] 174 |         check_verify!(Poseidon4, Poseidon2, Private, 32, 4, (33, 0, 18046, 18046))
[INFO] [stdout]     |         -------------------------------------------------------------------------- in this macro invocation
[INFO] [stdout]     |
[INFO] [stdout]     = note: this error originates in the macro `check_verify` (in Nightly builds, run with -Z macro-backtrace for more info)
[INFO] [stdout] help: there is a crate or module with a similar name
[INFO] [stdout]     |
[INFO] [stdout] 74  |                 snarkvm_circuit_algorithms::$lh::<<Circuit as Environment>::Network>::setup(DOMAIN)?;
[INFO] [stdout]     |                 ~~~~~~~~~~~~~~~~~~~~~~~~~~
[INFO] [stdout] help: consider importing this type alias
[INFO] [stdout]     |
[INFO] [stdout] 60  +     use snarkvm_circuit_algorithms::Poseidon4;
[INFO] [stdout]     |
[INFO] [stdout] 
[INFO] [stdout] 
[INFO] [stdout] error[E0433]: failed to resolve: use of undeclared crate or module `snarkvm_console_algorithms`
[INFO] [stdout]    --> src/merkle_tree/verify.rs:81:17
[INFO] [stdout]     |
[INFO] [stdout] 81  |                 snarkvm_console_algorithms::$ph::<<Circuit as Environment>::Network>::setup(DOMAIN)?;
[INFO] [stdout]     |                 ^^^^^^^^^^^^^^^^^^^^^^^^^^ use of undeclared crate or module `snarkvm_console_algorithms`
[INFO] [stdout] ...
[INFO] [stdout] 174 |         check_verify!(Poseidon4, Poseidon2, Private, 32, 4, (33, 0, 18046, 18046))
[INFO] [stdout]     |         -------------------------------------------------------------------------- in this macro invocation
[INFO] [stdout]     |
[INFO] [stdout]     = note: this error originates in the macro `check_verify` (in Nightly builds, run with -Z macro-backtrace for more info)
[INFO] [stdout] help: there is a crate or module with a similar name
[INFO] [stdout]     |
[INFO] [stdout] 81  |                 snarkvm_circuit_algorithms::$ph::<<Circuit as Environment>::Network>::setup(DOMAIN)?;
[INFO] [stdout]     |                 ~~~~~~~~~~~~~~~~~~~~~~~~~~
[INFO] [stdout] help: consider importing this type alias
[INFO] [stdout]     |
[INFO] [stdout] 60  +     use snarkvm_circuit_algorithms::Poseidon2;
[INFO] [stdout]     |
[INFO] [stdout] 
[INFO] [stdout] 
[INFO] [stdout] error[E0282]: type annotations needed
[INFO] [stdout]    --> src/kary_merkle_tree/verify.rs:157:77
[INFO] [stdout]     |
[INFO] [stdout] 157 |                     let leaf: Vec<_> = Inject::new(Mode::$mode, merkle_leaf.clone());
[INFO] [stdout]     |                                                                             ^^^^^ cannot infer type
[INFO] [stdout] ...
[INFO] [stdout] 276 |         check_verify!(BHP1024, BHP512, Constant, 10, 4, 1024, (39234, 0, 0, 0))
[INFO] [stdout]     |         ----------------------------------------------------------------------- in this macro invocation
[INFO] [stdout]     |
[INFO] [stdout]     = note: this error originates in the macro `check_verify` (in Nightly builds, run with -Z macro-backtrace for more info)
[INFO] [stdout] 
[INFO] [stdout] 
[INFO] [stdout] error[E0282]: type annotations needed
[INFO] [stdout]    --> src/kary_merkle_tree/verify.rs:157:77
[INFO] [stdout]     |
[INFO] [stdout] 157 |                     let leaf: Vec<_> = Inject::new(Mode::$mode, merkle_leaf.clone());
[INFO] [stdout]     |                                                                             ^^^^^ cannot infer type
[INFO] [stdout] ...
[INFO] [stdout] 281 |         check_verify!(BHP1024, BHP512, Public, 10, 4, 1024, (9465, 0, 53876, 54056))
[INFO] [stdout]     |         ---------------------------------------------------------------------------- in this macro invocation
[INFO] [stdout]     |
[INFO] [stdout]     = note: this error originates in the macro `check_verify` (in Nightly builds, run with -Z macro-backtrace for more info)
[INFO] [stdout] 
[INFO] [stdout] 
[INFO] [stdout] error[E0282]: type annotations needed
[INFO] [stdout]    --> src/kary_merkle_tree/verify.rs:157:77
[INFO] [stdout]     |
[INFO] [stdout] 157 |                     let leaf: Vec<_> = Inject::new(Mode::$mode, merkle_leaf.clone());
[INFO] [stdout]     |                                                                             ^^^^^ cannot infer type
[INFO] [stdout] ...
[INFO] [stdout] 286 |         check_verify!(BHP1024, BHP512, Private, 10, 4, 1024, (9465, 0, 53876, 54056))
[INFO] [stdout]     |         ----------------------------------------------------------------------------- in this macro invocation
[INFO] [stdout]     |
[INFO] [stdout]     = note: this error originates in the macro `check_verify` (in Nightly builds, run with -Z macro-backtrace for more info)
[INFO] [stdout] 
[INFO] [stdout] 
[INFO] [stdout] error[E0282]: type annotations needed
[INFO] [stdout]    --> src/kary_merkle_tree/verify.rs:157:77
[INFO] [stdout]     |
[INFO] [stdout] 157 |                     let leaf: Vec<_> = Inject::new(Mode::$mode, merkle_leaf.clone());
[INFO] [stdout]     |                                                                             ^^^^^ cannot infer type
[INFO] [stdout] ...
[INFO] [stdout] 291 |         check_verify!(Poseidon4, Poseidon2, Constant, 10, 4, 4, (3584, 0, 0, 0))
[INFO] [stdout]     |         ------------------------------------------------------------------------ in this macro invocation
[INFO] [stdout]     |
[INFO] [stdout]     = note: this error originates in the macro `check_verify` (in Nightly builds, run with -Z macro-backtrace for more info)
[INFO] [stdout] 
[INFO] [stdout] 
[INFO] [stdout] error[E0282]: type annotations needed
[INFO] [stdout]    --> src/kary_merkle_tree/verify.rs:157:77
[INFO] [stdout]     |
[INFO] [stdout] 157 |                     let leaf: Vec<_> = Inject::new(Mode::$mode, merkle_leaf.clone());
[INFO] [stdout]     |                                                                             ^^^^^ cannot infer type
[INFO] [stdout] ...
[INFO] [stdout] 296 |         check_verify!(Poseidon4, Poseidon2, Public, 10, 4, 4, (4843, 0, 14152, 14232))
[INFO] [stdout]     |         ------------------------------------------------------------------------------ in this macro invocation
[INFO] [stdout]     |
[INFO] [stdout]     = note: this error originates in the macro `check_verify` (in Nightly builds, run with -Z macro-backtrace for more info)
[INFO] [stdout] 
[INFO] [stdout] 
[INFO] [stdout] error[E0282]: type annotations needed
[INFO] [stdout]    --> src/kary_merkle_tree/verify.rs:157:77
[INFO] [stdout]     |
[INFO] [stdout] 157 |                     let leaf: Vec<_> = Inject::new(Mode::$mode, merkle_leaf.clone());
[INFO] [stdout]     |                                                                             ^^^^^ cannot infer type
[INFO] [stdout] ...
[INFO] [stdout] 301 |         check_verify!(Poseidon4, Poseidon2, Private, 10, 4, 4, (4843, 0, 14152, 14232))
[INFO] [stdout]     |         ------------------------------------------------------------------------------- in this macro invocation
[INFO] [stdout]     |
[INFO] [stdout]     = note: this error originates in the macro `check_verify` (in Nightly builds, run with -Z macro-backtrace for more info)
[INFO] [stdout] 
[INFO] [stdout] 
[INFO] [stdout] error[E0282]: type annotations needed
[INFO] [stdout]    --> src/kary_merkle_tree/verify.rs:234:77
[INFO] [stdout]     |
[INFO] [stdout] 234 |                     let leaf: Vec<_> = Inject::new(Mode::$mode, merkle_leaf.clone());
[INFO] [stdout]     |                                                                             ^^^^^ cannot infer type
[INFO] [stdout] ...
[INFO] [stdout] 306 |         check_verify_keccak!(Keccak256, Keccak256, Constant, 10, 4, 256, (6388, 0, 0, 0))
[INFO] [stdout]     |         --------------------------------------------------------------------------------- in this macro invocation
[INFO] [stdout]     |
[INFO] [stdout]     = note: this error originates in the macro `check_verify_keccak` (in Nightly builds, run with -Z macro-backtrace for more info)
[INFO] [stdout] 
[INFO] [stdout] 
[INFO] [stdout] error[E0282]: type annotations needed
[INFO] [stdout]    --> src/kary_merkle_tree/verify.rs:234:77
[INFO] [stdout]     |
[INFO] [stdout] 234 |                     let leaf: Vec<_> = Inject::new(Mode::$mode, merkle_leaf.clone());
[INFO] [stdout]     |                                                                             ^^^^^ cannot infer type
[INFO] [stdout] ...
[INFO] [stdout] 311 |         check_verify_keccak!(Keccak256, Keccak256, Public, 10, 4, 256, (7648, 0, 1696439, 1696519))
[INFO] [stdout]     |         ------------------------------------------------------------------------------------------- in this macro invocation
[INFO] [stdout]     |
[INFO] [stdout]     = note: this error originates in the macro `check_verify_keccak` (in Nightly builds, run with -Z macro-backtrace for more info)
[INFO] [stdout] 
[INFO] [stdout] 
[INFO] [stdout] error[E0282]: type annotations needed
[INFO] [stdout]    --> src/kary_merkle_tree/verify.rs:234:77
[INFO] [stdout]     |
[INFO] [stdout] 234 |                     let leaf: Vec<_> = Inject::new(Mode::$mode, merkle_leaf.clone());
[INFO] [stdout]     |                                                                             ^^^^^ cannot infer type
[INFO] [stdout] ...
[INFO] [stdout] 316 |         check_verify_keccak!(Keccak256, Keccak256, Private, 10, 4, 256, (7648, 0, 1696439, 1696519))
[INFO] [stdout]     |         -------------------------------------------------------------------------------------------- in this macro invocation
[INFO] [stdout]     |
[INFO] [stdout]     = note: this error originates in the macro `check_verify_keccak` (in Nightly builds, run with -Z macro-backtrace for more info)
[INFO] [stdout] 
[INFO] [stdout] 
[INFO] [stdout] error[E0282]: type annotations needed
[INFO] [stdout]    --> src/kary_merkle_tree/verify.rs:234:77
[INFO] [stdout]     |
[INFO] [stdout] 234 |                     let leaf: Vec<_> = Inject::new(Mode::$mode, merkle_leaf.clone());
[INFO] [stdout]     |                                                                             ^^^^^ cannot infer type
[INFO] [stdout] ...
[INFO] [stdout] 321 |         check_verify_keccak!(Sha3_256, Sha3_256, Constant, 10, 4, 256, (6388, 0, 0, 0))
[INFO] [stdout]     |         ------------------------------------------------------------------------------- in this macro invocation
[INFO] [stdout]     |
[INFO] [stdout]     = note: this error originates in the macro `check_verify_keccak` (in Nightly builds, run with -Z macro-backtrace for more info)
[INFO] [stdout] 
[INFO] [stdout] 
[INFO] [stdout] error[E0282]: type annotations needed
[INFO] [stdout]    --> src/kary_merkle_tree/verify.rs:234:77
[INFO] [stdout]     |
[INFO] [stdout] 234 |                     let leaf: Vec<_> = Inject::new(Mode::$mode, merkle_leaf.clone());
[INFO] [stdout]     |                                                                             ^^^^^ cannot infer type
[INFO] [stdout] ...
[INFO] [stdout] 326 |         check_verify_keccak!(Sha3_256, Sha3_256, Public, 10, 4, 256, (7648, 0, 1696439, 1696519))
[INFO] [stdout]     |         ----------------------------------------------------------------------------------------- in this macro invocation
[INFO] [stdout]     |
[INFO] [stdout]     = note: this error originates in the macro `check_verify_keccak` (in Nightly builds, run with -Z macro-backtrace for more info)
[INFO] [stdout] 
[INFO] [stdout] 
[INFO] [stdout] error[E0282]: type annotations needed
[INFO] [stdout]    --> src/kary_merkle_tree/verify.rs:234:77
[INFO] [stdout]     |
[INFO] [stdout] 234 |                     let leaf: Vec<_> = Inject::new(Mode::$mode, merkle_leaf.clone());
[INFO] [stdout]     |                                                                             ^^^^^ cannot infer type
[INFO] [stdout] ...
[INFO] [stdout] 331 |         check_verify_keccak!(Sha3_256, Sha3_256, Private, 10, 4, 256, (7648, 0, 1696439, 1696519))
[INFO] [stdout]     |         ------------------------------------------------------------------------------------------ in this macro invocation
[INFO] [stdout]     |
[INFO] [stdout]     = note: this error originates in the macro `check_verify_keccak` (in Nightly builds, run with -Z macro-backtrace for more info)
[INFO] [stdout] 
[INFO] [stdout] 
[INFO] [stdout] error[E0282]: type annotations needed
[INFO] [stdout]    --> src/merkle_tree/verify.rs:108:77
[INFO] [stdout]     |
[INFO] [stdout] 108 |                     let leaf: Vec<_> = Inject::new(Mode::$mode, merkle_leaf.clone());
[INFO] [stdout]     |                                                                             ^^^^^ cannot infer type
[INFO] [stdout] ...
[INFO] [stdout] 149 |         check_verify!(BHP1024, BHP512, Constant, 32, 1024, (52960, 0, 0, 0))
[INFO] [stdout]     |         -------------------------------------------------------------------- in this macro invocation
[INFO] [stdout]     |
[INFO] [stdout]     = note: this error originates in the macro `check_verify` (in Nightly builds, run with -Z macro-backtrace for more info)
[INFO] [stdout] 
[INFO] [stdout] 
[INFO] [stdout] error[E0282]: type annotations needed
[INFO] [stdout]    --> src/merkle_tree/verify.rs:108:77
[INFO] [stdout]     |
[INFO] [stdout] 108 |                     let leaf: Vec<_> = Inject::new(Mode::$mode, merkle_leaf.clone());
[INFO] [stdout]     |                                                                             ^^^^^ cannot infer type
[INFO] [stdout] ...
[INFO] [stdout] 154 |         check_verify!(BHP1024, BHP512, Public, 32, 1024, (13501, 0, 61938, 62066))
[INFO] [stdout]     |         -------------------------------------------------------------------------- in this macro invocation
[INFO] [stdout]     |
[INFO] [stdout]     = note: this error originates in the macro `check_verify` (in Nightly builds, run with -Z macro-backtrace for more info)
[INFO] [stdout] 
[INFO] [stdout] 
[INFO] [stdout] error[E0282]: type annotations needed
[INFO] [stdout]    --> src/merkle_tree/verify.rs:108:77
[INFO] [stdout]     |
[INFO] [stdout] 108 |                     let leaf: Vec<_> = Inject::new(Mode::$mode, merkle_leaf.clone());
[INFO] [stdout]     |                                                                             ^^^^^ cannot infer type
[INFO] [stdout] ...
[INFO] [stdout] 159 |         check_verify!(BHP1024, BHP512, Private, 32, 1024, (13501, 0, 61938, 62066))
[INFO] [stdout]     |         --------------------------------------------------------------------------- in this macro invocation
[INFO] [stdout]     |
[INFO] [stdout]     = note: this error originates in the macro `check_verify` (in Nightly builds, run with -Z macro-backtrace for more info)
[INFO] [stdout] 
[INFO] [stdout] 
[INFO] [stdout] error[E0282]: type annotations needed
[INFO] [stdout]    --> src/merkle_tree/verify.rs:108:77
[INFO] [stdout]     |
[INFO] [stdout] 108 |                     let leaf: Vec<_> = Inject::new(Mode::$mode, merkle_leaf.clone());
[INFO] [stdout]     |                                                                             ^^^^^ cannot infer type
[INFO] [stdout] ...
[INFO] [stdout] 164 |         check_verify!(Poseidon4, Poseidon2, Constant, 32, 4, (34, 0, 0, 0))
[INFO] [stdout]     |         ------------------------------------------------------------------- in this macro invocation
[INFO] [stdout]     |
[INFO] [stdout]     = note: this error originates in the macro `check_verify` (in Nightly builds, run with -Z macro-backtrace for more info)
[INFO] [stdout] 
[INFO] [stdout] 
[INFO] [stdout] error[E0282]: type annotations needed
[INFO] [stdout]    --> src/merkle_tree/verify.rs:108:77
[INFO] [stdout]     |
[INFO] [stdout] 108 |                     let leaf: Vec<_> = Inject::new(Mode::$mode, merkle_leaf.clone());
[INFO] [stdout]     |                                                                             ^^^^^ cannot infer type
[INFO] [stdout] ...
[INFO] [stdout] 169 |         check_verify!(Poseidon4, Poseidon2, Public, 32, 4, (33, 0, 18046, 18046))
[INFO] [stdout]     |         ------------------------------------------------------------------------- in this macro invocation
[INFO] [stdout]     |
[INFO] [stdout]     = note: this error originates in the macro `check_verify` (in Nightly builds, run with -Z macro-backtrace for more info)
[INFO] [stdout] 
[INFO] [stdout] 
[INFO] [stdout] error[E0282]: type annotations needed
[INFO] [stdout]    --> src/merkle_tree/verify.rs:108:77
[INFO] [stdout]     |
[INFO] [stdout] 108 |                     let leaf: Vec<_> = Inject::new(Mode::$mode, merkle_leaf.clone());
[INFO] [stdout]     |                                                                             ^^^^^ cannot infer type
[INFO] [stdout] ...
[INFO] [stdout] 174 |         check_verify!(Poseidon4, Poseidon2, Private, 32, 4, (33, 0, 18046, 18046))
[INFO] [stdout]     |         -------------------------------------------------------------------------- in this macro invocation
[INFO] [stdout]     |
[INFO] [stdout]     = note: this error originates in the macro `check_verify` (in Nightly builds, run with -Z macro-backtrace for more info)
[INFO] [stdout] 
[INFO] [stdout] 
[INFO] [stdout] error[E0433]: failed to resolve: use of undeclared crate or module `snarkvm_console_algorithms`
[INFO] [stdout]    --> src/kary_merkle_tree/helpers/leaf_hash.rs:159:22
[INFO] [stdout]     |
[INFO] [stdout] 159 |         let native = snarkvm_console_algorithms::Keccak256 {};
[INFO] [stdout]     |                      ^^^^^^^^^^^^^^^^^^^^^^^^^^ use of undeclared crate or module `snarkvm_console_algorithms`
[INFO] [stdout]     |
[INFO] [stdout] help: there is a crate or module with a similar name
[INFO] [stdout]     |
[INFO] [stdout] 159 |         let native = snarkvm_circuit_algorithms::Keccak256 {};
[INFO] [stdout]     |                      ~~~~~~~~~~~~~~~~~~~~~~~~~~
[INFO] [stdout] 
[INFO] [stdout] 
[INFO] [stdout] error[E0433]: failed to resolve: use of undeclared crate or module `snarkvm_console_algorithms`
[INFO] [stdout]    --> src/kary_merkle_tree/helpers/leaf_hash.rs:167:22
[INFO] [stdout]     |
[INFO] [stdout] 167 |         let native = snarkvm_console_algorithms::Keccak256 {};
[INFO] [stdout]     |                      ^^^^^^^^^^^^^^^^^^^^^^^^^^ use of undeclared crate or module `snarkvm_console_algorithms`
[INFO] [stdout]     |
[INFO] [stdout] help: there is a crate or module with a similar name
[INFO] [stdout]     |
[INFO] [stdout] 167 |         let native = snarkvm_circuit_algorithms::Keccak256 {};
[INFO] [stdout]     |                      ~~~~~~~~~~~~~~~~~~~~~~~~~~
[INFO] [stdout] 
[INFO] [stdout] 
[INFO] [stdout] error[E0433]: failed to resolve: use of undeclared crate or module `snarkvm_console_algorithms`
[INFO] [stdout]    --> src/kary_merkle_tree/helpers/leaf_hash.rs:175:22
[INFO] [stdout]     |
[INFO] [stdout] 175 |         let native = snarkvm_console_algorithms::Keccak256 {};
[INFO] [stdout]     |                      ^^^^^^^^^^^^^^^^^^^^^^^^^^ use of undeclared crate or module `snarkvm_console_algorithms`
[INFO] [stdout]     |
[INFO] [stdout] help: there is a crate or module with a similar name
[INFO] [stdout]     |
[INFO] [stdout] 175 |         let native = snarkvm_circuit_algorithms::Keccak256 {};
[INFO] [stdout]     |                      ~~~~~~~~~~~~~~~~~~~~~~~~~~
[INFO] [stdout] 
[INFO] [stdout] 
[INFO] [stdout] error[E0433]: failed to resolve: use of undeclared crate or module `snarkvm_console_algorithms`
[INFO] [stdout]    --> src/kary_merkle_tree/helpers/leaf_hash.rs:183:22
[INFO] [stdout]     |
[INFO] [stdout] 183 |         let native = snarkvm_console_algorithms::Sha3_256 {};
[INFO] [stdout]     |                      ^^^^^^^^^^^^^^^^^^^^^^^^^^ use of undeclared crate or module `snarkvm_console_algorithms`
[INFO] [stdout]     |
[INFO] [stdout] help: there is a crate or module with a similar name
[INFO] [stdout]     |
[INFO] [stdout] 183 |         let native = snarkvm_circuit_algorithms::Sha3_256 {};
[INFO] [stdout]     |                      ~~~~~~~~~~~~~~~~~~~~~~~~~~
[INFO] [stdout] 
[INFO] [stdout] 
[INFO] [stdout] error[E0433]: failed to resolve: use of undeclared crate or module `snarkvm_console_algorithms`
[INFO] [stdout]    --> src/kary_merkle_tree/helpers/leaf_hash.rs:191:22
[INFO] [stdout]     |
[INFO] [stdout] 191 |         let native = snarkvm_console_algorithms::Sha3_256 {};
[INFO] [stdout]     |                      ^^^^^^^^^^^^^^^^^^^^^^^^^^ use of undeclared crate or module `snarkvm_console_algorithms`
[INFO] [stdout]     |
[INFO] [stdout] help: there is a crate or module with a similar name
[INFO] [stdout]     |
[INFO] [stdout] 191 |         let native = snarkvm_circuit_algorithms::Sha3_256 {};
[INFO] [stdout]     |                      ~~~~~~~~~~~~~~~~~~~~~~~~~~
[INFO] [stdout] 
[INFO] [stdout] 
[INFO] [stdout] error[E0433]: failed to resolve: use of undeclared crate or module `snarkvm_console_algorithms`
[INFO] [stdout]    --> src/kary_merkle_tree/helpers/leaf_hash.rs:199:22
[INFO] [stdout]     |
[INFO] [stdout] 199 |         let native = snarkvm_console_algorithms::Sha3_256 {};
[INFO] [stdout]     |                      ^^^^^^^^^^^^^^^^^^^^^^^^^^ use of undeclared crate or module `snarkvm_console_algorithms`
[INFO] [stdout]     |
[INFO] [stdout] help: there is a crate or module with a similar name
[INFO] [stdout]     |
[INFO] [stdout] 199 |         let native = snarkvm_circuit_algorithms::Sha3_256 {};
[INFO] [stdout]     |                      ~~~~~~~~~~~~~~~~~~~~~~~~~~
[INFO] [stdout] 
[INFO] [stdout] 
[INFO] [stdout] error[E0433]: failed to resolve: use of undeclared crate or module `snarkvm_console_algorithms`
[INFO] [stdout]    --> src/kary_merkle_tree/helpers/path_hash.rs:198:22
[INFO] [stdout]     |
[INFO] [stdout] 198 |         let native = snarkvm_console_algorithms::Keccak256 {};
[INFO] [stdout]     |                      ^^^^^^^^^^^^^^^^^^^^^^^^^^ use of undeclared crate or module `snarkvm_console_algorithms`
[INFO] [stdout]     |
[INFO] [stdout] help: there is a crate or module with a similar name
[INFO] [stdout]     |
[INFO] [stdout] 198 |         let native = snarkvm_circuit_algorithms::Keccak256 {};
[INFO] [stdout]     |                      ~~~~~~~~~~~~~~~~~~~~~~~~~~
[INFO] [stdout] 
[INFO] [stdout] 
[INFO] [stdout] error[E0433]: failed to resolve: use of undeclared crate or module `snarkvm_console_algorithms`
[INFO] [stdout]    --> src/kary_merkle_tree/helpers/path_hash.rs:211:22
[INFO] [stdout]     |
[INFO] [stdout] 211 |         let native = snarkvm_console_algorithms::Keccak256 {};
[INFO] [stdout]     |                      ^^^^^^^^^^^^^^^^^^^^^^^^^^ use of undeclared crate or module `snarkvm_console_algorithms`
[INFO] [stdout]     |
[INFO] [stdout] help: there is a crate or module with a similar name
[INFO] [stdout]     |
[INFO] [stdout] 211 |         let native = snarkvm_circuit_algorithms::Keccak256 {};
[INFO] [stdout]     |                      ~~~~~~~~~~~~~~~~~~~~~~~~~~
[INFO] [stdout] 
[INFO] [stdout] 
[INFO] [stdout] error[E0433]: failed to resolve: use of undeclared crate or module `snarkvm_console_algorithms`
[INFO] [stdout]    --> src/kary_merkle_tree/helpers/path_hash.rs:225:22
[INFO] [stdout]     |
[INFO] [stdout] 225 |         let native = snarkvm_console_algorithms::Keccak256 {};
[INFO] [stdout]     |                      ^^^^^^^^^^^^^^^^^^^^^^^^^^ use of undeclared crate or module `snarkvm_console_algorithms`
[INFO] [stdout]     |
[INFO] [stdout] help: there is a crate or module with a similar name
[INFO] [stdout]     |
[INFO] [stdout] 225 |         let native = snarkvm_circuit_algorithms::Keccak256 {};
[INFO] [stdout]     |                      ~~~~~~~~~~~~~~~~~~~~~~~~~~
[INFO] [stdout] 
[INFO] [stdout] 
[INFO] [stdout] error[E0433]: failed to resolve: use of undeclared crate or module `snarkvm_console_algorithms`
[INFO] [stdout]    --> src/kary_merkle_tree/helpers/path_hash.rs:239:22
[INFO] [stdout]     |
[INFO] [stdout] 239 |         let native = snarkvm_console_algorithms::Sha3_256 {};
[INFO] [stdout]     |                      ^^^^^^^^^^^^^^^^^^^^^^^^^^ use of undeclared crate or module `snarkvm_console_algorithms`
[INFO] [stdout]     |
[INFO] [stdout] help: there is a crate or module with a similar name
[INFO] [stdout]     |
[INFO] [stdout] 239 |         let native = snarkvm_circuit_algorithms::Sha3_256 {};
[INFO] [stdout]     |                      ~~~~~~~~~~~~~~~~~~~~~~~~~~
[INFO] [stdout] 
[INFO] [stdout] 
[INFO] [stdout] error[E0433]: failed to resolve: use of undeclared crate or module `snarkvm_console_algorithms`
[INFO] [stdout]    --> src/kary_merkle_tree/helpers/path_hash.rs:252:22
[INFO] [stdout]     |
[INFO] [stdout] 252 |         let native = snarkvm_console_algorithms::Sha3_256 {};
[INFO] [stdout]     |                      ^^^^^^^^^^^^^^^^^^^^^^^^^^ use of undeclared crate or module `snarkvm_console_algorithms`
[INFO] [stdout]     |
[INFO] [stdout] help: there is a crate or module with a similar name
[INFO] [stdout]     |
[INFO] [stdout] 252 |         let native = snarkvm_circuit_algorithms::Sha3_256 {};
[INFO] [stdout]     |                      ~~~~~~~~~~~~~~~~~~~~~~~~~~
[INFO] [stdout] 
[INFO] [stdout] 
[INFO] [stdout] error[E0433]: failed to resolve: use of undeclared crate or module `snarkvm_console_algorithms`
[INFO] [stdout]    --> src/kary_merkle_tree/helpers/path_hash.rs:266:22
[INFO] [stdout]     |
[INFO] [stdout] 266 |         let native = snarkvm_console_algorithms::Sha3_256 {};
[INFO] [stdout]     |                      ^^^^^^^^^^^^^^^^^^^^^^^^^^ use of undeclared crate or module `snarkvm_console_algorithms`
[INFO] [stdout]     |
[INFO] [stdout] help: there is a crate or module with a similar name
[INFO] [stdout]     |
[INFO] [stdout] 266 |         let native = snarkvm_circuit_algorithms::Sha3_256 {};
[INFO] [stdout]     |                      ~~~~~~~~~~~~~~~~~~~~~~~~~~
[INFO] [stdout] 
[INFO] [stdout] 
[INFO] [stdout] error[E0433]: failed to resolve: use of undeclared crate or module `snarkvm_console_network`
[INFO] [stdout]    --> src/merkle_tree/mod.rs:100:69
[INFO] [stdout]     |
[INFO] [stdout] 100 |             let merkle_tree = <<Circuit as Environment>::Network as snarkvm_console_network::Network>::merkle_tree_bhp::<
[INFO] [stdout]     |                                                                     ^^^^^^^^^^^^^^^^^^^^^^^ use of undeclared crate or module `snarkvm_console_network`
[INFO] [stdout] 
[INFO] [stdout] 
[INFO] [stdout] error: aborting due to 118 previous errors
[INFO] [stdout] 
[INFO] [stdout] 
[INFO] [stdout] Some errors have detailed explanations: E0282, E0432, E0433.
[INFO] [stdout] 
[INFO] [stdout] For more information about an error, try `rustc --explain E0282`.
[INFO] [stdout] 
[INFO] [stderr] error: could not compile `snarkvm-circuit-collections` (lib test) due to 119 previous errors
[INFO] running `Command { std: "docker" "inspect" "5de454f1fd21d065b97977c87c32a218e3ae0dda6fd2067c1755cd31af2a31ee", kill_on_drop: false }`
[INFO] running `Command { std: "docker" "rm" "-f" "5de454f1fd21d065b97977c87c32a218e3ae0dda6fd2067c1755cd31af2a31ee", kill_on_drop: false }`
[INFO] [stdout] 5de454f1fd21d065b97977c87c32a218e3ae0dda6fd2067c1755cd31af2a31ee
