[INFO] fetching crate smol_db_client 1.3.1...
[INFO] testing smol_db_client-1.3.1 against 1.75.0 for beta-1.76-1
[INFO] extracting crate smol_db_client 1.3.1 into /workspace/builds/worker-0-tc1/source
[INFO] validating manifest of crates.io crate smol_db_client 1.3.1 on toolchain 1.75.0
[INFO] running `Command { std: CARGO_HOME="/workspace/cargo-home" RUSTUP_HOME="/workspace/rustup-home" "/workspace/cargo-home/bin/cargo" "+1.75.0" "metadata" "--manifest-path" "Cargo.toml" "--no-deps", kill_on_drop: false }`
[INFO] started tweaking crates.io crate smol_db_client 1.3.1
[INFO] finished tweaking crates.io crate smol_db_client 1.3.1
[INFO] tweaked toml for crates.io crate smol_db_client 1.3.1 written to /workspace/builds/worker-0-tc1/source/Cargo.toml
[INFO] crate crates.io crate smol_db_client 1.3.1 already has a lockfile, it will not be regenerated
[INFO] running `Command { std: CARGO_HOME="/workspace/cargo-home" RUSTUP_HOME="/workspace/rustup-home" "/workspace/cargo-home/bin/cargo" "+1.75.0" "fetch" "--manifest-path" "Cargo.toml", kill_on_drop: false }`
[INFO] [stderr]     Updating crates.io index
[INFO] [stderr]  Downloading crates ...
[INFO] [stderr]   Downloaded chrono-tz-build v0.2.0
[INFO] [stderr]   Downloaded smol_db_common v1.3.1
[INFO] [stderr]   Downloaded simple_logger_rs v1.0.0
[INFO] [stderr]   Downloaded chrono-tz v0.8.3
[INFO] running `Command { std: "docker" "create" "-v" "/var/lib/crater-agent-workspace/builds/worker-0-tc1/target:/opt/rustwide/target:rw,Z" "-v" "/var/lib/crater-agent-workspace/builds/worker-0-tc1/source:/opt/rustwide/workdir:ro,Z" "-v" "/var/lib/crater-agent-workspace/cargo-home:/opt/rustwide/cargo-home:ro,Z" "-v" "/var/lib/crater-agent-workspace/rustup-home:/opt/rustwide/rustup-home:ro,Z" "-e" "SOURCE_DIR=/opt/rustwide/workdir" "-e" "CARGO_TARGET_DIR=/opt/rustwide/target" "-e" "CARGO_HOME=/opt/rustwide/cargo-home" "-e" "RUSTUP_HOME=/opt/rustwide/rustup-home" "-w" "/opt/rustwide/workdir" "-m" "1610612736" "--user" "0:0" "--network" "none" "ghcr.io/rust-lang/crates-build-env/linux@sha256:2788e3201cd34a07e3172128adcd8b3090168a8e3bcc40d7c032b9dda1df7d1c" "/opt/rustwide/cargo-home/bin/cargo" "+1.75.0" "metadata" "--no-deps" "--format-version=1", kill_on_drop: false }`
[INFO] [stdout] 7ecf8a6b919e66db4892104062f0f0bc6f84ec6aa1852a8082d4703ea636b0e6
[INFO] running `Command { std: "docker" "start" "-a" "7ecf8a6b919e66db4892104062f0f0bc6f84ec6aa1852a8082d4703ea636b0e6", kill_on_drop: false }`
[INFO] running `Command { std: "docker" "inspect" "7ecf8a6b919e66db4892104062f0f0bc6f84ec6aa1852a8082d4703ea636b0e6", kill_on_drop: false }`
[INFO] running `Command { std: "docker" "rm" "-f" "7ecf8a6b919e66db4892104062f0f0bc6f84ec6aa1852a8082d4703ea636b0e6", kill_on_drop: false }`
[INFO] [stdout] 7ecf8a6b919e66db4892104062f0f0bc6f84ec6aa1852a8082d4703ea636b0e6
[INFO] running `Command { std: "docker" "create" "-v" "/var/lib/crater-agent-workspace/builds/worker-0-tc1/target:/opt/rustwide/target:rw,Z" "-v" "/var/lib/crater-agent-workspace/builds/worker-0-tc1/source:/opt/rustwide/workdir:ro,Z" "-v" "/var/lib/crater-agent-workspace/cargo-home:/opt/rustwide/cargo-home:ro,Z" "-v" "/var/lib/crater-agent-workspace/rustup-home:/opt/rustwide/rustup-home:ro,Z" "-e" "SOURCE_DIR=/opt/rustwide/workdir" "-e" "CARGO_TARGET_DIR=/opt/rustwide/target" "-e" "CARGO_INCREMENTAL=0" "-e" "RUST_BACKTRACE=full" "-e" "RUSTFLAGS=--cap-lints=warn" "-e" "RUSTDOCFLAGS=--cap-lints=warn" "-e" "CARGO_HOME=/opt/rustwide/cargo-home" "-e" "RUSTUP_HOME=/opt/rustwide/rustup-home" "-w" "/opt/rustwide/workdir" "-m" "1610612736" "--user" "0:0" "--network" "none" "ghcr.io/rust-lang/crates-build-env/linux@sha256:2788e3201cd34a07e3172128adcd8b3090168a8e3bcc40d7c032b9dda1df7d1c" "/opt/rustwide/cargo-home/bin/cargo" "+1.75.0" "build" "--frozen" "--message-format=json", kill_on_drop: false }`
[INFO] [stdout] e03129d08a48ce56e045a4d3532b0653d08b0b63b451030849d1ea1fbb58ef3b
[INFO] running `Command { std: "docker" "start" "-a" "e03129d08a48ce56e045a4d3532b0653d08b0b63b451030849d1ea1fbb58ef3b", kill_on_drop: false }`
[INFO] [stderr]    Compiling libc v0.2.147
[INFO] [stderr]    Compiling proc-macro2 v1.0.66
[INFO] [stderr]    Compiling unicode-ident v1.0.11
[INFO] [stderr]    Compiling siphasher v0.3.11
[INFO] [stderr]    Compiling libm v0.2.7
[INFO] [stderr]    Compiling num-traits v0.2.16
[INFO] [stderr]    Compiling serde v1.0.188
[INFO] [stderr]    Compiling regex-syntax v0.7.5
[INFO] [stderr]    Compiling rand_core v0.6.4
[INFO] [stderr]    Compiling phf_shared v0.11.2
[INFO] [stderr]    Compiling const-oid v0.9.5
[INFO] [stderr]    Compiling typenum v1.16.0
[INFO] [stderr]    Compiling rand v0.8.5
[INFO] [stderr]    Compiling base64ct v1.6.0
[INFO] [stderr]    Compiling zeroize v1.6.0
[INFO] [stderr]    Compiling num-integer v0.1.45
[INFO] [stderr]    Compiling pem-rfc7468 v0.7.0
[INFO] [stderr]    Compiling quote v1.0.33
[INFO] [stderr]    Compiling syn v2.0.29
[INFO] [stderr]    Compiling getrandom v0.2.10
[INFO] [stderr]    Compiling phf_generator v0.11.2
[INFO] [stderr]    Compiling der v0.7.8
[INFO] [stderr]    Compiling phf v0.11.2
[INFO] [stderr]    Compiling regex-automata v0.3.7
[INFO] [stderr]    Compiling phf_codegen v0.11.2
[INFO] [stderr]    Compiling num-iter v0.1.43
[INFO] [stderr]    Compiling rand_chacha v0.3.1
[INFO] [stderr]    Compiling time v0.1.45
[INFO] [stderr]    Compiling spin v0.5.2
[INFO] [stderr]    Compiling num-bigint-dig v0.8.4
[INFO] [stderr]    Compiling iana-time-zone v0.1.57
[INFO] [stderr]    Compiling lazy_static v1.4.0
[INFO] [stderr]    Compiling generic-array v0.14.7
[INFO] [stderr]    Compiling byteorder v1.4.3
[INFO] [stderr]    Compiling smallvec v1.11.0
[INFO] [stderr]    Compiling serde_json v1.0.105
[INFO] [stderr]    Compiling itoa v1.0.9
[INFO] [stderr]    Compiling subtle v2.5.0
[INFO] [stderr]    Compiling spki v0.7.2
[INFO] [stderr]    Compiling ryu v1.0.15
[INFO] [stderr]    Compiling pkcs8 v0.10.2
[INFO] [stderr]    Compiling crypto-common v0.1.6
[INFO] [stderr]    Compiling digest v0.10.7
[INFO] [stderr]    Compiling pkcs1 v0.7.5
[INFO] [stderr]    Compiling signature v2.1.0
[INFO] [stderr]    Compiling regex v1.9.4
[INFO] [stderr]    Compiling serde_derive v1.0.188
[INFO] [stderr]    Compiling parse-zoneinfo v0.3.0
[INFO] [stderr]    Compiling chrono-tz-build v0.2.0
[INFO] [stderr]    Compiling chrono-tz v0.8.3
[INFO] [stderr]    Compiling chrono v0.4.26
[INFO] [stderr]    Compiling simple_logger_rs v1.0.0
[INFO] [stderr]    Compiling rsa v0.9.2
[INFO] [stderr]    Compiling smol_db_common v1.3.1
[INFO] [stderr]    Compiling smol_db_client v1.3.1 (/opt/rustwide/workdir)
[INFO] [stderr]     Finished dev [unoptimized + debuginfo] target(s) in 30.28s
[INFO] running `Command { std: "docker" "inspect" "e03129d08a48ce56e045a4d3532b0653d08b0b63b451030849d1ea1fbb58ef3b", kill_on_drop: false }`
[INFO] running `Command { std: "docker" "rm" "-f" "e03129d08a48ce56e045a4d3532b0653d08b0b63b451030849d1ea1fbb58ef3b", kill_on_drop: false }`
[INFO] [stdout] e03129d08a48ce56e045a4d3532b0653d08b0b63b451030849d1ea1fbb58ef3b
[INFO] running `Command { std: "docker" "create" "-v" "/var/lib/crater-agent-workspace/builds/worker-0-tc1/target:/opt/rustwide/target:rw,Z" "-v" "/var/lib/crater-agent-workspace/builds/worker-0-tc1/source:/opt/rustwide/workdir:ro,Z" "-v" "/var/lib/crater-agent-workspace/cargo-home:/opt/rustwide/cargo-home:ro,Z" "-v" "/var/lib/crater-agent-workspace/rustup-home:/opt/rustwide/rustup-home:ro,Z" "-e" "SOURCE_DIR=/opt/rustwide/workdir" "-e" "CARGO_TARGET_DIR=/opt/rustwide/target" "-e" "CARGO_INCREMENTAL=0" "-e" "RUST_BACKTRACE=full" "-e" "RUSTFLAGS=--cap-lints=warn" "-e" "RUSTDOCFLAGS=--cap-lints=warn" "-e" "CARGO_HOME=/opt/rustwide/cargo-home" "-e" "RUSTUP_HOME=/opt/rustwide/rustup-home" "-w" "/opt/rustwide/workdir" "-m" "1610612736" "--user" "0:0" "--network" "none" "ghcr.io/rust-lang/crates-build-env/linux@sha256:2788e3201cd34a07e3172128adcd8b3090168a8e3bcc40d7c032b9dda1df7d1c" "/opt/rustwide/cargo-home/bin/cargo" "+1.75.0" "test" "--frozen" "--no-run" "--message-format=json", kill_on_drop: false }`
[INFO] [stdout] da3195c6fa9493e13779065ead27b415d304528c61a16e6262f369d3b7753e40
[INFO] running `Command { std: "docker" "start" "-a" "da3195c6fa9493e13779065ead27b415d304528c61a16e6262f369d3b7753e40", kill_on_drop: false }`
[INFO] [stderr]    Compiling smol_db_client v1.3.1 (/opt/rustwide/workdir)
[INFO] [stdout] error[E0599]: no method named `get_stats` found for struct `smol_db_client::SmolDbClient` in the current scope
[INFO] [stdout]    --> tests/client_tests.rs:206:28
[INFO] [stdout]     |
[INFO] [stdout] 206 |             let r = client.get_stats("test_db_stats").unwrap();
[INFO] [stdout]     |                            ^^^^^^^^^ method not found in `SmolDbClient`
[INFO] [stdout] 
[INFO] [stdout] 
[INFO] [stdout] error[E0599]: no method named `get_stats` found for struct `smol_db_client::SmolDbClient` in the current scope
[INFO] [stdout]    --> tests/client_tests.rs:216:28
[INFO] [stdout]     |
[INFO] [stdout] 216 |             let r = client.get_stats("test_db_stats").unwrap();
[INFO] [stdout]     |                            ^^^^^^^^^ method not found in `SmolDbClient`
[INFO] [stdout] 
[INFO] [stdout] 
[INFO] [stdout] error[E0599]: no method named `get_stats` found for struct `smol_db_client::SmolDbClient` in the current scope
[INFO] [stdout]    --> tests/client_tests.rs:221:28
[INFO] [stdout]     |
[INFO] [stdout] 221 |             let r = client.get_stats("test_db_stats").unwrap();
[INFO] [stdout]     |                            ^^^^^^^^^ method not found in `SmolDbClient`
[INFO] [stdout] 
[INFO] [stdout] 
[INFO] [stdout] error: aborting due to 3 previous errors
[INFO] [stdout] 
[INFO] [stdout] 
[INFO] [stdout] For more information about this error, try `rustc --explain E0599`.
[INFO] [stdout] 
[INFO] [stderr] error: could not compile `smol_db_client` (test "client_tests") due to 4 previous errors
[INFO] [stderr] warning: build failed, waiting for other jobs to finish...
[INFO] running `Command { std: "docker" "inspect" "da3195c6fa9493e13779065ead27b415d304528c61a16e6262f369d3b7753e40", kill_on_drop: false }`
[INFO] running `Command { std: "docker" "rm" "-f" "da3195c6fa9493e13779065ead27b415d304528c61a16e6262f369d3b7753e40", kill_on_drop: false }`
[INFO] [stdout] da3195c6fa9493e13779065ead27b415d304528c61a16e6262f369d3b7753e40
