[INFO] fetching crate smithy-bindgen 0.2.0...
[INFO] testing smithy-bindgen-0.2.0 against 1.75.0 for beta-1.76-1
[INFO] extracting crate smithy-bindgen 0.2.0 into /workspace/builds/worker-1-tc1/source
[INFO] validating manifest of crates.io crate smithy-bindgen 0.2.0 on toolchain 1.75.0
[INFO] running `Command { std: CARGO_HOME="/workspace/cargo-home" RUSTUP_HOME="/workspace/rustup-home" "/workspace/cargo-home/bin/cargo" "+1.75.0" "metadata" "--manifest-path" "Cargo.toml" "--no-deps", kill_on_drop: false }`
[INFO] started tweaking crates.io crate smithy-bindgen 0.2.0
[INFO] finished tweaking crates.io crate smithy-bindgen 0.2.0
[INFO] tweaked toml for crates.io crate smithy-bindgen 0.2.0 written to /workspace/builds/worker-1-tc1/source/Cargo.toml
[INFO] running `Command { std: CARGO_HOME="/workspace/cargo-home" RUSTUP_HOME="/workspace/rustup-home" "/workspace/cargo-home/bin/cargo" "+1.75.0" "generate-lockfile" "--manifest-path" "Cargo.toml", kill_on_drop: false }`
[INFO] [stderr]     Updating crates.io index
[INFO] running `Command { std: CARGO_HOME="/workspace/cargo-home" RUSTUP_HOME="/workspace/rustup-home" "/workspace/cargo-home/bin/cargo" "+1.75.0" "fetch" "--manifest-path" "Cargo.toml", kill_on_drop: false }`
[INFO] [stderr]  Downloading crates ...
[INFO] [stderr]   Downloaded atelier_assembler v0.1.4
[INFO] [stderr]   Downloaded minicbor v0.11.5
[INFO] [stderr]   Downloaded serde_nanos v0.1.3
[INFO] [stderr]   Downloaded wasmbus-macros v0.1.11
[INFO] [stderr]   Downloaded minicbor v0.17.1
[INFO] [stderr]   Downloaded wascap v0.8.0
[INFO] [stderr]   Downloaded atelier_smithy v0.2.13
[INFO] [stderr]   Downloaded weld-codegen v0.7.0
[INFO] [stderr]   Downloaded async-nats-tokio-rustls-deps v0.24.0-ALPHA.1
[INFO] [stderr]   Downloaded minicbor-ser v0.1.3
[INFO] [stderr]   Downloaded atelier_test v0.1.4
[INFO] [stderr]   Downloaded atelier_core v0.2.22
[INFO] [stderr]   Downloaded wasmbus-rpc v0.13.0
[INFO] [stderr]   Downloaded async-nats v0.29.0
[INFO] [stderr]   Downloaded any_ascii v0.1.7
[INFO] [stderr]   Downloaded atelier_json v0.2.7
[INFO] [stderr]   Downloaded downloader v0.2.7
[INFO] [stderr]   Downloaded lexical-sort v0.3.1
[INFO] running `Command { std: "docker" "create" "-v" "/var/lib/crater-agent-workspace/builds/worker-1-tc1/target:/opt/rustwide/target:rw,Z" "-v" "/var/lib/crater-agent-workspace/builds/worker-1-tc1/source:/opt/rustwide/workdir:ro,Z" "-v" "/var/lib/crater-agent-workspace/cargo-home:/opt/rustwide/cargo-home:ro,Z" "-v" "/var/lib/crater-agent-workspace/rustup-home:/opt/rustwide/rustup-home:ro,Z" "-e" "SOURCE_DIR=/opt/rustwide/workdir" "-e" "CARGO_TARGET_DIR=/opt/rustwide/target" "-e" "CARGO_HOME=/opt/rustwide/cargo-home" "-e" "RUSTUP_HOME=/opt/rustwide/rustup-home" "-w" "/opt/rustwide/workdir" "-m" "1610612736" "--user" "0:0" "--network" "none" "ghcr.io/rust-lang/crates-build-env/linux@sha256:2788e3201cd34a07e3172128adcd8b3090168a8e3bcc40d7c032b9dda1df7d1c" "/opt/rustwide/cargo-home/bin/cargo" "+1.75.0" "metadata" "--no-deps" "--format-version=1", kill_on_drop: false }`
[INFO] [stdout] 22303d706a7c0d6fb06ff7b93ebc475d827d047aba642cfab4ee0f86cc64f0b2
[INFO] running `Command { std: "docker" "start" "-a" "22303d706a7c0d6fb06ff7b93ebc475d827d047aba642cfab4ee0f86cc64f0b2", kill_on_drop: false }`
[INFO] running `Command { std: "docker" "inspect" "22303d706a7c0d6fb06ff7b93ebc475d827d047aba642cfab4ee0f86cc64f0b2", kill_on_drop: false }`
[INFO] running `Command { std: "docker" "rm" "-f" "22303d706a7c0d6fb06ff7b93ebc475d827d047aba642cfab4ee0f86cc64f0b2", kill_on_drop: false }`
[INFO] [stdout] 22303d706a7c0d6fb06ff7b93ebc475d827d047aba642cfab4ee0f86cc64f0b2
[INFO] running `Command { std: "docker" "create" "-v" "/var/lib/crater-agent-workspace/builds/worker-1-tc1/target:/opt/rustwide/target:rw,Z" "-v" "/var/lib/crater-agent-workspace/builds/worker-1-tc1/source:/opt/rustwide/workdir:ro,Z" "-v" "/var/lib/crater-agent-workspace/cargo-home:/opt/rustwide/cargo-home:ro,Z" "-v" "/var/lib/crater-agent-workspace/rustup-home:/opt/rustwide/rustup-home:ro,Z" "-e" "SOURCE_DIR=/opt/rustwide/workdir" "-e" "CARGO_TARGET_DIR=/opt/rustwide/target" "-e" "CARGO_INCREMENTAL=0" "-e" "RUST_BACKTRACE=full" "-e" "RUSTFLAGS=--cap-lints=warn" "-e" "RUSTDOCFLAGS=--cap-lints=warn" "-e" "CARGO_HOME=/opt/rustwide/cargo-home" "-e" "RUSTUP_HOME=/opt/rustwide/rustup-home" "-w" "/opt/rustwide/workdir" "-m" "1610612736" "--user" "0:0" "--network" "none" "ghcr.io/rust-lang/crates-build-env/linux@sha256:2788e3201cd34a07e3172128adcd8b3090168a8e3bcc40d7c032b9dda1df7d1c" "/opt/rustwide/cargo-home/bin/cargo" "+1.75.0" "build" "--frozen" "--message-format=json", kill_on_drop: false }`
[INFO] [stdout] 8def06ab5fb3d05bc705d644a19725e7ffaa914aca6b0f7a565beb0220a20679
[INFO] running `Command { std: "docker" "start" "-a" "8def06ab5fb3d05bc705d644a19725e7ffaa914aca6b0f7a565beb0220a20679", kill_on_drop: false }`
[INFO] [stderr]    Compiling memchr v2.7.1
[INFO] [stderr]    Compiling cfg-if v1.0.0
[INFO] [stderr]    Compiling serde v1.0.194
[INFO] [stderr]    Compiling libc v0.2.151
[INFO] [stderr]    Compiling pin-project-lite v0.2.13
[INFO] [stderr]    Compiling itoa v1.0.10
[INFO] [stderr]    Compiling log v0.4.20
[INFO] [stderr]    Compiling syn v2.0.48
[INFO] [stderr]    Compiling thiserror v1.0.56
[INFO] [stderr]    Compiling slab v0.4.9
[INFO] [stderr]    Compiling bytes v1.5.0
[INFO] [stderr]    Compiling futures-core v0.3.30
[INFO] [stderr]    Compiling futures-sink v0.3.30
[INFO] [stderr]    Compiling futures-channel v0.3.30
[INFO] [stderr]    Compiling adler v1.0.2
[INFO] [stderr]    Compiling untrusted v0.9.0
[INFO] [stderr]    Compiling spin v0.9.8
[INFO] [stderr]    Compiling ucd-trie v0.1.6
[INFO] [stderr]    Compiling gimli v0.28.1
[INFO] [stderr]    Compiling regex-syntax v0.8.2
[INFO] [stderr]    Compiling cc v1.0.83
[INFO] [stderr]    Compiling getrandom v0.2.11
[INFO] [stderr]    Compiling mio v0.8.10
[INFO] [stderr]    Compiling num_cpus v1.16.0
[INFO] [stderr]    Compiling socket2 v0.5.5
[INFO] [stderr]    Compiling aho-corasick v1.1.2
[INFO] [stderr]    Compiling futures-task v0.3.30
[INFO] [stderr]    Compiling pin-utils v0.1.0
[INFO] [stderr]    Compiling futures-io v0.3.30
[INFO] [stderr]    Compiling tokio v1.35.1
[INFO] [stderr]    Compiling object v0.32.2
[INFO] [stderr]    Compiling miniz_oxide v0.7.1
[INFO] [stderr]    Compiling tracing-core v0.1.32
[INFO] [stderr]    Compiling ring v0.17.7
[INFO] [stderr]    Compiling backtrace v0.3.69
[INFO] [stderr]    Compiling addr2line v0.21.0
[INFO] [stderr]    Compiling regex-automata v0.4.3
[INFO] [stderr]    Compiling error-chain v0.12.4
[INFO] [stderr]    Compiling ryu v1.0.16
[INFO] [stderr]    Compiling fnv v1.0.7
[INFO] [stderr]    Compiling rustc-demangle v0.1.23
[INFO] [stderr]    Compiling paste v1.0.14
[INFO] [stderr]    Compiling http v0.2.11
[INFO] [stderr]    Compiling httparse v1.8.0
[INFO] [stderr]    Compiling lazy_static v1.4.0
[INFO] [stderr]    Compiling rustls v0.21.10
[INFO] [stderr]    Compiling tinyvec_macros v0.1.1
[INFO] [stderr]    Compiling unicode-segmentation v1.10.1
[INFO] [stderr]    Compiling tinyvec v1.6.0
[INFO] [stderr]    Compiling heck v0.3.3
[INFO] [stderr]    Compiling percent-encoding v2.3.1
[INFO] [stderr]    Compiling regex v1.10.2
[INFO] [stderr]    Compiling serde_json v1.0.111
[INFO] [stderr]    Compiling try-lock v0.2.5
[INFO] [stderr]    Compiling want v0.3.1
[INFO] [stderr]    Compiling unicode-normalization v0.1.22
[INFO] [stderr]    Compiling atelier_core v0.2.22
[INFO] [stderr]    Compiling form_urlencoded v1.2.1
[INFO] [stderr]    Compiling http-body v0.4.6
[INFO] [stderr]    Compiling serde_derive v1.0.194
[INFO] [stderr]    Compiling thiserror-impl v1.0.56
[INFO] [stderr]    Compiling futures-macro v0.3.30
[INFO] [stderr]    Compiling tracing-attributes v0.1.27
[INFO] [stderr]    Compiling utf8parse v0.2.1
[INFO] [stderr]    Compiling tower-service v0.3.2
[INFO] [stderr]    Compiling httpdate v1.0.3
[INFO] [stderr]    Compiling rustls-webpki v0.101.7
[INFO] [stderr]    Compiling sct v0.7.1
[INFO] [stderr]    Compiling unicode-bidi v0.3.14
[INFO] [stderr]    Compiling futures-util v0.3.30
[INFO] [stderr]    Compiling anstyle-parse v0.2.3
[INFO] [stderr]    Compiling rand_core v0.6.4
[INFO] [stderr]    Compiling idna v0.5.0
[INFO] [stderr]    Compiling pest v2.7.6
[INFO] [stderr]    Compiling base64 v0.21.5
[INFO] [stderr]    Compiling tracing v0.1.40
[INFO] [stderr]    Compiling ppv-lite86 v0.2.17
[INFO] [stderr]    Compiling tokio-util v0.7.10
[INFO] [stderr]    Compiling escape_string v0.1.2
[INFO] [stderr]    Compiling ascii_tree v0.1.1
[INFO] [stderr]    Compiling ansi_term v0.12.1
[INFO] [stderr]    Compiling anstyle-query v1.0.2
[INFO] [stderr]    Compiling colorchoice v1.0.0
[INFO] [stderr]    Compiling diff v0.1.13
[INFO] [stderr]    Compiling anstyle v1.0.4
[INFO] [stderr]    Compiling pretty_assertions v0.7.2
[INFO] [stderr]    Compiling rand_chacha v0.3.1
[INFO] [stderr]    Compiling anstream v0.6.5
[INFO] [stderr]    Compiling rustix v0.38.28
[INFO] [stderr]    Compiling rustls-pemfile v1.0.4
[INFO] [stderr]    Compiling url v2.5.0
[INFO] [stderr]    Compiling encoding_rs v0.8.33
[INFO] [stderr]    Compiling ipnet v2.9.0
[INFO] [stderr]    Compiling pest_meta v2.7.6
[INFO] [stderr]    Compiling mime v0.3.17
[INFO] [stderr]    Compiling tokio-rustls v0.24.1
[INFO] [stderr]    Compiling heck v0.4.1
[INFO] [stderr]    Compiling bitflags v2.4.1
[INFO] [stderr]    Compiling webpki-roots v0.25.3
[INFO] [stderr]    Compiling linux-raw-sys v0.4.12
[INFO] [stderr]    Compiling strsim v0.10.0
[INFO] [stderr]    Compiling anyhow v1.0.79
[INFO] [stderr]    Compiling pest_generator v2.7.6
[INFO] [stderr]    Compiling h2 v0.3.22
[INFO] [stderr]    Compiling futures-executor v0.3.30
[INFO] [stderr]    Compiling clap_lex v0.6.0
[INFO] [stderr]    Compiling semver v1.0.21
[INFO] [stderr]    Compiling clap_builder v4.4.12
[INFO] [stderr]    Compiling futures v0.3.30
[INFO] [stderr]    Compiling clap_derive v4.4.7
[INFO] [stderr]    Compiling rand v0.8.5
[INFO] [stderr]    Compiling pest_derive v2.7.6
[INFO] [stderr]    Compiling atelier_test v0.1.4
[INFO] [stderr]    Compiling dirs-sys v0.3.7
[INFO] [stderr]    Compiling any_ascii v0.1.7
[INFO] [stderr]    Compiling pest_ascii_tree v0.1.0
[INFO] [stderr]    Compiling fastrand v2.0.1
[INFO] [stderr]    Compiling lexical-sort v0.3.1
[INFO] [stderr]    Compiling atelier_smithy v0.2.13
[INFO] [stderr]    Compiling directories v4.0.1
[INFO] [stderr]    Compiling proc-macro-error-attr v1.0.4
[INFO] [stderr]    Compiling tempfile v3.9.0
[INFO] [stderr]    Compiling hyper v0.14.28
[INFO] [stderr]    Compiling Inflector v0.11.4
[INFO] [stderr]    Compiling toml_datetime v0.6.5
[INFO] [stderr]    Compiling serde_spanned v0.6.5
[INFO] [stderr]    Compiling serde_urlencoded v0.7.1
[INFO] [stderr]    Compiling toml_edit v0.19.15
[INFO] [stderr]    Compiling rustc-hash v1.1.0
[INFO] [stderr]    Compiling proc-macro-error v1.0.4
[INFO] [stderr]    Compiling atelier_json v0.2.7
[INFO] [stderr]    Compiling clap v4.4.13
[INFO] [stderr]    Compiling handlebars v4.5.0
[INFO] [stderr]    Compiling atelier_assembler v0.1.4
[INFO] [stderr]    Compiling hyper-rustls v0.24.2
[INFO] [stderr]    Compiling reqwest v0.11.23
[INFO] [stderr]    Compiling toml v0.7.8
[INFO] [stderr]    Compiling downloader v0.2.7
[INFO] [stderr]    Compiling weld-codegen v0.7.0
[INFO] [stderr]    Compiling smithy-bindgen v0.2.0 (/opt/rustwide/workdir)
[INFO] [stderr]     Finished dev [unoptimized + debuginfo] target(s) in 21.40s
[INFO] running `Command { std: "docker" "inspect" "8def06ab5fb3d05bc705d644a19725e7ffaa914aca6b0f7a565beb0220a20679", kill_on_drop: false }`
[INFO] running `Command { std: "docker" "rm" "-f" "8def06ab5fb3d05bc705d644a19725e7ffaa914aca6b0f7a565beb0220a20679", kill_on_drop: false }`
[INFO] [stdout] 8def06ab5fb3d05bc705d644a19725e7ffaa914aca6b0f7a565beb0220a20679
[INFO] running `Command { std: "docker" "create" "-v" "/var/lib/crater-agent-workspace/builds/worker-1-tc1/target:/opt/rustwide/target:rw,Z" "-v" "/var/lib/crater-agent-workspace/builds/worker-1-tc1/source:/opt/rustwide/workdir:ro,Z" "-v" "/var/lib/crater-agent-workspace/cargo-home:/opt/rustwide/cargo-home:ro,Z" "-v" "/var/lib/crater-agent-workspace/rustup-home:/opt/rustwide/rustup-home:ro,Z" "-e" "SOURCE_DIR=/opt/rustwide/workdir" "-e" "CARGO_TARGET_DIR=/opt/rustwide/target" "-e" "CARGO_INCREMENTAL=0" "-e" "RUST_BACKTRACE=full" "-e" "RUSTFLAGS=--cap-lints=warn" "-e" "RUSTDOCFLAGS=--cap-lints=warn" "-e" "CARGO_HOME=/opt/rustwide/cargo-home" "-e" "RUSTUP_HOME=/opt/rustwide/rustup-home" "-w" "/opt/rustwide/workdir" "-m" "1610612736" "--user" "0:0" "--network" "none" "ghcr.io/rust-lang/crates-build-env/linux@sha256:2788e3201cd34a07e3172128adcd8b3090168a8e3bcc40d7c032b9dda1df7d1c" "/opt/rustwide/cargo-home/bin/cargo" "+1.75.0" "test" "--frozen" "--no-run" "--message-format=json", kill_on_drop: false }`
[INFO] [stdout] 57e74c842f51cbe607c9a0335d4630e2c42404e153b5893b9cb5b54bbad7be0f
[INFO] running `Command { std: "docker" "start" "-a" "57e74c842f51cbe607c9a0335d4630e2c42404e153b5893b9cb5b54bbad7be0f", kill_on_drop: false }`
[INFO] [stderr]    Compiling proc-macro2 v1.0.75
[INFO] [stderr]    Compiling unicode-ident v1.0.12
[INFO] [stderr]    Compiling serde v1.0.194
[INFO] [stderr]    Compiling log v0.4.20
[INFO] [stderr]    Compiling once_cell v1.19.0
[INFO] [stderr]    Compiling pin-project-lite v0.2.13
[INFO] [stderr]    Compiling itoa v1.0.10
[INFO] [stderr]    Compiling cc v1.0.83
[INFO] [stderr]    Compiling lock_api v0.4.11
[INFO] [stderr]    Compiling smallvec v1.11.2
[INFO] [stderr]    Compiling parking_lot_core v0.9.9
[INFO] [stderr]    Compiling scopeguard v1.2.0
[INFO] [stderr]    Compiling typenum v1.17.0
[INFO] [stderr]    Compiling bytes v1.5.0
[INFO] [stderr]    Compiling tracing-core v0.1.32
[INFO] [stderr]    Compiling generic-array v0.14.7
[INFO] [stderr]    Compiling quote v1.0.35
[INFO] [stderr]    Compiling aho-corasick v1.1.2
[INFO] [stderr]    Compiling syn v2.0.48
[INFO] [stderr]    Compiling regex-syntax v0.8.2
[INFO] [stderr]    Compiling thiserror v1.0.56
[INFO] [stderr]    Compiling parking_lot v0.12.1
[INFO] [stderr]    Compiling num_cpus v1.16.0
[INFO] [stderr]    Compiling signal-hook-registry v1.4.1
[INFO] [stderr]    Compiling ring v0.17.7
[INFO] [stderr]    Compiling mio v0.8.10
[INFO] [stderr]    Compiling socket2 v0.5.5
[INFO] [stderr]    Compiling futures-core v0.3.30
[INFO] [stderr]    Compiling futures-sink v0.3.30
[INFO] [stderr]    Compiling spin v0.9.8
[INFO] [stderr]    Compiling untrusted v0.9.0
[INFO] [stderr]    Compiling slab v0.4.9
[INFO] [stderr]    Compiling ryu v1.0.16
[INFO] [stderr]    Compiling futures-channel v0.3.30
[INFO] [stderr]    Compiling futures-task v0.3.30
[INFO] [stderr]    Compiling futures-io v0.3.30
[INFO] [stderr]    Compiling pin-utils v0.1.0
[INFO] [stderr]    Compiling http v0.2.11
[INFO] [stderr]    Compiling serde_json v1.0.111
[INFO] [stderr]    Compiling backtrace v0.3.69
[INFO] [stderr]    Compiling hashbrown v0.14.3
[INFO] [stderr]    Compiling gimli v0.28.1
[INFO] [stderr]    Compiling ucd-trie v0.1.6
[INFO] [stderr]    Compiling regex-automata v0.4.3
[INFO] [stderr]    Compiling tinyvec_macros v0.1.1
[INFO] [stderr]    Compiling adler v1.0.2
[INFO] [stderr]    Compiling miniz_oxide v0.7.1
[INFO] [stderr]    Compiling indexmap v2.1.0
[INFO] [stderr]    Compiling tinyvec v1.6.0
[INFO] [stderr]    Compiling rand v0.8.5
[INFO] [stderr]    Compiling object v0.32.2
[INFO] [stderr]    Compiling rustls v0.21.10
[INFO] [stderr]    Compiling addr2line v0.21.0
[INFO] [stderr]    Compiling rustc-demangle v0.1.23
[INFO] [stderr]    Compiling percent-encoding v2.3.1
[INFO] [stderr]    Compiling error-chain v0.12.4
[INFO] [stderr]    Compiling unicode-normalization v0.1.22
[INFO] [stderr]    Compiling byteorder v1.5.0
[INFO] [stderr]    Compiling form_urlencoded v1.2.1
[INFO] [stderr]    Compiling regex v1.10.2
[INFO] [stderr]    Compiling unicode-bidi v0.3.14
[INFO] [stderr]    Compiling const-oid v0.6.2
[INFO] [stderr]    Compiling rustls-webpki v0.101.7
[INFO] [stderr]    Compiling sct v0.7.1
[INFO] [stderr]    Compiling base64 v0.21.5
[INFO] [stderr]    Compiling idna v0.5.0
[INFO] [stderr]    Compiling rustls-pemfile v1.0.4
[INFO] [stderr]    Compiling der v0.4.5
[INFO] [stderr]    Compiling httparse v1.8.0
[INFO] [stderr]    Compiling serde_derive v1.0.194
[INFO] [stderr]    Compiling thiserror-impl v1.0.56
[INFO] [stderr]    Compiling tokio-macros v2.2.0
[INFO] [stderr]    Compiling tracing-attributes v0.1.27
[INFO] [stderr]    Compiling futures-macro v0.3.30
[INFO] [stderr]    Compiling zeroize_derive v1.4.2
[INFO] [stderr]    Compiling tokio v1.35.1
[INFO] [stderr]    Compiling zeroize v1.7.0
[INFO] [stderr]    Compiling futures-util v0.3.30
[INFO] [stderr]    Compiling pest v2.7.6
[INFO] [stderr]    Compiling heck v0.3.3
[INFO] [stderr]    Compiling digest v0.9.0
[INFO] [stderr]    Compiling base64ct v1.1.1
[INFO] [stderr]    Compiling tracing v0.1.40
[INFO] [stderr]    Compiling try-lock v0.2.5
[INFO] [stderr]    Compiling cpufeatures v0.2.12
[INFO] [stderr]    Compiling signature v1.6.4
[INFO] [stderr]    Compiling want v0.3.1
[INFO] [stderr]    Compiling atelier_core v0.2.22
[INFO] [stderr]    Compiling pem-rfc7468 v0.2.4
[INFO] [stderr]    Compiling pest_meta v2.7.6
[INFO] [stderr]    Compiling spki v0.4.1
[INFO] [stderr]    Compiling url v2.5.0
[INFO] [stderr]    Compiling pest_generator v2.7.6
[INFO] [stderr]    Compiling futures-executor v0.3.30
[INFO] [stderr]    Compiling http-body v0.4.6
[INFO] [stderr]    Compiling block-buffer v0.9.0
[INFO] [stderr]    Compiling utf8parse v0.2.1
[INFO] [stderr]    Compiling tower-service v0.3.2
[INFO] [stderr]    Compiling tokio-util v0.7.10
[INFO] [stderr]    Compiling subtle v2.5.0
[INFO] [stderr]    Compiling rand_core v0.5.1
[INFO] [stderr]    Compiling httpdate v1.0.3
[INFO] [stderr]    Compiling opaque-debug v0.3.0
[INFO] [stderr]    Compiling syn v1.0.109
[INFO] [stderr]    Compiling sha2 v0.9.9
[INFO] [stderr]    Compiling pest_derive v2.7.6
[INFO] [stderr]    Compiling curve25519-dalek v3.2.0
[INFO] [stderr]    Compiling tokio-rustls v0.24.1
[INFO] [stderr]    Compiling h2 v0.3.22
[INFO] [stderr]    Compiling anstyle-parse v0.2.3
[INFO] [stderr]    Compiling futures v0.3.30
[INFO] [stderr]    Compiling pkcs8 v0.7.6
[INFO] [stderr]    Compiling ed25519 v1.5.3
[INFO] [stderr]    Compiling pin-project-internal v1.1.3
[INFO] [stderr]    Compiling ring v0.16.20
[INFO] [stderr]    Compiling num-traits v0.2.17
[INFO] [stderr]    Compiling anstyle-query v1.0.2
[INFO] [stderr]    Compiling diff v0.1.13
[INFO] [stderr]    Compiling ascii_tree v0.1.1
[INFO] [stderr]    Compiling ansi_term v0.12.1
[INFO] [stderr]    Compiling colorchoice v1.0.0
[INFO] [stderr]    Compiling escape_string v0.1.2
[INFO] [stderr]    Compiling anstyle v1.0.4
[INFO] [stderr]    Compiling pest_ascii_tree v0.1.0
[INFO] [stderr]    Compiling pretty_assertions v0.7.2
[INFO] [stderr]    Compiling anstream v0.6.5
[INFO] [stderr]    Compiling proc-macro-error v1.0.4
[INFO] [stderr]    Compiling ed25519-dalek v1.0.1
[INFO] [stderr]    Compiling serde_urlencoded v0.7.1
[INFO] [stderr]    Compiling toml_datetime v0.6.5
[INFO] [stderr]    Compiling serde_spanned v0.6.5
[INFO] [stderr]    Compiling signatory v0.23.2
[INFO] [stderr]    Compiling proc-macro-error-attr v1.0.4
[INFO] [stderr]    Compiling encoding_rs v0.8.33
[INFO] [stderr]    Compiling webpki-roots v0.25.3
[INFO] [stderr]    Compiling pin-project v1.1.3
[INFO] [stderr]    Compiling ipnet v2.9.0
[INFO] [stderr]    Compiling clap_lex v0.6.0
[INFO] [stderr]    Compiling regex-syntax v0.6.29
[INFO] [stderr]    Compiling winnow v0.5.32
[INFO] [stderr]    Compiling spin v0.5.2
[INFO] [stderr]    Compiling data-encoding v2.5.0
[INFO] [stderr]    Compiling minicbor v0.11.5
[INFO] [stderr]    Compiling powerfmt v0.2.0
[INFO] [stderr]    Compiling mime v0.3.17
[INFO] [stderr]    Compiling hyper v0.14.28
[INFO] [stderr]    Compiling base64 v0.13.1
[INFO] [stderr]    Compiling untrusted v0.7.1
[INFO] [stderr]    Compiling semver v1.0.21
[INFO] [stderr]    Compiling toml_edit v0.19.15
[INFO] [stderr]    Compiling regex-automata v0.1.10
[INFO] [stderr]    Compiling clap_derive v4.4.7
[INFO] [stderr]    Compiling deranged v0.3.11
[INFO] [stderr]    Compiling anyhow v1.0.79
[INFO] [stderr]    Compiling nkeys v0.2.0
[INFO] [stderr]    Compiling clap_builder v4.4.12
[INFO] [stderr]    Compiling atelier_json v0.2.7
[INFO] [stderr]    Compiling atelier_test v0.1.4
[INFO] [stderr]    Compiling atelier_smithy v0.2.13
[INFO] [stderr]    Compiling webpki v0.22.4
[INFO] [stderr]    Compiling hyper-rustls v0.24.2
[INFO] [stderr]    Compiling reqwest v0.11.23
[INFO] [stderr]    Compiling nuid v0.3.2
[INFO] [stderr]    Compiling block-buffer v0.10.4
[INFO] [stderr]    Compiling crypto-common v0.1.6
[INFO] [stderr]    Compiling dirs-sys v0.3.7
[INFO] [stderr]    Compiling atty v0.2.14
[INFO] [stderr]    Compiling any_ascii v0.1.7
[INFO] [stderr]    Compiling async-trait v0.1.77
[INFO] [stderr]    Compiling openssl-probe v0.1.5
[INFO] [stderr]    Compiling humantime v2.1.0
[INFO] [stderr]    Compiling termcolor v1.4.0
[INFO] [stderr]    Compiling time-core v0.1.2
[INFO] [stderr]    Compiling overload v0.1.1
[INFO] [stderr]    Compiling minicbor v0.17.1
[INFO] [stderr]    Compiling nu-ansi-term v0.46.0
[INFO] [stderr]    Compiling env_logger v0.8.4
[INFO] [stderr]    Compiling time v0.3.31
[INFO] [stderr]    Compiling clap v4.4.13
[INFO] [stderr]    Compiling rustls-native-certs v0.6.3
[INFO] [stderr]    Compiling downloader v0.2.7
[INFO] [stderr]    Compiling atelier_assembler v0.1.4
[INFO] [stderr]    Compiling lexical-sort v0.3.1
[INFO] [stderr]    Compiling directories v4.0.1
[INFO] [stderr]    Compiling digest v0.10.7
[INFO] [stderr]    Compiling rmp v0.8.12
[INFO] [stderr]    Compiling async-nats-tokio-rustls-deps v0.24.0-ALPHA.1
[INFO] [stderr]    Compiling toml v0.7.8
[INFO] [stderr]    Compiling matchers v0.1.0
[INFO] [stderr]    Compiling base64-url v1.4.13
[INFO] [stderr]    Compiling tokio-retry v0.3.0
[INFO] [stderr]    Compiling handlebars v4.5.0
[INFO] [stderr]    Compiling serde_nanos v0.1.3
[INFO] [stderr]    Compiling tracing-serde v0.1.3
[INFO] [stderr]    Compiling serde_repr v0.1.18
[INFO] [stderr]    Compiling Inflector v0.11.4
[INFO] [stderr]    Compiling sharded-slab v0.1.7
[INFO] [stderr]    Compiling tracing-log v0.2.0
[INFO] [stderr]    Compiling thread_local v1.1.7
[INFO] [stderr]    Compiling rustc-hash v1.1.0
[INFO] [stderr]    Compiling parity-wasm v0.42.2
[INFO] [stderr]    Compiling minicbor-ser v0.1.3
[INFO] [stderr]    Compiling rmp-serde v1.1.2
[INFO] [stderr]    Compiling async-nats v0.29.0
[INFO] [stderr]    Compiling tracing-subscriber v0.3.18
[INFO] [stderr]    Compiling sha2 v0.10.8
[INFO] [stderr]    Compiling wascap v0.8.0
[INFO] [stderr]    Compiling weld-codegen v0.7.0
[INFO] [stderr]    Compiling wasmbus-macros v0.1.11
[INFO] [stderr]    Compiling tracing-futures v0.2.5
[INFO] [stderr]    Compiling uuid v1.6.1
[INFO] [stderr]    Compiling serde_bytes v0.11.14
[INFO] [stderr]    Compiling toml v0.5.11
[INFO] [stderr]    Compiling wasmbus-rpc v0.13.0
[INFO] [stderr]    Compiling smithy-bindgen v0.2.0 (/opt/rustwide/workdir)
[INFO] [stdout] Failure downloading: Download failed for /tmp/.tmpAf1Uyr/cdn.jsdelivr.net/wasmcloud-core.c781c4623fcaafd5.smithy: (verification: unverified):
[INFO] [stdout]   1: https://cdn.jsdelivr.net/gh/wasmcloud/interfaces/core/wasmcloud-core.smithy with status 400
[INFO] [stdout]   2: https://cdn.jsdelivr.net/gh/wasmcloud/interfaces/core/wasmcloud-core.smithy with status 400
[INFO] [stdout]   3: https://cdn.jsdelivr.net/gh/wasmcloud/interfaces/core/wasmcloud-core.smithy with status 400
[INFO] [stdout] 
[INFO] [stdout] Failure downloading: Download failed for /tmp/.tmpAf1Uyr/cdn.jsdelivr.net/wasmcloud-model.4c523bf5e1147b02.smithy: (verification: unverified):
[INFO] [stdout]   1: https://cdn.jsdelivr.net/gh/wasmcloud/interfaces/core/wasmcloud-model.smithy with status 400
[INFO] [stdout]   2: https://cdn.jsdelivr.net/gh/wasmcloud/interfaces/core/wasmcloud-model.smithy with status 400
[INFO] [stdout]   3: https://cdn.jsdelivr.net/gh/wasmcloud/interfaces/core/wasmcloud-model.smithy with status 400
[INFO] [stdout] 
[INFO] [stdout] Failure downloading: Download failed for /tmp/.tmpAf1Uyr/cdn.jsdelivr.net/keyvalue.d0019cfdbc8eeadd.smithy: (verification: unverified):
[INFO] [stdout]   1: https://cdn.jsdelivr.net/gh/wasmcloud/interfaces/keyvalue/keyvalue.smithy with status 400
[INFO] [stdout]   2: https://cdn.jsdelivr.net/gh/wasmcloud/interfaces/keyvalue/keyvalue.smithy with status 400
[INFO] [stdout]   3: https://cdn.jsdelivr.net/gh/wasmcloud/interfaces/keyvalue/keyvalue.smithy with status 400
[INFO] [stdout] 
[INFO] [stdout] error: cannot compile model sources: Quitting - 3 model files could not be downloaded and were not found in the cache. If you have previously built this project and are working "offline", try setting SMITHY_CACHE=NO_EXPIRE in the environment
[INFO] [stdout]  --> tests/bindgen.rs:4:9
[INFO] [stdout]   |
[INFO] [stdout] 4 | /         smithy_bindgen::smithy_bindgen!(
[INFO] [stdout] 5 | |             "keyvalue/keyvalue.smithy",
[INFO] [stdout] 6 | |             "org.wasmcloud.interface.keyvalue"
[INFO] [stdout] 7 | |         );
[INFO] [stdout]   | |_________^
[INFO] [stdout]   |
[INFO] [stdout]   = note: this error originates in the macro `smithy_bindgen::smithy_bindgen` (in Nightly builds, run with -Z macro-backtrace for more info)
[INFO] [stdout] 
[INFO] [stdout] 
[INFO] [stdout] error: cannot compile model sources: Quitting - 2 model files could not be downloaded and were not found in the cache. If you have previously built this project and are working "offline", try setting SMITHY_CACHE=NO_EXPIRE in the environment
[INFO] [stdout]   --> tests/bindgen.rs:21:9
[INFO] [stdout]    |
[INFO] [stdout] 21 | /         smithy_bindgen::smithy_bindgen!(
[INFO] [stdout] 22 | |             { path: ".", files: [ "tests/test-bindgen.smithy"]},
[INFO] [stdout] 23 | |              "org.wasmcloud.test.bindgen");
[INFO] [stdout]    | |__________________________________________^
[INFO] [stdout]    |
[INFO] [stdout]    = note: this error originates in the macro `smithy_bindgen::smithy_bindgen` (in Nightly builds, run with -Z macro-backtrace for more info)
[INFO] [stdout] 
[INFO] [stdout] 
[INFO] [stdout] Failure downloading: Download failed for /tmp/.tmpS9jBYE/cdn.jsdelivr.net/wasmcloud-core.c781c4623fcaafd5.smithy: (verification: unverified):
[INFO] [stdout]   1: https://cdn.jsdelivr.net/gh/wasmcloud/interfaces/core/wasmcloud-core.smithy with status 400
[INFO] [stdout]   2: https://cdn.jsdelivr.net/gh/wasmcloud/interfaces/core/wasmcloud-core.smithy with status 400
[INFO] [stdout]   3: https://cdn.jsdelivr.net/gh/wasmcloud/interfaces/core/wasmcloud-core.smithy with status 400
[INFO] [stdout] 
[INFO] [stdout] Failure downloading: Download failed for /tmp/.tmpS9jBYE/cdn.jsdelivr.net/wasmcloud-model.4c523bf5e1147b02.smithy: (verification: unverified):
[INFO] [stdout]   1: https://cdn.jsdelivr.net/gh/wasmcloud/interfaces/core/wasmcloud-model.smithy with status 400
[INFO] [stdout]   2: https://cdn.jsdelivr.net/gh/wasmcloud/interfaces/core/wasmcloud-model.smithy with status 400
[INFO] [stdout]   3: https://cdn.jsdelivr.net/gh/wasmcloud/interfaces/core/wasmcloud-model.smithy with status 400
[INFO] [stdout] 
[INFO] [stdout] error: cannot compile model sources: Quitting - 2 model files could not be downloaded and were not found in the cache. If you have previously built this project and are working "offline", try setting SMITHY_CACHE=NO_EXPIRE in the environment
[INFO] [stdout]   --> tests/bindgen.rs:35:9
[INFO] [stdout]    |
[INFO] [stdout] 35 | /         smithy_bindgen::smithy_bindgen!(
[INFO] [stdout] 36 | |             { path: "./tests/test-bindgen.smithy"},
[INFO] [stdout] 37 | |              "org.wasmcloud.test.bindgen");
[INFO] [stdout]    | |__________________________________________^
[INFO] [stdout]    |
[INFO] [stdout]    = note: this error originates in the macro `smithy_bindgen::smithy_bindgen` (in Nightly builds, run with -Z macro-backtrace for more info)
[INFO] [stdout] 
[INFO] [stdout] 
[INFO] [stdout] Failure downloading: Download failed for /tmp/.tmpKN7e4F/cdn.jsdelivr.net/wasmcloud-core.c781c4623fcaafd5.smithy: (verification: unverified):
[INFO] [stdout]   1: https://cdn.jsdelivr.net/gh/wasmcloud/interfaces/core/wasmcloud-core.smithy with status 400
[INFO] [stdout]   2: https://cdn.jsdelivr.net/gh/wasmcloud/interfaces/core/wasmcloud-core.smithy with status 400
[INFO] [stdout]   3: https://cdn.jsdelivr.net/gh/wasmcloud/interfaces/core/wasmcloud-core.smithy with status 400
[INFO] [stdout] 
[INFO] [stdout] Failure downloading: Download failed for /tmp/.tmpKN7e4F/cdn.jsdelivr.net/wasmcloud-model.4c523bf5e1147b02.smithy: (verification: unverified):
[INFO] [stdout]   1: https://cdn.jsdelivr.net/gh/wasmcloud/interfaces/core/wasmcloud-model.smithy with status 400
[INFO] [stdout]   2: https://cdn.jsdelivr.net/gh/wasmcloud/interfaces/core/wasmcloud-model.smithy with status 400
[INFO] [stdout]   3: https://cdn.jsdelivr.net/gh/wasmcloud/interfaces/core/wasmcloud-model.smithy with status 400
[INFO] [stdout] 
[INFO] [stdout] error[E0432]: unresolved import `test::ListAddRequest`
[INFO] [stdout]   --> tests/bindgen.rs:10:9
[INFO] [stdout]    |
[INFO] [stdout] 10 |     use test::ListAddRequest;
[INFO] [stdout]    |         ^^^^^^^^^^^^^^^^^^^^ no `ListAddRequest` in `<opaque>::test`
[INFO] [stdout] 
[INFO] [stdout] 
[INFO] [stdout] error[E0432]: unresolved import `test::StringList`
[INFO] [stdout]   --> tests/bindgen.rs:11:9
[INFO] [stdout]    |
[INFO] [stdout] 11 |     use test::StringList;
[INFO] [stdout]    |         ^^^^^^^^^^^^^^^^ no `StringList` in `<opaque>::test`
[INFO] [stdout] 
[INFO] [stdout] 
[INFO] [stdout] error[E0432]: unresolved import `test::Thing`
[INFO] [stdout]   --> tests/bindgen.rs:26:9
[INFO] [stdout]    |
[INFO] [stdout] 26 |     use test::Thing;
[INFO] [stdout]    |         ^^^^^^^^^^^ no `Thing` in `<opaque>::test`
[INFO] [stdout] 
[INFO] [stdout] 
[INFO] [stdout] error[E0432]: unresolved import `test::Thing`
[INFO] [stdout]   --> tests/bindgen.rs:40:9
[INFO] [stdout]    |
[INFO] [stdout] 40 |     use test::Thing;
[INFO] [stdout]    |         ^^^^^^^^^^^ no `Thing` in `<opaque>::test`
[INFO] [stdout] 
[INFO] [stdout] 
[INFO] [stdout] error: aborting due to 7 previous errors
[INFO] [stdout] 
[INFO] [stdout] 
[INFO] [stdout] For more information about this error, try `rustc --explain E0432`.
[INFO] [stdout] 
[INFO] [stderr] error: could not compile `smithy-bindgen` (test "bindgen") due to 8 previous errors
[INFO] running `Command { std: "docker" "inspect" "57e74c842f51cbe607c9a0335d4630e2c42404e153b5893b9cb5b54bbad7be0f", kill_on_drop: false }`
[INFO] running `Command { std: "docker" "rm" "-f" "57e74c842f51cbe607c9a0335d4630e2c42404e153b5893b9cb5b54bbad7be0f", kill_on_drop: false }`
[INFO] [stdout] 57e74c842f51cbe607c9a0335d4630e2c42404e153b5893b9cb5b54bbad7be0f
