[INFO] fetching crate slide 0.0.1...
[INFO] testing slide-0.0.1 against 1.75.0 for beta-1.76-1
[INFO] extracting crate slide 0.0.1 into /workspace/builds/worker-4-tc1/source
[INFO] validating manifest of crates.io crate slide 0.0.1 on toolchain 1.75.0
[INFO] running `Command { std: CARGO_HOME="/workspace/cargo-home" RUSTUP_HOME="/workspace/rustup-home" "/workspace/cargo-home/bin/cargo" "+1.75.0" "metadata" "--manifest-path" "Cargo.toml" "--no-deps", kill_on_drop: false }`
[INFO] started tweaking crates.io crate slide 0.0.1
[INFO] removed 0 missing tests
[INFO] finished tweaking crates.io crate slide 0.0.1
[INFO] tweaked toml for crates.io crate slide 0.0.1 written to /workspace/builds/worker-4-tc1/source/Cargo.toml
[INFO] crate crates.io crate slide 0.0.1 already has a lockfile, it will not be regenerated
[INFO] running `Command { std: CARGO_HOME="/workspace/cargo-home" RUSTUP_HOME="/workspace/rustup-home" "/workspace/cargo-home/bin/cargo" "+1.75.0" "fetch" "--manifest-path" "Cargo.toml", kill_on_drop: false }`
[INFO] [stderr]     Updating crates.io index
[INFO] [stderr]  Downloading crates ...
[INFO] [stderr]   Downloaded hermit-abi v0.1.14
[INFO] [stderr]   Downloaded az v1.0.0
[INFO] [stderr]   Downloaded libslide v0.0.1
[INFO] [stderr]   Downloaded gmp-mpfr-sys v1.2.4
[INFO] [stderr]   Downloaded rug v1.9.0
[INFO] running `Command { std: "docker" "create" "-v" "/var/lib/crater-agent-workspace/builds/worker-4-tc1/target:/opt/rustwide/target:rw,Z" "-v" "/var/lib/crater-agent-workspace/builds/worker-4-tc1/source:/opt/rustwide/workdir:ro,Z" "-v" "/var/lib/crater-agent-workspace/cargo-home:/opt/rustwide/cargo-home:ro,Z" "-v" "/var/lib/crater-agent-workspace/rustup-home:/opt/rustwide/rustup-home:ro,Z" "-e" "SOURCE_DIR=/opt/rustwide/workdir" "-e" "CARGO_TARGET_DIR=/opt/rustwide/target" "-e" "CARGO_HOME=/opt/rustwide/cargo-home" "-e" "RUSTUP_HOME=/opt/rustwide/rustup-home" "-w" "/opt/rustwide/workdir" "-m" "1610612736" "--user" "0:0" "--network" "none" "ghcr.io/rust-lang/crates-build-env/linux@sha256:2788e3201cd34a07e3172128adcd8b3090168a8e3bcc40d7c032b9dda1df7d1c" "/opt/rustwide/cargo-home/bin/cargo" "+1.75.0" "metadata" "--no-deps" "--format-version=1", kill_on_drop: false }`
[INFO] [stdout] b4dbea773479dc2e05f9c63ca20ad50b344987b3491658a3ca755641aa449108
[INFO] running `Command { std: "docker" "start" "-a" "b4dbea773479dc2e05f9c63ca20ad50b344987b3491658a3ca755641aa449108", kill_on_drop: false }`
[INFO] running `Command { std: "docker" "inspect" "b4dbea773479dc2e05f9c63ca20ad50b344987b3491658a3ca755641aa449108", kill_on_drop: false }`
[INFO] running `Command { std: "docker" "rm" "-f" "b4dbea773479dc2e05f9c63ca20ad50b344987b3491658a3ca755641aa449108", kill_on_drop: false }`
[INFO] [stdout] b4dbea773479dc2e05f9c63ca20ad50b344987b3491658a3ca755641aa449108
[INFO] running `Command { std: "docker" "create" "-v" "/var/lib/crater-agent-workspace/builds/worker-4-tc1/target:/opt/rustwide/target:rw,Z" "-v" "/var/lib/crater-agent-workspace/builds/worker-4-tc1/source:/opt/rustwide/workdir:ro,Z" "-v" "/var/lib/crater-agent-workspace/cargo-home:/opt/rustwide/cargo-home:ro,Z" "-v" "/var/lib/crater-agent-workspace/rustup-home:/opt/rustwide/rustup-home:ro,Z" "-e" "SOURCE_DIR=/opt/rustwide/workdir" "-e" "CARGO_TARGET_DIR=/opt/rustwide/target" "-e" "CARGO_INCREMENTAL=0" "-e" "RUST_BACKTRACE=full" "-e" "RUSTFLAGS=--cap-lints=warn" "-e" "RUSTDOCFLAGS=--cap-lints=warn" "-e" "CARGO_HOME=/opt/rustwide/cargo-home" "-e" "RUSTUP_HOME=/opt/rustwide/rustup-home" "-w" "/opt/rustwide/workdir" "-m" "1610612736" "--user" "0:0" "--network" "none" "ghcr.io/rust-lang/crates-build-env/linux@sha256:2788e3201cd34a07e3172128adcd8b3090168a8e3bcc40d7c032b9dda1df7d1c" "/opt/rustwide/cargo-home/bin/cargo" "+1.75.0" "build" "--frozen" "--message-format=json", kill_on_drop: false }`
[INFO] [stdout] 1fbee99baad7d6c912fe5eed6e76f3d18c4d7cad9a54060865c29802fd9650c8
[INFO] running `Command { std: "docker" "start" "-a" "1fbee99baad7d6c912fe5eed6e76f3d18c4d7cad9a54060865c29802fd9650c8", kill_on_drop: false }`
[INFO] [stderr]    Compiling libc v0.2.71
[INFO] [stderr]    Compiling gmp-mpfr-sys v1.2.4
[INFO] [stderr]    Compiling autocfg v1.0.0
[INFO] [stderr]    Compiling rug v1.9.0
[INFO] [stderr]    Compiling bitflags v1.2.1
[INFO] [stderr]    Compiling unicode-width v0.1.7
[INFO] [stderr]    Compiling az v1.0.0
[INFO] [stderr]    Compiling vec_map v0.8.2
[INFO] [stderr]    Compiling textwrap v0.11.0
[INFO] [stderr]    Compiling ansi_term v0.11.0
[INFO] [stderr]    Compiling strsim v0.8.0
[INFO] [stderr]    Compiling num-traits v0.2.12
[INFO] [stderr]    Compiling yansi-term v0.1.2
[INFO] [stderr]    Compiling termcolor v1.1.0
[INFO] [stderr]    Compiling annotate-snippets v0.8.0
[INFO] [stderr]    Compiling atty v0.2.14
[INFO] [stderr]    Compiling clap v2.33.1
[INFO] [stderr]    Compiling libslide v0.0.1
[INFO] [stderr]    Compiling slide v0.0.1 (/opt/rustwide/workdir)
[INFO] [stderr]     Finished dev [unoptimized + debuginfo] target(s) in 2m 41s
[INFO] running `Command { std: "docker" "inspect" "1fbee99baad7d6c912fe5eed6e76f3d18c4d7cad9a54060865c29802fd9650c8", kill_on_drop: false }`
[INFO] running `Command { std: "docker" "rm" "-f" "1fbee99baad7d6c912fe5eed6e76f3d18c4d7cad9a54060865c29802fd9650c8", kill_on_drop: false }`
[INFO] [stdout] 1fbee99baad7d6c912fe5eed6e76f3d18c4d7cad9a54060865c29802fd9650c8
[INFO] running `Command { std: "docker" "create" "-v" "/var/lib/crater-agent-workspace/builds/worker-4-tc1/target:/opt/rustwide/target:rw,Z" "-v" "/var/lib/crater-agent-workspace/builds/worker-4-tc1/source:/opt/rustwide/workdir:ro,Z" "-v" "/var/lib/crater-agent-workspace/cargo-home:/opt/rustwide/cargo-home:ro,Z" "-v" "/var/lib/crater-agent-workspace/rustup-home:/opt/rustwide/rustup-home:ro,Z" "-e" "SOURCE_DIR=/opt/rustwide/workdir" "-e" "CARGO_TARGET_DIR=/opt/rustwide/target" "-e" "CARGO_INCREMENTAL=0" "-e" "RUST_BACKTRACE=full" "-e" "RUSTFLAGS=--cap-lints=warn" "-e" "RUSTDOCFLAGS=--cap-lints=warn" "-e" "CARGO_HOME=/opt/rustwide/cargo-home" "-e" "RUSTUP_HOME=/opt/rustwide/rustup-home" "-w" "/opt/rustwide/workdir" "-m" "1610612736" "--user" "0:0" "--network" "none" "ghcr.io/rust-lang/crates-build-env/linux@sha256:2788e3201cd34a07e3172128adcd8b3090168a8e3bcc40d7c032b9dda1df7d1c" "/opt/rustwide/cargo-home/bin/cargo" "+1.75.0" "test" "--frozen" "--no-run" "--message-format=json", kill_on_drop: false }`
[INFO] [stdout] 84f61b9b7455f8f7a42480942525c9b0d5de1a5179ff0a7ff24b0d5866874765
[INFO] running `Command { std: "docker" "start" "-a" "84f61b9b7455f8f7a42480942525c9b0d5de1a5179ff0a7ff24b0d5866874765", kill_on_drop: false }`
[INFO] [stderr]    Compiling difference v2.0.0
[INFO] [stderr]    Compiling slide v0.0.1 (/opt/rustwide/workdir)
[INFO] [stdout] error[E0432]: unresolved import `libtest_mimic`
[INFO] [stdout]  --> src/test/mod.rs:2:5
[INFO] [stdout]   |
[INFO] [stdout] 2 | use libtest_mimic::{run_tests, Arguments, LineFormat, LinePrinter, Outcome, Test};
[INFO] [stdout]   |     ^^^^^^^^^^^^^ use of undeclared crate or module `libtest_mimic`
[INFO] [stdout] 
[INFO] [stdout] 
[INFO] [stdout] error[E0432]: unresolved import `libtest_mimic`
[INFO] [stdout]  --> src/test/mod.rs:2:5
[INFO] [stdout]   |
[INFO] [stdout] 2 | use libtest_mimic::{run_tests, Arguments, LineFormat, LinePrinter, Outcome, Test};
[INFO] [stdout]   |     ^^^^^^^^^^^^^ use of undeclared crate or module `libtest_mimic`
[INFO] [stdout] 
[INFO] [stdout] 
[INFO] [stdout] error: aborting due to previous error
[INFO] [stdout] 
[INFO] [stdout] 
[INFO] [stdout] For more information about this error, try `rustc --explain E0432`.
[INFO] [stdout] 
[INFO] [stdout] error: aborting due to previous error
[INFO] [stdout] 
[INFO] [stdout] 
[INFO] [stdout] For more information about this error, try `rustc --explain E0432`.
[INFO] [stdout] 
[INFO] [stderr] error: could not compile `slide` (lib test) due to 2 previous errors
[INFO] [stderr] warning: build failed, waiting for other jobs to finish...
[INFO] [stderr] error: could not compile `slide` (test "system_tests") due to 2 previous errors
[INFO] running `Command { std: "docker" "inspect" "84f61b9b7455f8f7a42480942525c9b0d5de1a5179ff0a7ff24b0d5866874765", kill_on_drop: false }`
[INFO] running `Command { std: "docker" "rm" "-f" "84f61b9b7455f8f7a42480942525c9b0d5de1a5179ff0a7ff24b0d5866874765", kill_on_drop: false }`
[INFO] [stdout] 84f61b9b7455f8f7a42480942525c9b0d5de1a5179ff0a7ff24b0d5866874765
[INFO] testing slide-0.0.1 against beta-2023-12-22 for beta-1.76-1
[INFO] extracting crate slide 0.0.1 into /workspace/builds/worker-4-tc2/source
[INFO] validating manifest of crates.io crate slide 0.0.1 on toolchain beta-2023-12-22
[INFO] running `Command { std: CARGO_HOME="/workspace/cargo-home" RUSTUP_HOME="/workspace/rustup-home" "/workspace/cargo-home/bin/cargo" "+beta-2023-12-22" "metadata" "--manifest-path" "Cargo.toml" "--no-deps", kill_on_drop: false }`
[INFO] started tweaking crates.io crate slide 0.0.1
[INFO] removed 0 missing tests
[INFO] finished tweaking crates.io crate slide 0.0.1
[INFO] tweaked toml for crates.io crate slide 0.0.1 written to /workspace/builds/worker-4-tc2/source/Cargo.toml
[INFO] crate crates.io crate slide 0.0.1 already has a lockfile, it will not be regenerated
[INFO] running `Command { std: CARGO_HOME="/workspace/cargo-home" RUSTUP_HOME="/workspace/rustup-home" "/workspace/cargo-home/bin/cargo" "+beta-2023-12-22" "fetch" "--manifest-path" "Cargo.toml", kill_on_drop: false }`
[INFO] running `Command { std: "docker" "create" "-v" "/var/lib/crater-agent-workspace/builds/worker-4-tc2/target:/opt/rustwide/target:rw,Z" "-v" "/var/lib/crater-agent-workspace/builds/worker-4-tc2/source:/opt/rustwide/workdir:ro,Z" "-v" "/var/lib/crater-agent-workspace/cargo-home:/opt/rustwide/cargo-home:ro,Z" "-v" "/var/lib/crater-agent-workspace/rustup-home:/opt/rustwide/rustup-home:ro,Z" "-e" "SOURCE_DIR=/opt/rustwide/workdir" "-e" "CARGO_TARGET_DIR=/opt/rustwide/target" "-e" "CARGO_HOME=/opt/rustwide/cargo-home" "-e" "RUSTUP_HOME=/opt/rustwide/rustup-home" "-w" "/opt/rustwide/workdir" "-m" "1610612736" "--user" "0:0" "--network" "none" "ghcr.io/rust-lang/crates-build-env/linux@sha256:2788e3201cd34a07e3172128adcd8b3090168a8e3bcc40d7c032b9dda1df7d1c" "/opt/rustwide/cargo-home/bin/cargo" "+beta-2023-12-22" "metadata" "--no-deps" "--format-version=1", kill_on_drop: false }`
[INFO] [stdout] 42b490a4a1ad4ac96b2ce91d62c1976a4b0c21632b0b074fe0c7368f0974c0eb
[INFO] running `Command { std: "docker" "start" "-a" "42b490a4a1ad4ac96b2ce91d62c1976a4b0c21632b0b074fe0c7368f0974c0eb", kill_on_drop: false }`
[INFO] running `Command { std: "docker" "inspect" "42b490a4a1ad4ac96b2ce91d62c1976a4b0c21632b0b074fe0c7368f0974c0eb", kill_on_drop: false }`
[INFO] running `Command { std: "docker" "rm" "-f" "42b490a4a1ad4ac96b2ce91d62c1976a4b0c21632b0b074fe0c7368f0974c0eb", kill_on_drop: false }`
[INFO] [stdout] 42b490a4a1ad4ac96b2ce91d62c1976a4b0c21632b0b074fe0c7368f0974c0eb
[INFO] running `Command { std: "docker" "create" "-v" "/var/lib/crater-agent-workspace/builds/worker-4-tc2/target:/opt/rustwide/target:rw,Z" "-v" "/var/lib/crater-agent-workspace/builds/worker-4-tc2/source:/opt/rustwide/workdir:ro,Z" "-v" "/var/lib/crater-agent-workspace/cargo-home:/opt/rustwide/cargo-home:ro,Z" "-v" "/var/lib/crater-agent-workspace/rustup-home:/opt/rustwide/rustup-home:ro,Z" "-e" "SOURCE_DIR=/opt/rustwide/workdir" "-e" "CARGO_TARGET_DIR=/opt/rustwide/target" "-e" "CARGO_INCREMENTAL=0" "-e" "RUST_BACKTRACE=full" "-e" "RUSTFLAGS=--cap-lints=warn" "-e" "RUSTDOCFLAGS=--cap-lints=warn" "-e" "CARGO_HOME=/opt/rustwide/cargo-home" "-e" "RUSTUP_HOME=/opt/rustwide/rustup-home" "-w" "/opt/rustwide/workdir" "-m" "1610612736" "--user" "0:0" "--network" "none" "ghcr.io/rust-lang/crates-build-env/linux@sha256:2788e3201cd34a07e3172128adcd8b3090168a8e3bcc40d7c032b9dda1df7d1c" "/opt/rustwide/cargo-home/bin/cargo" "+beta-2023-12-22" "build" "--frozen" "--message-format=json", kill_on_drop: false }`
[INFO] [stdout] b3d626b6860dbed11198c53f90185e7b78e6d6a50b4632ffb38003989b038b79
[INFO] running `Command { std: "docker" "start" "-a" "b3d626b6860dbed11198c53f90185e7b78e6d6a50b4632ffb38003989b038b79", kill_on_drop: false }`
[INFO] [stderr]    Compiling libc v0.2.71
[INFO] [stderr]    Compiling gmp-mpfr-sys v1.2.4
[INFO] [stderr]    Compiling autocfg v1.0.0
[INFO] [stderr]    Compiling rug v1.9.0
[INFO] [stderr]    Compiling bitflags v1.2.1
[INFO] [stderr]    Compiling unicode-width v0.1.7
[INFO] [stderr]    Compiling az v1.0.0
[INFO] [stderr]    Compiling vec_map v0.8.2
[INFO] [stderr]    Compiling textwrap v0.11.0
[INFO] [stderr]    Compiling ansi_term v0.11.0
[INFO] [stderr]    Compiling yansi-term v0.1.2
[INFO] [stderr]    Compiling num-traits v0.2.12
[INFO] [stderr]    Compiling strsim v0.8.0
[INFO] [stderr]    Compiling annotate-snippets v0.8.0
[INFO] [stderr]    Compiling termcolor v1.1.0
[INFO] [stderr]    Compiling atty v0.2.14
[INFO] [stderr]    Compiling clap v2.33.1
[INFO] [stderr]    Compiling libslide v0.0.1
[INFO] [stderr]    Compiling slide v0.0.1 (/opt/rustwide/workdir)
[INFO] [stderr]     Finished dev [unoptimized + debuginfo] target(s) in 2m 45s
[INFO] running `Command { std: "docker" "inspect" "b3d626b6860dbed11198c53f90185e7b78e6d6a50b4632ffb38003989b038b79", kill_on_drop: false }`
[INFO] running `Command { std: "docker" "rm" "-f" "b3d626b6860dbed11198c53f90185e7b78e6d6a50b4632ffb38003989b038b79", kill_on_drop: false }`
[INFO] [stdout] b3d626b6860dbed11198c53f90185e7b78e6d6a50b4632ffb38003989b038b79
[INFO] running `Command { std: "docker" "create" "-v" "/var/lib/crater-agent-workspace/builds/worker-4-tc2/target:/opt/rustwide/target:rw,Z" "-v" "/var/lib/crater-agent-workspace/builds/worker-4-tc2/source:/opt/rustwide/workdir:ro,Z" "-v" "/var/lib/crater-agent-workspace/cargo-home:/opt/rustwide/cargo-home:ro,Z" "-v" "/var/lib/crater-agent-workspace/rustup-home:/opt/rustwide/rustup-home:ro,Z" "-e" "SOURCE_DIR=/opt/rustwide/workdir" "-e" "CARGO_TARGET_DIR=/opt/rustwide/target" "-e" "CARGO_INCREMENTAL=0" "-e" "RUST_BACKTRACE=full" "-e" "RUSTFLAGS=--cap-lints=warn" "-e" "RUSTDOCFLAGS=--cap-lints=warn" "-e" "CARGO_HOME=/opt/rustwide/cargo-home" "-e" "RUSTUP_HOME=/opt/rustwide/rustup-home" "-w" "/opt/rustwide/workdir" "-m" "1610612736" "--user" "0:0" "--network" "none" "ghcr.io/rust-lang/crates-build-env/linux@sha256:2788e3201cd34a07e3172128adcd8b3090168a8e3bcc40d7c032b9dda1df7d1c" "/opt/rustwide/cargo-home/bin/cargo" "+beta-2023-12-22" "test" "--frozen" "--no-run" "--message-format=json", kill_on_drop: false }`
[INFO] [stdout] 64d3203bdf2f64489a65fd0208dafb4e985c0aa282927b1d45b0fbaddcccf070
[INFO] running `Command { std: "docker" "start" "-a" "64d3203bdf2f64489a65fd0208dafb4e985c0aa282927b1d45b0fbaddcccf070", kill_on_drop: false }`
[INFO] [stderr]    Compiling difference v2.0.0
[INFO] [stderr]    Compiling slide v0.0.1 (/opt/rustwide/workdir)
[INFO] [stdout] error[E0432]: unresolved import `libtest_mimic`
[INFO] [stdout]  --> src/test/mod.rs:2:5
[INFO] [stdout]   |
[INFO] [stdout] 2 | use libtest_mimic::{run_tests, Arguments, LineFormat, LinePrinter, Outcome, Test};
[INFO] [stdout]   |     ^^^^^^^^^^^^^ use of undeclared crate or module `libtest_mimic`
[INFO] [stdout] 
[INFO] [stdout] 
[INFO] [stdout] error[E0432]: unresolved import `libtest_mimic`
[INFO] [stdout]  --> src/test/mod.rs:2:5
[INFO] [stdout]   |
[INFO] [stdout] 2 | use libtest_mimic::{run_tests, Arguments, LineFormat, LinePrinter, Outcome, Test};
[INFO] [stdout]   |     ^^^^^^^^^^^^^ use of undeclared crate or module `libtest_mimic`
[INFO] [stdout] 
[INFO] [stdout] 
[INFO] [stdout] error: aborting due to 1 previous error
[INFO] [stdout] 
[INFO] [stdout] 
[INFO] [stdout] For more information about this error, try `rustc --explain E0432`.
[INFO] [stdout] 
[INFO] [stdout] error: aborting due to 1 previous error
[INFO] [stdout] 
[INFO] [stdout] 
[INFO] [stdout] For more information about this error, try `rustc --explain E0432`.
[INFO] [stdout] 
[INFO] [stderr] error: could not compile `slide` (test "system_tests") due to 2 previous errors
[INFO] [stderr] warning: build failed, waiting for other jobs to finish...
[INFO] [stderr] error: could not compile `slide` (lib test) due to 2 previous errors
[INFO] running `Command { std: "docker" "inspect" "64d3203bdf2f64489a65fd0208dafb4e985c0aa282927b1d45b0fbaddcccf070", kill_on_drop: false }`
[INFO] running `Command { std: "docker" "rm" "-f" "64d3203bdf2f64489a65fd0208dafb4e985c0aa282927b1d45b0fbaddcccf070", kill_on_drop: false }`
[INFO] [stdout] 64d3203bdf2f64489a65fd0208dafb4e985c0aa282927b1d45b0fbaddcccf070
