[INFO] fetching crate slender-math 0.1.1...
[INFO] testing slender-math-0.1.1 against 1.75.0 for beta-1.76-1
[INFO] extracting crate slender-math 0.1.1 into /workspace/builds/worker-4-tc1/source
[INFO] validating manifest of crates.io crate slender-math 0.1.1 on toolchain 1.75.0
[INFO] running `Command { std: CARGO_HOME="/workspace/cargo-home" RUSTUP_HOME="/workspace/rustup-home" "/workspace/cargo-home/bin/cargo" "+1.75.0" "metadata" "--manifest-path" "Cargo.toml" "--no-deps", kill_on_drop: false }`
[INFO] started tweaking crates.io crate slender-math 0.1.1
[INFO] finished tweaking crates.io crate slender-math 0.1.1
[INFO] tweaked toml for crates.io crate slender-math 0.1.1 written to /workspace/builds/worker-4-tc1/source/Cargo.toml
[INFO] running `Command { std: CARGO_HOME="/workspace/cargo-home" RUSTUP_HOME="/workspace/rustup-home" "/workspace/cargo-home/bin/cargo" "+1.75.0" "generate-lockfile" "--manifest-path" "Cargo.toml", kill_on_drop: false }`
[INFO] [stderr]     Updating crates.io index
[INFO] running `Command { std: CARGO_HOME="/workspace/cargo-home" RUSTUP_HOME="/workspace/rustup-home" "/workspace/cargo-home/bin/cargo" "+1.75.0" "fetch" "--manifest-path" "Cargo.toml", kill_on_drop: false }`
[INFO] running `Command { std: "docker" "create" "-v" "/var/lib/crater-agent-workspace/builds/worker-4-tc1/target:/opt/rustwide/target:rw,Z" "-v" "/var/lib/crater-agent-workspace/builds/worker-4-tc1/source:/opt/rustwide/workdir:ro,Z" "-v" "/var/lib/crater-agent-workspace/cargo-home:/opt/rustwide/cargo-home:ro,Z" "-v" "/var/lib/crater-agent-workspace/rustup-home:/opt/rustwide/rustup-home:ro,Z" "-e" "SOURCE_DIR=/opt/rustwide/workdir" "-e" "CARGO_TARGET_DIR=/opt/rustwide/target" "-e" "CARGO_HOME=/opt/rustwide/cargo-home" "-e" "RUSTUP_HOME=/opt/rustwide/rustup-home" "-w" "/opt/rustwide/workdir" "-m" "1610612736" "--user" "0:0" "--network" "none" "ghcr.io/rust-lang/crates-build-env/linux@sha256:2788e3201cd34a07e3172128adcd8b3090168a8e3bcc40d7c032b9dda1df7d1c" "/opt/rustwide/cargo-home/bin/cargo" "+1.75.0" "metadata" "--no-deps" "--format-version=1", kill_on_drop: false }`
[INFO] [stdout] 549acdcf33c4ddc7115e3aecc8eda1ae8136038846ad736e48f3b992c7abb91e
[INFO] running `Command { std: "docker" "start" "-a" "549acdcf33c4ddc7115e3aecc8eda1ae8136038846ad736e48f3b992c7abb91e", kill_on_drop: false }`
[INFO] running `Command { std: "docker" "inspect" "549acdcf33c4ddc7115e3aecc8eda1ae8136038846ad736e48f3b992c7abb91e", kill_on_drop: false }`
[INFO] running `Command { std: "docker" "rm" "-f" "549acdcf33c4ddc7115e3aecc8eda1ae8136038846ad736e48f3b992c7abb91e", kill_on_drop: false }`
[INFO] [stdout] 549acdcf33c4ddc7115e3aecc8eda1ae8136038846ad736e48f3b992c7abb91e
[INFO] running `Command { std: "docker" "create" "-v" "/var/lib/crater-agent-workspace/builds/worker-4-tc1/target:/opt/rustwide/target:rw,Z" "-v" "/var/lib/crater-agent-workspace/builds/worker-4-tc1/source:/opt/rustwide/workdir:ro,Z" "-v" "/var/lib/crater-agent-workspace/cargo-home:/opt/rustwide/cargo-home:ro,Z" "-v" "/var/lib/crater-agent-workspace/rustup-home:/opt/rustwide/rustup-home:ro,Z" "-e" "SOURCE_DIR=/opt/rustwide/workdir" "-e" "CARGO_TARGET_DIR=/opt/rustwide/target" "-e" "CARGO_INCREMENTAL=0" "-e" "RUST_BACKTRACE=full" "-e" "RUSTFLAGS=--cap-lints=warn" "-e" "RUSTDOCFLAGS=--cap-lints=warn" "-e" "CARGO_HOME=/opt/rustwide/cargo-home" "-e" "RUSTUP_HOME=/opt/rustwide/rustup-home" "-w" "/opt/rustwide/workdir" "-m" "1610612736" "--user" "0:0" "--network" "none" "ghcr.io/rust-lang/crates-build-env/linux@sha256:2788e3201cd34a07e3172128adcd8b3090168a8e3bcc40d7c032b9dda1df7d1c" "/opt/rustwide/cargo-home/bin/cargo" "+1.75.0" "build" "--frozen" "--message-format=json", kill_on_drop: false }`
[INFO] [stdout] 39d111b01efc763aefa366c15cf856eb11dc44412110484b12889654b87a70fd
[INFO] running `Command { std: "docker" "start" "-a" "39d111b01efc763aefa366c15cf856eb11dc44412110484b12889654b87a70fd", kill_on_drop: false }`
[INFO] [stderr]    Compiling slender-math v0.1.1 (/opt/rustwide/workdir)
[INFO] [stderr]    Compiling bytemuck v1.14.0
[INFO] [stdout] error[E0554]: `#![feature]` may not be used on the stable release channel
[INFO] [stdout]  --> src/lib.rs:3:12
[INFO] [stdout]   |
[INFO] [stdout] 3 | #![feature(portable_simd)]
[INFO] [stdout]   |            ^^^^^^^^^^^^^
[INFO] [stdout] 
[INFO] [stdout] 
[INFO] [stdout] error: aborting due to previous error
[INFO] [stdout] 
[INFO] [stdout] 
[INFO] [stdout] For more information about this error, try `rustc --explain E0554`.
[INFO] [stdout] 
[INFO] [stderr] error: could not compile `slender-math` (lib) due to 2 previous errors
[INFO] running `Command { std: "docker" "inspect" "39d111b01efc763aefa366c15cf856eb11dc44412110484b12889654b87a70fd", kill_on_drop: false }`
[INFO] running `Command { std: "docker" "rm" "-f" "39d111b01efc763aefa366c15cf856eb11dc44412110484b12889654b87a70fd", kill_on_drop: false }`
[INFO] [stdout] 39d111b01efc763aefa366c15cf856eb11dc44412110484b12889654b87a70fd
[INFO] testing slender-math-0.1.1 against beta-2023-12-22 for beta-1.76-1
[INFO] extracting crate slender-math 0.1.1 into /workspace/builds/worker-4-tc2/source
[INFO] validating manifest of crates.io crate slender-math 0.1.1 on toolchain beta-2023-12-22
[INFO] running `Command { std: CARGO_HOME="/workspace/cargo-home" RUSTUP_HOME="/workspace/rustup-home" "/workspace/cargo-home/bin/cargo" "+beta-2023-12-22" "metadata" "--manifest-path" "Cargo.toml" "--no-deps", kill_on_drop: false }`
[INFO] started tweaking crates.io crate slender-math 0.1.1
[INFO] finished tweaking crates.io crate slender-math 0.1.1
[INFO] tweaked toml for crates.io crate slender-math 0.1.1 written to /workspace/builds/worker-4-tc2/source/Cargo.toml
[INFO] running `Command { std: CARGO_HOME="/workspace/cargo-home" RUSTUP_HOME="/workspace/rustup-home" "/workspace/cargo-home/bin/cargo" "+beta-2023-12-22" "generate-lockfile" "--manifest-path" "Cargo.toml", kill_on_drop: false }`
[INFO] [stderr]     Updating crates.io index
[INFO] running `Command { std: CARGO_HOME="/workspace/cargo-home" RUSTUP_HOME="/workspace/rustup-home" "/workspace/cargo-home/bin/cargo" "+beta-2023-12-22" "fetch" "--manifest-path" "Cargo.toml", kill_on_drop: false }`
[INFO] running `Command { std: "docker" "create" "-v" "/var/lib/crater-agent-workspace/builds/worker-4-tc2/target:/opt/rustwide/target:rw,Z" "-v" "/var/lib/crater-agent-workspace/builds/worker-4-tc2/source:/opt/rustwide/workdir:ro,Z" "-v" "/var/lib/crater-agent-workspace/cargo-home:/opt/rustwide/cargo-home:ro,Z" "-v" "/var/lib/crater-agent-workspace/rustup-home:/opt/rustwide/rustup-home:ro,Z" "-e" "SOURCE_DIR=/opt/rustwide/workdir" "-e" "CARGO_TARGET_DIR=/opt/rustwide/target" "-e" "CARGO_HOME=/opt/rustwide/cargo-home" "-e" "RUSTUP_HOME=/opt/rustwide/rustup-home" "-w" "/opt/rustwide/workdir" "-m" "1610612736" "--user" "0:0" "--network" "none" "ghcr.io/rust-lang/crates-build-env/linux@sha256:2788e3201cd34a07e3172128adcd8b3090168a8e3bcc40d7c032b9dda1df7d1c" "/opt/rustwide/cargo-home/bin/cargo" "+beta-2023-12-22" "metadata" "--no-deps" "--format-version=1", kill_on_drop: false }`
[INFO] [stdout] 4aae2341c74d374505f68d0b6231e52e3913f6b3766629f89d92d1235b19df93
[INFO] running `Command { std: "docker" "start" "-a" "4aae2341c74d374505f68d0b6231e52e3913f6b3766629f89d92d1235b19df93", kill_on_drop: false }`
[INFO] running `Command { std: "docker" "inspect" "4aae2341c74d374505f68d0b6231e52e3913f6b3766629f89d92d1235b19df93", kill_on_drop: false }`
[INFO] running `Command { std: "docker" "rm" "-f" "4aae2341c74d374505f68d0b6231e52e3913f6b3766629f89d92d1235b19df93", kill_on_drop: false }`
[INFO] [stdout] 4aae2341c74d374505f68d0b6231e52e3913f6b3766629f89d92d1235b19df93
[INFO] running `Command { std: "docker" "create" "-v" "/var/lib/crater-agent-workspace/builds/worker-4-tc2/target:/opt/rustwide/target:rw,Z" "-v" "/var/lib/crater-agent-workspace/builds/worker-4-tc2/source:/opt/rustwide/workdir:ro,Z" "-v" "/var/lib/crater-agent-workspace/cargo-home:/opt/rustwide/cargo-home:ro,Z" "-v" "/var/lib/crater-agent-workspace/rustup-home:/opt/rustwide/rustup-home:ro,Z" "-e" "SOURCE_DIR=/opt/rustwide/workdir" "-e" "CARGO_TARGET_DIR=/opt/rustwide/target" "-e" "CARGO_INCREMENTAL=0" "-e" "RUST_BACKTRACE=full" "-e" "RUSTFLAGS=--cap-lints=warn" "-e" "RUSTDOCFLAGS=--cap-lints=warn" "-e" "CARGO_HOME=/opt/rustwide/cargo-home" "-e" "RUSTUP_HOME=/opt/rustwide/rustup-home" "-w" "/opt/rustwide/workdir" "-m" "1610612736" "--user" "0:0" "--network" "none" "ghcr.io/rust-lang/crates-build-env/linux@sha256:2788e3201cd34a07e3172128adcd8b3090168a8e3bcc40d7c032b9dda1df7d1c" "/opt/rustwide/cargo-home/bin/cargo" "+beta-2023-12-22" "build" "--frozen" "--message-format=json", kill_on_drop: false }`
[INFO] [stdout] 7bdd19cd540922d3a96a7c4895774baef8e4892937a0c790c8e3aa52aa8a3a14
[INFO] running `Command { std: "docker" "start" "-a" "7bdd19cd540922d3a96a7c4895774baef8e4892937a0c790c8e3aa52aa8a3a14", kill_on_drop: false }`
[INFO] [stderr]    Compiling slender-math v0.1.1 (/opt/rustwide/workdir)
[INFO] [stderr]    Compiling bytemuck v1.14.0
[INFO] [stdout] error[E0432]: unresolved import `std::simd::Which`
[INFO] [stdout]   --> src/lib.rs:15:16
[INFO] [stdout]    |
[INFO] [stdout] 15 | use std::simd::Which::*;
[INFO] [stdout]    |                ^^^^^ could not find `Which` in `simd`
[INFO] [stdout] 
[INFO] [stdout] 
[INFO] [stdout] error[E0554]: `#![feature]` may not be used on the beta release channel
[INFO] [stdout]  --> src/lib.rs:3:12
[INFO] [stdout]   |
[INFO] [stdout] 3 | #![feature(portable_simd)]
[INFO] [stdout]   |            ^^^^^^^^^^^^^
[INFO] [stdout] 
[INFO] [stdout] 
[INFO] [stdout] error[E0425]: cannot find function, tuple struct or tuple variant `First` in this scope
[INFO] [stdout]     --> src/lib.rs:1811:40
[INFO] [stdout]      |
[INFO] [stdout] 1811 |                 simd_swizzle!($a, $b, [First(0), Second(0), First(1), Second(1)])
[INFO] [stdout]      |                                        ^^^^^ not found in this scope
[INFO] [stdout] ...
[INFO] [stdout] 1834 |         let tmp0 = unpacklo!(c0, c1);
[INFO] [stdout]      |                    ----------------- in this macro invocation
[INFO] [stdout]      |
[INFO] [stdout]      = note: this error originates in the macro `unpacklo` (in Nightly builds, run with -Z macro-backtrace for more info)
[INFO] [stdout] 
[INFO] [stdout] 
[INFO] [stdout] error[E0425]: cannot find function, tuple struct or tuple variant `Second` in this scope
[INFO] [stdout]     --> src/lib.rs:1811:50
[INFO] [stdout]      |
[INFO] [stdout] 1811 |                 simd_swizzle!($a, $b, [First(0), Second(0), First(1), Second(1)])
[INFO] [stdout]      |                                                  ^^^^^^ not found in this scope
[INFO] [stdout] ...
[INFO] [stdout] 1834 |         let tmp0 = unpacklo!(c0, c1);
[INFO] [stdout]      |                    ----------------- in this macro invocation
[INFO] [stdout]      |
[INFO] [stdout]      = note: this error originates in the macro `unpacklo` (in Nightly builds, run with -Z macro-backtrace for more info)
[INFO] [stdout] 
[INFO] [stdout] 
[INFO] [stdout] error[E0425]: cannot find function, tuple struct or tuple variant `First` in this scope
[INFO] [stdout]     --> src/lib.rs:1811:61
[INFO] [stdout]      |
[INFO] [stdout] 1811 |                 simd_swizzle!($a, $b, [First(0), Second(0), First(1), Second(1)])
[INFO] [stdout]      |                                                             ^^^^^ not found in this scope
[INFO] [stdout] ...
[INFO] [stdout] 1834 |         let tmp0 = unpacklo!(c0, c1);
[INFO] [stdout]      |                    ----------------- in this macro invocation
[INFO] [stdout]      |
[INFO] [stdout]      = note: this error originates in the macro `unpacklo` (in Nightly builds, run with -Z macro-backtrace for more info)
[INFO] [stdout] 
[INFO] [stdout] 
[INFO] [stdout] error[E0425]: cannot find function, tuple struct or tuple variant `Second` in this scope
[INFO] [stdout]     --> src/lib.rs:1811:71
[INFO] [stdout]      |
[INFO] [stdout] 1811 |                 simd_swizzle!($a, $b, [First(0), Second(0), First(1), Second(1)])
[INFO] [stdout]      |                                                                       ^^^^^^ not found in this scope
[INFO] [stdout] ...
[INFO] [stdout] 1834 |         let tmp0 = unpacklo!(c0, c1);
[INFO] [stdout]      |                    ----------------- in this macro invocation
[INFO] [stdout]      |
[INFO] [stdout]      = note: this error originates in the macro `unpacklo` (in Nightly builds, run with -Z macro-backtrace for more info)
[INFO] [stdout] 
[INFO] [stdout] 
[INFO] [stdout] error[E0425]: cannot find function, tuple struct or tuple variant `First` in this scope
[INFO] [stdout]     --> src/lib.rs:1811:40
[INFO] [stdout]      |
[INFO] [stdout] 1811 |                 simd_swizzle!($a, $b, [First(0), Second(0), First(1), Second(1)])
[INFO] [stdout]      |                                        ^^^^^ not found in this scope
[INFO] [stdout] ...
[INFO] [stdout] 1835 |         let tmp2 = unpacklo!(c2, c3);
[INFO] [stdout]      |                    ----------------- in this macro invocation
[INFO] [stdout]      |
[INFO] [stdout]      = note: this error originates in the macro `unpacklo` (in Nightly builds, run with -Z macro-backtrace for more info)
[INFO] [stdout] 
[INFO] [stdout] 
[INFO] [stdout] error[E0425]: cannot find function, tuple struct or tuple variant `Second` in this scope
[INFO] [stdout]     --> src/lib.rs:1811:50
[INFO] [stdout]      |
[INFO] [stdout] 1811 |                 simd_swizzle!($a, $b, [First(0), Second(0), First(1), Second(1)])
[INFO] [stdout]      |                                                  ^^^^^^ not found in this scope
[INFO] [stdout] ...
[INFO] [stdout] 1835 |         let tmp2 = unpacklo!(c2, c3);
[INFO] [stdout]      |                    ----------------- in this macro invocation
[INFO] [stdout]      |
[INFO] [stdout]      = note: this error originates in the macro `unpacklo` (in Nightly builds, run with -Z macro-backtrace for more info)
[INFO] [stdout] 
[INFO] [stdout] 
[INFO] [stdout] error[E0425]: cannot find function, tuple struct or tuple variant `First` in this scope
[INFO] [stdout]     --> src/lib.rs:1811:61
[INFO] [stdout]      |
[INFO] [stdout] 1811 |                 simd_swizzle!($a, $b, [First(0), Second(0), First(1), Second(1)])
[INFO] [stdout]      |                                                             ^^^^^ not found in this scope
[INFO] [stdout] ...
[INFO] [stdout] 1835 |         let tmp2 = unpacklo!(c2, c3);
[INFO] [stdout]      |                    ----------------- in this macro invocation
[INFO] [stdout]      |
[INFO] [stdout]      = note: this error originates in the macro `unpacklo` (in Nightly builds, run with -Z macro-backtrace for more info)
[INFO] [stdout] 
[INFO] [stdout] 
[INFO] [stdout] error[E0425]: cannot find function, tuple struct or tuple variant `Second` in this scope
[INFO] [stdout]     --> src/lib.rs:1811:71
[INFO] [stdout]      |
[INFO] [stdout] 1811 |                 simd_swizzle!($a, $b, [First(0), Second(0), First(1), Second(1)])
[INFO] [stdout]      |                                                                       ^^^^^^ not found in this scope
[INFO] [stdout] ...
[INFO] [stdout] 1835 |         let tmp2 = unpacklo!(c2, c3);
[INFO] [stdout]      |                    ----------------- in this macro invocation
[INFO] [stdout]      |
[INFO] [stdout]      = note: this error originates in the macro `unpacklo` (in Nightly builds, run with -Z macro-backtrace for more info)
[INFO] [stdout] 
[INFO] [stdout] 
[INFO] [stdout] error[E0425]: cannot find function, tuple struct or tuple variant `First` in this scope
[INFO] [stdout]     --> src/lib.rs:1817:40
[INFO] [stdout]      |
[INFO] [stdout] 1817 |                 simd_swizzle!($a, $b, [First(2), Second(2), First(3), Second(3)])
[INFO] [stdout]      |                                        ^^^^^ not found in this scope
[INFO] [stdout] ...
[INFO] [stdout] 1836 |         let tmp1 = unpackhi!(c0, c1);
[INFO] [stdout]      |                    ----------------- in this macro invocation
[INFO] [stdout]      |
[INFO] [stdout]      = note: this error originates in the macro `unpackhi` (in Nightly builds, run with -Z macro-backtrace for more info)
[INFO] [stdout] 
[INFO] [stdout] 
[INFO] [stdout] error[E0425]: cannot find function, tuple struct or tuple variant `Second` in this scope
[INFO] [stdout]     --> src/lib.rs:1817:50
[INFO] [stdout]      |
[INFO] [stdout] 1817 |                 simd_swizzle!($a, $b, [First(2), Second(2), First(3), Second(3)])
[INFO] [stdout]      |                                                  ^^^^^^ not found in this scope
[INFO] [stdout] ...
[INFO] [stdout] 1836 |         let tmp1 = unpackhi!(c0, c1);
[INFO] [stdout]      |                    ----------------- in this macro invocation
[INFO] [stdout]      |
[INFO] [stdout]      = note: this error originates in the macro `unpackhi` (in Nightly builds, run with -Z macro-backtrace for more info)
[INFO] [stdout] 
[INFO] [stdout] 
[INFO] [stdout] error[E0425]: cannot find function, tuple struct or tuple variant `First` in this scope
[INFO] [stdout]     --> src/lib.rs:1817:61
[INFO] [stdout]      |
[INFO] [stdout] 1817 |                 simd_swizzle!($a, $b, [First(2), Second(2), First(3), Second(3)])
[INFO] [stdout]      |                                                             ^^^^^ not found in this scope
[INFO] [stdout] ...
[INFO] [stdout] 1836 |         let tmp1 = unpackhi!(c0, c1);
[INFO] [stdout]      |                    ----------------- in this macro invocation
[INFO] [stdout]      |
[INFO] [stdout]      = note: this error originates in the macro `unpackhi` (in Nightly builds, run with -Z macro-backtrace for more info)
[INFO] [stdout] 
[INFO] [stdout] 
[INFO] [stdout] error[E0425]: cannot find function, tuple struct or tuple variant `Second` in this scope
[INFO] [stdout]     --> src/lib.rs:1817:71
[INFO] [stdout]      |
[INFO] [stdout] 1817 |                 simd_swizzle!($a, $b, [First(2), Second(2), First(3), Second(3)])
[INFO] [stdout]      |                                                                       ^^^^^^ not found in this scope
[INFO] [stdout] ...
[INFO] [stdout] 1836 |         let tmp1 = unpackhi!(c0, c1);
[INFO] [stdout]      |                    ----------------- in this macro invocation
[INFO] [stdout]      |
[INFO] [stdout]      = note: this error originates in the macro `unpackhi` (in Nightly builds, run with -Z macro-backtrace for more info)
[INFO] [stdout] 
[INFO] [stdout] 
[INFO] [stdout] error[E0425]: cannot find function, tuple struct or tuple variant `First` in this scope
[INFO] [stdout]     --> src/lib.rs:1817:40
[INFO] [stdout]      |
[INFO] [stdout] 1817 |                 simd_swizzle!($a, $b, [First(2), Second(2), First(3), Second(3)])
[INFO] [stdout]      |                                        ^^^^^ not found in this scope
[INFO] [stdout] ...
[INFO] [stdout] 1837 |         let tmp3 = unpackhi!(c2, c3);
[INFO] [stdout]      |                    ----------------- in this macro invocation
[INFO] [stdout]      |
[INFO] [stdout]      = note: this error originates in the macro `unpackhi` (in Nightly builds, run with -Z macro-backtrace for more info)
[INFO] [stdout] 
[INFO] [stdout] 
[INFO] [stdout] error[E0425]: cannot find function, tuple struct or tuple variant `Second` in this scope
[INFO] [stdout]     --> src/lib.rs:1817:50
[INFO] [stdout]      |
[INFO] [stdout] 1817 |                 simd_swizzle!($a, $b, [First(2), Second(2), First(3), Second(3)])
[INFO] [stdout]      |                                                  ^^^^^^ not found in this scope
[INFO] [stdout] ...
[INFO] [stdout] 1837 |         let tmp3 = unpackhi!(c2, c3);
[INFO] [stdout]      |                    ----------------- in this macro invocation
[INFO] [stdout]      |
[INFO] [stdout]      = note: this error originates in the macro `unpackhi` (in Nightly builds, run with -Z macro-backtrace for more info)
[INFO] [stdout] 
[INFO] [stdout] 
[INFO] [stdout] error[E0425]: cannot find function, tuple struct or tuple variant `First` in this scope
[INFO] [stdout]     --> src/lib.rs:1817:61
[INFO] [stdout]      |
[INFO] [stdout] 1817 |                 simd_swizzle!($a, $b, [First(2), Second(2), First(3), Second(3)])
[INFO] [stdout]      |                                                             ^^^^^ not found in this scope
[INFO] [stdout] ...
[INFO] [stdout] 1837 |         let tmp3 = unpackhi!(c2, c3);
[INFO] [stdout]      |                    ----------------- in this macro invocation
[INFO] [stdout]      |
[INFO] [stdout]      = note: this error originates in the macro `unpackhi` (in Nightly builds, run with -Z macro-backtrace for more info)
[INFO] [stdout] 
[INFO] [stdout] 
[INFO] [stdout] error[E0425]: cannot find function, tuple struct or tuple variant `Second` in this scope
[INFO] [stdout]     --> src/lib.rs:1817:71
[INFO] [stdout]      |
[INFO] [stdout] 1817 |                 simd_swizzle!($a, $b, [First(2), Second(2), First(3), Second(3)])
[INFO] [stdout]      |                                                                       ^^^^^^ not found in this scope
[INFO] [stdout] ...
[INFO] [stdout] 1837 |         let tmp3 = unpackhi!(c2, c3);
[INFO] [stdout]      |                    ----------------- in this macro invocation
[INFO] [stdout]      |
[INFO] [stdout]      = note: this error originates in the macro `unpackhi` (in Nightly builds, run with -Z macro-backtrace for more info)
[INFO] [stdout] 
[INFO] [stdout] 
[INFO] [stdout] error[E0425]: cannot find function, tuple struct or tuple variant `First` in this scope
[INFO] [stdout]     --> src/lib.rs:1823:40
[INFO] [stdout]      |
[INFO] [stdout] 1823 |                 simd_swizzle!($a, $b, [First(0), First(1), Second(0), Second(1)])
[INFO] [stdout]      |                                        ^^^^^ not found in this scope
[INFO] [stdout] ...
[INFO] [stdout] 1838 |         let c0 = movelh!(tmp0, tmp2);
[INFO] [stdout]      |                  ------------------- in this macro invocation
[INFO] [stdout]      |
[INFO] [stdout]      = note: this error originates in the macro `movelh` (in Nightly builds, run with -Z macro-backtrace for more info)
[INFO] [stdout] 
[INFO] [stdout] 
[INFO] [stdout] error[E0425]: cannot find function, tuple struct or tuple variant `First` in this scope
[INFO] [stdout]     --> src/lib.rs:1823:50
[INFO] [stdout]      |
[INFO] [stdout] 1823 |                 simd_swizzle!($a, $b, [First(0), First(1), Second(0), Second(1)])
[INFO] [stdout]      |                                                  ^^^^^ not found in this scope
[INFO] [stdout] ...
[INFO] [stdout] 1838 |         let c0 = movelh!(tmp0, tmp2);
[INFO] [stdout]      |                  ------------------- in this macro invocation
[INFO] [stdout]      |
[INFO] [stdout]      = note: this error originates in the macro `movelh` (in Nightly builds, run with -Z macro-backtrace for more info)
[INFO] [stdout] 
[INFO] [stdout] 
[INFO] [stdout] error[E0425]: cannot find function, tuple struct or tuple variant `Second` in this scope
[INFO] [stdout]     --> src/lib.rs:1823:60
[INFO] [stdout]      |
[INFO] [stdout] 1823 |                 simd_swizzle!($a, $b, [First(0), First(1), Second(0), Second(1)])
[INFO] [stdout]      |                                                            ^^^^^^ not found in this scope
[INFO] [stdout] ...
[INFO] [stdout] 1838 |         let c0 = movelh!(tmp0, tmp2);
[INFO] [stdout]      |                  ------------------- in this macro invocation
[INFO] [stdout]      |
[INFO] [stdout]      = note: this error originates in the macro `movelh` (in Nightly builds, run with -Z macro-backtrace for more info)
[INFO] [stdout] 
[INFO] [stdout] 
[INFO] [stdout] error[E0425]: cannot find function, tuple struct or tuple variant `Second` in this scope
[INFO] [stdout]     --> src/lib.rs:1823:71
[INFO] [stdout]      |
[INFO] [stdout] 1823 |                 simd_swizzle!($a, $b, [First(0), First(1), Second(0), Second(1)])
[INFO] [stdout]      |                                                                       ^^^^^^ not found in this scope
[INFO] [stdout] ...
[INFO] [stdout] 1838 |         let c0 = movelh!(tmp0, tmp2);
[INFO] [stdout]      |                  ------------------- in this macro invocation
[INFO] [stdout]      |
[INFO] [stdout]      = note: this error originates in the macro `movelh` (in Nightly builds, run with -Z macro-backtrace for more info)
[INFO] [stdout] 
[INFO] [stdout] 
[INFO] [stdout] error[E0425]: cannot find function, tuple struct or tuple variant `Second` in this scope
[INFO] [stdout]     --> src/lib.rs:1829:40
[INFO] [stdout]      |
[INFO] [stdout] 1829 |                 simd_swizzle!($a, $b, [Second(2), Second(3), First(2), First(3)])
[INFO] [stdout]      |                                        ^^^^^^ not found in this scope
[INFO] [stdout] ...
[INFO] [stdout] 1839 |         let c1 = movehl!(tmp2, tmp0);
[INFO] [stdout]      |                  ------------------- in this macro invocation
[INFO] [stdout]      |
[INFO] [stdout]      = note: this error originates in the macro `movehl` (in Nightly builds, run with -Z macro-backtrace for more info)
[INFO] [stdout] 
[INFO] [stdout] 
[INFO] [stdout] error[E0425]: cannot find function, tuple struct or tuple variant `Second` in this scope
[INFO] [stdout]     --> src/lib.rs:1829:51
[INFO] [stdout]      |
[INFO] [stdout] 1829 |                 simd_swizzle!($a, $b, [Second(2), Second(3), First(2), First(3)])
[INFO] [stdout]      |                                                   ^^^^^^ not found in this scope
[INFO] [stdout] ...
[INFO] [stdout] 1839 |         let c1 = movehl!(tmp2, tmp0);
[INFO] [stdout]      |                  ------------------- in this macro invocation
[INFO] [stdout]      |
[INFO] [stdout]      = note: this error originates in the macro `movehl` (in Nightly builds, run with -Z macro-backtrace for more info)
[INFO] [stdout] 
[INFO] [stdout] 
[INFO] [stdout] error[E0425]: cannot find function, tuple struct or tuple variant `First` in this scope
[INFO] [stdout]     --> src/lib.rs:1829:62
[INFO] [stdout]      |
[INFO] [stdout] 1829 |                 simd_swizzle!($a, $b, [Second(2), Second(3), First(2), First(3)])
[INFO] [stdout]      |                                                              ^^^^^ not found in this scope
[INFO] [stdout] ...
[INFO] [stdout] 1839 |         let c1 = movehl!(tmp2, tmp0);
[INFO] [stdout]      |                  ------------------- in this macro invocation
[INFO] [stdout]      |
[INFO] [stdout]      = note: this error originates in the macro `movehl` (in Nightly builds, run with -Z macro-backtrace for more info)
[INFO] [stdout] 
[INFO] [stdout] 
[INFO] [stdout] error[E0425]: cannot find function, tuple struct or tuple variant `First` in this scope
[INFO] [stdout]     --> src/lib.rs:1829:72
[INFO] [stdout]      |
[INFO] [stdout] 1829 |                 simd_swizzle!($a, $b, [Second(2), Second(3), First(2), First(3)])
[INFO] [stdout]      |                                                                        ^^^^^ not found in this scope
[INFO] [stdout] ...
[INFO] [stdout] 1839 |         let c1 = movehl!(tmp2, tmp0);
[INFO] [stdout]      |                  ------------------- in this macro invocation
[INFO] [stdout]      |
[INFO] [stdout]      = note: this error originates in the macro `movehl` (in Nightly builds, run with -Z macro-backtrace for more info)
[INFO] [stdout] 
[INFO] [stdout] 
[INFO] [stdout] error[E0425]: cannot find function, tuple struct or tuple variant `First` in this scope
[INFO] [stdout]     --> src/lib.rs:1823:40
[INFO] [stdout]      |
[INFO] [stdout] 1823 |                 simd_swizzle!($a, $b, [First(0), First(1), Second(0), Second(1)])
[INFO] [stdout]      |                                        ^^^^^ not found in this scope
[INFO] [stdout] ...
[INFO] [stdout] 1840 |         let c2 = movelh!(tmp1, tmp3);
[INFO] [stdout]      |                  ------------------- in this macro invocation
[INFO] [stdout]      |
[INFO] [stdout]      = note: this error originates in the macro `movelh` (in Nightly builds, run with -Z macro-backtrace for more info)
[INFO] [stdout] 
[INFO] [stdout] 
[INFO] [stdout] error[E0425]: cannot find function, tuple struct or tuple variant `First` in this scope
[INFO] [stdout]     --> src/lib.rs:1823:50
[INFO] [stdout]      |
[INFO] [stdout] 1823 |                 simd_swizzle!($a, $b, [First(0), First(1), Second(0), Second(1)])
[INFO] [stdout]      |                                                  ^^^^^ not found in this scope
[INFO] [stdout] ...
[INFO] [stdout] 1840 |         let c2 = movelh!(tmp1, tmp3);
[INFO] [stdout]      |                  ------------------- in this macro invocation
[INFO] [stdout]      |
[INFO] [stdout]      = note: this error originates in the macro `movelh` (in Nightly builds, run with -Z macro-backtrace for more info)
[INFO] [stdout] 
[INFO] [stdout] 
[INFO] [stdout] error[E0425]: cannot find function, tuple struct or tuple variant `Second` in this scope
[INFO] [stdout]     --> src/lib.rs:1823:60
[INFO] [stdout]      |
[INFO] [stdout] 1823 |                 simd_swizzle!($a, $b, [First(0), First(1), Second(0), Second(1)])
[INFO] [stdout]      |                                                            ^^^^^^ not found in this scope
[INFO] [stdout] ...
[INFO] [stdout] 1840 |         let c2 = movelh!(tmp1, tmp3);
[INFO] [stdout]      |                  ------------------- in this macro invocation
[INFO] [stdout]      |
[INFO] [stdout]      = note: this error originates in the macro `movelh` (in Nightly builds, run with -Z macro-backtrace for more info)
[INFO] [stdout] 
[INFO] [stdout] 
[INFO] [stdout] error[E0425]: cannot find function, tuple struct or tuple variant `Second` in this scope
[INFO] [stdout]     --> src/lib.rs:1823:71
[INFO] [stdout]      |
[INFO] [stdout] 1823 |                 simd_swizzle!($a, $b, [First(0), First(1), Second(0), Second(1)])
[INFO] [stdout]      |                                                                       ^^^^^^ not found in this scope
[INFO] [stdout] ...
[INFO] [stdout] 1840 |         let c2 = movelh!(tmp1, tmp3);
[INFO] [stdout]      |                  ------------------- in this macro invocation
[INFO] [stdout]      |
[INFO] [stdout]      = note: this error originates in the macro `movelh` (in Nightly builds, run with -Z macro-backtrace for more info)
[INFO] [stdout] 
[INFO] [stdout] 
[INFO] [stdout] error[E0425]: cannot find function, tuple struct or tuple variant `Second` in this scope
[INFO] [stdout]     --> src/lib.rs:1829:40
[INFO] [stdout]      |
[INFO] [stdout] 1829 |                 simd_swizzle!($a, $b, [Second(2), Second(3), First(2), First(3)])
[INFO] [stdout]      |                                        ^^^^^^ not found in this scope
[INFO] [stdout] ...
[INFO] [stdout] 1841 |         let c3 = movehl!(tmp3, tmp1);
[INFO] [stdout]      |                  ------------------- in this macro invocation
[INFO] [stdout]      |
[INFO] [stdout]      = note: this error originates in the macro `movehl` (in Nightly builds, run with -Z macro-backtrace for more info)
[INFO] [stdout] 
[INFO] [stdout] 
[INFO] [stdout] error[E0425]: cannot find function, tuple struct or tuple variant `Second` in this scope
[INFO] [stdout]     --> src/lib.rs:1829:51
[INFO] [stdout]      |
[INFO] [stdout] 1829 |                 simd_swizzle!($a, $b, [Second(2), Second(3), First(2), First(3)])
[INFO] [stdout]      |                                                   ^^^^^^ not found in this scope
[INFO] [stdout] ...
[INFO] [stdout] 1841 |         let c3 = movehl!(tmp3, tmp1);
[INFO] [stdout]      |                  ------------------- in this macro invocation
[INFO] [stdout]      |
[INFO] [stdout]      = note: this error originates in the macro `movehl` (in Nightly builds, run with -Z macro-backtrace for more info)
[INFO] [stdout] 
[INFO] [stdout] 
[INFO] [stdout] error[E0425]: cannot find function, tuple struct or tuple variant `First` in this scope
[INFO] [stdout]     --> src/lib.rs:1829:62
[INFO] [stdout]      |
[INFO] [stdout] 1829 |                 simd_swizzle!($a, $b, [Second(2), Second(3), First(2), First(3)])
[INFO] [stdout]      |                                                              ^^^^^ not found in this scope
[INFO] [stdout] ...
[INFO] [stdout] 1841 |         let c3 = movehl!(tmp3, tmp1);
[INFO] [stdout]      |                  ------------------- in this macro invocation
[INFO] [stdout]      |
[INFO] [stdout]      = note: this error originates in the macro `movehl` (in Nightly builds, run with -Z macro-backtrace for more info)
[INFO] [stdout] 
[INFO] [stdout] 
[INFO] [stdout] error[E0425]: cannot find function, tuple struct or tuple variant `First` in this scope
[INFO] [stdout]     --> src/lib.rs:1829:72
[INFO] [stdout]      |
[INFO] [stdout] 1829 |                 simd_swizzle!($a, $b, [Second(2), Second(3), First(2), First(3)])
[INFO] [stdout]      |                                                                        ^^^^^ not found in this scope
[INFO] [stdout] ...
[INFO] [stdout] 1841 |         let c3 = movehl!(tmp3, tmp1);
[INFO] [stdout]      |                  ------------------- in this macro invocation
[INFO] [stdout]      |
[INFO] [stdout]      = note: this error originates in the macro `movehl` (in Nightly builds, run with -Z macro-backtrace for more info)
[INFO] [stdout] 
[INFO] [stdout] 
[INFO] [stdout] error[E0425]: cannot find function, tuple struct or tuple variant `First` in this scope
[INFO] [stdout]     --> src/lib.rs:26:32
[INFO] [stdout]      |
[INFO] [stdout] 26   |         simd_swizzle!($a, $b, [First(0), First(1), Second(0), Second(1)])
[INFO] [stdout]      |                                ^^^^^ not found in this scope
[INFO] [stdout] ...
[INFO] [stdout] 1877 |         let t0 = simd_swizzle_0101!(self_c0, self_c1); // 00, 01, 10, 11
[INFO] [stdout]      |                  ------------------------------------ in this macro invocation
[INFO] [stdout]      |
[INFO] [stdout]      = note: this error originates in the macro `simd_swizzle_0101` (in Nightly builds, run with -Z macro-backtrace for more info)
[INFO] [stdout] 
[INFO] [stdout] 
[INFO] [stdout] error[E0425]: cannot find function, tuple struct or tuple variant `First` in this scope
[INFO] [stdout]     --> src/lib.rs:26:42
[INFO] [stdout]      |
[INFO] [stdout] 26   |         simd_swizzle!($a, $b, [First(0), First(1), Second(0), Second(1)])
[INFO] [stdout]      |                                          ^^^^^ not found in this scope
[INFO] [stdout] ...
[INFO] [stdout] 1877 |         let t0 = simd_swizzle_0101!(self_c0, self_c1); // 00, 01, 10, 11
[INFO] [stdout]      |                  ------------------------------------ in this macro invocation
[INFO] [stdout]      |
[INFO] [stdout]      = note: this error originates in the macro `simd_swizzle_0101` (in Nightly builds, run with -Z macro-backtrace for more info)
[INFO] [stdout] 
[INFO] [stdout] 
[INFO] [stdout] error[E0425]: cannot find function, tuple struct or tuple variant `Second` in this scope
[INFO] [stdout]     --> src/lib.rs:26:52
[INFO] [stdout]      |
[INFO] [stdout] 26   |         simd_swizzle!($a, $b, [First(0), First(1), Second(0), Second(1)])
[INFO] [stdout]      |                                                    ^^^^^^ not found in this scope
[INFO] [stdout] ...
[INFO] [stdout] 1877 |         let t0 = simd_swizzle_0101!(self_c0, self_c1); // 00, 01, 10, 11
[INFO] [stdout]      |                  ------------------------------------ in this macro invocation
[INFO] [stdout]      |
[INFO] [stdout]      = note: this error originates in the macro `simd_swizzle_0101` (in Nightly builds, run with -Z macro-backtrace for more info)
[INFO] [stdout] 
[INFO] [stdout] 
[INFO] [stdout] error[E0425]: cannot find function, tuple struct or tuple variant `Second` in this scope
[INFO] [stdout]     --> src/lib.rs:26:63
[INFO] [stdout]      |
[INFO] [stdout] 26   |         simd_swizzle!($a, $b, [First(0), First(1), Second(0), Second(1)])
[INFO] [stdout]      |                                                               ^^^^^^ not found in this scope
[INFO] [stdout] ...
[INFO] [stdout] 1877 |         let t0 = simd_swizzle_0101!(self_c0, self_c1); // 00, 01, 10, 11
[INFO] [stdout]      |                  ------------------------------------ in this macro invocation
[INFO] [stdout]      |
[INFO] [stdout]      = note: this error originates in the macro `simd_swizzle_0101` (in Nightly builds, run with -Z macro-backtrace for more info)
[INFO] [stdout] 
[INFO] [stdout] 
[INFO] [stdout] error[E0425]: cannot find function, tuple struct or tuple variant `First` in this scope
[INFO] [stdout]     --> src/lib.rs:32:32
[INFO] [stdout]      |
[INFO] [stdout] 32   |         simd_swizzle!($a, $b, [First(2), First(3), Second(2), Second(3)])
[INFO] [stdout]      |                                ^^^^^ not found in this scope
[INFO] [stdout] ...
[INFO] [stdout] 1878 |         let t1 = simd_swizzle_2323!(self_c0, self_c1); // 02, 03, 12, 13
[INFO] [stdout]      |                  ------------------------------------ in this macro invocation
[INFO] [stdout]      |
[INFO] [stdout]      = note: this error originates in the macro `simd_swizzle_2323` (in Nightly builds, run with -Z macro-backtrace for more info)
[INFO] [stdout] 
[INFO] [stdout] 
[INFO] [stdout] error[E0425]: cannot find function, tuple struct or tuple variant `First` in this scope
[INFO] [stdout]     --> src/lib.rs:32:42
[INFO] [stdout]      |
[INFO] [stdout] 32   |         simd_swizzle!($a, $b, [First(2), First(3), Second(2), Second(3)])
[INFO] [stdout]      |                                          ^^^^^ not found in this scope
[INFO] [stdout] ...
[INFO] [stdout] 1878 |         let t1 = simd_swizzle_2323!(self_c0, self_c1); // 02, 03, 12, 13
[INFO] [stdout]      |                  ------------------------------------ in this macro invocation
[INFO] [stdout]      |
[INFO] [stdout]      = note: this error originates in the macro `simd_swizzle_2323` (in Nightly builds, run with -Z macro-backtrace for more info)
[INFO] [stdout] 
[INFO] [stdout] 
[INFO] [stdout] error[E0425]: cannot find function, tuple struct or tuple variant `Second` in this scope
[INFO] [stdout]     --> src/lib.rs:32:52
[INFO] [stdout]      |
[INFO] [stdout] 32   |         simd_swizzle!($a, $b, [First(2), First(3), Second(2), Second(3)])
[INFO] [stdout]      |                                                    ^^^^^^ not found in this scope
[INFO] [stdout] ...
[INFO] [stdout] 1878 |         let t1 = simd_swizzle_2323!(self_c0, self_c1); // 02, 03, 12, 13
[INFO] [stdout]      |                  ------------------------------------ in this macro invocation
[INFO] [stdout]      |
[INFO] [stdout]      = note: this error originates in the macro `simd_swizzle_2323` (in Nightly builds, run with -Z macro-backtrace for more info)
[INFO] [stdout] 
[INFO] [stdout] 
[INFO] [stdout] error[E0425]: cannot find function, tuple struct or tuple variant `Second` in this scope
[INFO] [stdout]     --> src/lib.rs:32:63
[INFO] [stdout]      |
[INFO] [stdout] 32   |         simd_swizzle!($a, $b, [First(2), First(3), Second(2), Second(3)])
[INFO] [stdout]      |                                                               ^^^^^^ not found in this scope
[INFO] [stdout] ...
[INFO] [stdout] 1878 |         let t1 = simd_swizzle_2323!(self_c0, self_c1); // 02, 03, 12, 13
[INFO] [stdout]      |                  ------------------------------------ in this macro invocation
[INFO] [stdout]      |
[INFO] [stdout]      = note: this error originates in the macro `simd_swizzle_2323` (in Nightly builds, run with -Z macro-backtrace for more info)
[INFO] [stdout] 
[INFO] [stdout] 
[INFO] [stdout] error[E0425]: cannot find function, tuple struct or tuple variant `First` in this scope
[INFO] [stdout]     --> src/lib.rs:1879:46
[INFO] [stdout]      |
[INFO] [stdout] 1879 |         let c0 = simd_swizzle!(t0, self_c2, [First(0), First(2), Second(0), Second(3)]); // 00, 10, 20, 23(=0)
[INFO] [stdout]      |                                              ^^^^^ not found in this scope
[INFO] [stdout] 
[INFO] [stdout] 
[INFO] [stdout] error[E0425]: cannot find function, tuple struct or tuple variant `First` in this scope
[INFO] [stdout]     --> src/lib.rs:1879:56
[INFO] [stdout]      |
[INFO] [stdout] 1879 |         let c0 = simd_swizzle!(t0, self_c2, [First(0), First(2), Second(0), Second(3)]); // 00, 10, 20, 23(=0)
[INFO] [stdout]      |                                                        ^^^^^ not found in this scope
[INFO] [stdout] 
[INFO] [stdout] 
[INFO] [stdout] error[E0425]: cannot find function, tuple struct or tuple variant `Second` in this scope
[INFO] [stdout]     --> src/lib.rs:1879:66
[INFO] [stdout]      |
[INFO] [stdout] 1879 |         let c0 = simd_swizzle!(t0, self_c2, [First(0), First(2), Second(0), Second(3)]); // 00, 10, 20, 23(=0)
[INFO] [stdout]      |                                                                  ^^^^^^ not found in this scope
[INFO] [stdout] 
[INFO] [stdout] 
[INFO] [stdout] error[E0425]: cannot find function, tuple struct or tuple variant `Second` in this scope
[INFO] [stdout]     --> src/lib.rs:1879:77
[INFO] [stdout]      |
[INFO] [stdout] 1879 |         let c0 = simd_swizzle!(t0, self_c2, [First(0), First(2), Second(0), Second(3)]); // 00, 10, 20, 23(=0)
[INFO] [stdout]      |                                                                             ^^^^^^ not found in this scope
[INFO] [stdout] 
[INFO] [stdout] 
[INFO] [stdout] error[E0425]: cannot find function, tuple struct or tuple variant `First` in this scope
[INFO] [stdout]     --> src/lib.rs:1880:46
[INFO] [stdout]      |
[INFO] [stdout] 1880 |         let c1 = simd_swizzle!(t0, self_c2, [First(1), First(3), Second(1), Second(3)]); // 01, 11, 21, 23(=0)
[INFO] [stdout]      |                                              ^^^^^ not found in this scope
[INFO] [stdout] 
[INFO] [stdout] 
[INFO] [stdout] error[E0425]: cannot find function, tuple struct or tuple variant `First` in this scope
[INFO] [stdout]     --> src/lib.rs:1880:56
[INFO] [stdout]      |
[INFO] [stdout] 1880 |         let c1 = simd_swizzle!(t0, self_c2, [First(1), First(3), Second(1), Second(3)]); // 01, 11, 21, 23(=0)
[INFO] [stdout]      |                                                        ^^^^^ not found in this scope
[INFO] [stdout] 
[INFO] [stdout] 
[INFO] [stdout] error[E0425]: cannot find function, tuple struct or tuple variant `Second` in this scope
[INFO] [stdout]     --> src/lib.rs:1880:66
[INFO] [stdout]      |
[INFO] [stdout] 1880 |         let c1 = simd_swizzle!(t0, self_c2, [First(1), First(3), Second(1), Second(3)]); // 01, 11, 21, 23(=0)
[INFO] [stdout]      |                                                                  ^^^^^^ not found in this scope
[INFO] [stdout] 
[INFO] [stdout] 
[INFO] [stdout] error[E0425]: cannot find function, tuple struct or tuple variant `Second` in this scope
[INFO] [stdout]     --> src/lib.rs:1880:77
[INFO] [stdout]      |
[INFO] [stdout] 1880 |         let c1 = simd_swizzle!(t0, self_c2, [First(1), First(3), Second(1), Second(3)]); // 01, 11, 21, 23(=0)
[INFO] [stdout]      |                                                                             ^^^^^^ not found in this scope
[INFO] [stdout] 
[INFO] [stdout] 
[INFO] [stdout] error[E0425]: cannot find function, tuple struct or tuple variant `First` in this scope
[INFO] [stdout]     --> src/lib.rs:1881:46
[INFO] [stdout]      |
[INFO] [stdout] 1881 |         let c2 = simd_swizzle!(t1, self_c2, [First(0), First(2), Second(2), Second(3)]); // 02, 12, 22, 23(=0)
[INFO] [stdout]      |                                              ^^^^^ not found in this scope
[INFO] [stdout] 
[INFO] [stdout] 
[INFO] [stdout] error[E0425]: cannot find function, tuple struct or tuple variant `First` in this scope
[INFO] [stdout]     --> src/lib.rs:1881:56
[INFO] [stdout]      |
[INFO] [stdout] 1881 |         let c2 = simd_swizzle!(t1, self_c2, [First(0), First(2), Second(2), Second(3)]); // 02, 12, 22, 23(=0)
[INFO] [stdout]      |                                                        ^^^^^ not found in this scope
[INFO] [stdout] 
[INFO] [stdout] 
[INFO] [stdout] error[E0425]: cannot find function, tuple struct or tuple variant `Second` in this scope
[INFO] [stdout]     --> src/lib.rs:1881:66
[INFO] [stdout]      |
[INFO] [stdout] 1881 |         let c2 = simd_swizzle!(t1, self_c2, [First(0), First(2), Second(2), Second(3)]); // 02, 12, 22, 23(=0)
[INFO] [stdout]      |                                                                  ^^^^^^ not found in this scope
[INFO] [stdout] 
[INFO] [stdout] 
[INFO] [stdout] error[E0425]: cannot find function, tuple struct or tuple variant `Second` in this scope
[INFO] [stdout]     --> src/lib.rs:1881:77
[INFO] [stdout]      |
[INFO] [stdout] 1881 |         let c2 = simd_swizzle!(t1, self_c2, [First(0), First(2), Second(2), Second(3)]); // 02, 12, 22, 23(=0)
[INFO] [stdout]      |                                                                             ^^^^^^ not found in this scope
[INFO] [stdout] 
[INFO] [stdout] 
[INFO] [stdout] error[E0425]: cannot find function, tuple struct or tuple variant `First` in this scope
[INFO] [stdout]     --> src/lib.rs:26:32
[INFO] [stdout]      |
[INFO] [stdout] 26   |         simd_swizzle!($a, $b, [First(0), First(1), Second(0), Second(1)])
[INFO] [stdout]      |                                ^^^^^ not found in this scope
[INFO] [stdout] ...
[INFO] [stdout] 1944 |         let a = simd_swizzle_0101!(self_c0, self_c1);
[INFO] [stdout]      |                 ------------------------------------ in this macro invocation
[INFO] [stdout]      |
[INFO] [stdout]      = note: this error originates in the macro `simd_swizzle_0101` (in Nightly builds, run with -Z macro-backtrace for more info)
[INFO] [stdout] 
[INFO] [stdout] 
[INFO] [stdout] error[E0425]: cannot find function, tuple struct or tuple variant `First` in this scope
[INFO] [stdout]     --> src/lib.rs:26:42
[INFO] [stdout]      |
[INFO] [stdout] 26   |         simd_swizzle!($a, $b, [First(0), First(1), Second(0), Second(1)])
[INFO] [stdout]      |                                          ^^^^^ not found in this scope
[INFO] [stdout] ...
[INFO] [stdout] 1944 |         let a = simd_swizzle_0101!(self_c0, self_c1);
[INFO] [stdout]      |                 ------------------------------------ in this macro invocation
[INFO] [stdout]      |
[INFO] [stdout]      = note: this error originates in the macro `simd_swizzle_0101` (in Nightly builds, run with -Z macro-backtrace for more info)
[INFO] [stdout] 
[INFO] [stdout] 
[INFO] [stdout] error[E0425]: cannot find function, tuple struct or tuple variant `Second` in this scope
[INFO] [stdout]     --> src/lib.rs:26:52
[INFO] [stdout]      |
[INFO] [stdout] 26   |         simd_swizzle!($a, $b, [First(0), First(1), Second(0), Second(1)])
[INFO] [stdout]      |                                                    ^^^^^^ not found in this scope
[INFO] [stdout] ...
[INFO] [stdout] 1944 |         let a = simd_swizzle_0101!(self_c0, self_c1);
[INFO] [stdout]      |                 ------------------------------------ in this macro invocation
[INFO] [stdout]      |
[INFO] [stdout]      = note: this error originates in the macro `simd_swizzle_0101` (in Nightly builds, run with -Z macro-backtrace for more info)
[INFO] [stdout] 
[INFO] [stdout] 
[INFO] [stdout] error[E0425]: cannot find function, tuple struct or tuple variant `Second` in this scope
[INFO] [stdout]     --> src/lib.rs:26:63
[INFO] [stdout]      |
[INFO] [stdout] 26   |         simd_swizzle!($a, $b, [First(0), First(1), Second(0), Second(1)])
[INFO] [stdout]      |                                                               ^^^^^^ not found in this scope
[INFO] [stdout] ...
[INFO] [stdout] 1944 |         let a = simd_swizzle_0101!(self_c0, self_c1);
[INFO] [stdout]      |                 ------------------------------------ in this macro invocation
[INFO] [stdout]      |
[INFO] [stdout]      = note: this error originates in the macro `simd_swizzle_0101` (in Nightly builds, run with -Z macro-backtrace for more info)
[INFO] [stdout] 
[INFO] [stdout] 
[INFO] [stdout] error[E0425]: cannot find function, tuple struct or tuple variant `First` in this scope
[INFO] [stdout]     --> src/lib.rs:32:32
[INFO] [stdout]      |
[INFO] [stdout] 32   |         simd_swizzle!($a, $b, [First(2), First(3), Second(2), Second(3)])
[INFO] [stdout]      |                                ^^^^^ not found in this scope
[INFO] [stdout] ...
[INFO] [stdout] 1945 |         let b = simd_swizzle_2323!(self_c0, self_c1);
[INFO] [stdout]      |                 ------------------------------------ in this macro invocation
[INFO] [stdout]      |
[INFO] [stdout]      = note: this error originates in the macro `simd_swizzle_2323` (in Nightly builds, run with -Z macro-backtrace for more info)
[INFO] [stdout] 
[INFO] [stdout] 
[INFO] [stdout] error[E0425]: cannot find function, tuple struct or tuple variant `First` in this scope
[INFO] [stdout]     --> src/lib.rs:32:42
[INFO] [stdout]      |
[INFO] [stdout] 32   |         simd_swizzle!($a, $b, [First(2), First(3), Second(2), Second(3)])
[INFO] [stdout]      |                                          ^^^^^ not found in this scope
[INFO] [stdout] ...
[INFO] [stdout] 1945 |         let b = simd_swizzle_2323!(self_c0, self_c1);
[INFO] [stdout]      |                 ------------------------------------ in this macro invocation
[INFO] [stdout]      |
[INFO] [stdout]      = note: this error originates in the macro `simd_swizzle_2323` (in Nightly builds, run with -Z macro-backtrace for more info)
[INFO] [stdout] 
[INFO] [stdout] 
[INFO] [stdout] error[E0425]: cannot find function, tuple struct or tuple variant `Second` in this scope
[INFO] [stdout]     --> src/lib.rs:32:52
[INFO] [stdout]      |
[INFO] [stdout] 32   |         simd_swizzle!($a, $b, [First(2), First(3), Second(2), Second(3)])
[INFO] [stdout]      |                                                    ^^^^^^ not found in this scope
[INFO] [stdout] ...
[INFO] [stdout] 1945 |         let b = simd_swizzle_2323!(self_c0, self_c1);
[INFO] [stdout]      |                 ------------------------------------ in this macro invocation
[INFO] [stdout]      |
[INFO] [stdout]      = note: this error originates in the macro `simd_swizzle_2323` (in Nightly builds, run with -Z macro-backtrace for more info)
[INFO] [stdout] 
[INFO] [stdout] 
[INFO] [stdout] error[E0425]: cannot find function, tuple struct or tuple variant `Second` in this scope
[INFO] [stdout]     --> src/lib.rs:32:63
[INFO] [stdout]      |
[INFO] [stdout] 32   |         simd_swizzle!($a, $b, [First(2), First(3), Second(2), Second(3)])
[INFO] [stdout]      |                                                               ^^^^^^ not found in this scope
[INFO] [stdout] ...
[INFO] [stdout] 1945 |         let b = simd_swizzle_2323!(self_c0, self_c1);
[INFO] [stdout]      |                 ------------------------------------ in this macro invocation
[INFO] [stdout]      |
[INFO] [stdout]      = note: this error originates in the macro `simd_swizzle_2323` (in Nightly builds, run with -Z macro-backtrace for more info)
[INFO] [stdout] 
[INFO] [stdout] 
[INFO] [stdout] error[E0425]: cannot find function, tuple struct or tuple variant `First` in this scope
[INFO] [stdout]     --> src/lib.rs:26:32
[INFO] [stdout]      |
[INFO] [stdout] 26   |         simd_swizzle!($a, $b, [First(0), First(1), Second(0), Second(1)])
[INFO] [stdout]      |                                ^^^^^ not found in this scope
[INFO] [stdout] ...
[INFO] [stdout] 1946 |         let c = simd_swizzle_0101!(self_c2, self_c3);
[INFO] [stdout]      |                 ------------------------------------ in this macro invocation
[INFO] [stdout]      |
[INFO] [stdout]      = note: this error originates in the macro `simd_swizzle_0101` (in Nightly builds, run with -Z macro-backtrace for more info)
[INFO] [stdout] 
[INFO] [stdout] 
[INFO] [stdout] error[E0425]: cannot find function, tuple struct or tuple variant `First` in this scope
[INFO] [stdout]     --> src/lib.rs:26:42
[INFO] [stdout]      |
[INFO] [stdout] 26   |         simd_swizzle!($a, $b, [First(0), First(1), Second(0), Second(1)])
[INFO] [stdout]      |                                          ^^^^^ not found in this scope
[INFO] [stdout] ...
[INFO] [stdout] 1946 |         let c = simd_swizzle_0101!(self_c2, self_c3);
[INFO] [stdout]      |                 ------------------------------------ in this macro invocation
[INFO] [stdout]      |
[INFO] [stdout]      = note: this error originates in the macro `simd_swizzle_0101` (in Nightly builds, run with -Z macro-backtrace for more info)
[INFO] [stdout] 
[INFO] [stdout] 
[INFO] [stdout] error[E0425]: cannot find function, tuple struct or tuple variant `Second` in this scope
[INFO] [stdout]     --> src/lib.rs:26:52
[INFO] [stdout]      |
[INFO] [stdout] 26   |         simd_swizzle!($a, $b, [First(0), First(1), Second(0), Second(1)])
[INFO] [stdout]      |                                                    ^^^^^^ not found in this scope
[INFO] [stdout] ...
[INFO] [stdout] 1946 |         let c = simd_swizzle_0101!(self_c2, self_c3);
[INFO] [stdout]      |                 ------------------------------------ in this macro invocation
[INFO] [stdout]      |
[INFO] [stdout]      = note: this error originates in the macro `simd_swizzle_0101` (in Nightly builds, run with -Z macro-backtrace for more info)
[INFO] [stdout] 
[INFO] [stdout] 
[INFO] [stdout] error[E0425]: cannot find function, tuple struct or tuple variant `Second` in this scope
[INFO] [stdout]     --> src/lib.rs:26:63
[INFO] [stdout]      |
[INFO] [stdout] 26   |         simd_swizzle!($a, $b, [First(0), First(1), Second(0), Second(1)])
[INFO] [stdout]      |                                                               ^^^^^^ not found in this scope
[INFO] [stdout] ...
[INFO] [stdout] 1946 |         let c = simd_swizzle_0101!(self_c2, self_c3);
[INFO] [stdout]      |                 ------------------------------------ in this macro invocation
[INFO] [stdout]      |
[INFO] [stdout]      = note: this error originates in the macro `simd_swizzle_0101` (in Nightly builds, run with -Z macro-backtrace for more info)
[INFO] [stdout] 
[INFO] [stdout] 
[INFO] [stdout] error[E0425]: cannot find function, tuple struct or tuple variant `First` in this scope
[INFO] [stdout]     --> src/lib.rs:32:32
[INFO] [stdout]      |
[INFO] [stdout] 32   |         simd_swizzle!($a, $b, [First(2), First(3), Second(2), Second(3)])
[INFO] [stdout]      |                                ^^^^^ not found in this scope
[INFO] [stdout] ...
[INFO] [stdout] 1947 |         let d = simd_swizzle_2323!(self_c2, self_c3);
[INFO] [stdout]      |                 ------------------------------------ in this macro invocation
[INFO] [stdout]      |
[INFO] [stdout]      = note: this error originates in the macro `simd_swizzle_2323` (in Nightly builds, run with -Z macro-backtrace for more info)
[INFO] [stdout] 
[INFO] [stdout] 
[INFO] [stdout] error[E0425]: cannot find function, tuple struct or tuple variant `First` in this scope
[INFO] [stdout]     --> src/lib.rs:32:42
[INFO] [stdout]      |
[INFO] [stdout] 32   |         simd_swizzle!($a, $b, [First(2), First(3), Second(2), Second(3)])
[INFO] [stdout]      |                                          ^^^^^ not found in this scope
[INFO] [stdout] ...
[INFO] [stdout] 1947 |         let d = simd_swizzle_2323!(self_c2, self_c3);
[INFO] [stdout]      |                 ------------------------------------ in this macro invocation
[INFO] [stdout]      |
[INFO] [stdout]      = note: this error originates in the macro `simd_swizzle_2323` (in Nightly builds, run with -Z macro-backtrace for more info)
[INFO] [stdout] 
[INFO] [stdout] 
[INFO] [stdout] error[E0425]: cannot find function, tuple struct or tuple variant `Second` in this scope
[INFO] [stdout]     --> src/lib.rs:32:52
[INFO] [stdout]      |
[INFO] [stdout] 32   |         simd_swizzle!($a, $b, [First(2), First(3), Second(2), Second(3)])
[INFO] [stdout]      |                                                    ^^^^^^ not found in this scope
[INFO] [stdout] ...
[INFO] [stdout] 1947 |         let d = simd_swizzle_2323!(self_c2, self_c3);
[INFO] [stdout]      |                 ------------------------------------ in this macro invocation
[INFO] [stdout]      |
[INFO] [stdout]      = note: this error originates in the macro `simd_swizzle_2323` (in Nightly builds, run with -Z macro-backtrace for more info)
[INFO] [stdout] 
[INFO] [stdout] 
[INFO] [stdout] error[E0425]: cannot find function, tuple struct or tuple variant `Second` in this scope
[INFO] [stdout]     --> src/lib.rs:32:63
[INFO] [stdout]      |
[INFO] [stdout] 32   |         simd_swizzle!($a, $b, [First(2), First(3), Second(2), Second(3)])
[INFO] [stdout]      |                                                               ^^^^^^ not found in this scope
[INFO] [stdout] ...
[INFO] [stdout] 1947 |         let d = simd_swizzle_2323!(self_c2, self_c3);
[INFO] [stdout]      |                 ------------------------------------ in this macro invocation
[INFO] [stdout]      |
[INFO] [stdout]      = note: this error originates in the macro `simd_swizzle_2323` (in Nightly builds, run with -Z macro-backtrace for more info)
[INFO] [stdout] 
[INFO] [stdout] 
[INFO] [stdout] error[E0425]: cannot find function, tuple struct or tuple variant `First` in this scope
[INFO] [stdout]     --> src/lib.rs:1951:46
[INFO] [stdout]      |
[INFO] [stdout] 1951 |             simd_swizzle!(self_c0, self_c2, [First(0), First(2), Second(0), Second(2)])
[INFO] [stdout]      |                                              ^^^^^ not found in this scope
[INFO] [stdout] 
[INFO] [stdout] 
[INFO] [stdout] error[E0425]: cannot find function, tuple struct or tuple variant `First` in this scope
[INFO] [stdout]     --> src/lib.rs:1951:56
[INFO] [stdout]      |
[INFO] [stdout] 1951 |             simd_swizzle!(self_c0, self_c2, [First(0), First(2), Second(0), Second(2)])
[INFO] [stdout]      |                                                        ^^^^^ not found in this scope
[INFO] [stdout] 
[INFO] [stdout] 
[INFO] [stdout] error[E0425]: cannot find function, tuple struct or tuple variant `Second` in this scope
[INFO] [stdout]     --> src/lib.rs:1951:66
[INFO] [stdout]      |
[INFO] [stdout] 1951 |             simd_swizzle!(self_c0, self_c2, [First(0), First(2), Second(0), Second(2)])
[INFO] [stdout]      |                                                                  ^^^^^^ not found in this scope
[INFO] [stdout] 
[INFO] [stdout] 
[INFO] [stdout] error[E0425]: cannot find function, tuple struct or tuple variant `Second` in this scope
[INFO] [stdout]     --> src/lib.rs:1951:77
[INFO] [stdout]      |
[INFO] [stdout] 1951 |             simd_swizzle!(self_c0, self_c2, [First(0), First(2), Second(0), Second(2)])
[INFO] [stdout]      |                                                                             ^^^^^^ not found in this scope
[INFO] [stdout] 
[INFO] [stdout] 
[INFO] [stdout] error[E0425]: cannot find function, tuple struct or tuple variant `First` in this scope
[INFO] [stdout]     --> src/lib.rs:1952:52
[INFO] [stdout]      |
[INFO] [stdout] 1952 |                 * simd_swizzle!(self_c1, self_c3, [First(1), First(3), Second(1), Second(3)])
[INFO] [stdout]      |                                                    ^^^^^ not found in this scope
[INFO] [stdout] 
[INFO] [stdout] 
[INFO] [stdout] error[E0425]: cannot find function, tuple struct or tuple variant `First` in this scope
[INFO] [stdout]     --> src/lib.rs:1952:62
[INFO] [stdout]      |
[INFO] [stdout] 1952 |                 * simd_swizzle!(self_c1, self_c3, [First(1), First(3), Second(1), Second(3)])
[INFO] [stdout]      |                                                              ^^^^^ not found in this scope
[INFO] [stdout] 
[INFO] [stdout] 
[INFO] [stdout] error[E0425]: cannot find function, tuple struct or tuple variant `Second` in this scope
[INFO] [stdout]     --> src/lib.rs:1952:72
[INFO] [stdout]      |
[INFO] [stdout] 1952 |                 * simd_swizzle!(self_c1, self_c3, [First(1), First(3), Second(1), Second(3)])
[INFO] [stdout]      |                                                                        ^^^^^^ not found in this scope
[INFO] [stdout] 
[INFO] [stdout] 
[INFO] [stdout] error[E0425]: cannot find function, tuple struct or tuple variant `Second` in this scope
[INFO] [stdout]     --> src/lib.rs:1952:83
[INFO] [stdout]      |
[INFO] [stdout] 1952 |                 * simd_swizzle!(self_c1, self_c3, [First(1), First(3), Second(1), Second(3)])
[INFO] [stdout]      |                                                                                   ^^^^^^ not found in this scope
[INFO] [stdout] 
[INFO] [stdout] 
[INFO] [stdout] error[E0425]: cannot find function, tuple struct or tuple variant `First` in this scope
[INFO] [stdout]     --> src/lib.rs:1954:46
[INFO] [stdout]      |
[INFO] [stdout] 1954 |             simd_swizzle!(self_c0, self_c2, [First(1), First(3), Second(1), Second(3)])
[INFO] [stdout]      |                                              ^^^^^ not found in this scope
[INFO] [stdout] 
[INFO] [stdout] 
[INFO] [stdout] error[E0425]: cannot find function, tuple struct or tuple variant `First` in this scope
[INFO] [stdout]     --> src/lib.rs:1954:56
[INFO] [stdout]      |
[INFO] [stdout] 1954 |             simd_swizzle!(self_c0, self_c2, [First(1), First(3), Second(1), Second(3)])
[INFO] [stdout]      |                                                        ^^^^^ not found in this scope
[INFO] [stdout] 
[INFO] [stdout] 
[INFO] [stdout] error[E0425]: cannot find function, tuple struct or tuple variant `Second` in this scope
[INFO] [stdout]     --> src/lib.rs:1954:66
[INFO] [stdout]      |
[INFO] [stdout] 1954 |             simd_swizzle!(self_c0, self_c2, [First(1), First(3), Second(1), Second(3)])
[INFO] [stdout]      |                                                                  ^^^^^^ not found in this scope
[INFO] [stdout] 
[INFO] [stdout] 
[INFO] [stdout] error[E0425]: cannot find function, tuple struct or tuple variant `Second` in this scope
[INFO] [stdout]     --> src/lib.rs:1954:77
[INFO] [stdout]      |
[INFO] [stdout] 1954 |             simd_swizzle!(self_c0, self_c2, [First(1), First(3), Second(1), Second(3)])
[INFO] [stdout]      |                                                                             ^^^^^^ not found in this scope
[INFO] [stdout] 
[INFO] [stdout] 
[INFO] [stdout] error[E0425]: cannot find function, tuple struct or tuple variant `First` in this scope
[INFO] [stdout]     --> src/lib.rs:1955:52
[INFO] [stdout]      |
[INFO] [stdout] 1955 |                 * simd_swizzle!(self_c1, self_c3, [First(0), First(2), Second(0), Second(2)])
[INFO] [stdout]      |                                                    ^^^^^ not found in this scope
[INFO] [stdout] 
[INFO] [stdout] 
[INFO] [stdout] error[E0425]: cannot find function, tuple struct or tuple variant `First` in this scope
[INFO] [stdout]     --> src/lib.rs:1955:62
[INFO] [stdout]      |
[INFO] [stdout] 1955 |                 * simd_swizzle!(self_c1, self_c3, [First(0), First(2), Second(0), Second(2)])
[INFO] [stdout]      |                                                              ^^^^^ not found in this scope
[INFO] [stdout] 
[INFO] [stdout] 
[INFO] [stdout] error[E0425]: cannot find function, tuple struct or tuple variant `Second` in this scope
[INFO] [stdout]     --> src/lib.rs:1955:72
[INFO] [stdout]      |
[INFO] [stdout] 1955 |                 * simd_swizzle!(self_c1, self_c3, [First(0), First(2), Second(0), Second(2)])
[INFO] [stdout]      |                                                                        ^^^^^^ not found in this scope
[INFO] [stdout] 
[INFO] [stdout] 
[INFO] [stdout] error[E0425]: cannot find function, tuple struct or tuple variant `Second` in this scope
[INFO] [stdout]     --> src/lib.rs:1955:83
[INFO] [stdout]      |
[INFO] [stdout] 1955 |                 * simd_swizzle!(self_c1, self_c3, [First(0), First(2), Second(0), Second(2)])
[INFO] [stdout]      |                                                                                   ^^^^^^ not found in this scope
[INFO] [stdout] 
[INFO] [stdout] 
[INFO] [stdout] error[E0425]: cannot find function, tuple struct or tuple variant `First` in this scope
[INFO] [stdout]     --> src/lib.rs:2001:39
[INFO] [stdout]      |
[INFO] [stdout] 2001 |         let c0 = simd_swizzle!(x, y, [First(3), First(1), Second(3), Second(1)]);
[INFO] [stdout]      |                                       ^^^^^ not found in this scope
[INFO] [stdout] 
[INFO] [stdout] 
[INFO] [stdout] error[E0425]: cannot find function, tuple struct or tuple variant `First` in this scope
[INFO] [stdout]     --> src/lib.rs:2001:49
[INFO] [stdout]      |
[INFO] [stdout] 2001 |         let c0 = simd_swizzle!(x, y, [First(3), First(1), Second(3), Second(1)]);
[INFO] [stdout]      |                                                 ^^^^^ not found in this scope
[INFO] [stdout] 
[INFO] [stdout] 
[INFO] [stdout] error[E0425]: cannot find function, tuple struct or tuple variant `Second` in this scope
[INFO] [stdout]     --> src/lib.rs:2001:59
[INFO] [stdout]      |
[INFO] [stdout] 2001 |         let c0 = simd_swizzle!(x, y, [First(3), First(1), Second(3), Second(1)]);
[INFO] [stdout]      |                                                           ^^^^^^ not found in this scope
[INFO] [stdout] 
[INFO] [stdout] 
[INFO] [stdout] error[E0425]: cannot find function, tuple struct or tuple variant `Second` in this scope
[INFO] [stdout]     --> src/lib.rs:2001:70
[INFO] [stdout]      |
[INFO] [stdout] 2001 |         let c0 = simd_swizzle!(x, y, [First(3), First(1), Second(3), Second(1)]);
[INFO] [stdout]      |                                                                      ^^^^^^ not found in this scope
[INFO] [stdout] 
[INFO] [stdout] 
[INFO] [stdout] error[E0425]: cannot find function, tuple struct or tuple variant `First` in this scope
[INFO] [stdout]     --> src/lib.rs:2002:39
[INFO] [stdout]      |
[INFO] [stdout] 2002 |         let c1 = simd_swizzle!(x, y, [First(2), First(0), Second(2), Second(0)]);
[INFO] [stdout]      |                                       ^^^^^ not found in this scope
[INFO] [stdout] 
[INFO] [stdout] 
[INFO] [stdout] error[E0425]: cannot find function, tuple struct or tuple variant `First` in this scope
[INFO] [stdout]     --> src/lib.rs:2002:49
[INFO] [stdout]      |
[INFO] [stdout] 2002 |         let c1 = simd_swizzle!(x, y, [First(2), First(0), Second(2), Second(0)]);
[INFO] [stdout]      |                                                 ^^^^^ not found in this scope
[INFO] [stdout] 
[INFO] [stdout] 
[INFO] [stdout] error[E0425]: cannot find function, tuple struct or tuple variant `Second` in this scope
[INFO] [stdout]     --> src/lib.rs:2002:59
[INFO] [stdout]      |
[INFO] [stdout] 2002 |         let c1 = simd_swizzle!(x, y, [First(2), First(0), Second(2), Second(0)]);
[INFO] [stdout]      |                                                           ^^^^^^ not found in this scope
[INFO] [stdout] 
[INFO] [stdout] 
[INFO] [stdout] error[E0425]: cannot find function, tuple struct or tuple variant `Second` in this scope
[INFO] [stdout]     --> src/lib.rs:2002:70
[INFO] [stdout]      |
[INFO] [stdout] 2002 |         let c1 = simd_swizzle!(x, y, [First(2), First(0), Second(2), Second(0)]);
[INFO] [stdout]      |                                                                      ^^^^^^ not found in this scope
[INFO] [stdout] 
[INFO] [stdout] 
[INFO] [stdout] error[E0425]: cannot find function, tuple struct or tuple variant `First` in this scope
[INFO] [stdout]     --> src/lib.rs:2003:39
[INFO] [stdout]      |
[INFO] [stdout] 2003 |         let c2 = simd_swizzle!(z, w, [First(3), First(1), Second(3), Second(1)]);
[INFO] [stdout]      |                                       ^^^^^ not found in this scope
[INFO] [stdout] 
[INFO] [stdout] 
[INFO] [stdout] error[E0425]: cannot find function, tuple struct or tuple variant `First` in this scope
[INFO] [stdout]     --> src/lib.rs:2003:49
[INFO] [stdout]      |
[INFO] [stdout] 2003 |         let c2 = simd_swizzle!(z, w, [First(3), First(1), Second(3), Second(1)]);
[INFO] [stdout]      |                                                 ^^^^^ not found in this scope
[INFO] [stdout] 
[INFO] [stdout] 
[INFO] [stdout] error[E0425]: cannot find function, tuple struct or tuple variant `Second` in this scope
[INFO] [stdout]     --> src/lib.rs:2003:59
[INFO] [stdout]      |
[INFO] [stdout] 2003 |         let c2 = simd_swizzle!(z, w, [First(3), First(1), Second(3), Second(1)]);
[INFO] [stdout]      |                                                           ^^^^^^ not found in this scope
[INFO] [stdout] 
[INFO] [stdout] 
[INFO] [stdout] error[E0425]: cannot find function, tuple struct or tuple variant `Second` in this scope
[INFO] [stdout]     --> src/lib.rs:2003:70
[INFO] [stdout]      |
[INFO] [stdout] 2003 |         let c2 = simd_swizzle!(z, w, [First(3), First(1), Second(3), Second(1)]);
[INFO] [stdout]      |                                                                      ^^^^^^ not found in this scope
[INFO] [stdout] 
[INFO] [stdout] 
[INFO] [stdout] error[E0425]: cannot find function, tuple struct or tuple variant `First` in this scope
[INFO] [stdout]     --> src/lib.rs:2004:39
[INFO] [stdout]      |
[INFO] [stdout] 2004 |         let c3 = simd_swizzle!(z, w, [First(2), First(0), Second(2), Second(0)]);
[INFO] [stdout]      |                                       ^^^^^ not found in this scope
[INFO] [stdout] 
[INFO] [stdout] 
[INFO] [stdout] error[E0425]: cannot find function, tuple struct or tuple variant `First` in this scope
[INFO] [stdout]     --> src/lib.rs:2004:49
[INFO] [stdout]      |
[INFO] [stdout] 2004 |         let c3 = simd_swizzle!(z, w, [First(2), First(0), Second(2), Second(0)]);
[INFO] [stdout]      |                                                 ^^^^^ not found in this scope
[INFO] [stdout] 
[INFO] [stdout] 
[INFO] [stdout] error[E0425]: cannot find function, tuple struct or tuple variant `Second` in this scope
[INFO] [stdout]     --> src/lib.rs:2004:59
[INFO] [stdout]      |
[INFO] [stdout] 2004 |         let c3 = simd_swizzle!(z, w, [First(2), First(0), Second(2), Second(0)]);
[INFO] [stdout]      |                                                           ^^^^^^ not found in this scope
[INFO] [stdout] 
[INFO] [stdout] 
[INFO] [stdout] error[E0425]: cannot find function, tuple struct or tuple variant `Second` in this scope
[INFO] [stdout]     --> src/lib.rs:2004:70
[INFO] [stdout]      |
[INFO] [stdout] 2004 |         let c3 = simd_swizzle!(z, w, [First(2), First(0), Second(2), Second(0)]);
[INFO] [stdout]      |                                                                      ^^^^^^ not found in this scope
[INFO] [stdout] 
[INFO] [stdout] 
[INFO] [stdout] error: aborting due to 102 previous errors
[INFO] [stdout] 
[INFO] [stdout] 
[INFO] [stdout] Some errors have detailed explanations: E0425, E0432, E0554.
[INFO] [stdout] 
[INFO] [stdout] For more information about an error, try `rustc --explain E0425`.
[INFO] [stdout] 
[INFO] [stderr] error: could not compile `slender-math` (lib) due to 103 previous errors
[INFO] running `Command { std: "docker" "inspect" "7bdd19cd540922d3a96a7c4895774baef8e4892937a0c790c8e3aa52aa8a3a14", kill_on_drop: false }`
[INFO] running `Command { std: "docker" "rm" "-f" "7bdd19cd540922d3a96a7c4895774baef8e4892937a0c790c8e3aa52aa8a3a14", kill_on_drop: false }`
[INFO] [stdout] 7bdd19cd540922d3a96a7c4895774baef8e4892937a0c790c8e3aa52aa8a3a14
