[INFO] fetching crate sleigh 0.1.0...
[INFO] testing sleigh-0.1.0 against 1.75.0 for beta-1.76-1
[INFO] extracting crate sleigh 0.1.0 into /workspace/builds/worker-4-tc1/source
[INFO] validating manifest of crates.io crate sleigh 0.1.0 on toolchain 1.75.0
[INFO] running `Command { std: CARGO_HOME="/workspace/cargo-home" RUSTUP_HOME="/workspace/rustup-home" "/workspace/cargo-home/bin/cargo" "+1.75.0" "metadata" "--manifest-path" "Cargo.toml" "--no-deps", kill_on_drop: false }`
[INFO] started tweaking crates.io crate sleigh 0.1.0
[INFO] finished tweaking crates.io crate sleigh 0.1.0
[INFO] tweaked toml for crates.io crate sleigh 0.1.0 written to /workspace/builds/worker-4-tc1/source/Cargo.toml
[INFO] running `Command { std: CARGO_HOME="/workspace/cargo-home" RUSTUP_HOME="/workspace/rustup-home" "/workspace/cargo-home/bin/cargo" "+1.75.0" "generate-lockfile" "--manifest-path" "Cargo.toml", kill_on_drop: false }`
[INFO] [stderr]     Updating crates.io index
[INFO] running `Command { std: CARGO_HOME="/workspace/cargo-home" RUSTUP_HOME="/workspace/rustup-home" "/workspace/cargo-home/bin/cargo" "+1.75.0" "fetch" "--manifest-path" "Cargo.toml", kill_on_drop: false }`
[INFO] [stderr]  Downloading crates ...
[INFO] [stderr]   Downloaded sleigh-sys v0.1.0
[INFO] running `Command { std: "docker" "create" "-v" "/var/lib/crater-agent-workspace/builds/worker-4-tc1/target:/opt/rustwide/target:rw,Z" "-v" "/var/lib/crater-agent-workspace/builds/worker-4-tc1/source:/opt/rustwide/workdir:ro,Z" "-v" "/var/lib/crater-agent-workspace/cargo-home:/opt/rustwide/cargo-home:ro,Z" "-v" "/var/lib/crater-agent-workspace/rustup-home:/opt/rustwide/rustup-home:ro,Z" "-e" "SOURCE_DIR=/opt/rustwide/workdir" "-e" "CARGO_TARGET_DIR=/opt/rustwide/target" "-e" "CARGO_HOME=/opt/rustwide/cargo-home" "-e" "RUSTUP_HOME=/opt/rustwide/rustup-home" "-w" "/opt/rustwide/workdir" "-m" "1610612736" "--user" "0:0" "--network" "none" "ghcr.io/rust-lang/crates-build-env/linux@sha256:2788e3201cd34a07e3172128adcd8b3090168a8e3bcc40d7c032b9dda1df7d1c" "/opt/rustwide/cargo-home/bin/cargo" "+1.75.0" "metadata" "--no-deps" "--format-version=1", kill_on_drop: false }`
[INFO] [stdout] 3f1a90567a95eff91d5377c44edf909e936effb4292b7ba28657cdb8a74d9608
[INFO] running `Command { std: "docker" "start" "-a" "3f1a90567a95eff91d5377c44edf909e936effb4292b7ba28657cdb8a74d9608", kill_on_drop: false }`
[INFO] running `Command { std: "docker" "inspect" "3f1a90567a95eff91d5377c44edf909e936effb4292b7ba28657cdb8a74d9608", kill_on_drop: false }`
[INFO] running `Command { std: "docker" "rm" "-f" "3f1a90567a95eff91d5377c44edf909e936effb4292b7ba28657cdb8a74d9608", kill_on_drop: false }`
[INFO] [stdout] 3f1a90567a95eff91d5377c44edf909e936effb4292b7ba28657cdb8a74d9608
[INFO] running `Command { std: "docker" "create" "-v" "/var/lib/crater-agent-workspace/builds/worker-4-tc1/target:/opt/rustwide/target:rw,Z" "-v" "/var/lib/crater-agent-workspace/builds/worker-4-tc1/source:/opt/rustwide/workdir:ro,Z" "-v" "/var/lib/crater-agent-workspace/cargo-home:/opt/rustwide/cargo-home:ro,Z" "-v" "/var/lib/crater-agent-workspace/rustup-home:/opt/rustwide/rustup-home:ro,Z" "-e" "SOURCE_DIR=/opt/rustwide/workdir" "-e" "CARGO_TARGET_DIR=/opt/rustwide/target" "-e" "CARGO_INCREMENTAL=0" "-e" "RUST_BACKTRACE=full" "-e" "RUSTFLAGS=--cap-lints=warn" "-e" "RUSTDOCFLAGS=--cap-lints=warn" "-e" "CARGO_HOME=/opt/rustwide/cargo-home" "-e" "RUSTUP_HOME=/opt/rustwide/rustup-home" "-w" "/opt/rustwide/workdir" "-m" "1610612736" "--user" "0:0" "--network" "none" "ghcr.io/rust-lang/crates-build-env/linux@sha256:2788e3201cd34a07e3172128adcd8b3090168a8e3bcc40d7c032b9dda1df7d1c" "/opt/rustwide/cargo-home/bin/cargo" "+1.75.0" "build" "--frozen" "--message-format=json", kill_on_drop: false }`
[INFO] [stdout] 1ec14ad1d4dc264f1a651a0cae7574f8bf64f09c303fbdad4ca8d2e5ed23acd1
[INFO] running `Command { std: "docker" "start" "-a" "1ec14ad1d4dc264f1a651a0cae7574f8bf64f09c303fbdad4ca8d2e5ed23acd1", kill_on_drop: false }`
[INFO] [stderr]    Compiling libc v0.2.151
[INFO] [stderr]    Compiling proc-macro2 v1.0.75
[INFO] [stderr]    Compiling num-traits v0.2.17
[INFO] [stderr]    Compiling num-integer v0.1.45
[INFO] [stderr]    Compiling scratch v1.0.7
[INFO] [stderr]    Compiling num-bigint v0.4.4
[INFO] [stderr]    Compiling unicode-width v0.1.11
[INFO] [stderr]    Compiling termcolor v1.4.0
[INFO] [stderr]    Compiling cxxbridge-flags v1.0.114
[INFO] [stderr]    Compiling num-rational v0.4.1
[INFO] [stderr]    Compiling codespan-reporting v0.11.1
[INFO] [stderr]    Compiling num-iter v0.1.43
[INFO] [stderr]    Compiling build_const v0.2.2
[INFO] [stderr]    Compiling syn v1.0.109
[INFO] [stderr]    Compiling once_cell v1.19.0
[INFO] [stderr]    Compiling crc v1.8.1
[INFO] [stderr]    Compiling lazy_static v1.4.0
[INFO] [stderr]    Compiling byteorder v1.5.0
[INFO] [stderr]    Compiling quote v1.0.35
[INFO] [stderr]    Compiling lzma-rs v0.2.0
[INFO] [stderr]    Compiling syn v2.0.48
[INFO] [stderr]    Compiling jobserver v0.1.27
[INFO] [stderr]    Compiling cc v1.0.83
[INFO] [stderr]    Compiling num-complex v0.4.4
[INFO] [stderr]    Compiling link-cplusplus v1.0.9
[INFO] [stderr]    Compiling cxx v1.0.114
[INFO] [stderr]    Compiling num-derive v0.3.3
[INFO] [stderr]    Compiling cxx-build v1.0.114
[INFO] [stderr]    Compiling num v0.4.1
[INFO] [stderr]    Compiling cxxbridge-macro v1.0.114
[INFO] [stderr]    Compiling sleigh-sys v0.1.0
[INFO] [stderr] The following warnings were emitted during compilation:
[INFO] [stderr] 
[INFO] [stderr] warning: sleigh-sys@0.1.0: c++: fatal error: Killed signal terminated program cc1plus
[INFO] [stderr] warning: sleigh-sys@0.1.0: compilation terminated.
[INFO] [stderr] warning: sleigh-sys@0.1.0: ToolExecError: Command "c++" "-O0" "-ffunction-sections" "-fdata-sections" "-fPIC" "-gdwarf-4" "-fno-omit-frame-pointer" "-m64" "-I" "/opt/rustwide/target/debug/build/sleigh-sys-e188278851a01f7b/out/cxxbridge/include" "-I" "/opt/rustwide/target/debug/build/sleigh-sys-e188278851a01f7b/out/cxxbridge/crate" "-I" "decompiler" "-I" "bridge" "-lbfd -lz" "-std=c++14" "-DPACKAGE=cppserver" "-o" "/opt/rustwide/target/debug/build/sleigh-sys-e188278851a01f7b/out/decompiler/architecture.o" "-c" "decompiler/architecture.cc" with args "c++" did not execute successfully (status code exit status: 1).running: "c++" "-O0" "-ffunction-sections" "-fdata-sections" "-fPIC" "-gdwarf-4" "-fno-omit-frame-pointer" "-m64" "-I" "/opt/rustwide/target/debug/build/sleigh-sys-e188278851a01f7b/out/cxxbridge/include" "-I" "/opt/rustwide/target/debug/build/sleigh-sys-e188278851a01f7b/out/cxxbridge/crate" "-I" "decompiler" "-I" "bridge" "-lbfd -lz" "-std=c++14" "-DPACKAGE=cppserver" "-o" "/opt/rustwide/target/debug/build/sleigh-sys-e188278851a01f7b/out/decompiler/varnode.o" "-c" "decompiler/varnode.cc"
[INFO] [stderr] warning: sleigh-sys@0.1.0: c++: fatal error: Killed signal terminated program cc1plus
[INFO] [stderr] warning: sleigh-sys@0.1.0: compilation terminated.
[INFO] [stderr] warning: sleigh-sys@0.1.0: ToolExecError: Command "c++" "-O0" "-ffunction-sections" "-fdata-sections" "-fPIC" "-gdwarf-4" "-fno-omit-frame-pointer" "-m64" "-I" "/opt/rustwide/target/debug/build/sleigh-sys-e188278851a01f7b/out/cxxbridge/include" "-I" "/opt/rustwide/target/debug/build/sleigh-sys-e188278851a01f7b/out/cxxbridge/crate" "-I" "decompiler" "-I" "bridge" "-lbfd -lz" "-std=c++14" "-DPACKAGE=cppserver" "-o" "/opt/rustwide/target/debug/build/sleigh-sys-e188278851a01f7b/out/decompiler/database.o" "-c" "decompiler/database.cc" with args "c++" did not execute successfully (status code exit status: 1).running: "c++" "-O0" "-ffunction-sections" "-fdata-sections" "-fPIC" "-gdwarf-4" "-fno-omit-frame-pointer" "-m64" "-I" "/opt/rustwide/target/debug/build/sleigh-sys-e188278851a01f7b/out/cxxbridge/include" "-I" "/opt/rustwide/target/debug/build/sleigh-sys-e188278851a01f7b/out/cxxbridge/crate" "-I" "decompiler" "-I" "bridge" "-lbfd -lz" "-std=c++14" "-DPACKAGE=cppserver" "-o" "/opt/rustwide/target/debug/build/sleigh-sys-e188278851a01f7b/out/decompiler/type.o" "-c" "decompiler/type.cc"
[INFO] [stderr] warning: sleigh-sys@0.1.0: c++: fatal error: Killed signal terminated program cc1plus
[INFO] [stderr] warning: sleigh-sys@0.1.0: compilation terminated.
[INFO] [stderr] warning: sleigh-sys@0.1.0: ToolExecError: Command "c++" "-O0" "-ffunction-sections" "-fdata-sections" "-fPIC" "-gdwarf-4" "-fno-omit-frame-pointer" "-m64" "-I" "/opt/rustwide/target/debug/build/sleigh-sys-e188278851a01f7b/out/cxxbridge/include" "-I" "/opt/rustwide/target/debug/build/sleigh-sys-e188278851a01f7b/out/cxxbridge/crate" "-I" "decompiler" "-I" "bridge" "-lbfd -lz" "-std=c++14" "-DPACKAGE=cppserver" "-o" "/opt/rustwide/target/debug/build/sleigh-sys-e188278851a01f7b/out/decompiler/fspec.o" "-c" "decompiler/fspec.cc" with args "c++" did not execute successfully (status code exit status: 1).running: "c++" "-O0" "-ffunction-sections" "-fdata-sections" "-fPIC" "-gdwarf-4" "-fno-omit-frame-pointer" "-m64" "-I" "/opt/rustwide/target/debug/build/sleigh-sys-e188278851a01f7b/out/cxxbridge/include" "-I" "/opt/rustwide/target/debug/build/sleigh-sys-e188278851a01f7b/out/cxxbridge/crate" "-I" "decompiler" "-I" "bridge" "-lbfd -lz" "-std=c++14" "-DPACKAGE=cppserver" "-o" "/opt/rustwide/target/debug/build/sleigh-sys-e188278851a01f7b/out/decompiler/emulate.o" "-c" "decompiler/emulate.cc"
[INFO] [stderr] warning: sleigh-sys@0.1.0: c++: fatal error: Killed signal terminated program cc1plus
[INFO] [stderr] warning: sleigh-sys@0.1.0: compilation terminated.
[INFO] [stderr] warning: sleigh-sys@0.1.0: ToolExecError: Command "c++" "-O0" "-ffunction-sections" "-fdata-sections" "-fPIC" "-gdwarf-4" "-fno-omit-frame-pointer" "-m64" "-I" "/opt/rustwide/target/debug/build/sleigh-sys-e188278851a01f7b/out/cxxbridge/include" "-I" "/opt/rustwide/target/debug/build/sleigh-sys-e188278851a01f7b/out/cxxbridge/crate" "-I" "decompiler" "-I" "bridge" "-lbfd -lz" "-std=c++14" "-DPACKAGE=cppserver" "-o" "/opt/rustwide/target/debug/build/sleigh-sys-e188278851a01f7b/out/decompiler/type.o" "-c" "decompiler/type.cc" with args "c++" did not execute successfully (status code exit status: 1).running: "c++" "-O0" "-ffunction-sections" "-fdata-sections" "-fPIC" "-gdwarf-4" "-fno-omit-frame-pointer" "-m64" "-I" "/opt/rustwide/target/debug/build/sleigh-sys-e188278851a01f7b/out/cxxbridge/include" "-I" "/opt/rustwide/target/debug/build/sleigh-sys-e188278851a01f7b/out/cxxbridge/crate" "-I" "decompiler" "-I" "bridge" "-lbfd -lz" "-std=c++14" "-DPACKAGE=cppserver" "-o" "/opt/rustwide/target/debug/build/sleigh-sys-e188278851a01f7b/out/decompiler/funcdata_varnode.o" "-c" "decompiler/funcdata_varnode.cc"
[INFO] [stderr] warning: sleigh-sys@0.1.0: c++: fatal error: Killed signal terminated program cc1plus
[INFO] [stderr] warning: sleigh-sys@0.1.0: compilation terminated.
[INFO] [stderr] warning: sleigh-sys@0.1.0: ToolExecError: Command "c++" "-O0" "-ffunction-sections" "-fdata-sections" "-fPIC" "-gdwarf-4" "-fno-omit-frame-pointer" "-m64" "-I" "/opt/rustwide/target/debug/build/sleigh-sys-e188278851a01f7b/out/cxxbridge/include" "-I" "/opt/rustwide/target/debug/build/sleigh-sys-e188278851a01f7b/out/cxxbridge/crate" "-I" "decompiler" "-I" "bridge" "-lbfd -lz" "-std=c++14" "-DPACKAGE=cppserver" "-o" "/opt/rustwide/target/debug/build/sleigh-sys-e188278851a01f7b/out/decompiler/jumptable.o" "-c" "decompiler/jumptable.cc" with args "c++" did not execute successfully (status code exit status: 1).running: "c++" "-O0" "-ffunction-sections" "-fdata-sections" "-fPIC" "-gdwarf-4" "-fno-omit-frame-pointer" "-m64" "-I" "/opt/rustwide/target/debug/build/sleigh-sys-e188278851a01f7b/out/cxxbridge/include" "-I" "/opt/rustwide/target/debug/build/sleigh-sys-e188278851a01f7b/out/cxxbridge/crate" "-I" "decompiler" "-I" "bridge" "-lbfd -lz" "-std=c++14" "-DPACKAGE=cppserver" "-o" "/opt/rustwide/target/debug/build/sleigh-sys-e188278851a01f7b/out/decompiler/heritage.o" "-c" "decompiler/heritage.cc"
[INFO] [stderr] warning: sleigh-sys@0.1.0: c++: fatal error: Killed signal terminated program cc1plus
[INFO] [stderr] warning: sleigh-sys@0.1.0: compilation terminated.
[INFO] [stderr] warning: sleigh-sys@0.1.0: ToolExecError: Command "c++" "-O0" "-ffunction-sections" "-fdata-sections" "-fPIC" "-gdwarf-4" "-fno-omit-frame-pointer" "-m64" "-I" "/opt/rustwide/target/debug/build/sleigh-sys-e188278851a01f7b/out/cxxbridge/include" "-I" "/opt/rustwide/target/debug/build/sleigh-sys-e188278851a01f7b/out/cxxbridge/crate" "-I" "decompiler" "-I" "bridge" "-lbfd -lz" "-std=c++14" "-DPACKAGE=cppserver" "-o" "/opt/rustwide/target/debug/build/sleigh-sys-e188278851a01f7b/out/decompiler/funcdata_block.o" "-c" "decompiler/funcdata_block.cc" with args "c++" did not execute successfully (status code exit status: 1).running: "c++" "-O0" "-ffunction-sections" "-fdata-sections" "-fPIC" "-gdwarf-4" "-fno-omit-frame-pointer" "-m64" "-I" "/opt/rustwide/target/debug/build/sleigh-sys-e188278851a01f7b/out/cxxbridge/include" "-I" "/opt/rustwide/target/debug/build/sleigh-sys-e188278851a01f7b/out/cxxbridge/crate" "-I" "decompiler" "-I" "bridge" "-lbfd -lz" "-std=c++14" "-DPACKAGE=cppserver" "-o" "/opt/rustwide/target/debug/build/sleigh-sys-e188278851a01f7b/out/decompiler/subflow.o" "-c" "decompiler/subflow.cc"
[INFO] [stderr] warning: sleigh-sys@0.1.0: c++: fatal error: Killed signal terminated program cc1plus
[INFO] [stderr] warning: sleigh-sys@0.1.0: compilation terminated.
[INFO] [stderr] warning: sleigh-sys@0.1.0: ToolExecError: Command "c++" "-O0" "-ffunction-sections" "-fdata-sections" "-fPIC" "-gdwarf-4" "-fno-omit-frame-pointer" "-m64" "-I" "/opt/rustwide/target/debug/build/sleigh-sys-e188278851a01f7b/out/cxxbridge/include" "-I" "/opt/rustwide/target/debug/build/sleigh-sys-e188278851a01f7b/out/cxxbridge/crate" "-I" "decompiler" "-I" "bridge" "-lbfd -lz" "-std=c++14" "-DPACKAGE=cppserver" "-o" "/opt/rustwide/target/debug/build/sleigh-sys-e188278851a01f7b/out/decompiler/ruleaction.o" "-c" "decompiler/ruleaction.cc" with args "c++" did not execute successfully (status code exit status: 1).running: "c++" "-O0" "-ffunction-sections" "-fdata-sections" "-fPIC" "-gdwarf-4" "-fno-omit-frame-pointer" "-m64" "-I" "/opt/rustwide/target/debug/build/sleigh-sys-e188278851a01f7b/out/cxxbridge/include" "-I" "/opt/rustwide/target/debug/build/sleigh-sys-e188278851a01f7b/out/cxxbridge/crate" "-I" "decompiler" "-I" "bridge" "-lbfd -lz" "-std=c++14" "-DPACKAGE=cppserver" "-o" "/opt/rustwide/target/debug/build/sleigh-sys-e188278851a01f7b/out/decompiler/dynamic.o" "-c" "decompiler/dynamic.cc"
[INFO] [stderr] warning: sleigh-sys@0.1.0: c++: fatal error: Killed signal terminated program cc1plus
[INFO] [stderr] warning: sleigh-sys@0.1.0: compilation terminated.
[INFO] [stderr] warning: sleigh-sys@0.1.0: ToolExecError: Command "c++" "-O0" "-ffunction-sections" "-fdata-sections" "-fPIC" "-gdwarf-4" "-fno-omit-frame-pointer" "-m64" "-I" "/opt/rustwide/target/debug/build/sleigh-sys-e188278851a01f7b/out/cxxbridge/include" "-I" "/opt/rustwide/target/debug/build/sleigh-sys-e188278851a01f7b/out/cxxbridge/crate" "-I" "decompiler" "-I" "bridge" "-lbfd -lz" "-std=c++14" "-DPACKAGE=cppserver" "-o" "/opt/rustwide/target/debug/build/sleigh-sys-e188278851a01f7b/out/decompiler/blockaction.o" "-c" "decompiler/blockaction.cc" with args "c++" did not execute successfully (status code exit status: 1).running: "c++" "-O0" "-ffunction-sections" "-fdata-sections" "-fPIC" "-gdwarf-4" "-fno-omit-frame-pointer" "-m64" "-I" "/opt/rustwide/target/debug/build/sleigh-sys-e188278851a01f7b/out/cxxbridge/include" "-I" "/opt/rustwide/target/debug/build/sleigh-sys-e188278851a01f7b/out/cxxbridge/crate" "-I" "decompiler" "-I" "bridge" "-lbfd -lz" "-std=c++14" "-DPACKAGE=cppserver" "-o" "/opt/rustwide/target/debug/build/sleigh-sys-e188278851a01f7b/out/decompiler/crc32.o" "-c" "decompiler/crc32.cc"
[INFO] [stderr] warning: sleigh-sys@0.1.0: c++: fatal error: Killed signal terminated program cc1plus
[INFO] [stderr] warning: sleigh-sys@0.1.0: compilation terminated.
[INFO] [stderr] warning: sleigh-sys@0.1.0: ToolExecError: Command "c++" "-O0" "-ffunction-sections" "-fdata-sections" "-fPIC" "-gdwarf-4" "-fno-omit-frame-pointer" "-m64" "-I" "/opt/rustwide/target/debug/build/sleigh-sys-e188278851a01f7b/out/cxxbridge/include" "-I" "/opt/rustwide/target/debug/build/sleigh-sys-e188278851a01f7b/out/cxxbridge/crate" "-I" "decompiler" "-I" "bridge" "-lbfd -lz" "-std=c++14" "-DPACKAGE=cppserver" "-o" "/opt/rustwide/target/debug/build/sleigh-sys-e188278851a01f7b/out/decompiler/subflow.o" "-c" "decompiler/subflow.cc" with args "c++" did not execute successfully (status code exit status: 1).running: "c++" "-O0" "-ffunction-sections" "-fdata-sections" "-fPIC" "-gdwarf-4" "-fno-omit-frame-pointer" "-m64" "-I" "/opt/rustwide/target/debug/build/sleigh-sys-e188278851a01f7b/out/cxxbridge/include" "-I" "/opt/rustwide/target/debug/build/sleigh-sys-e188278851a01f7b/out/cxxbridge/crate" "-I" "decompiler" "-I" "bridge" "-lbfd -lz" "-std=c++14" "-DPACKAGE=cppserver" "-o" "/opt/rustwide/target/debug/build/sleigh-sys-e188278851a01f7b/out/decompiler/printlanguage.o" "-c" "decompiler/printlanguage.cc"
[INFO] [stderr] warning: sleigh-sys@0.1.0: c++: fatal error: Killed signal terminated program cc1plus
[INFO] [stderr] warning: sleigh-sys@0.1.0: compilation terminated.
[INFO] [stderr] warning: sleigh-sys@0.1.0: ToolExecError: Command "c++" "-O0" "-ffunction-sections" "-fdata-sections" "-fPIC" "-gdwarf-4" "-fno-omit-frame-pointer" "-m64" "-I" "/opt/rustwide/target/debug/build/sleigh-sys-e188278851a01f7b/out/cxxbridge/include" "-I" "/opt/rustwide/target/debug/build/sleigh-sys-e188278851a01f7b/out/cxxbridge/crate" "-I" "decompiler" "-I" "bridge" "-lbfd -lz" "-std=c++14" "-DPACKAGE=cppserver" "-o" "/opt/rustwide/target/debug/build/sleigh-sys-e188278851a01f7b/out/decompiler/double.o" "-c" "decompiler/double.cc" with args "c++" did not execute successfully (status code exit status: 1).running: "c++" "-O0" "-ffunction-sections" "-fdata-sections" "-fPIC" "-gdwarf-4" "-fno-omit-frame-pointer" "-m64" "-I" "/opt/rustwide/target/debug/build/sleigh-sys-e188278851a01f7b/out/cxxbridge/include" "-I" "/opt/rustwide/target/debug/build/sleigh-sys-e188278851a01f7b/out/cxxbridge/crate" "-I" "decompiler" "-I" "bridge" "-lbfd -lz" "-std=c++14" "-DPACKAGE=cppserver" "-o" "/opt/rustwide/target/debug/build/sleigh-sys-e188278851a01f7b/out/decompiler/printc.o" "-c" "decompiler/printc.cc"
[INFO] [stderr] warning: sleigh-sys@0.1.0: c++: fatal error: Killed signal terminated program cc1plus
[INFO] [stderr] warning: sleigh-sys@0.1.0: compilation terminated.
[INFO] [stderr] warning: sleigh-sys@0.1.0: ToolExecError: Command "c++" "-O0" "-ffunction-sections" "-fdata-sections" "-fPIC" "-gdwarf-4" "-fno-omit-frame-pointer" "-m64" "-I" "/opt/rustwide/target/debug/build/sleigh-sys-e188278851a01f7b/out/cxxbridge/include" "-I" "/opt/rustwide/target/debug/build/sleigh-sys-e188278851a01f7b/out/cxxbridge/crate" "-I" "decompiler" "-I" "bridge" "-lbfd -lz" "-std=c++14" "-DPACKAGE=cppserver" "-o" "/opt/rustwide/target/debug/build/sleigh-sys-e188278851a01f7b/out/decompiler/coreaction.o" "-c" "decompiler/coreaction.cc" with args "c++" did not execute successfully (status code exit status: 1).running: "c++" "-O0" "-ffunction-sections" "-fdata-sections" "-fPIC" "-gdwarf-4" "-fno-omit-frame-pointer" "-m64" "-I" "/opt/rustwide/target/debug/build/sleigh-sys-e188278851a01f7b/out/cxxbridge/include" "-I" "/opt/rustwide/target/debug/build/sleigh-sys-e188278851a01f7b/out/cxxbridge/crate" "-I" "decompiler" "-I" "bridge" "-lbfd -lz" "-std=c++14" "-DPACKAGE=cppserver" "-o" "/opt/rustwide/target/debug/build/sleigh-sys-e188278851a01f7b/out/decompiler/opbehavior.o" "-c" "decompiler/opbehavior.cc"
[INFO] [stderr] 
[INFO] [stderr] error: failed to run custom build command for `sleigh-sys v0.1.0`
[INFO] [stderr] note: To improve backtraces for build dependencies, set the CARGO_PROFILE_DEV_BUILD_OVERRIDE_DEBUG=true environment variable to enable debug information generation.
[INFO] [stderr] 
[INFO] [stderr] Caused by:
[INFO] [stderr]   process didn't exit successfully: `/opt/rustwide/target/debug/build/sleigh-sys-2427339077e842dd/build-script-build` (exit status: 1)
[INFO] [stderr]   --- stdout
[INFO] [stderr]   cargo:CXXBRIDGE_PREFIX=sleigh-sys
[INFO] [stderr]   cargo:CXXBRIDGE_DIR0=/opt/rustwide/target/debug/build/sleigh-sys-e188278851a01f7b/out/cxxbridge/include
[INFO] [stderr]   cargo:CXXBRIDGE_DIR1=/opt/rustwide/target/debug/build/sleigh-sys-e188278851a01f7b/out/cxxbridge/crate
[INFO] [stderr]   TARGET = Some("x86_64-unknown-linux-gnu")
[INFO] [stderr]   OPT_LEVEL = Some("0")
[INFO] [stderr]   HOST = Some("x86_64-unknown-linux-gnu")
[INFO] [stderr]   cargo:rerun-if-env-changed=CXX_x86_64-unknown-linux-gnu
[INFO] [stderr]   CXX_x86_64-unknown-linux-gnu = None
[INFO] [stderr]   cargo:rerun-if-env-changed=CXX_x86_64_unknown_linux_gnu
[INFO] [stderr]   CXX_x86_64_unknown_linux_gnu = None
[INFO] [stderr]   cargo:rerun-if-env-changed=HOST_CXX
[INFO] [stderr]   HOST_CXX = None
[INFO] [stderr]   cargo:rerun-if-env-changed=CXX
[INFO] [stderr]   CXX = None
[INFO] [stderr]   cargo:rerun-if-env-changed=CRATE_CC_NO_DEFAULTS
[INFO] [stderr]   CRATE_CC_NO_DEFAULTS = None
[INFO] [stderr]   DEBUG = Some("true")
[INFO] [stderr]   CARGO_CFG_TARGET_FEATURE = Some("fxsr,sse,sse2")
[INFO] [stderr]   cargo:rerun-if-env-changed=CXXFLAGS_x86_64-unknown-linux-gnu
[INFO] [stderr]   CXXFLAGS_x86_64-unknown-linux-gnu = None
[INFO] [stderr]   cargo:rerun-if-env-changed=CXXFLAGS_x86_64_unknown_linux_gnu
[INFO] [stderr]   CXXFLAGS_x86_64_unknown_linux_gnu = None
[INFO] [stderr]   cargo:rerun-if-env-changed=HOST_CXXFLAGS
[INFO] [stderr]   HOST_CXXFLAGS = None
[INFO] [stderr]   cargo:rerun-if-env-changed=CXXFLAGS
[INFO] [stderr]   CXXFLAGS = None
[INFO] [stderr]   cargo:rerun-if-env-changed=CXX_x86_64-unknown-linux-gnu
[INFO] [stderr]   CXX_x86_64-unknown-linux-gnu = None
[INFO] [stderr]   cargo:rerun-if-env-changed=CXX_x86_64_unknown_linux_gnu
[INFO] [stderr]   CXX_x86_64_unknown_linux_gnu = None
[INFO] [stderr]   cargo:rerun-if-env-changed=HOST_CXX
[INFO] [stderr]   HOST_CXX = None
[INFO] [stderr]   cargo:rerun-if-env-changed=CXX
[INFO] [stderr]   CXX = None
[INFO] [stderr]   cargo:rerun-if-env-changed=CRATE_CC_NO_DEFAULTS
[INFO] [stderr]   CRATE_CC_NO_DEFAULTS = None
[INFO] [stderr]   CARGO_CFG_TARGET_FEATURE = Some("fxsr,sse,sse2")
[INFO] [stderr]   cargo:rerun-if-env-changed=CXXFLAGS_x86_64-unknown-linux-gnu
[INFO] [stderr]   CXXFLAGS_x86_64-unknown-linux-gnu = None
[INFO] [stderr]   cargo:rerun-if-env-changed=CXXFLAGS_x86_64_unknown_linux_gnu
[INFO] [stderr]   CXXFLAGS_x86_64_unknown_linux_gnu = None
[INFO] [stderr]   cargo:rerun-if-env-changed=HOST_CXXFLAGS
[INFO] [stderr]   HOST_CXXFLAGS = None
[INFO] [stderr]   cargo:rerun-if-env-changed=CXXFLAGS
[INFO] [stderr]   CXXFLAGS = None
[INFO] [stderr]   running: "c++" "-O0" "-ffunction-sections" "-fdata-sections" "-fPIC" "-gdwarf-4" "-fno-omit-frame-pointer" "-m64" "-I" "/opt/rustwide/target/debug/build/sleigh-sys-e188278851a01f7b/out/cxxbridge/include" "-I" "/opt/rustwide/target/debug/build/sleigh-sys-e188278851a01f7b/out/cxxbridge/crate" "-I" "decompiler" "-I" "bridge" "-lbfd -lz" "-std=c++14" "-DPACKAGE=cppserver" "-o" "/opt/rustwide/target/debug/build/sleigh-sys-e188278851a01f7b/out/94be08eddd14ba88-lib.rs.o" "-c" "/opt/rustwide/target/debug/build/sleigh-sys-e188278851a01f7b/out/cxxbridge/sources/sleigh-sys/src/lib.rs.cc"
[INFO] [stderr]   running: "c++" "-O0" "-ffunction-sections" "-fdata-sections" "-fPIC" "-gdwarf-4" "-fno-omit-frame-pointer" "-m64" "-I" "/opt/rustwide/target/debug/build/sleigh-sys-e188278851a01f7b/out/cxxbridge/include" "-I" "/opt/rustwide/target/debug/build/sleigh-sys-e188278851a01f7b/out/cxxbridge/crate" "-I" "decompiler" "-I" "bridge" "-lbfd -lz" "-std=c++14" "-DPACKAGE=cppserver" "-o" "/opt/rustwide/target/debug/build/sleigh-sys-e188278851a01f7b/out/decompiler/space.o" "-c" "decompiler/space.cc"
[INFO] [stderr]   running: "c++" "-O0" "-ffunction-sections" "-fdata-sections" "-fPIC" "-gdwarf-4" "-fno-omit-frame-pointer" "-m64" "-I" "/opt/rustwide/target/debug/build/sleigh-sys-e188278851a01f7b/out/cxxbridge/include" "-I" "/opt/rustwide/target/debug/build/sleigh-sys-e188278851a01f7b/out/cxxbridge/crate" "-I" "decompiler" "-I" "bridge" "-lbfd -lz" "-std=c++14" "-DPACKAGE=cppserver" "-o" "/opt/rustwide/target/debug/build/sleigh-sys-e188278851a01f7b/out/decompiler/float.o" "-c" "decompiler/float.cc"
[INFO] [stderr]   running: "c++" "-O0" "-ffunction-sections" "-fdata-sections" "-fPIC" "-gdwarf-4" "-fno-omit-frame-pointer" "-m64" "-I" "/opt/rustwide/target/debug/build/sleigh-sys-e188278851a01f7b/out/cxxbridge/include" "-I" "/opt/rustwide/target/debug/build/sleigh-sys-e188278851a01f7b/out/cxxbridge/crate" "-I" "decompiler" "-I" "bridge" "-lbfd -lz" "-std=c++14" "-DPACKAGE=cppserver" "-o" "/opt/rustwide/target/debug/build/sleigh-sys-e188278851a01f7b/out/decompiler/address.o" "-c" "decompiler/address.cc"
[INFO] [stderr]   running: "c++" "-O0" "-ffunction-sections" "-fdata-sections" "-fPIC" "-gdwarf-4" "-fno-omit-frame-pointer" "-m64" "-I" "/opt/rustwide/target/debug/build/sleigh-sys-e188278851a01f7b/out/cxxbridge/include" "-I" "/opt/rustwide/target/debug/build/sleigh-sys-e188278851a01f7b/out/cxxbridge/crate" "-I" "decompiler" "-I" "bridge" "-lbfd -lz" "-std=c++14" "-DPACKAGE=cppserver" "-o" "/opt/rustwide/target/debug/build/sleigh-sys-e188278851a01f7b/out/decompiler/pcoderaw.o" "-c" "decompiler/pcoderaw.cc"
[INFO] [stderr]   running: "c++" "-O0" "-ffunction-sections" "-fdata-sections" "-fPIC" "-gdwarf-4" "-fno-omit-frame-pointer" "-m64" "-I" "/opt/rustwide/target/debug/build/sleigh-sys-e188278851a01f7b/out/cxxbridge/include" "-I" "/opt/rustwide/target/debug/build/sleigh-sys-e188278851a01f7b/out/cxxbridge/crate" "-I" "decompiler" "-I" "bridge" "-lbfd -lz" "-std=c++14" "-DPACKAGE=cppserver" "-o" "/opt/rustwide/target/debug/build/sleigh-sys-e188278851a01f7b/out/decompiler/translate.o" "-c" "decompiler/translate.cc"
[INFO] [stderr]   running: "c++" "-O0" "-ffunction-sections" "-fdata-sections" "-fPIC" "-gdwarf-4" "-fno-omit-frame-pointer" "-m64" "-I" "/opt/rustwide/target/debug/build/sleigh-sys-e188278851a01f7b/out/cxxbridge/include" "-I" "/opt/rustwide/target/debug/build/sleigh-sys-e188278851a01f7b/out/cxxbridge/crate" "-I" "decompiler" "-I" "bridge" "-lbfd -lz" "-std=c++14" "-DPACKAGE=cppserver" "-o" "/opt/rustwide/target/debug/build/sleigh-sys-e188278851a01f7b/out/decompiler/opcodes.o" "-c" "decompiler/opcodes.cc"
[INFO] [stderr]   running: "c++" "-O0" "-ffunction-sections" "-fdata-sections" "-fPIC" "-gdwarf-4" "-fno-omit-frame-pointer" "-m64" "-I" "/opt/rustwide/target/debug/build/sleigh-sys-e188278851a01f7b/out/cxxbridge/include" "-I" "/opt/rustwide/target/debug/build/sleigh-sys-e188278851a01f7b/out/cxxbridge/crate" "-I" "decompiler" "-I" "bridge" "-lbfd -lz" "-std=c++14" "-DPACKAGE=cppserver" "-o" "/opt/rustwide/target/debug/build/sleigh-sys-e188278851a01f7b/out/decompiler/globalcontext.o" "-c" "decompiler/globalcontext.cc"
[INFO] [stderr]   running: "c++" "-O0" "-ffunction-sections" "-fdata-sections" "-fPIC" "-gdwarf-4" "-fno-omit-frame-pointer" "-m64" "-I" "/opt/rustwide/target/debug/build/sleigh-sys-e188278851a01f7b/out/cxxbridge/include" "-I" "/opt/rustwide/target/debug/build/sleigh-sys-e188278851a01f7b/out/cxxbridge/crate" "-I" "decompiler" "-I" "bridge" "-lbfd -lz" "-std=c++14" "-DPACKAGE=cppserver" "-o" "/opt/rustwide/target/debug/build/sleigh-sys-e188278851a01f7b/out/decompiler/capability.o" "-c" "decompiler/capability.cc"
[INFO] [stderr]   running: "c++" "-O0" "-ffunction-sections" "-fdata-sections" "-fPIC" "-gdwarf-4" "-fno-omit-frame-pointer" "-m64" "-I" "/opt/rustwide/target/debug/build/sleigh-sys-e188278851a01f7b/out/cxxbridge/include" "-I" "/opt/rustwide/target/debug/build/sleigh-sys-e188278851a01f7b/out/cxxbridge/crate" "-I" "decompiler" "-I" "bridge" "-lbfd -lz" "-std=c++14" "-DPACKAGE=cppserver" "-o" "/opt/rustwide/target/debug/build/sleigh-sys-e188278851a01f7b/out/decompiler/architecture.o" "-c" "decompiler/architecture.cc"
[INFO] [stderr]   running: "c++" "-O0" "-ffunction-sections" "-fdata-sections" "-fPIC" "-gdwarf-4" "-fno-omit-frame-pointer" "-m64" "-I" "/opt/rustwide/target/debug/build/sleigh-sys-e188278851a01f7b/out/cxxbridge/include" "-I" "/opt/rustwide/target/debug/build/sleigh-sys-e188278851a01f7b/out/cxxbridge/crate" "-I" "decompiler" "-I" "bridge" "-lbfd -lz" "-std=c++14" "-DPACKAGE=cppserver" "-o" "/opt/rustwide/target/debug/build/sleigh-sys-e188278851a01f7b/out/decompiler/options.o" "-c" "decompiler/options.cc"
[INFO] [stderr]   running: "c++" "-O0" "-ffunction-sections" "-fdata-sections" "-fPIC" "-gdwarf-4" "-fno-omit-frame-pointer" "-m64" "-I" "/opt/rustwide/target/debug/build/sleigh-sys-e188278851a01f7b/out/cxxbridge/include" "-I" "/opt/rustwide/target/debug/build/sleigh-sys-e188278851a01f7b/out/cxxbridge/crate" "-I" "decompiler" "-I" "bridge" "-lbfd -lz" "-std=c++14" "-DPACKAGE=cppserver" "-o" "/opt/rustwide/target/debug/build/sleigh-sys-e188278851a01f7b/out/decompiler/graph.o" "-c" "decompiler/graph.cc"
[INFO] [stderr]   running: "c++" "-O0" "-ffunction-sections" "-fdata-sections" "-fPIC" "-gdwarf-4" "-fno-omit-frame-pointer" "-m64" "-I" "/opt/rustwide/target/debug/build/sleigh-sys-e188278851a01f7b/out/cxxbridge/include" "-I" "/opt/rustwide/target/debug/build/sleigh-sys-e188278851a01f7b/out/cxxbridge/crate" "-I" "decompiler" "-I" "bridge" "-lbfd -lz" "-std=c++14" "-DPACKAGE=cppserver" "-o" "/opt/rustwide/target/debug/build/sleigh-sys-e188278851a01f7b/out/decompiler/cover.o" "-c" "decompiler/cover.cc"
[INFO] [stderr]   running: "c++" "-O0" "-ffunction-sections" "-fdata-sections" "-fPIC" "-gdwarf-4" "-fno-omit-frame-pointer" "-m64" "-I" "/opt/rustwide/target/debug/build/sleigh-sys-e188278851a01f7b/out/cxxbridge/include" "-I" "/opt/rustwide/target/debug/build/sleigh-sys-e188278851a01f7b/out/cxxbridge/crate" "-I" "decompiler" "-I" "bridge" "-lbfd -lz" "-std=c++14" "-DPACKAGE=cppserver" "-o" "/opt/rustwide/target/debug/build/sleigh-sys-e188278851a01f7b/out/decompiler/block.o" "-c" "decompiler/block.cc"
[INFO] [stderr]   running: "c++" "-O0" "-ffunction-sections" "-fdata-sections" "-fPIC" "-gdwarf-4" "-fno-omit-frame-pointer" "-m64" "-I" "/opt/rustwide/target/debug/build/sleigh-sys-e188278851a01f7b/out/cxxbridge/include" "-I" "/opt/rustwide/target/debug/build/sleigh-sys-e188278851a01f7b/out/cxxbridge/crate" "-I" "decompiler" "-I" "bridge" "-lbfd -lz" "-std=c++14" "-DPACKAGE=cppserver" "-o" "/opt/rustwide/target/debug/build/sleigh-sys-e188278851a01f7b/out/decompiler/cast.o" "-c" "decompiler/cast.cc"
[INFO] [stderr]   running: "c++" "-O0" "-ffunction-sections" "-fdata-sections" "-fPIC" "-gdwarf-4" "-fno-omit-frame-pointer" "-m64" "-I" "/opt/rustwide/target/debug/build/sleigh-sys-e188278851a01f7b/out/cxxbridge/include" "-I" "/opt/rustwide/target/debug/build/sleigh-sys-e188278851a01f7b/out/cxxbridge/crate" "-I" "decompiler" "-I" "bridge" "-lbfd -lz" "-std=c++14" "-DPACKAGE=cppserver" "-o" "/opt/rustwide/target/debug/build/sleigh-sys-e188278851a01f7b/out/decompiler/typeop.o" "-c" "decompiler/typeop.cc"
[INFO] [stderr]   exit status: 0
[INFO] [stderr]   exit status: 0
[INFO] [stderr]   exit status: 0
[INFO] [stderr]   exit status: 0
[INFO] [stderr]   exit status: 0
[INFO] [stderr]   exit status: 0
[INFO] [stderr]   exit status: 0
[INFO] [stderr]   exit status: 0
[INFO] [stderr]   running: "c++" "-O0" "-ffunction-sections" "-fdata-sections" "-fPIC" "-gdwarf-4" "-fno-omit-frame-pointer" "-m64" "-I" "/opt/rustwide/target/debug/build/sleigh-sys-e188278851a01f7b/out/cxxbridge/include" "-I" "/opt/rustwide/target/debug/build/sleigh-sys-e188278851a01f7b/out/cxxbridge/crate" "-I" "decompiler" "-I" "bridge" "-lbfd -lz" "-std=c++14" "-DPACKAGE=cppserver" "-o" "/opt/rustwide/target/debug/build/sleigh-sys-e188278851a01f7b/out/decompiler/database.o" "-c" "decompiler/database.cc"
[INFO] [stderr]   running: "c++" "-O0" "-ffunction-sections" "-fdata-sections" "-fPIC" "-gdwarf-4" "-fno-omit-frame-pointer" "-m64" "-I" "/opt/rustwide/target/debug/build/sleigh-sys-e188278851a01f7b/out/cxxbridge/include" "-I" "/opt/rustwide/target/debug/build/sleigh-sys-e188278851a01f7b/out/cxxbridge/crate" "-I" "decompiler" "-I" "bridge" "-lbfd -lz" "-std=c++14" "-DPACKAGE=cppserver" "-o" "/opt/rustwide/target/debug/build/sleigh-sys-e188278851a01f7b/out/decompiler/cpool.o" "-c" "decompiler/cpool.cc"
[INFO] [stderr]   running: "c++" "-O0" "-ffunction-sections" "-fdata-sections" "-fPIC" "-gdwarf-4" "-fno-omit-frame-pointer" "-m64" "-I" "/opt/rustwide/target/debug/build/sleigh-sys-e188278851a01f7b/out/cxxbridge/include" "-I" "/opt/rustwide/target/debug/build/sleigh-sys-e188278851a01f7b/out/cxxbridge/crate" "-I" "decompiler" "-I" "bridge" "-lbfd -lz" "-std=c++14" "-DPACKAGE=cppserver" "-o" "/opt/rustwide/target/debug/build/sleigh-sys-e188278851a01f7b/out/decompiler/comment.o" "-c" "decompiler/comment.cc"
[INFO] [stderr]   running: "c++" "-O0" "-ffunction-sections" "-fdata-sections" "-fPIC" "-gdwarf-4" "-fno-omit-frame-pointer" "-m64" "-I" "/opt/rustwide/target/debug/build/sleigh-sys-e188278851a01f7b/out/cxxbridge/include" "-I" "/opt/rustwide/target/debug/build/sleigh-sys-e188278851a01f7b/out/cxxbridge/crate" "-I" "decompiler" "-I" "bridge" "-lbfd -lz" "-std=c++14" "-DPACKAGE=cppserver" "-o" "/opt/rustwide/target/debug/build/sleigh-sys-e188278851a01f7b/out/decompiler/fspec.o" "-c" "decompiler/fspec.cc"
[INFO] [stderr]   running: "c++" "-O0" "-ffunction-sections" "-fdata-sections" "-fPIC" "-gdwarf-4" "-fno-omit-frame-pointer" "-m64" "-I" "/opt/rustwide/target/debug/build/sleigh-sys-e188278851a01f7b/out/cxxbridge/include" "-I" "/opt/rustwide/target/debug/build/sleigh-sys-e188278851a01f7b/out/cxxbridge/crate" "-I" "decompiler" "-I" "bridge" "-lbfd -lz" "-std=c++14" "-DPACKAGE=cppserver" "-o" "/opt/rustwide/target/debug/build/sleigh-sys-e188278851a01f7b/out/decompiler/action.o" "-c" "decompiler/action.cc"
[INFO] [stderr]   running: "c++" "-O0" "-ffunction-sections" "-fdata-sections" "-fPIC" "-gdwarf-4" "-fno-omit-frame-pointer" "-m64" "-I" "/opt/rustwide/target/debug/build/sleigh-sys-e188278851a01f7b/out/cxxbridge/include" "-I" "/opt/rustwide/target/debug/build/sleigh-sys-e188278851a01f7b/out/cxxbridge/crate" "-I" "decompiler" "-I" "bridge" "-lbfd -lz" "-std=c++14" "-DPACKAGE=cppserver" "-o" "/opt/rustwide/target/debug/build/sleigh-sys-e188278851a01f7b/out/decompiler/loadimage.o" "-c" "decompiler/loadimage.cc"
[INFO] [stderr]   cargo:warning=c++: fatal error: Killed signal terminated program cc1plus
[INFO] [stderr] 
[INFO] [stderr]   cargo:warning=compilation terminated.
[INFO] [stderr] 
[INFO] [stderr]   exit status: 0
[INFO] [stderr]   exit status: 0
[INFO] [stderr]   exit status: 0
[INFO] [stderr]   exit status: 0
[INFO] [stderr]   exit status: 0
[INFO] [stderr]   exit status: 0
[INFO] [stderr]   exit status: 1
[INFO] [stderr]   cargo:warning=ToolExecError: Command "c++" "-O0" "-ffunction-sections" "-fdata-sections" "-fPIC" "-gdwarf-4" "-fno-omit-frame-pointer" "-m64" "-I" "/opt/rustwide/target/debug/build/sleigh-sys-e188278851a01f7b/out/cxxbridge/include" "-I" "/opt/rustwide/target/debug/build/sleigh-sys-e188278851a01f7b/out/cxxbridge/crate" "-I" "decompiler" "-I" "bridge" "-lbfd -lz" "-std=c++14" "-DPACKAGE=cppserver" "-o" "/opt/rustwide/target/debug/build/sleigh-sys-e188278851a01f7b/out/decompiler/architecture.o" "-c" "decompiler/architecture.cc" with args "c++" did not execute successfully (status code exit status: 1).running: "c++" "-O0" "-ffunction-sections" "-fdata-sections" "-fPIC" "-gdwarf-4" "-fno-omit-frame-pointer" "-m64" "-I" "/opt/rustwide/target/debug/build/sleigh-sys-e188278851a01f7b/out/cxxbridge/include" "-I" "/opt/rustwide/target/debug/build/sleigh-sys-e188278851a01f7b/out/cxxbridge/crate" "-I" "decompiler" "-I" "bridge" "-lbfd -lz" "-std=c++14" "-DPACKAGE=cppserver" "-o" "/opt/rustwide/target/debug/build/sleigh-sys-e188278851a01f7b/out/decompiler/varnode.o" "-c" "decompiler/varnode.cc"
[INFO] [stderr]   running: "c++" "-O0" "-ffunction-sections" "-fdata-sections" "-fPIC" "-gdwarf-4" "-fno-omit-frame-pointer" "-m64" "-I" "/opt/rustwide/target/debug/build/sleigh-sys-e188278851a01f7b/out/cxxbridge/include" "-I" "/opt/rustwide/target/debug/build/sleigh-sys-e188278851a01f7b/out/cxxbridge/crate" "-I" "decompiler" "-I" "bridge" "-lbfd -lz" "-std=c++14" "-DPACKAGE=cppserver" "-o" "/opt/rustwide/target/debug/build/sleigh-sys-e188278851a01f7b/out/decompiler/op.o" "-c" "decompiler/op.cc"
[INFO] [stderr]   cargo:warning=c++: fatal error: Killed signal terminated program cc1plus
[INFO] [stderr] 
[INFO] [stderr]   cargo:warning=compilation terminated.
[INFO] [stderr] 
[INFO] [stderr] 
[INFO] [stderr]   exit status: 0
[INFO] [stderr]   exit status: 1
[INFO] [stderr]   cargo:warning=ToolExecError: Command "c++" "-O0" "-ffunction-sections" "-fdata-sections" "-fPIC" "-gdwarf-4" "-fno-omit-frame-pointer" "-m64" "-I" "/opt/rustwide/target/debug/build/sleigh-sys-e188278851a01f7b/out/cxxbridge/include" "-I" "/opt/rustwide/target/debug/build/sleigh-sys-e188278851a01f7b/out/cxxbridge/crate" "-I" "decompiler" "-I" "bridge" "-lbfd -lz" "-std=c++14" "-DPACKAGE=cppserver" "-o" "/opt/rustwide/target/debug/build/sleigh-sys-e188278851a01f7b/out/decompiler/database.o" "-c" "decompiler/database.cc" with args "c++" did not execute successfully (status code exit status: 1).running: "c++" "-O0" "-ffunction-sections" "-fdata-sections" "-fPIC" "-gdwarf-4" "-fno-omit-frame-pointer" "-m64" "-I" "/opt/rustwide/target/debug/build/sleigh-sys-e188278851a01f7b/out/cxxbridge/include" "-I" "/opt/rustwide/target/debug/build/sleigh-sys-e188278851a01f7b/out/cxxbridge/crate" "-I" "decompiler" "-I" "bridge" "-lbfd -lz" "-std=c++14" "-DPACKAGE=cppserver" "-o" "/opt/rustwide/target/debug/build/sleigh-sys-e188278851a01f7b/out/decompiler/type.o" "-c" "decompiler/type.cc"
[INFO] [stderr]   running: "c++" "-O0" "-ffunction-sections" "-fdata-sections" "-fPIC" "-gdwarf-4" "-fno-omit-frame-pointer" "-m64" "-I" "/opt/rustwide/target/debug/build/sleigh-sys-e188278851a01f7b/out/cxxbridge/include" "-I" "/opt/rustwide/target/debug/build/sleigh-sys-e188278851a01f7b/out/cxxbridge/crate" "-I" "decompiler" "-I" "bridge" "-lbfd -lz" "-std=c++14" "-DPACKAGE=cppserver" "-o" "/opt/rustwide/target/debug/build/sleigh-sys-e188278851a01f7b/out/decompiler/variable.o" "-c" "decompiler/variable.cc"
[INFO] [stderr]   running: "c++" "-O0" "-ffunction-sections" "-fdata-sections" "-fPIC" "-gdwarf-4" "-fno-omit-frame-pointer" "-m64" "-I" "/opt/rustwide/target/debug/build/sleigh-sys-e188278851a01f7b/out/cxxbridge/include" "-I" "/opt/rustwide/target/debug/build/sleigh-sys-e188278851a01f7b/out/cxxbridge/crate" "-I" "decompiler" "-I" "bridge" "-lbfd -lz" "-std=c++14" "-DPACKAGE=cppserver" "-o" "/opt/rustwide/target/debug/build/sleigh-sys-e188278851a01f7b/out/decompiler/varmap.o" "-c" "decompiler/varmap.cc"
[INFO] [stderr]   running: "c++" "-O0" "-ffunction-sections" "-fdata-sections" "-fPIC" "-gdwarf-4" "-fno-omit-frame-pointer" "-m64" "-I" "/opt/rustwide/target/debug/build/sleigh-sys-e188278851a01f7b/out/cxxbridge/include" "-I" "/opt/rustwide/target/debug/build/sleigh-sys-e188278851a01f7b/out/cxxbridge/crate" "-I" "decompiler" "-I" "bridge" "-lbfd -lz" "-std=c++14" "-DPACKAGE=cppserver" "-o" "/opt/rustwide/target/debug/build/sleigh-sys-e188278851a01f7b/out/decompiler/jumptable.o" "-c" "decompiler/jumptable.cc"
[INFO] [stderr]   cargo:warning=c++: fatal error: Killed signal terminated program cc1plus
[INFO] [stderr] 
[INFO] [stderr]   cargo:warning=compilation terminated.
[INFO] [stderr] 
[INFO] [stderr] 
[INFO] [stderr]   exit status: 0
[INFO] [stderr]   exit status: 0
[INFO] [stderr]   exit status: 0
[INFO] [stderr]   exit status: 1
[INFO] [stderr]   cargo:warning=ToolExecError: Command "c++" "-O0" "-ffunction-sections" "-fdata-sections" "-fPIC" "-gdwarf-4" "-fno-omit-frame-pointer" "-m64" "-I" "/opt/rustwide/target/debug/build/sleigh-sys-e188278851a01f7b/out/cxxbridge/include" "-I" "/opt/rustwide/target/debug/build/sleigh-sys-e188278851a01f7b/out/cxxbridge/crate" "-I" "decompiler" "-I" "bridge" "-lbfd -lz" "-std=c++14" "-DPACKAGE=cppserver" "-o" "/opt/rustwide/target/debug/build/sleigh-sys-e188278851a01f7b/out/decompiler/fspec.o" "-c" "decompiler/fspec.cc" with args "c++" did not execute successfully (status code exit status: 1).running: "c++" "-O0" "-ffunction-sections" "-fdata-sections" "-fPIC" "-gdwarf-4" "-fno-omit-frame-pointer" "-m64" "-I" "/opt/rustwide/target/debug/build/sleigh-sys-e188278851a01f7b/out/cxxbridge/include" "-I" "/opt/rustwide/target/debug/build/sleigh-sys-e188278851a01f7b/out/cxxbridge/crate" "-I" "decompiler" "-I" "bridge" "-lbfd -lz" "-std=c++14" "-DPACKAGE=cppserver" "-o" "/opt/rustwide/target/debug/build/sleigh-sys-e188278851a01f7b/out/decompiler/emulate.o" "-c" "decompiler/emulate.cc"
[INFO] [stderr]   running: "c++" "-O0" "-ffunction-sections" "-fdata-sections" "-fPIC" "-gdwarf-4" "-fno-omit-frame-pointer" "-m64" "-I" "/opt/rustwide/target/debug/build/sleigh-sys-e188278851a01f7b/out/cxxbridge/include" "-I" "/opt/rustwide/target/debug/build/sleigh-sys-e188278851a01f7b/out/cxxbridge/crate" "-I" "decompiler" "-I" "bridge" "-lbfd -lz" "-std=c++14" "-DPACKAGE=cppserver" "-o" "/opt/rustwide/target/debug/build/sleigh-sys-e188278851a01f7b/out/decompiler/emulateutil.o" "-c" "decompiler/emulateutil.cc"
[INFO] [stderr]   running: "c++" "-O0" "-ffunction-sections" "-fdata-sections" "-fPIC" "-gdwarf-4" "-fno-omit-frame-pointer" "-m64" "-I" "/opt/rustwide/target/debug/build/sleigh-sys-e188278851a01f7b/out/cxxbridge/include" "-I" "/opt/rustwide/target/debug/build/sleigh-sys-e188278851a01f7b/out/cxxbridge/crate" "-I" "decompiler" "-I" "bridge" "-lbfd -lz" "-std=c++14" "-DPACKAGE=cppserver" "-o" "/opt/rustwide/target/debug/build/sleigh-sys-e188278851a01f7b/out/decompiler/flow.o" "-c" "decompiler/flow.cc"
[INFO] [stderr]   running: "c++" "-O0" "-ffunction-sections" "-fdata-sections" "-fPIC" "-gdwarf-4" "-fno-omit-frame-pointer" "-m64" "-I" "/opt/rustwide/target/debug/build/sleigh-sys-e188278851a01f7b/out/cxxbridge/include" "-I" "/opt/rustwide/target/debug/build/sleigh-sys-e188278851a01f7b/out/cxxbridge/crate" "-I" "decompiler" "-I" "bridge" "-lbfd -lz" "-std=c++14" "-DPACKAGE=cppserver" "-o" "/opt/rustwide/target/debug/build/sleigh-sys-e188278851a01f7b/out/decompiler/userop.o" "-c" "decompiler/userop.cc"
[INFO] [stderr]   running: "c++" "-O0" "-ffunction-sections" "-fdata-sections" "-fPIC" "-gdwarf-4" "-fno-omit-frame-pointer" "-m64" "-I" "/opt/rustwide/target/debug/build/sleigh-sys-e188278851a01f7b/out/cxxbridge/include" "-I" "/opt/rustwide/target/debug/build/sleigh-sys-e188278851a01f7b/out/cxxbridge/crate" "-I" "decompiler" "-I" "bridge" "-lbfd -lz" "-std=c++14" "-DPACKAGE=cppserver" "-o" "/opt/rustwide/target/debug/build/sleigh-sys-e188278851a01f7b/out/decompiler/funcdata.o" "-c" "decompiler/funcdata.cc"
[INFO] [stderr]   running: "c++" "-O0" "-ffunction-sections" "-fdata-sections" "-fPIC" "-gdwarf-4" "-fno-omit-frame-pointer" "-m64" "-I" "/opt/rustwide/target/debug/build/sleigh-sys-e188278851a01f7b/out/cxxbridge/include" "-I" "/opt/rustwide/target/debug/build/sleigh-sys-e188278851a01f7b/out/cxxbridge/crate" "-I" "decompiler" "-I" "bridge" "-lbfd -lz" "-std=c++14" "-DPACKAGE=cppserver" "-o" "/opt/rustwide/target/debug/build/sleigh-sys-e188278851a01f7b/out/decompiler/funcdata_block.o" "-c" "decompiler/funcdata_block.cc"
[INFO] [stderr]   cargo:warning=c++: fatal error: Killed signal terminated program cc1plus
[INFO] [stderr] 
[INFO] [stderr]   cargo:warning=compilation terminated.
[INFO] [stderr] 
[INFO] [stderr] 
[INFO] [stderr]   exit status: 0
[INFO] [stderr]   exit status: 0
[INFO] [stderr]   exit status: 0
[INFO] [stderr]   exit status: 0
[INFO] [stderr]   exit status: 0
[INFO] [stderr]   exit status: 1
[INFO] [stderr]   cargo:warning=ToolExecError: Command "c++" "-O0" "-ffunction-sections" "-fdata-sections" "-fPIC" "-gdwarf-4" "-fno-omit-frame-pointer" "-m64" "-I" "/opt/rustwide/target/debug/build/sleigh-sys-e188278851a01f7b/out/cxxbridge/include" "-I" "/opt/rustwide/target/debug/build/sleigh-sys-e188278851a01f7b/out/cxxbridge/crate" "-I" "decompiler" "-I" "bridge" "-lbfd -lz" "-std=c++14" "-DPACKAGE=cppserver" "-o" "/opt/rustwide/target/debug/build/sleigh-sys-e188278851a01f7b/out/decompiler/type.o" "-c" "decompiler/type.cc" with args "c++" did not execute successfully (status code exit status: 1).running: "c++" "-O0" "-ffunction-sections" "-fdata-sections" "-fPIC" "-gdwarf-4" "-fno-omit-frame-pointer" "-m64" "-I" "/opt/rustwide/target/debug/build/sleigh-sys-e188278851a01f7b/out/cxxbridge/include" "-I" "/opt/rustwide/target/debug/build/sleigh-sys-e188278851a01f7b/out/cxxbridge/crate" "-I" "decompiler" "-I" "bridge" "-lbfd -lz" "-std=c++14" "-DPACKAGE=cppserver" "-o" "/opt/rustwide/target/debug/build/sleigh-sys-e188278851a01f7b/out/decompiler/funcdata_varnode.o" "-c" "decompiler/funcdata_varnode.cc"
[INFO] [stderr]   running: "c++" "-O0" "-ffunction-sections" "-fdata-sections" "-fPIC" "-gdwarf-4" "-fno-omit-frame-pointer" "-m64" "-I" "/opt/rustwide/target/debug/build/sleigh-sys-e188278851a01f7b/out/cxxbridge/include" "-I" "/opt/rustwide/target/debug/build/sleigh-sys-e188278851a01f7b/out/cxxbridge/crate" "-I" "decompiler" "-I" "bridge" "-lbfd -lz" "-std=c++14" "-DPACKAGE=cppserver" "-o" "/opt/rustwide/target/debug/build/sleigh-sys-e188278851a01f7b/out/decompiler/funcdata_op.o" "-c" "decompiler/funcdata_op.cc"
[INFO] [stderr]   running: "c++" "-O0" "-ffunction-sections" "-fdata-sections" "-fPIC" "-gdwarf-4" "-fno-omit-frame-pointer" "-m64" "-I" "/opt/rustwide/target/debug/build/sleigh-sys-e188278851a01f7b/out/cxxbridge/include" "-I" "/opt/rustwide/target/debug/build/sleigh-sys-e188278851a01f7b/out/cxxbridge/crate" "-I" "decompiler" "-I" "bridge" "-lbfd -lz" "-std=c++14" "-DPACKAGE=cppserver" "-o" "/opt/rustwide/target/debug/build/sleigh-sys-e188278851a01f7b/out/decompiler/pcodeinject.o" "-c" "decompiler/pcodeinject.cc"
[INFO] [stderr]   cargo:warning=c++: fatal error: Killed signal terminated program cc1plus
[INFO] [stderr] 
[INFO] [stderr]   cargo:warning=compilation terminated.
[INFO] [stderr] 
[INFO] [stderr] 
[INFO] [stderr]   exit status: 0
[INFO] [stderr]   exit status: 0
[INFO] [stderr]   exit status: 1
[INFO] [stderr]   cargo:warning=ToolExecError: Command "c++" "-O0" "-ffunction-sections" "-fdata-sections" "-fPIC" "-gdwarf-4" "-fno-omit-frame-pointer" "-m64" "-I" "/opt/rustwide/target/debug/build/sleigh-sys-e188278851a01f7b/out/cxxbridge/include" "-I" "/opt/rustwide/target/debug/build/sleigh-sys-e188278851a01f7b/out/cxxbridge/crate" "-I" "decompiler" "-I" "bridge" "-lbfd -lz" "-std=c++14" "-DPACKAGE=cppserver" "-o" "/opt/rustwide/target/debug/build/sleigh-sys-e188278851a01f7b/out/decompiler/jumptable.o" "-c" "decompiler/jumptable.cc" with args "c++" did not execute successfully (status code exit status: 1).running: "c++" "-O0" "-ffunction-sections" "-fdata-sections" "-fPIC" "-gdwarf-4" "-fno-omit-frame-pointer" "-m64" "-I" "/opt/rustwide/target/debug/build/sleigh-sys-e188278851a01f7b/out/cxxbridge/include" "-I" "/opt/rustwide/target/debug/build/sleigh-sys-e188278851a01f7b/out/cxxbridge/crate" "-I" "decompiler" "-I" "bridge" "-lbfd -lz" "-std=c++14" "-DPACKAGE=cppserver" "-o" "/opt/rustwide/target/debug/build/sleigh-sys-e188278851a01f7b/out/decompiler/heritage.o" "-c" "decompiler/heritage.cc"
[INFO] [stderr]   running: "c++" "-O0" "-ffunction-sections" "-fdata-sections" "-fPIC" "-gdwarf-4" "-fno-omit-frame-pointer" "-m64" "-I" "/opt/rustwide/target/debug/build/sleigh-sys-e188278851a01f7b/out/cxxbridge/include" "-I" "/opt/rustwide/target/debug/build/sleigh-sys-e188278851a01f7b/out/cxxbridge/crate" "-I" "decompiler" "-I" "bridge" "-lbfd -lz" "-std=c++14" "-DPACKAGE=cppserver" "-o" "/opt/rustwide/target/debug/build/sleigh-sys-e188278851a01f7b/out/decompiler/prefersplit.o" "-c" "decompiler/prefersplit.cc"
[INFO] [stderr]   running: "c++" "-O0" "-ffunction-sections" "-fdata-sections" "-fPIC" "-gdwarf-4" "-fno-omit-frame-pointer" "-m64" "-I" "/opt/rustwide/target/debug/build/sleigh-sys-e188278851a01f7b/out/cxxbridge/include" "-I" "/opt/rustwide/target/debug/build/sleigh-sys-e188278851a01f7b/out/cxxbridge/crate" "-I" "decompiler" "-I" "bridge" "-lbfd -lz" "-std=c++14" "-DPACKAGE=cppserver" "-o" "/opt/rustwide/target/debug/build/sleigh-sys-e188278851a01f7b/out/decompiler/rangeutil.o" "-c" "decompiler/rangeutil.cc"
[INFO] [stderr]   running: "c++" "-O0" "-ffunction-sections" "-fdata-sections" "-fPIC" "-gdwarf-4" "-fno-omit-frame-pointer" "-m64" "-I" "/opt/rustwide/target/debug/build/sleigh-sys-e188278851a01f7b/out/cxxbridge/include" "-I" "/opt/rustwide/target/debug/build/sleigh-sys-e188278851a01f7b/out/cxxbridge/crate" "-I" "decompiler" "-I" "bridge" "-lbfd -lz" "-std=c++14" "-DPACKAGE=cppserver" "-o" "/opt/rustwide/target/debug/build/sleigh-sys-e188278851a01f7b/out/decompiler/ruleaction.o" "-c" "decompiler/ruleaction.cc"
[INFO] [stderr]   cargo:warning=c++: fatal error: Killed signal terminated program cc1plus
[INFO] [stderr] 
[INFO] [stderr]   cargo:warning=compilation terminated.
[INFO] [stderr] 
[INFO] [stderr] 
[INFO] [stderr]   exit status: 0
[INFO] [stderr]   exit status: 0
[INFO] [stderr]   exit status: 0
[INFO] [stderr]   exit status: 1
[INFO] [stderr]   cargo:warning=ToolExecError: Command "c++" "-O0" "-ffunction-sections" "-fdata-sections" "-fPIC" "-gdwarf-4" "-fno-omit-frame-pointer" "-m64" "-I" "/opt/rustwide/target/debug/build/sleigh-sys-e188278851a01f7b/out/cxxbridge/include" "-I" "/opt/rustwide/target/debug/build/sleigh-sys-e188278851a01f7b/out/cxxbridge/crate" "-I" "decompiler" "-I" "bridge" "-lbfd -lz" "-std=c++14" "-DPACKAGE=cppserver" "-o" "/opt/rustwide/target/debug/build/sleigh-sys-e188278851a01f7b/out/decompiler/funcdata_block.o" "-c" "decompiler/funcdata_block.cc" with args "c++" did not execute successfully (status code exit status: 1).running: "c++" "-O0" "-ffunction-sections" "-fdata-sections" "-fPIC" "-gdwarf-4" "-fno-omit-frame-pointer" "-m64" "-I" "/opt/rustwide/target/debug/build/sleigh-sys-e188278851a01f7b/out/cxxbridge/include" "-I" "/opt/rustwide/target/debug/build/sleigh-sys-e188278851a01f7b/out/cxxbridge/crate" "-I" "decompiler" "-I" "bridge" "-lbfd -lz" "-std=c++14" "-DPACKAGE=cppserver" "-o" "/opt/rustwide/target/debug/build/sleigh-sys-e188278851a01f7b/out/decompiler/subflow.o" "-c" "decompiler/subflow.cc"
[INFO] [stderr]   running: "c++" "-O0" "-ffunction-sections" "-fdata-sections" "-fPIC" "-gdwarf-4" "-fno-omit-frame-pointer" "-m64" "-I" "/opt/rustwide/target/debug/build/sleigh-sys-e188278851a01f7b/out/cxxbridge/include" "-I" "/opt/rustwide/target/debug/build/sleigh-sys-e188278851a01f7b/out/cxxbridge/crate" "-I" "decompiler" "-I" "bridge" "-lbfd -lz" "-std=c++14" "-DPACKAGE=cppserver" "-o" "/opt/rustwide/target/debug/build/sleigh-sys-e188278851a01f7b/out/decompiler/blockaction.o" "-c" "decompiler/blockaction.cc"
[INFO] [stderr]   running: "c++" "-O0" "-ffunction-sections" "-fdata-sections" "-fPIC" "-gdwarf-4" "-fno-omit-frame-pointer" "-m64" "-I" "/opt/rustwide/target/debug/build/sleigh-sys-e188278851a01f7b/out/cxxbridge/include" "-I" "/opt/rustwide/target/debug/build/sleigh-sys-e188278851a01f7b/out/cxxbridge/crate" "-I" "decompiler" "-I" "bridge" "-lbfd -lz" "-std=c++14" "-DPACKAGE=cppserver" "-o" "/opt/rustwide/target/debug/build/sleigh-sys-e188278851a01f7b/out/decompiler/merge.o" "-c" "decompiler/merge.cc"
[INFO] [stderr]   running: "c++" "-O0" "-ffunction-sections" "-fdata-sections" "-fPIC" "-gdwarf-4" "-fno-omit-frame-pointer" "-m64" "-I" "/opt/rustwide/target/debug/build/sleigh-sys-e188278851a01f7b/out/cxxbridge/include" "-I" "/opt/rustwide/target/debug/build/sleigh-sys-e188278851a01f7b/out/cxxbridge/crate" "-I" "decompiler" "-I" "bridge" "-lbfd -lz" "-std=c++14" "-DPACKAGE=cppserver" "-o" "/opt/rustwide/target/debug/build/sleigh-sys-e188278851a01f7b/out/decompiler/double.o" "-c" "decompiler/double.cc"
[INFO] [stderr]   running: "c++" "-O0" "-ffunction-sections" "-fdata-sections" "-fPIC" "-gdwarf-4" "-fno-omit-frame-pointer" "-m64" "-I" "/opt/rustwide/target/debug/build/sleigh-sys-e188278851a01f7b/out/cxxbridge/include" "-I" "/opt/rustwide/target/debug/build/sleigh-sys-e188278851a01f7b/out/cxxbridge/crate" "-I" "decompiler" "-I" "bridge" "-lbfd -lz" "-std=c++14" "-DPACKAGE=cppserver" "-o" "/opt/rustwide/target/debug/build/sleigh-sys-e188278851a01f7b/out/decompiler/coreaction.o" "-c" "decompiler/coreaction.cc"
[INFO] [stderr]   running: "c++" "-O0" "-ffunction-sections" "-fdata-sections" "-fPIC" "-gdwarf-4" "-fno-omit-frame-pointer" "-m64" "-I" "/opt/rustwide/target/debug/build/sleigh-sys-e188278851a01f7b/out/cxxbridge/include" "-I" "/opt/rustwide/target/debug/build/sleigh-sys-e188278851a01f7b/out/cxxbridge/crate" "-I" "decompiler" "-I" "bridge" "-lbfd -lz" "-std=c++14" "-DPACKAGE=cppserver" "-o" "/opt/rustwide/target/debug/build/sleigh-sys-e188278851a01f7b/out/decompiler/condexe.o" "-c" "decompiler/condexe.cc"
[INFO] [stderr]   running: "c++" "-O0" "-ffunction-sections" "-fdata-sections" "-fPIC" "-gdwarf-4" "-fno-omit-frame-pointer" "-m64" "-I" "/opt/rustwide/target/debug/build/sleigh-sys-e188278851a01f7b/out/cxxbridge/include" "-I" "/opt/rustwide/target/debug/build/sleigh-sys-e188278851a01f7b/out/cxxbridge/crate" "-I" "decompiler" "-I" "bridge" "-lbfd -lz" "-std=c++14" "-DPACKAGE=cppserver" "-o" "/opt/rustwide/target/debug/build/sleigh-sys-e188278851a01f7b/out/decompiler/override.o" "-c" "decompiler/override.cc"
[INFO] [stderr]   cargo:warning=c++: fatal error: Killed signal terminated program cc1plus
[INFO] [stderr] 
[INFO] [stderr]   cargo:warning=compilation terminated.
[INFO] [stderr] 
[INFO] [stderr] 
[INFO] [stderr]   exit status: 0
[INFO] [stderr]   exit status: 0
[INFO] [stderr]   exit status: 0
[INFO] [stderr]   exit status: 0
[INFO] [stderr]   exit status: 0
[INFO] [stderr]   exit status: 0
[INFO] [stderr]   exit status: 1
[INFO] [stderr]   cargo:warning=ToolExecError: Command "c++" "-O0" "-ffunction-sections" "-fdata-sections" "-fPIC" "-gdwarf-4" "-fno-omit-frame-pointer" "-m64" "-I" "/opt/rustwide/target/debug/build/sleigh-sys-e188278851a01f7b/out/cxxbridge/include" "-I" "/opt/rustwide/target/debug/build/sleigh-sys-e188278851a01f7b/out/cxxbridge/crate" "-I" "decompiler" "-I" "bridge" "-lbfd -lz" "-std=c++14" "-DPACKAGE=cppserver" "-o" "/opt/rustwide/target/debug/build/sleigh-sys-e188278851a01f7b/out/decompiler/ruleaction.o" "-c" "decompiler/ruleaction.cc" with args "c++" did not execute successfully (status code exit status: 1).running: "c++" "-O0" "-ffunction-sections" "-fdata-sections" "-fPIC" "-gdwarf-4" "-fno-omit-frame-pointer" "-m64" "-I" "/opt/rustwide/target/debug/build/sleigh-sys-e188278851a01f7b/out/cxxbridge/include" "-I" "/opt/rustwide/target/debug/build/sleigh-sys-e188278851a01f7b/out/cxxbridge/crate" "-I" "decompiler" "-I" "bridge" "-lbfd -lz" "-std=c++14" "-DPACKAGE=cppserver" "-o" "/opt/rustwide/target/debug/build/sleigh-sys-e188278851a01f7b/out/decompiler/dynamic.o" "-c" "decompiler/dynamic.cc"
[INFO] [stderr]   cargo:warning=c++: fatal error: Killed signal terminated program cc1plus
[INFO] [stderr] 
[INFO] [stderr]   cargo:warning=compilation terminated.
[INFO] [stderr] 
[INFO] [stderr] 
[INFO] [stderr]   exit status: 1
[INFO] [stderr]   cargo:warning=ToolExecError: Command "c++" "-O0" "-ffunction-sections" "-fdata-sections" "-fPIC" "-gdwarf-4" "-fno-omit-frame-pointer" "-m64" "-I" "/opt/rustwide/target/debug/build/sleigh-sys-e188278851a01f7b/out/cxxbridge/include" "-I" "/opt/rustwide/target/debug/build/sleigh-sys-e188278851a01f7b/out/cxxbridge/crate" "-I" "decompiler" "-I" "bridge" "-lbfd -lz" "-std=c++14" "-DPACKAGE=cppserver" "-o" "/opt/rustwide/target/debug/build/sleigh-sys-e188278851a01f7b/out/decompiler/blockaction.o" "-c" "decompiler/blockaction.cc" with args "c++" did not execute successfully (status code exit status: 1).running: "c++" "-O0" "-ffunction-sections" "-fdata-sections" "-fPIC" "-gdwarf-4" "-fno-omit-frame-pointer" "-m64" "-I" "/opt/rustwide/target/debug/build/sleigh-sys-e188278851a01f7b/out/cxxbridge/include" "-I" "/opt/rustwide/target/debug/build/sleigh-sys-e188278851a01f7b/out/cxxbridge/crate" "-I" "decompiler" "-I" "bridge" "-lbfd -lz" "-std=c++14" "-DPACKAGE=cppserver" "-o" "/opt/rustwide/target/debug/build/sleigh-sys-e188278851a01f7b/out/decompiler/crc32.o" "-c" "decompiler/crc32.cc"
[INFO] [stderr]   running: "c++" "-O0" "-ffunction-sections" "-fdata-sections" "-fPIC" "-gdwarf-4" "-fno-omit-frame-pointer" "-m64" "-I" "/opt/rustwide/target/debug/build/sleigh-sys-e188278851a01f7b/out/cxxbridge/include" "-I" "/opt/rustwide/target/debug/build/sleigh-sys-e188278851a01f7b/out/cxxbridge/crate" "-I" "decompiler" "-I" "bridge" "-lbfd -lz" "-std=c++14" "-DPACKAGE=cppserver" "-o" "/opt/rustwide/target/debug/build/sleigh-sys-e188278851a01f7b/out/decompiler/prettyprint.o" "-c" "decompiler/prettyprint.cc"
[INFO] [stderr]   cargo:warning=c++: fatal error: Killed signal terminated program cc1plus
[INFO] [stderr] 
[INFO] [stderr]   cargo:warning=compilation terminated.
[INFO] [stderr] 
[INFO] [stderr] 
[INFO] [stderr]   exit status: 0
[INFO] [stderr]   exit status: 1
[INFO] [stderr]   cargo:warning=ToolExecError: Command "c++" "-O0" "-ffunction-sections" "-fdata-sections" "-fPIC" "-gdwarf-4" "-fno-omit-frame-pointer" "-m64" "-I" "/opt/rustwide/target/debug/build/sleigh-sys-e188278851a01f7b/out/cxxbridge/include" "-I" "/opt/rustwide/target/debug/build/sleigh-sys-e188278851a01f7b/out/cxxbridge/crate" "-I" "decompiler" "-I" "bridge" "-lbfd -lz" "-std=c++14" "-DPACKAGE=cppserver" "-o" "/opt/rustwide/target/debug/build/sleigh-sys-e188278851a01f7b/out/decompiler/subflow.o" "-c" "decompiler/subflow.cc" with args "c++" did not execute successfully (status code exit status: 1).running: "c++" "-O0" "-ffunction-sections" "-fdata-sections" "-fPIC" "-gdwarf-4" "-fno-omit-frame-pointer" "-m64" "-I" "/opt/rustwide/target/debug/build/sleigh-sys-e188278851a01f7b/out/cxxbridge/include" "-I" "/opt/rustwide/target/debug/build/sleigh-sys-e188278851a01f7b/out/cxxbridge/crate" "-I" "decompiler" "-I" "bridge" "-lbfd -lz" "-std=c++14" "-DPACKAGE=cppserver" "-o" "/opt/rustwide/target/debug/build/sleigh-sys-e188278851a01f7b/out/decompiler/printlanguage.o" "-c" "decompiler/printlanguage.cc"
[INFO] [stderr]   cargo:warning=c++: fatal error: Killed signal terminated program cc1plus
[INFO] [stderr] 
[INFO] [stderr]   cargo:warning=compilation terminated.
[INFO] [stderr] 
[INFO] [stderr] 
[INFO] [stderr]   exit status: 1
[INFO] [stderr]   cargo:warning=ToolExecError: Command "c++" "-O0" "-ffunction-sections" "-fdata-sections" "-fPIC" "-gdwarf-4" "-fno-omit-frame-pointer" "-m64" "-I" "/opt/rustwide/target/debug/build/sleigh-sys-e188278851a01f7b/out/cxxbridge/include" "-I" "/opt/rustwide/target/debug/build/sleigh-sys-e188278851a01f7b/out/cxxbridge/crate" "-I" "decompiler" "-I" "bridge" "-lbfd -lz" "-std=c++14" "-DPACKAGE=cppserver" "-o" "/opt/rustwide/target/debug/build/sleigh-sys-e188278851a01f7b/out/decompiler/double.o" "-c" "decompiler/double.cc" with args "c++" did not execute successfully (status code exit status: 1).running: "c++" "-O0" "-ffunction-sections" "-fdata-sections" "-fPIC" "-gdwarf-4" "-fno-omit-frame-pointer" "-m64" "-I" "/opt/rustwide/target/debug/build/sleigh-sys-e188278851a01f7b/out/cxxbridge/include" "-I" "/opt/rustwide/target/debug/build/sleigh-sys-e188278851a01f7b/out/cxxbridge/crate" "-I" "decompiler" "-I" "bridge" "-lbfd -lz" "-std=c++14" "-DPACKAGE=cppserver" "-o" "/opt/rustwide/target/debug/build/sleigh-sys-e188278851a01f7b/out/decompiler/printc.o" "-c" "decompiler/printc.cc"
[INFO] [stderr]   running: "c++" "-O0" "-ffunction-sections" "-fdata-sections" "-fPIC" "-gdwarf-4" "-fno-omit-frame-pointer" "-m64" "-I" "/opt/rustwide/target/debug/build/sleigh-sys-e188278851a01f7b/out/cxxbridge/include" "-I" "/opt/rustwide/target/debug/build/sleigh-sys-e188278851a01f7b/out/cxxbridge/crate" "-I" "decompiler" "-I" "bridge" "-lbfd -lz" "-std=c++14" "-DPACKAGE=cppserver" "-o" "/opt/rustwide/target/debug/build/sleigh-sys-e188278851a01f7b/out/decompiler/printjava.o" "-c" "decompiler/printjava.cc"
[INFO] [stderr]   running: "c++" "-O0" "-ffunction-sections" "-fdata-sections" "-fPIC" "-gdwarf-4" "-fno-omit-frame-pointer" "-m64" "-I" "/opt/rustwide/target/debug/build/sleigh-sys-e188278851a01f7b/out/cxxbridge/include" "-I" "/opt/rustwide/target/debug/build/sleigh-sys-e188278851a01f7b/out/cxxbridge/crate" "-I" "decompiler" "-I" "bridge" "-lbfd -lz" "-std=c++14" "-DPACKAGE=cppserver" "-o" "/opt/rustwide/target/debug/build/sleigh-sys-e188278851a01f7b/out/decompiler/memstate.o" "-c" "decompiler/memstate.cc"
[INFO] [stderr]   cargo:warning=c++: fatal error: Killed signal terminated program cc1plus
[INFO] [stderr] 
[INFO] [stderr]   cargo:warning=compilation terminated.
[INFO] [stderr] 
[INFO] [stderr] 
[INFO] [stderr]   exit status: 0
[INFO] [stderr]   exit status: 0
[INFO] [stderr]   exit status: 1
[INFO] [stderr]   cargo:warning=ToolExecError: Command "c++" "-O0" "-ffunction-sections" "-fdata-sections" "-fPIC" "-gdwarf-4" "-fno-omit-frame-pointer" "-m64" "-I" "/opt/rustwide/target/debug/build/sleigh-sys-e188278851a01f7b/out/cxxbridge/include" "-I" "/opt/rustwide/target/debug/build/sleigh-sys-e188278851a01f7b/out/cxxbridge/crate" "-I" "decompiler" "-I" "bridge" "-lbfd -lz" "-std=c++14" "-DPACKAGE=cppserver" "-o" "/opt/rustwide/target/debug/build/sleigh-sys-e188278851a01f7b/out/decompiler/coreaction.o" "-c" "decompiler/coreaction.cc" with args "c++" did not execute successfully (status code exit status: 1).running: "c++" "-O0" "-ffunction-sections" "-fdata-sections" "-fPIC" "-gdwarf-4" "-fno-omit-frame-pointer" "-m64" "-I" "/opt/rustwide/target/debug/build/sleigh-sys-e188278851a01f7b/out/cxxbridge/include" "-I" "/opt/rustwide/target/debug/build/sleigh-sys-e188278851a01f7b/out/cxxbridge/crate" "-I" "decompiler" "-I" "bridge" "-lbfd -lz" "-std=c++14" "-DPACKAGE=cppserver" "-o" "/opt/rustwide/target/debug/build/sleigh-sys-e188278851a01f7b/out/decompiler/opbehavior.o" "-c" "decompiler/opbehavior.cc"
[INFO] [stderr]   running: "c++" "-O0" "-ffunction-sections" "-fdata-sections" "-fPIC" "-gdwarf-4" "-fno-omit-frame-pointer" "-m64" "-I" "/opt/rustwide/target/debug/build/sleigh-sys-e188278851a01f7b/out/cxxbridge/include" "-I" "/opt/rustwide/target/debug/build/sleigh-sys-e188278851a01f7b/out/cxxbridge/crate" "-I" "decompiler" "-I" "bridge" "-lbfd -lz" "-std=c++14" "-DPACKAGE=cppserver" "-o" "/opt/rustwide/target/debug/build/sleigh-sys-e188278851a01f7b/out/decompiler/paramid.o" "-c" "decompiler/paramid.cc"
[INFO] [stderr]   running: "c++" "-O0" "-ffunction-sections" "-fdata-sections" "-fPIC" "-gdwarf-4" "-fno-omit-frame-pointer" "-m64" "-I" "/opt/rustwide/target/debug/build/sleigh-sys-e188278851a01f7b/out/cxxbridge/include" "-I" "/opt/rustwide/target/debug/build/sleigh-sys-e188278851a01f7b/out/cxxbridge/crate" "-I" "decompiler" "-I" "bridge" "-lbfd -lz" "-std=c++14" "-DPACKAGE=cppserver" "-o" "/opt/rustwide/target/debug/build/sleigh-sys-e188278851a01f7b/out/decompiler/transform.o" "-c" "decompiler/transform.cc"
[INFO] [stderr]   running: "c++" "-O0" "-ffunction-sections" "-fdata-sections" "-fPIC" "-gdwarf-4" "-fno-omit-frame-pointer" "-m64" "-I" "/opt/rustwide/target/debug/build/sleigh-sys-e188278851a01f7b/out/cxxbridge/include" "-I" "/opt/rustwide/target/debug/build/sleigh-sys-e188278851a01f7b/out/cxxbridge/crate" "-I" "decompiler" "-I" "bridge" "-lbfd -lz" "-std=c++14" "-DPACKAGE=cppserver" "-o" "/opt/rustwide/target/debug/build/sleigh-sys-e188278851a01f7b/out/decompiler/stringmanage.o" "-c" "decompiler/stringmanage.cc"
[INFO] [stderr]   running: "c++" "-O0" "-ffunction-sections" "-fdata-sections" "-fPIC" "-gdwarf-4" "-fno-omit-frame-pointer" "-m64" "-I" "/opt/rustwide/target/debug/build/sleigh-sys-e188278851a01f7b/out/cxxbridge/include" "-I" "/opt/rustwide/target/debug/build/sleigh-sys-e188278851a01f7b/out/cxxbridge/crate" "-I" "decompiler" "-I" "bridge" "-lbfd -lz" "-std=c++14" "-DPACKAGE=cppserver" "-o" "/opt/rustwide/target/debug/build/sleigh-sys-e188278851a01f7b/out/decompiler/loadimage_ghidra.o" "-c" "decompiler/loadimage_ghidra.cc"
[INFO] [stderr]   running: "c++" "-O0" "-ffunction-sections" "-fdata-sections" "-fPIC" "-gdwarf-4" "-fno-omit-frame-pointer" "-m64" "-I" "/opt/rustwide/target/debug/build/sleigh-sys-e188278851a01f7b/out/cxxbridge/include" "-I" "/opt/rustwide/target/debug/build/sleigh-sys-e188278851a01f7b/out/cxxbridge/crate" "-I" "decompiler" "-I" "bridge" "-lbfd -lz" "-std=c++14" "-DPACKAGE=cppserver" "-o" "/opt/rustwide/target/debug/build/sleigh-sys-e188278851a01f7b/out/decompiler/inject_sleigh.o" "-c" "decompiler/inject_sleigh.cc"
[INFO] [stderr]   running: "c++" "-O0" "-ffunction-sections" "-fdata-sections" "-fPIC" "-gdwarf-4" "-fno-omit-frame-pointer" "-m64" "-I" "/opt/rustwide/target/debug/build/sleigh-sys-e188278851a01f7b/out/cxxbridge/include" "-I" "/opt/rustwide/target/debug/build/sleigh-sys-e188278851a01f7b/out/cxxbridge/crate" "-I" "decompiler" "-I" "bridge" "-lbfd -lz" "-std=c++14" "-DPACKAGE=cppserver" "-o" "/opt/rustwide/target/debug/build/sleigh-sys-e188278851a01f7b/out/decompiler/sleigh_arch.o" "-c" "decompiler/sleigh_arch.cc"
[INFO] [stderr]   running: "c++" "-O0" "-ffunction-sections" "-fdata-sections" "-fPIC" "-gdwarf-4" "-fno-omit-frame-pointer" "-m64" "-I" "/opt/rustwide/target/debug/build/sleigh-sys-e188278851a01f7b/out/cxxbridge/include" "-I" "/opt/rustwide/target/debug/build/sleigh-sys-e188278851a01f7b/out/cxxbridge/crate" "-I" "decompiler" "-I" "bridge" "-lbfd -lz" "-std=c++14" "-DPACKAGE=cppserver" "-o" "/opt/rustwide/target/debug/build/sleigh-sys-e188278851a01f7b/out/decompiler/sleigh.o" "-c" "decompiler/sleigh.cc"
[INFO] [stderr]   running: "c++" "-O0" "-ffunction-sections" "-fdata-sections" "-fPIC" "-gdwarf-4" "-fno-omit-frame-pointer" "-m64" "-I" "/opt/rustwide/target/debug/build/sleigh-sys-e188278851a01f7b/out/cxxbridge/include" "-I" "/opt/rustwide/target/debug/build/sleigh-sys-e188278851a01f7b/out/cxxbridge/crate" "-I" "decompiler" "-I" "bridge" "-lbfd -lz" "-std=c++14" "-DPACKAGE=cppserver" "-o" "/opt/rustwide/target/debug/build/sleigh-sys-e188278851a01f7b/out/decompiler/filemanage.o" "-c" "decompiler/filemanage.cc"
[INFO] [stderr] 
[INFO] [stderr]   exit status: 0
[INFO] [stderr]   exit status: 0
[INFO] [stderr]   exit status: 0
[INFO] [stderr]   exit status: 0
[INFO] [stderr]   exit status: 0
[INFO] [stderr]   exit status: 0
[INFO] [stderr]   exit status: 0
[INFO] [stderr]   exit status: 0
[INFO] [stderr]   running: "c++" "-O0" "-ffunction-sections" "-fdata-sections" "-fPIC" "-gdwarf-4" "-fno-omit-frame-pointer" "-m64" "-I" "/opt/rustwide/target/debug/build/sleigh-sys-e188278851a01f7b/out/cxxbridge/include" "-I" "/opt/rustwide/target/debug/build/sleigh-sys-e188278851a01f7b/out/cxxbridge/crate" "-I" "decompiler" "-I" "bridge" "-lbfd -lz" "-std=c++14" "-DPACKAGE=cppserver" "-o" "/opt/rustwide/target/debug/build/sleigh-sys-e188278851a01f7b/out/decompiler/semantics.o" "-c" "decompiler/semantics.cc"
[INFO] [stderr]   running: "c++" "-O0" "-ffunction-sections" "-fdata-sections" "-fPIC" "-gdwarf-4" "-fno-omit-frame-pointer" "-m64" "-I" "/opt/rustwide/target/debug/build/sleigh-sys-e188278851a01f7b/out/cxxbridge/include" "-I" "/opt/rustwide/target/debug/build/sleigh-sys-e188278851a01f7b/out/cxxbridge/crate" "-I" "decompiler" "-I" "bridge" "-lbfd -lz" "-std=c++14" "-DPACKAGE=cppserver" "-o" "/opt/rustwide/target/debug/build/sleigh-sys-e188278851a01f7b/out/decompiler/slghsymbol.o" "-c" "decompiler/slghsymbol.cc"
[INFO] [stderr]   running: "c++" "-O0" "-ffunction-sections" "-fdata-sections" "-fPIC" "-gdwarf-4" "-fno-omit-frame-pointer" "-m64" "-I" "/opt/rustwide/target/debug/build/sleigh-sys-e188278851a01f7b/out/cxxbridge/include" "-I" "/opt/rustwide/target/debug/build/sleigh-sys-e188278851a01f7b/out/cxxbridge/crate" "-I" "decompiler" "-I" "bridge" "-lbfd -lz" "-std=c++14" "-DPACKAGE=cppserver" "-o" "/opt/rustwide/target/debug/build/sleigh-sys-e188278851a01f7b/out/decompiler/context.o" "-c" "decompiler/context.cc"
[INFO] [stderr]   running: "c++" "-O0" "-ffunction-sections" "-fdata-sections" "-fPIC" "-gdwarf-4" "-fno-omit-frame-pointer" "-m64" "-I" "/opt/rustwide/target/debug/build/sleigh-sys-e188278851a01f7b/out/cxxbridge/include" "-I" "/opt/rustwide/target/debug/build/sleigh-sys-e188278851a01f7b/out/cxxbridge/crate" "-I" "decompiler" "-I" "bridge" "-lbfd -lz" "-std=c++14" "-DPACKAGE=cppserver" "-o" "/opt/rustwide/target/debug/build/sleigh-sys-e188278851a01f7b/out/decompiler/sleighbase.o" "-c" "decompiler/sleighbase.cc"
[INFO] [stderr]   running: "c++" "-O0" "-ffunction-sections" "-fdata-sections" "-fPIC" "-gdwarf-4" "-fno-omit-frame-pointer" "-m64" "-I" "/opt/rustwide/target/debug/build/sleigh-sys-e188278851a01f7b/out/cxxbridge/include" "-I" "/opt/rustwide/target/debug/build/sleigh-sys-e188278851a01f7b/out/cxxbridge/crate" "-I" "decompiler" "-I" "bridge" "-lbfd -lz" "-std=c++14" "-DPACKAGE=cppserver" "-o" "/opt/rustwide/target/debug/build/sleigh-sys-e188278851a01f7b/out/decompiler/slghpatexpress.o" "-c" "decompiler/slghpatexpress.cc"
[INFO] [stderr]   running: "c++" "-O0" "-ffunction-sections" "-fdata-sections" "-fPIC" "-gdwarf-4" "-fno-omit-frame-pointer" "-m64" "-I" "/opt/rustwide/target/debug/build/sleigh-sys-e188278851a01f7b/out/cxxbridge/include" "-I" "/opt/rustwide/target/debug/build/sleigh-sys-e188278851a01f7b/out/cxxbridge/crate" "-I" "decompiler" "-I" "bridge" "-lbfd -lz" "-std=c++14" "-DPACKAGE=cppserver" "-o" "/opt/rustwide/target/debug/build/sleigh-sys-e188278851a01f7b/out/decompiler/slghpattern.o" "-c" "decompiler/slghpattern.cc"
[INFO] [stderr]   running: "c++" "-O0" "-ffunction-sections" "-fdata-sections" "-fPIC" "-gdwarf-4" "-fno-omit-frame-pointer" "-m64" "-I" "/opt/rustwide/target/debug/build/sleigh-sys-e188278851a01f7b/out/cxxbridge/include" "-I" "/opt/rustwide/target/debug/build/sleigh-sys-e188278851a01f7b/out/cxxbridge/crate" "-I" "decompiler" "-I" "bridge" "-lbfd -lz" "-std=c++14" "-DPACKAGE=cppserver" "-o" "/opt/rustwide/target/debug/build/sleigh-sys-e188278851a01f7b/out/decompiler/pcodecompile.o" "-c" "decompiler/pcodecompile.cc"
[INFO] [stderr]   exit status: 0
[INFO] [stderr]   exit status: 0
[INFO] [stderr]   exit status: 0
[INFO] [stderr]   exit status: 0
[INFO] [stderr]   exit status: 0
[INFO] [stderr]   exit status: 0
[INFO] [stderr]   exit status: 0
[INFO] [stderr]   exit status: 0
[INFO] [stderr]   running: "c++" "-O0" "-ffunction-sections" "-fdata-sections" "-fPIC" "-gdwarf-4" "-fno-omit-frame-pointer" "-m64" "-I" "/opt/rustwide/target/debug/build/sleigh-sys-e188278851a01f7b/out/cxxbridge/include" "-I" "/opt/rustwide/target/debug/build/sleigh-sys-e188278851a01f7b/out/cxxbridge/crate" "-I" "decompiler" "-I" "bridge" "-lbfd -lz" "-std=c++14" "-DPACKAGE=cppserver" "-o" "/opt/rustwide/target/debug/build/sleigh-sys-e188278851a01f7b/out/decompiler/slghscan.o" "-c" "decompiler/slghscan.cc"
[INFO] [stderr]   running: "c++" "-O0" "-ffunction-sections" "-fdata-sections" "-fPIC" "-gdwarf-4" "-fno-omit-frame-pointer" "-m64" "-I" "/opt/rustwide/target/debug/build/sleigh-sys-e188278851a01f7b/out/cxxbridge/include" "-I" "/opt/rustwide/target/debug/build/sleigh-sys-e188278851a01f7b/out/cxxbridge/crate" "-I" "decompiler" "-I" "bridge" "-lbfd -lz" "-std=c++14" "-DPACKAGE=cppserver" "-o" "/opt/rustwide/target/debug/build/sleigh-sys-e188278851a01f7b/out/decompiler/slghparse.o" "-c" "decompiler/slghparse.cc"
[INFO] [stderr]   running: "c++" "-O0" "-ffunction-sections" "-fdata-sections" "-fPIC" "-gdwarf-4" "-fno-omit-frame-pointer" "-m64" "-I" "/opt/rustwide/target/debug/build/sleigh-sys-e188278851a01f7b/out/cxxbridge/include" "-I" "/opt/rustwide/target/debug/build/sleigh-sys-e188278851a01f7b/out/cxxbridge/crate" "-I" "decompiler" "-I" "bridge" "-lbfd -lz" "-std=c++14" "-DPACKAGE=cppserver" "-o" "/opt/rustwide/target/debug/build/sleigh-sys-e188278851a01f7b/out/decompiler/xml.o" "-c" "decompiler/xml.cc"
[INFO] [stderr]   running: "c++" "-O0" "-ffunction-sections" "-fdata-sections" "-fPIC" "-gdwarf-4" "-fno-omit-frame-pointer" "-m64" "-I" "/opt/rustwide/target/debug/build/sleigh-sys-e188278851a01f7b/out/cxxbridge/include" "-I" "/opt/rustwide/target/debug/build/sleigh-sys-e188278851a01f7b/out/cxxbridge/crate" "-I" "decompiler" "-I" "bridge" "-lbfd -lz" "-std=c++14" "-DPACKAGE=cppserver" "-o" "/opt/rustwide/target/debug/build/sleigh-sys-e188278851a01f7b/out/bridge/bridge.o" "-c" "bridge/bridge.cc"
[INFO] [stderr]   exit status: 0
[INFO] [stderr]   exit status: 0
[INFO] [stderr]   exit status: 0
[INFO] [stderr]   exit status: 0
[INFO] [stderr]   exit status: 0
[INFO] [stderr]   exit status: 0
[INFO] [stderr]   exit status: 0
[INFO] [stderr]   exit status: 0
[INFO] [stderr]   exit status: 0
[INFO] [stderr]   exit status: 0
[INFO] [stderr]   exit status: 0
[INFO] [stderr] 
[INFO] [stderr]   --- stderr
[INFO] [stderr] 
[INFO] [stderr]   CXX include path:
[INFO] [stderr]     /opt/rustwide/target/debug/build/sleigh-sys-e188278851a01f7b/out/cxxbridge/include
[INFO] [stderr]     /opt/rustwide/target/debug/build/sleigh-sys-e188278851a01f7b/out/cxxbridge/crate
[INFO] [stderr] 
[INFO] [stderr] 
[INFO] [stderr]   error occurred: Command "c++" "-O0" "-ffunction-sections" "-fdata-sections" "-fPIC" "-gdwarf-4" "-fno-omit-frame-pointer" "-m64" "-I" "/opt/rustwide/target/debug/build/sleigh-sys-e188278851a01f7b/out/cxxbridge/include" "-I" "/opt/rustwide/target/debug/build/sleigh-sys-e188278851a01f7b/out/cxxbridge/crate" "-I" "decompiler" "-I" "bridge" "-lbfd -lz" "-std=c++14" "-DPACKAGE=cppserver" "-o" "/opt/rustwide/target/debug/build/sleigh-sys-e188278851a01f7b/out/decompiler/coreaction.o" "-c" "decompiler/coreaction.cc" with args "c++" did not execute successfully (status code exit status: 1).
[INFO] [stderr] 
[INFO] [stderr] 
[INFO] running `Command { std: "docker" "inspect" "1ec14ad1d4dc264f1a651a0cae7574f8bf64f09c303fbdad4ca8d2e5ed23acd1", kill_on_drop: false }`
[INFO] running `Command { std: "docker" "rm" "-f" "1ec14ad1d4dc264f1a651a0cae7574f8bf64f09c303fbdad4ca8d2e5ed23acd1", kill_on_drop: false }`
[INFO] [stdout] 1ec14ad1d4dc264f1a651a0cae7574f8bf64f09c303fbdad4ca8d2e5ed23acd1
