[INFO] fetching crate sleef 0.3.0...
[INFO] testing sleef-0.3.0 against 1.75.0 for beta-1.76-1
[INFO] extracting crate sleef 0.3.0 into /workspace/builds/worker-5-tc1/source
[INFO] validating manifest of crates.io crate sleef 0.3.0 on toolchain 1.75.0
[INFO] running `Command { std: CARGO_HOME="/workspace/cargo-home" RUSTUP_HOME="/workspace/rustup-home" "/workspace/cargo-home/bin/cargo" "+1.75.0" "metadata" "--manifest-path" "Cargo.toml" "--no-deps", kill_on_drop: false }`
[INFO] removed /workspace/builds/worker-5-tc1/source/rust-toolchain
[INFO] started tweaking crates.io crate sleef 0.3.0
[INFO] finished tweaking crates.io crate sleef 0.3.0
[INFO] tweaked toml for crates.io crate sleef 0.3.0 written to /workspace/builds/worker-5-tc1/source/Cargo.toml
[INFO] crate crates.io crate sleef 0.3.0 already has a lockfile, it will not be regenerated
[INFO] running `Command { std: CARGO_HOME="/workspace/cargo-home" RUSTUP_HOME="/workspace/rustup-home" "/workspace/cargo-home/bin/cargo" "+1.75.0" "fetch" "--manifest-path" "Cargo.toml", kill_on_drop: false }`
[INFO] [stderr]     Updating crates.io index
[INFO] [stderr]  Downloading crates ...
[INFO] [stderr]   Downloaded rug v1.17.0
[INFO] [stderr]   Downloaded doubled v0.3.1
[INFO] [stderr]   Downloaded gmp-mpfr-sys v1.4.10
[INFO] running `Command { std: "docker" "create" "-v" "/var/lib/crater-agent-workspace/builds/worker-5-tc1/target:/opt/rustwide/target:rw,Z" "-v" "/var/lib/crater-agent-workspace/builds/worker-5-tc1/source:/opt/rustwide/workdir:ro,Z" "-v" "/var/lib/crater-agent-workspace/cargo-home:/opt/rustwide/cargo-home:ro,Z" "-v" "/var/lib/crater-agent-workspace/rustup-home:/opt/rustwide/rustup-home:ro,Z" "-e" "SOURCE_DIR=/opt/rustwide/workdir" "-e" "CARGO_TARGET_DIR=/opt/rustwide/target" "-e" "CARGO_HOME=/opt/rustwide/cargo-home" "-e" "RUSTUP_HOME=/opt/rustwide/rustup-home" "-w" "/opt/rustwide/workdir" "-m" "1610612736" "--user" "0:0" "--network" "none" "ghcr.io/rust-lang/crates-build-env/linux@sha256:2788e3201cd34a07e3172128adcd8b3090168a8e3bcc40d7c032b9dda1df7d1c" "/opt/rustwide/cargo-home/bin/cargo" "+1.75.0" "metadata" "--no-deps" "--format-version=1", kill_on_drop: false }`
[INFO] [stdout] 59b5a99d839dc699296a6f3564ac224a235879722771994818e2727ef261697a
[INFO] running `Command { std: "docker" "start" "-a" "59b5a99d839dc699296a6f3564ac224a235879722771994818e2727ef261697a", kill_on_drop: false }`
[INFO] running `Command { std: "docker" "inspect" "59b5a99d839dc699296a6f3564ac224a235879722771994818e2727ef261697a", kill_on_drop: false }`
[INFO] running `Command { std: "docker" "rm" "-f" "59b5a99d839dc699296a6f3564ac224a235879722771994818e2727ef261697a", kill_on_drop: false }`
[INFO] [stdout] 59b5a99d839dc699296a6f3564ac224a235879722771994818e2727ef261697a
[INFO] running `Command { std: "docker" "create" "-v" "/var/lib/crater-agent-workspace/builds/worker-5-tc1/target:/opt/rustwide/target:rw,Z" "-v" "/var/lib/crater-agent-workspace/builds/worker-5-tc1/source:/opt/rustwide/workdir:ro,Z" "-v" "/var/lib/crater-agent-workspace/cargo-home:/opt/rustwide/cargo-home:ro,Z" "-v" "/var/lib/crater-agent-workspace/rustup-home:/opt/rustwide/rustup-home:ro,Z" "-e" "SOURCE_DIR=/opt/rustwide/workdir" "-e" "CARGO_TARGET_DIR=/opt/rustwide/target" "-e" "CARGO_INCREMENTAL=0" "-e" "RUST_BACKTRACE=full" "-e" "RUSTFLAGS=--cap-lints=warn" "-e" "RUSTDOCFLAGS=--cap-lints=warn" "-e" "CARGO_HOME=/opt/rustwide/cargo-home" "-e" "RUSTUP_HOME=/opt/rustwide/rustup-home" "-w" "/opt/rustwide/workdir" "-m" "1610612736" "--user" "0:0" "--network" "none" "ghcr.io/rust-lang/crates-build-env/linux@sha256:2788e3201cd34a07e3172128adcd8b3090168a8e3bcc40d7c032b9dda1df7d1c" "/opt/rustwide/cargo-home/bin/cargo" "+1.75.0" "build" "--frozen" "--message-format=json", kill_on_drop: false }`
[INFO] [stdout] 47c2e63a099df0ca3bdf7188400802b68eb335244e9d4d5eaca80878ffe43b4d
[INFO] running `Command { std: "docker" "start" "-a" "47c2e63a099df0ca3bdf7188400802b68eb335244e9d4d5eaca80878ffe43b4d", kill_on_drop: false }`
[INFO] [stderr]    Compiling doubled v0.3.1
[INFO] [stdout] error[E0554]: `#![feature]` may not be used on the stable release channel
[INFO] [stdout]  --> /opt/rustwide/cargo-home/registry/src/index.crates.io-6f17d22bba15001f/doubled-0.3.1/src/lib.rs:4:39
[INFO] [stdout]   |
[INFO] [stdout] 4 | #![cfg_attr(feature = "simd", feature(portable_simd))]
[INFO] [stdout]   |                                       ^^^^^^^^^^^^^
[INFO] [stdout] 
[INFO] [stdout] 
[INFO] [stdout] error: aborting due to previous error
[INFO] [stdout] 
[INFO] [stdout] 
[INFO] [stdout] For more information about this error, try `rustc --explain E0554`.
[INFO] [stdout] 
[INFO] [stderr] error: could not compile `doubled` (lib) due to 2 previous errors
[INFO] running `Command { std: "docker" "inspect" "47c2e63a099df0ca3bdf7188400802b68eb335244e9d4d5eaca80878ffe43b4d", kill_on_drop: false }`
[INFO] running `Command { std: "docker" "rm" "-f" "47c2e63a099df0ca3bdf7188400802b68eb335244e9d4d5eaca80878ffe43b4d", kill_on_drop: false }`
[INFO] [stdout] 47c2e63a099df0ca3bdf7188400802b68eb335244e9d4d5eaca80878ffe43b4d
[INFO] testing sleef-0.3.0 against beta-2023-12-22 for beta-1.76-1
[INFO] extracting crate sleef 0.3.0 into /workspace/builds/worker-5-tc2/source
[INFO] validating manifest of crates.io crate sleef 0.3.0 on toolchain beta-2023-12-22
[INFO] running `Command { std: CARGO_HOME="/workspace/cargo-home" RUSTUP_HOME="/workspace/rustup-home" "/workspace/cargo-home/bin/cargo" "+beta-2023-12-22" "metadata" "--manifest-path" "Cargo.toml" "--no-deps", kill_on_drop: false }`
[INFO] removed /workspace/builds/worker-5-tc2/source/rust-toolchain
[INFO] started tweaking crates.io crate sleef 0.3.0
[INFO] finished tweaking crates.io crate sleef 0.3.0
[INFO] tweaked toml for crates.io crate sleef 0.3.0 written to /workspace/builds/worker-5-tc2/source/Cargo.toml
[INFO] crate crates.io crate sleef 0.3.0 already has a lockfile, it will not be regenerated
[INFO] running `Command { std: CARGO_HOME="/workspace/cargo-home" RUSTUP_HOME="/workspace/rustup-home" "/workspace/cargo-home/bin/cargo" "+beta-2023-12-22" "fetch" "--manifest-path" "Cargo.toml", kill_on_drop: false }`
[INFO] running `Command { std: "docker" "create" "-v" "/var/lib/crater-agent-workspace/builds/worker-5-tc2/target:/opt/rustwide/target:rw,Z" "-v" "/var/lib/crater-agent-workspace/builds/worker-5-tc2/source:/opt/rustwide/workdir:ro,Z" "-v" "/var/lib/crater-agent-workspace/cargo-home:/opt/rustwide/cargo-home:ro,Z" "-v" "/var/lib/crater-agent-workspace/rustup-home:/opt/rustwide/rustup-home:ro,Z" "-e" "SOURCE_DIR=/opt/rustwide/workdir" "-e" "CARGO_TARGET_DIR=/opt/rustwide/target" "-e" "CARGO_HOME=/opt/rustwide/cargo-home" "-e" "RUSTUP_HOME=/opt/rustwide/rustup-home" "-w" "/opt/rustwide/workdir" "-m" "1610612736" "--user" "0:0" "--network" "none" "ghcr.io/rust-lang/crates-build-env/linux@sha256:2788e3201cd34a07e3172128adcd8b3090168a8e3bcc40d7c032b9dda1df7d1c" "/opt/rustwide/cargo-home/bin/cargo" "+beta-2023-12-22" "metadata" "--no-deps" "--format-version=1", kill_on_drop: false }`
[INFO] [stdout] 002003dd44fe99dd03dadae4c7b7e2a2be60a976f3e435fc9453cf6696b2561b
[INFO] running `Command { std: "docker" "start" "-a" "002003dd44fe99dd03dadae4c7b7e2a2be60a976f3e435fc9453cf6696b2561b", kill_on_drop: false }`
[INFO] running `Command { std: "docker" "inspect" "002003dd44fe99dd03dadae4c7b7e2a2be60a976f3e435fc9453cf6696b2561b", kill_on_drop: false }`
[INFO] running `Command { std: "docker" "rm" "-f" "002003dd44fe99dd03dadae4c7b7e2a2be60a976f3e435fc9453cf6696b2561b", kill_on_drop: false }`
[INFO] [stdout] 002003dd44fe99dd03dadae4c7b7e2a2be60a976f3e435fc9453cf6696b2561b
[INFO] running `Command { std: "docker" "create" "-v" "/var/lib/crater-agent-workspace/builds/worker-5-tc2/target:/opt/rustwide/target:rw,Z" "-v" "/var/lib/crater-agent-workspace/builds/worker-5-tc2/source:/opt/rustwide/workdir:ro,Z" "-v" "/var/lib/crater-agent-workspace/cargo-home:/opt/rustwide/cargo-home:ro,Z" "-v" "/var/lib/crater-agent-workspace/rustup-home:/opt/rustwide/rustup-home:ro,Z" "-e" "SOURCE_DIR=/opt/rustwide/workdir" "-e" "CARGO_TARGET_DIR=/opt/rustwide/target" "-e" "CARGO_INCREMENTAL=0" "-e" "RUST_BACKTRACE=full" "-e" "RUSTFLAGS=--cap-lints=warn" "-e" "RUSTDOCFLAGS=--cap-lints=warn" "-e" "CARGO_HOME=/opt/rustwide/cargo-home" "-e" "RUSTUP_HOME=/opt/rustwide/rustup-home" "-w" "/opt/rustwide/workdir" "-m" "1610612736" "--user" "0:0" "--network" "none" "ghcr.io/rust-lang/crates-build-env/linux@sha256:2788e3201cd34a07e3172128adcd8b3090168a8e3bcc40d7c032b9dda1df7d1c" "/opt/rustwide/cargo-home/bin/cargo" "+beta-2023-12-22" "build" "--frozen" "--message-format=json", kill_on_drop: false }`
[INFO] [stdout] 9f3bc47c80154ffb2490c0f72addd8ea31fd1dd41c094b70876136246bfeef36
[INFO] running `Command { std: "docker" "start" "-a" "9f3bc47c80154ffb2490c0f72addd8ea31fd1dd41c094b70876136246bfeef36", kill_on_drop: false }`
[INFO] [stderr]    Compiling doubled v0.3.1
[INFO] [stdout] error[E0432]: unresolved import `core::simd::SimdFloat`
[INFO] [stdout]  --> /opt/rustwide/cargo-home/registry/src/index.crates.io-6f17d22bba15001f/doubled-0.3.1/src/f32x.rs:2:35
[INFO] [stdout]   |
[INFO] [stdout] 2 | use core::simd::{LaneCount, Simd, SimdFloat, SupportedLaneCount};
[INFO] [stdout]   |                                   ^^^^^^^^^ no `SimdFloat` in `simd`
[INFO] [stdout]   |
[INFO] [stdout]   = help: consider importing one of these items instead:
[INFO] [stdout]           core::simd::prelude::SimdFloat
[INFO] [stdout]           std::simd::prelude::SimdFloat
[INFO] [stdout] 
[INFO] [stdout] 
[INFO] [stdout] error[E0432]: unresolved import `core::simd::SimdFloat`
[INFO] [stdout]  --> /opt/rustwide/cargo-home/registry/src/index.crates.io-6f17d22bba15001f/doubled-0.3.1/src/f64x.rs:2:35
[INFO] [stdout]   |
[INFO] [stdout] 2 | use core::simd::{LaneCount, Simd, SimdFloat, SupportedLaneCount};
[INFO] [stdout]   |                                   ^^^^^^^^^ no `SimdFloat` in `simd`
[INFO] [stdout]   |
[INFO] [stdout]   = help: consider importing one of these items instead:
[INFO] [stdout]           core::simd::prelude::SimdFloat
[INFO] [stdout]           std::simd::prelude::SimdFloat
[INFO] [stdout] 
[INFO] [stdout] 
[INFO] [stdout] error[E0554]: `#![feature]` may not be used on the beta release channel
[INFO] [stdout]  --> /opt/rustwide/cargo-home/registry/src/index.crates.io-6f17d22bba15001f/doubled-0.3.1/src/lib.rs:4:39
[INFO] [stdout]   |
[INFO] [stdout] 4 | #![cfg_attr(feature = "simd", feature(portable_simd))]
[INFO] [stdout]   |                                       ^^^^^^^^^^^^^
[INFO] [stdout] 
[INFO] [stdout] 
[INFO] [stdout] error[E0599]: no function or associated item named `from_bits` found for struct `Simd` in the current scope
[INFO] [stdout]   --> /opt/rustwide/cargo-home/registry/src/index.crates.io-6f17d22bba15001f/doubled-0.3.1/src/f32x.rs:14:15
[INFO] [stdout]    |
[INFO] [stdout] 14 |         Self::from_bits(self.to_bits() & U32x::splat(0x_fff_ff000))
[INFO] [stdout]    |               ^^^^^^^^^ function or associated item not found in `Simd<f32, N>`
[INFO] [stdout]    |
[INFO] [stdout]    = help: items from traits can only be used if the trait is in scope
[INFO] [stdout] help: the following trait is implemented but not in scope; perhaps add a `use` for it:
[INFO] [stdout]    |
[INFO] [stdout] 1  + use std::simd::num::SimdFloat;
[INFO] [stdout]    |
[INFO] [stdout] 
[INFO] [stdout] 
[INFO] [stdout] error[E0599]: no method named `to_bits` found for struct `Simd` in the current scope
[INFO] [stdout]   --> /opt/rustwide/cargo-home/registry/src/index.crates.io-6f17d22bba15001f/doubled-0.3.1/src/f32x.rs:14:30
[INFO] [stdout]    |
[INFO] [stdout] 14 |         Self::from_bits(self.to_bits() & U32x::splat(0x_fff_ff000))
[INFO] [stdout]    |                              ^^^^^^^ method not found in `Simd<f32, N>`
[INFO] [stdout]   --> /rustc/0e09125c6c3c2fd70d7de961bcf0e51575235fad/library/core/src/../../portable-simd/crates/core_simd/src/simd/num/float.rs:68:8
[INFO] [stdout]    |
[INFO] [stdout]    = note: the method is available for `Simd<f32, N>` here
[INFO] [stdout]    |
[INFO] [stdout]    = help: items from traits can only be used if the trait is in scope
[INFO] [stdout] help: the following trait is implemented but not in scope; perhaps add a `use` for it:
[INFO] [stdout]    |
[INFO] [stdout] 1  + use std::simd::num::SimdFloat;
[INFO] [stdout]    |
[INFO] [stdout] 
[INFO] [stdout] 
[INFO] [stdout] error[E0599]: no function or associated item named `from_bits` found for struct `Simd` in the current scope
[INFO] [stdout]   --> /opt/rustwide/cargo-home/registry/src/index.crates.io-6f17d22bba15001f/doubled-0.3.1/src/f32x.rs:24:25
[INFO] [stdout]    |
[INFO] [stdout] 24 |         Self::new(F32x::from_bits(u0), F32x::from_bits(u1))
[INFO] [stdout]    |                         ^^^^^^^^^ function or associated item not found in `Simd<f32, _>`
[INFO] [stdout]    |
[INFO] [stdout]    = help: items from traits can only be used if the trait is in scope
[INFO] [stdout] help: the following trait is implemented but not in scope; perhaps add a `use` for it:
[INFO] [stdout]    |
[INFO] [stdout] 1  + use std::simd::num::SimdFloat;
[INFO] [stdout]    |
[INFO] [stdout] 
[INFO] [stdout] 
[INFO] [stdout] error[E0599]: no function or associated item named `from_bits` found for struct `Simd` in the current scope
[INFO] [stdout]   --> /opt/rustwide/cargo-home/registry/src/index.crates.io-6f17d22bba15001f/doubled-0.3.1/src/f32x.rs:24:46
[INFO] [stdout]    |
[INFO] [stdout] 24 |         Self::new(F32x::from_bits(u0), F32x::from_bits(u1))
[INFO] [stdout]    |                                              ^^^^^^^^^ function or associated item not found in `Simd<f32, _>`
[INFO] [stdout]    |
[INFO] [stdout]    = help: items from traits can only be used if the trait is in scope
[INFO] [stdout] help: the following trait is implemented but not in scope; perhaps add a `use` for it:
[INFO] [stdout]    |
[INFO] [stdout] 1  + use std::simd::num::SimdFloat;
[INFO] [stdout]    |
[INFO] [stdout] 
[INFO] [stdout] 
[INFO] [stdout] error[E0599]: no method named `abs` found for struct `Simd` in the current scope
[INFO] [stdout]   --> /opt/rustwide/cargo-home/registry/src/index.crates.io-6f17d22bba15001f/doubled-0.3.1/src/f32x.rs:63:20
[INFO] [stdout]    |
[INFO] [stdout] 63 |             self.0.abs(),
[INFO] [stdout]    |                    ^^^ method not found in `Simd<f32, N>`
[INFO] [stdout]   --> /rustc/0e09125c6c3c2fd70d7de961bcf0e51575235fad/library/core/src/../../portable-simd/crates/core_simd/src/simd/num/float.rs:78:8
[INFO] [stdout]    |
[INFO] [stdout]    = note: the method is available for `Simd<f32, N>` here
[INFO] [stdout]    |
[INFO] [stdout]    = help: items from traits can only be used if the trait is in scope
[INFO] [stdout] help: the following trait is implemented but not in scope; perhaps add a `use` for it:
[INFO] [stdout]    |
[INFO] [stdout] 1  + use std::simd::num::SimdFloat;
[INFO] [stdout]    |
[INFO] [stdout] 
[INFO] [stdout] 
[INFO] [stdout] error[E0599]: no function or associated item named `from_bits` found for struct `Simd` in the current scope
[INFO] [stdout]   --> /opt/rustwide/cargo-home/registry/src/index.crates.io-6f17d22bba15001f/doubled-0.3.1/src/f32x.rs:64:19
[INFO] [stdout]    |
[INFO] [stdout] 64 |             F32x::from_bits(self.1.to_bits() ^ (self.0.to_bits() & F32x::splat(-0.).to_bits())),
[INFO] [stdout]    |                   ^^^^^^^^^ function or associated item not found in `Simd<f32, _>`
[INFO] [stdout]    |
[INFO] [stdout]    = help: items from traits can only be used if the trait is in scope
[INFO] [stdout] help: the following trait is implemented but not in scope; perhaps add a `use` for it:
[INFO] [stdout]    |
[INFO] [stdout] 1  + use std::simd::num::SimdFloat;
[INFO] [stdout]    |
[INFO] [stdout] 
[INFO] [stdout] 
[INFO] [stdout] error[E0599]: no method named `to_bits` found for struct `Simd` in the current scope
[INFO] [stdout]   --> /opt/rustwide/cargo-home/registry/src/index.crates.io-6f17d22bba15001f/doubled-0.3.1/src/f32x.rs:64:36
[INFO] [stdout]    |
[INFO] [stdout] 64 |             F32x::from_bits(self.1.to_bits() ^ (self.0.to_bits() & F32x::splat(-0.).to_bits())),
[INFO] [stdout]    |                                    ^^^^^^^ method not found in `Simd<f32, N>`
[INFO] [stdout]   --> /rustc/0e09125c6c3c2fd70d7de961bcf0e51575235fad/library/core/src/../../portable-simd/crates/core_simd/src/simd/num/float.rs:68:8
[INFO] [stdout]    |
[INFO] [stdout]    = note: the method is available for `Simd<f32, N>` here
[INFO] [stdout]    |
[INFO] [stdout]    = help: items from traits can only be used if the trait is in scope
[INFO] [stdout] help: the following trait is implemented but not in scope; perhaps add a `use` for it:
[INFO] [stdout]    |
[INFO] [stdout] 1  + use std::simd::num::SimdFloat;
[INFO] [stdout]    |
[INFO] [stdout] 
[INFO] [stdout] 
[INFO] [stdout] error[E0599]: no method named `to_bits` found for struct `Simd` in the current scope
[INFO] [stdout]   --> /opt/rustwide/cargo-home/registry/src/index.crates.io-6f17d22bba15001f/doubled-0.3.1/src/f32x.rs:64:56
[INFO] [stdout]    |
[INFO] [stdout] 64 |             F32x::from_bits(self.1.to_bits() ^ (self.0.to_bits() & F32x::splat(-0.).to_bits())),
[INFO] [stdout]    |                                                        ^^^^^^^ method not found in `Simd<f32, N>`
[INFO] [stdout]   --> /rustc/0e09125c6c3c2fd70d7de961bcf0e51575235fad/library/core/src/../../portable-simd/crates/core_simd/src/simd/num/float.rs:68:8
[INFO] [stdout]    |
[INFO] [stdout]    = note: the method is available for `Simd<f32, N>` here
[INFO] [stdout]    |
[INFO] [stdout]    = help: items from traits can only be used if the trait is in scope
[INFO] [stdout] help: the following trait is implemented but not in scope; perhaps add a `use` for it:
[INFO] [stdout]    |
[INFO] [stdout] 1  + use std::simd::num::SimdFloat;
[INFO] [stdout]    |
[INFO] [stdout] 
[INFO] [stdout] 
[INFO] [stdout] error[E0599]: no method named `to_bits` found for struct `Simd` in the current scope
[INFO] [stdout]   --> /opt/rustwide/cargo-home/registry/src/index.crates.io-6f17d22bba15001f/doubled-0.3.1/src/f32x.rs:64:85
[INFO] [stdout]    |
[INFO] [stdout] 64 |             F32x::from_bits(self.1.to_bits() ^ (self.0.to_bits() & F32x::splat(-0.).to_bits())),
[INFO] [stdout]    |                                                                                     ^^^^^^^ method not found in `Simd<f32, N>`
[INFO] [stdout]   --> /rustc/0e09125c6c3c2fd70d7de961bcf0e51575235fad/library/core/src/../../portable-simd/crates/core_simd/src/simd/num/float.rs:68:8
[INFO] [stdout]    |
[INFO] [stdout]    = note: the method is available for `Simd<f32, N>` here
[INFO] [stdout]    |
[INFO] [stdout]    = help: items from traits can only be used if the trait is in scope
[INFO] [stdout] help: the following trait is implemented but not in scope; perhaps add a `use` for it:
[INFO] [stdout]    |
[INFO] [stdout] 1  + use std::simd::num::SimdFloat;
[INFO] [stdout]    |
[INFO] [stdout] 
[INFO] [stdout] 
[INFO] [stdout] error[E0599]: no method named `recip` found for struct `Simd` in the current scope
[INFO] [stdout]    --> /opt/rustwide/cargo-home/registry/src/index.crates.io-6f17d22bba15001f/doubled-0.3.1/src/f32x.rs:143:24
[INFO] [stdout]     |
[INFO] [stdout] 143 |         let t = self.0.recip();
[INFO] [stdout]     |                        ^^^^^ method not found in `Simd<f32, N>`
[INFO] [stdout]    --> /rustc/0e09125c6c3c2fd70d7de961bcf0e51575235fad/library/core/src/../../portable-simd/crates/core_simd/src/simd/num/float.rs:82:8
[INFO] [stdout]     |
[INFO] [stdout]     = note: the method is available for `Simd<f32, N>` here
[INFO] [stdout]     |
[INFO] [stdout]     = help: items from traits can only be used if the trait is in scope
[INFO] [stdout] help: the following trait is implemented but not in scope; perhaps add a `use` for it:
[INFO] [stdout]     |
[INFO] [stdout] 1   + use std::simd::num::SimdFloat;
[INFO] [stdout]     |
[INFO] [stdout] 
[INFO] [stdout] 
[INFO] [stdout] error[E0599]: no method named `recip` found for struct `Simd` in the current scope
[INFO] [stdout]    --> /opt/rustwide/cargo-home/registry/src/index.crates.io-6f17d22bba15001f/doubled-0.3.1/src/f32x.rs:256:25
[INFO] [stdout]     |
[INFO] [stdout] 256 |         let t = other.0.recip();
[INFO] [stdout]     |                         ^^^^^ method not found in `Simd<f32, N>`
[INFO] [stdout]    --> /rustc/0e09125c6c3c2fd70d7de961bcf0e51575235fad/library/core/src/../../portable-simd/crates/core_simd/src/simd/num/float.rs:82:8
[INFO] [stdout]     |
[INFO] [stdout]     = note: the method is available for `Simd<f32, N>` here
[INFO] [stdout]     |
[INFO] [stdout]     = help: items from traits can only be used if the trait is in scope
[INFO] [stdout] help: the following trait is implemented but not in scope; perhaps add a `use` for it:
[INFO] [stdout]     |
[INFO] [stdout] 1   + use std::simd::num::SimdFloat;
[INFO] [stdout]     |
[INFO] [stdout] 
[INFO] [stdout] 
[INFO] [stdout] error[E0599]: no method named `recip` found for struct `Simd` in the current scope
[INFO] [stdout]    --> /opt/rustwide/cargo-home/registry/src/index.crates.io-6f17d22bba15001f/doubled-0.3.1/src/f32x.rs:349:22
[INFO] [stdout]     |
[INFO] [stdout] 349 |         let t = self.recip();
[INFO] [stdout]     |                      ^^^^^ method not found in `Simd<f32, N>`
[INFO] [stdout]    --> /rustc/0e09125c6c3c2fd70d7de961bcf0e51575235fad/library/core/src/../../portable-simd/crates/core_simd/src/simd/num/float.rs:82:8
[INFO] [stdout]     |
[INFO] [stdout]     = note: the method is available for `Simd<f32, N>` here
[INFO] [stdout]     |
[INFO] [stdout]     = help: items from traits can only be used if the trait is in scope
[INFO] [stdout] help: the following trait is implemented but not in scope; perhaps add a `use` for it:
[INFO] [stdout]     |
[INFO] [stdout] 1   + use std::simd::num::SimdFloat;
[INFO] [stdout]     |
[INFO] [stdout] 
[INFO] [stdout] 
[INFO] [stdout] error[E0599]: no function or associated item named `from_bits` found for struct `Simd` in the current scope
[INFO] [stdout]   --> /opt/rustwide/cargo-home/registry/src/index.crates.io-6f17d22bba15001f/doubled-0.3.1/src/f64x.rs:14:15
[INFO] [stdout]    |
[INFO] [stdout] 14 |         Self::from_bits(self.to_bits() & U64x::splat((0x_ffff_ffff << 32) + 0x_f800_0000))
[INFO] [stdout]    |               ^^^^^^^^^ function or associated item not found in `Simd<f64, N>`
[INFO] [stdout]    |
[INFO] [stdout]    = help: items from traits can only be used if the trait is in scope
[INFO] [stdout] help: the following trait is implemented but not in scope; perhaps add a `use` for it:
[INFO] [stdout]    |
[INFO] [stdout] 1  + use std::simd::num::SimdFloat;
[INFO] [stdout]    |
[INFO] [stdout] 
[INFO] [stdout] 
[INFO] [stdout] error[E0599]: no method named `to_bits` found for struct `Simd` in the current scope
[INFO] [stdout]   --> /opt/rustwide/cargo-home/registry/src/index.crates.io-6f17d22bba15001f/doubled-0.3.1/src/f64x.rs:14:30
[INFO] [stdout]    |
[INFO] [stdout] 14 |         Self::from_bits(self.to_bits() & U64x::splat((0x_ffff_ffff << 32) + 0x_f800_0000))
[INFO] [stdout]    |                              ^^^^^^^ method not found in `Simd<f64, N>`
[INFO] [stdout]   --> /rustc/0e09125c6c3c2fd70d7de961bcf0e51575235fad/library/core/src/../../portable-simd/crates/core_simd/src/simd/num/float.rs:68:8
[INFO] [stdout]    |
[INFO] [stdout]    = note: the method is available for `Simd<f64, N>` here
[INFO] [stdout]    |
[INFO] [stdout]    = help: items from traits can only be used if the trait is in scope
[INFO] [stdout] help: the following trait is implemented but not in scope; perhaps add a `use` for it:
[INFO] [stdout]    |
[INFO] [stdout] 1  + use std::simd::num::SimdFloat;
[INFO] [stdout]    |
[INFO] [stdout] 
[INFO] [stdout] 
[INFO] [stdout] error[E0599]: no function or associated item named `from_bits` found for struct `Simd` in the current scope
[INFO] [stdout]   --> /opt/rustwide/cargo-home/registry/src/index.crates.io-6f17d22bba15001f/doubled-0.3.1/src/f64x.rs:24:25
[INFO] [stdout]    |
[INFO] [stdout] 24 |         Self::new(F64x::from_bits(u0), F64x::from_bits(u1))
[INFO] [stdout]    |                         ^^^^^^^^^ function or associated item not found in `Simd<f64, _>`
[INFO] [stdout]    |
[INFO] [stdout]    = help: items from traits can only be used if the trait is in scope
[INFO] [stdout] help: the following trait is implemented but not in scope; perhaps add a `use` for it:
[INFO] [stdout]    |
[INFO] [stdout] 1  + use std::simd::num::SimdFloat;
[INFO] [stdout]    |
[INFO] [stdout] 
[INFO] [stdout] 
[INFO] [stdout] error[E0599]: no function or associated item named `from_bits` found for struct `Simd` in the current scope
[INFO] [stdout]   --> /opt/rustwide/cargo-home/registry/src/index.crates.io-6f17d22bba15001f/doubled-0.3.1/src/f64x.rs:24:46
[INFO] [stdout]    |
[INFO] [stdout] 24 |         Self::new(F64x::from_bits(u0), F64x::from_bits(u1))
[INFO] [stdout]    |                                              ^^^^^^^^^ function or associated item not found in `Simd<f64, _>`
[INFO] [stdout]    |
[INFO] [stdout]    = help: items from traits can only be used if the trait is in scope
[INFO] [stdout] help: the following trait is implemented but not in scope; perhaps add a `use` for it:
[INFO] [stdout]    |
[INFO] [stdout] 1  + use std::simd::num::SimdFloat;
[INFO] [stdout]    |
[INFO] [stdout] 
[INFO] [stdout] 
[INFO] [stdout] error[E0599]: no method named `abs` found for struct `Simd` in the current scope
[INFO] [stdout]   --> /opt/rustwide/cargo-home/registry/src/index.crates.io-6f17d22bba15001f/doubled-0.3.1/src/f64x.rs:63:20
[INFO] [stdout]    |
[INFO] [stdout] 63 |             self.0.abs(),
[INFO] [stdout]    |                    ^^^ method not found in `Simd<f64, N>`
[INFO] [stdout]   --> /rustc/0e09125c6c3c2fd70d7de961bcf0e51575235fad/library/core/src/../../portable-simd/crates/core_simd/src/simd/num/float.rs:78:8
[INFO] [stdout]    |
[INFO] [stdout]    = note: the method is available for `Simd<f64, N>` here
[INFO] [stdout]    |
[INFO] [stdout]    = help: items from traits can only be used if the trait is in scope
[INFO] [stdout] help: the following trait is implemented but not in scope; perhaps add a `use` for it:
[INFO] [stdout]    |
[INFO] [stdout] 1  + use std::simd::num::SimdFloat;
[INFO] [stdout]    |
[INFO] [stdout] 
[INFO] [stdout] 
[INFO] [stdout] error[E0599]: no function or associated item named `from_bits` found for struct `Simd` in the current scope
[INFO] [stdout]   --> /opt/rustwide/cargo-home/registry/src/index.crates.io-6f17d22bba15001f/doubled-0.3.1/src/f64x.rs:64:19
[INFO] [stdout]    |
[INFO] [stdout] 64 |             F64x::from_bits(self.1.to_bits() ^ (self.0.to_bits() & F64x::splat(-0.).to_bits())),
[INFO] [stdout]    |                   ^^^^^^^^^ function or associated item not found in `Simd<f64, _>`
[INFO] [stdout]    |
[INFO] [stdout]    = help: items from traits can only be used if the trait is in scope
[INFO] [stdout] help: the following trait is implemented but not in scope; perhaps add a `use` for it:
[INFO] [stdout]    |
[INFO] [stdout] 1  + use std::simd::num::SimdFloat;
[INFO] [stdout]    |
[INFO] [stdout] 
[INFO] [stdout] 
[INFO] [stdout] error[E0599]: no method named `to_bits` found for struct `Simd` in the current scope
[INFO] [stdout]   --> /opt/rustwide/cargo-home/registry/src/index.crates.io-6f17d22bba15001f/doubled-0.3.1/src/f64x.rs:64:36
[INFO] [stdout]    |
[INFO] [stdout] 64 |             F64x::from_bits(self.1.to_bits() ^ (self.0.to_bits() & F64x::splat(-0.).to_bits())),
[INFO] [stdout]    |                                    ^^^^^^^ method not found in `Simd<f64, N>`
[INFO] [stdout]   --> /rustc/0e09125c6c3c2fd70d7de961bcf0e51575235fad/library/core/src/../../portable-simd/crates/core_simd/src/simd/num/float.rs:68:8
[INFO] [stdout]    |
[INFO] [stdout]    = note: the method is available for `Simd<f64, N>` here
[INFO] [stdout]    |
[INFO] [stdout]    = help: items from traits can only be used if the trait is in scope
[INFO] [stdout] help: the following trait is implemented but not in scope; perhaps add a `use` for it:
[INFO] [stdout]    |
[INFO] [stdout] 1  + use std::simd::num::SimdFloat;
[INFO] [stdout]    |
[INFO] [stdout] 
[INFO] [stdout] 
[INFO] [stdout] error[E0599]: no method named `to_bits` found for struct `Simd` in the current scope
[INFO] [stdout]   --> /opt/rustwide/cargo-home/registry/src/index.crates.io-6f17d22bba15001f/doubled-0.3.1/src/f64x.rs:64:56
[INFO] [stdout]    |
[INFO] [stdout] 64 |             F64x::from_bits(self.1.to_bits() ^ (self.0.to_bits() & F64x::splat(-0.).to_bits())),
[INFO] [stdout]    |                                                        ^^^^^^^ method not found in `Simd<f64, N>`
[INFO] [stdout]   --> /rustc/0e09125c6c3c2fd70d7de961bcf0e51575235fad/library/core/src/../../portable-simd/crates/core_simd/src/simd/num/float.rs:68:8
[INFO] [stdout]    |
[INFO] [stdout]    = note: the method is available for `Simd<f64, N>` here
[INFO] [stdout]    |
[INFO] [stdout]    = help: items from traits can only be used if the trait is in scope
[INFO] [stdout] help: the following trait is implemented but not in scope; perhaps add a `use` for it:
[INFO] [stdout]    |
[INFO] [stdout] 1  + use std::simd::num::SimdFloat;
[INFO] [stdout]    |
[INFO] [stdout] 
[INFO] [stdout] 
[INFO] [stdout] error[E0599]: no method named `to_bits` found for struct `Simd` in the current scope
[INFO] [stdout]   --> /opt/rustwide/cargo-home/registry/src/index.crates.io-6f17d22bba15001f/doubled-0.3.1/src/f64x.rs:64:85
[INFO] [stdout]    |
[INFO] [stdout] 64 |             F64x::from_bits(self.1.to_bits() ^ (self.0.to_bits() & F64x::splat(-0.).to_bits())),
[INFO] [stdout]    |                                                                                     ^^^^^^^ method not found in `Simd<f64, N>`
[INFO] [stdout]   --> /rustc/0e09125c6c3c2fd70d7de961bcf0e51575235fad/library/core/src/../../portable-simd/crates/core_simd/src/simd/num/float.rs:68:8
[INFO] [stdout]    |
[INFO] [stdout]    = note: the method is available for `Simd<f64, N>` here
[INFO] [stdout]    |
[INFO] [stdout]    = help: items from traits can only be used if the trait is in scope
[INFO] [stdout] help: the following trait is implemented but not in scope; perhaps add a `use` for it:
[INFO] [stdout]    |
[INFO] [stdout] 1  + use std::simd::num::SimdFloat;
[INFO] [stdout]    |
[INFO] [stdout] 
[INFO] [stdout] 
[INFO] [stdout] error[E0599]: no method named `recip` found for struct `Simd` in the current scope
[INFO] [stdout]    --> /opt/rustwide/cargo-home/registry/src/index.crates.io-6f17d22bba15001f/doubled-0.3.1/src/f64x.rs:137:24
[INFO] [stdout]     |
[INFO] [stdout] 137 |         let t = self.0.recip();
[INFO] [stdout]     |                        ^^^^^ method not found in `Simd<f64, N>`
[INFO] [stdout]    --> /rustc/0e09125c6c3c2fd70d7de961bcf0e51575235fad/library/core/src/../../portable-simd/crates/core_simd/src/simd/num/float.rs:82:8
[INFO] [stdout]     |
[INFO] [stdout]     = note: the method is available for `Simd<f64, N>` here
[INFO] [stdout]     |
[INFO] [stdout]     = help: items from traits can only be used if the trait is in scope
[INFO] [stdout] help: the following trait is implemented but not in scope; perhaps add a `use` for it:
[INFO] [stdout]     |
[INFO] [stdout] 1   + use std::simd::num::SimdFloat;
[INFO] [stdout]     |
[INFO] [stdout] 
[INFO] [stdout] 
[INFO] [stdout] error[E0599]: no method named `recip` found for struct `Simd` in the current scope
[INFO] [stdout]    --> /opt/rustwide/cargo-home/registry/src/index.crates.io-6f17d22bba15001f/doubled-0.3.1/src/f64x.rs:241:25
[INFO] [stdout]     |
[INFO] [stdout] 241 |         let t = other.0.recip();
[INFO] [stdout]     |                         ^^^^^ method not found in `Simd<f64, N>`
[INFO] [stdout]    --> /rustc/0e09125c6c3c2fd70d7de961bcf0e51575235fad/library/core/src/../../portable-simd/crates/core_simd/src/simd/num/float.rs:82:8
[INFO] [stdout]     |
[INFO] [stdout]     = note: the method is available for `Simd<f64, N>` here
[INFO] [stdout]     |
[INFO] [stdout]     = help: items from traits can only be used if the trait is in scope
[INFO] [stdout] help: the following trait is implemented but not in scope; perhaps add a `use` for it:
[INFO] [stdout]     |
[INFO] [stdout] 1   + use std::simd::num::SimdFloat;
[INFO] [stdout]     |
[INFO] [stdout] 
[INFO] [stdout] 
[INFO] [stdout] error[E0599]: no method named `recip` found for struct `Simd` in the current scope
[INFO] [stdout]    --> /opt/rustwide/cargo-home/registry/src/index.crates.io-6f17d22bba15001f/doubled-0.3.1/src/f64x.rs:334:22
[INFO] [stdout]     |
[INFO] [stdout] 334 |         let t = self.recip();
[INFO] [stdout]     |                      ^^^^^ method not found in `Simd<f64, N>`
[INFO] [stdout]    --> /rustc/0e09125c6c3c2fd70d7de961bcf0e51575235fad/library/core/src/../../portable-simd/crates/core_simd/src/simd/num/float.rs:82:8
[INFO] [stdout]     |
[INFO] [stdout]     = note: the method is available for `Simd<f64, N>` here
[INFO] [stdout]     |
[INFO] [stdout]     = help: items from traits can only be used if the trait is in scope
[INFO] [stdout] help: the following trait is implemented but not in scope; perhaps add a `use` for it:
[INFO] [stdout]     |
[INFO] [stdout] 1   + use std::simd::num::SimdFloat;
[INFO] [stdout]     |
[INFO] [stdout] 
[INFO] [stdout] 
[INFO] [stdout] error: aborting due to 27 previous errors
[INFO] [stdout] 
[INFO] [stdout] 
[INFO] [stdout] Some errors have detailed explanations: E0432, E0554, E0599.
[INFO] [stdout] 
[INFO] [stdout] For more information about an error, try `rustc --explain E0432`.
[INFO] [stdout] 
[INFO] [stderr] error: could not compile `doubled` (lib) due to 28 previous errors
[INFO] running `Command { std: "docker" "inspect" "9f3bc47c80154ffb2490c0f72addd8ea31fd1dd41c094b70876136246bfeef36", kill_on_drop: false }`
[INFO] running `Command { std: "docker" "rm" "-f" "9f3bc47c80154ffb2490c0f72addd8ea31fd1dd41c094b70876136246bfeef36", kill_on_drop: false }`
[INFO] [stdout] 9f3bc47c80154ffb2490c0f72addd8ea31fd1dd41c094b70876136246bfeef36
