[INFO] fetching crate skulpin-app-winit 0.14.1...
[INFO] testing skulpin-app-winit-0.14.1 against 1.75.0 for beta-1.76-1
[INFO] extracting crate skulpin-app-winit 0.14.1 into /workspace/builds/worker-4-tc1/source
[INFO] validating manifest of crates.io crate skulpin-app-winit 0.14.1 on toolchain 1.75.0
[INFO] running `Command { std: CARGO_HOME="/workspace/cargo-home" RUSTUP_HOME="/workspace/rustup-home" "/workspace/cargo-home/bin/cargo" "+1.75.0" "metadata" "--manifest-path" "Cargo.toml" "--no-deps", kill_on_drop: false }`
[INFO] started tweaking crates.io crate skulpin-app-winit 0.14.1
[INFO] finished tweaking crates.io crate skulpin-app-winit 0.14.1
[INFO] tweaked toml for crates.io crate skulpin-app-winit 0.14.1 written to /workspace/builds/worker-4-tc1/source/Cargo.toml
[INFO] running `Command { std: CARGO_HOME="/workspace/cargo-home" RUSTUP_HOME="/workspace/rustup-home" "/workspace/cargo-home/bin/cargo" "+1.75.0" "generate-lockfile" "--manifest-path" "Cargo.toml", kill_on_drop: false }`
[INFO] [stderr]     Updating crates.io index
[INFO] running `Command { std: CARGO_HOME="/workspace/cargo-home" RUSTUP_HOME="/workspace/rustup-home" "/workspace/cargo-home/bin/cargo" "+1.75.0" "fetch" "--manifest-path" "Cargo.toml", kill_on_drop: false }`
[INFO] [stderr]     Blocking waiting for file lock on package cache
[INFO] [stderr]  Downloading crates ...
[INFO] [stderr]   Downloaded raw-window-metal v0.1.2
[INFO] [stderr]   Downloaded rafx-visibility v0.0.14
[INFO] [stderr]   Downloaded rafx-base v0.0.14
[INFO] [stderr]   Downloaded ndk v0.3.0
[INFO] [stderr]   Downloaded rafx v0.0.14
[INFO] [stderr]   Downloaded rafx-framework v0.0.14
[INFO] [stderr]   Downloaded ash v0.32.1
[INFO] [stderr]   Downloaded winit v0.21.0
[INFO] [stderr]   Downloaded winit v0.23.0
[INFO] [stderr]   Downloaded winit v0.25.0
[INFO] [stderr]   Downloaded skia-safe v0.69.0
[INFO] [stderr]   Downloaded rafx-api v0.0.14
[INFO] [stderr]   Downloaded ndk-glue v0.3.0
[INFO] [stderr]   Downloaded skia-bindings v0.69.0
[INFO] [stderr]   Downloaded ash-window v0.6.0
[INFO] [stderr]   Downloaded gpu-allocator v0.8.0
[INFO] [stderr]   Downloaded skulpin-renderer v0.14.1
[INFO] [stderr]   Downloaded mio-misc v1.2.2
[INFO] running `Command { std: "docker" "create" "-v" "/var/lib/crater-agent-workspace/builds/worker-4-tc1/target:/opt/rustwide/target:rw,Z" "-v" "/var/lib/crater-agent-workspace/builds/worker-4-tc1/source:/opt/rustwide/workdir:ro,Z" "-v" "/var/lib/crater-agent-workspace/cargo-home:/opt/rustwide/cargo-home:ro,Z" "-v" "/var/lib/crater-agent-workspace/rustup-home:/opt/rustwide/rustup-home:ro,Z" "-e" "SOURCE_DIR=/opt/rustwide/workdir" "-e" "CARGO_TARGET_DIR=/opt/rustwide/target" "-e" "CARGO_HOME=/opt/rustwide/cargo-home" "-e" "RUSTUP_HOME=/opt/rustwide/rustup-home" "-w" "/opt/rustwide/workdir" "-m" "1610612736" "--user" "0:0" "--network" "none" "ghcr.io/rust-lang/crates-build-env/linux@sha256:2788e3201cd34a07e3172128adcd8b3090168a8e3bcc40d7c032b9dda1df7d1c" "/opt/rustwide/cargo-home/bin/cargo" "+1.75.0" "metadata" "--no-deps" "--format-version=1", kill_on_drop: false }`
[INFO] [stdout] 854c046dee4a1172d1732654f71c2d8e46f046ce6d56638ded64699752fd5162
[INFO] running `Command { std: "docker" "start" "-a" "854c046dee4a1172d1732654f71c2d8e46f046ce6d56638ded64699752fd5162", kill_on_drop: false }`
[INFO] running `Command { std: "docker" "inspect" "854c046dee4a1172d1732654f71c2d8e46f046ce6d56638ded64699752fd5162", kill_on_drop: false }`
[INFO] running `Command { std: "docker" "rm" "-f" "854c046dee4a1172d1732654f71c2d8e46f046ce6d56638ded64699752fd5162", kill_on_drop: false }`
[INFO] [stdout] 854c046dee4a1172d1732654f71c2d8e46f046ce6d56638ded64699752fd5162
[INFO] running `Command { std: "docker" "create" "-v" "/var/lib/crater-agent-workspace/builds/worker-4-tc1/target:/opt/rustwide/target:rw,Z" "-v" "/var/lib/crater-agent-workspace/builds/worker-4-tc1/source:/opt/rustwide/workdir:ro,Z" "-v" "/var/lib/crater-agent-workspace/cargo-home:/opt/rustwide/cargo-home:ro,Z" "-v" "/var/lib/crater-agent-workspace/rustup-home:/opt/rustwide/rustup-home:ro,Z" "-e" "SOURCE_DIR=/opt/rustwide/workdir" "-e" "CARGO_TARGET_DIR=/opt/rustwide/target" "-e" "CARGO_INCREMENTAL=0" "-e" "RUST_BACKTRACE=full" "-e" "RUSTFLAGS=--cap-lints=warn" "-e" "RUSTDOCFLAGS=--cap-lints=warn" "-e" "CARGO_HOME=/opt/rustwide/cargo-home" "-e" "RUSTUP_HOME=/opt/rustwide/rustup-home" "-w" "/opt/rustwide/workdir" "-m" "1610612736" "--user" "0:0" "--network" "none" "ghcr.io/rust-lang/crates-build-env/linux@sha256:2788e3201cd34a07e3172128adcd8b3090168a8e3bcc40d7c032b9dda1df7d1c" "/opt/rustwide/cargo-home/bin/cargo" "+1.75.0" "build" "--frozen" "--message-format=json", kill_on_drop: false }`
[INFO] [stdout] 814e81561367f93b36caae258e4b723321e4a1af7968d7346577adf3d98234af
[INFO] running `Command { std: "docker" "start" "-a" "814e81561367f93b36caae258e4b723321e4a1af7968d7346577adf3d98234af", kill_on_drop: false }`
[INFO] [stderr]    Compiling rustix v0.38.28
[INFO] [stderr]    Compiling miniz_oxide v0.7.1
[INFO] [stderr]    Compiling glob v0.3.1
[INFO] [stderr]    Compiling untrusted v0.9.0
[INFO] [stderr]    Compiling linux-raw-sys v0.4.12
[INFO] [stderr]    Compiling spin v0.9.8
[INFO] [stderr]    Compiling ring v0.17.7
[INFO] [stderr]    Compiling serde v1.0.194
[INFO] [stderr]    Compiling getrandom v0.2.11
[INFO] [stderr]    Compiling tinyvec_macros v0.1.1
[INFO] [stderr]    Compiling tinyvec v1.6.0
[INFO] [stderr]    Compiling crossbeam-utils v0.8.18
[INFO] [stderr]    Compiling prettyplease v0.2.16
[INFO] [stderr]    Compiling clang-sys v1.7.0
[INFO] [stderr]    Compiling instant v0.1.12
[INFO] [stderr]    Compiling rustls v0.21.10
[INFO] [stderr]    Compiling percent-encoding v2.3.1
[INFO] [stderr]    Compiling equivalent v1.0.1
[INFO] [stderr]    Compiling minimal-lexical v0.2.1
[INFO] [stderr]    Compiling unicode-bidi v0.3.14
[INFO] [stderr]    Compiling hashbrown v0.14.3
[INFO] [stderr]    Compiling form_urlencoded v1.2.1
[INFO] [stderr]    Compiling nom v7.1.3
[INFO] [stderr]    Compiling unicode-normalization v0.1.22
[INFO] [stderr]    Compiling backtrace v0.3.69
[INFO] [stderr]    Compiling indexmap v2.1.0
[INFO] [stderr]    Compiling idna v0.5.0
[INFO] [stderr]    Compiling libloading v0.8.1
[INFO] [stderr]    Compiling libloading v0.7.4
[INFO] [stderr]    Compiling home v0.5.9
[INFO] [stderr]    Compiling cty v0.2.2
[INFO] [stderr]    Compiling gimli v0.28.1
[INFO] [stderr]    Compiling parking_lot_core v0.8.6
[INFO] [stderr]    Compiling either v1.9.0
[INFO] [stderr]    Compiling bindgen v0.69.1
[INFO] [stderr]    Compiling which v4.4.2
[INFO] [stderr]    Compiling serde_json v1.0.111
[INFO] [stderr]    Compiling url v2.5.0
[INFO] [stderr]    Compiling xattr v1.2.0
[INFO] [stderr]    Compiling raw-window-handle v0.4.3
[INFO] [stderr]    Compiling ash v0.32.1
[INFO] [stderr]    Compiling serde_spanned v0.6.5
[INFO] [stderr]    Compiling toml_datetime v0.6.5
[INFO] [stderr]    Compiling cexpr v0.6.0
[INFO] [stderr]    Compiling slotmap v1.0.7
[INFO] [stderr]    Compiling toml_edit v0.21.0
[INFO] [stderr]    Compiling crossbeam-channel v0.5.10
[INFO] [stderr]    Compiling flate2 v1.0.28
[INFO] [stderr]    Compiling profiling-procmacros v1.0.13
[INFO] [stderr]    Compiling filetime v0.2.23
[INFO] [stderr]    Compiling object v0.32.2
[INFO] [stderr]    Compiling rustls-webpki v0.101.7
[INFO] [stderr]    Compiling sct v0.7.1
[INFO] [stderr]    Compiling addr2line v0.21.0
[INFO] [stderr]    Compiling shlex v1.2.0
[INFO] [stderr]    Compiling rustc-demangle v0.1.23
[INFO] [stderr]    Compiling peeking_take_while v0.1.2
[INFO] [stderr]    Compiling itoa v1.0.10
[INFO] [stderr]    Compiling once_cell v1.19.0
[INFO] [stderr]    Compiling base64 v0.21.5
[INFO] [stderr]    Compiling lazycell v1.3.0
[INFO] [stderr]    Compiling webpki-roots v0.25.3
[INFO] [stderr]    Compiling ryu v1.0.16
[INFO] [stderr]    Compiling toml v0.8.8
[INFO] [stderr]    Compiling profiling v1.0.13
[INFO] [stderr]    Compiling ureq v2.9.1
[INFO] [stderr]    Compiling tar v0.4.40
[INFO] [stderr]    Compiling raw-window-handle v0.3.4
[INFO] [stderr]    Compiling downcast-rs v1.2.0
[INFO] [stderr]    Compiling rafx-base v0.0.14
[INFO] [stderr]    Compiling parking_lot v0.11.2
[INFO] [stderr]    Compiling glam v0.13.1
[INFO] [stderr]    Compiling serde_bytes v0.11.14
[INFO] [stderr]    Compiling arrayvec v0.5.2
[INFO] [stderr]    Compiling bincode v1.3.3
[INFO] [stderr]    Compiling gpu-allocator v0.8.0
[INFO] [stderr]    Compiling ash-window v0.6.0
[INFO] [stderr]    Compiling rafx-api v0.0.14
[INFO] [stderr]    Compiling rafx-visibility v0.0.14
[INFO] [stderr]    Compiling skia-bindings v0.69.0
[INFO] [stderr]    Compiling rafx-framework v0.0.14
[INFO] [stderr]    Compiling rafx v0.0.14
[INFO] [stderr] error: failed to run custom build command for `skia-bindings v0.69.0`
[INFO] [stderr] note: To improve backtraces for build dependencies, set the CARGO_PROFILE_DEV_BUILD_OVERRIDE_DEBUG=true environment variable to enable debug information generation.
[INFO] [stderr] 
[INFO] [stderr] Caused by:
[INFO] [stderr]   process didn't exit successfully: `/opt/rustwide/target/debug/build/skia-bindings-6a3e09a79a92e12e/build-script-build` (exit status: 101)
[INFO] [stderr]   --- stdout
[INFO] [stderr]   cargo:rerun-if-env-changed=DOCS_RS
[INFO] [stderr]   cargo:rerun-if-env-changed=SKIA_DEBUG
[INFO] [stderr]   HOST: x86_64-unknown-linux-gnu
[INFO] [stderr]   cargo:rerun-if-env-changed=SKIA_USE_SYSTEM_LIBRARIES
[INFO] [stderr]   cargo:rerun-if-env-changed=SKIA_USE_SYSTEM_LIBRARIES
[INFO] [stderr]   cargo:rerun-if-env-changed=SKIA_SOURCE_DIR
[INFO] [stderr]   cargo:rerun-if-env-changed=FORCE_SKIA_BUILD
[INFO] [stderr]   cargo:rerun-if-env-changed=FORCE_SKIA_BINARIES_DOWNLOAD
[INFO] [stderr]   TRYING TO DOWNLOAD AND INSTALL SKIA BINARIES: 0.69.0/03ef1ef138b5870c26b8-x86_64-unknown-linux-gnu-textlayout-vulkan
[INFO] [stderr]   cargo:rerun-if-env-changed=SKIA_BINARIES_URL
[INFO] [stderr]     FROM: https://github.com/rust-skia/skia-binaries/releases/download/0.69.0/skia-binaries-03ef1ef138b5870c26b8-x86_64-unknown-linux-gnu-textlayout-vulkan.tar.gz
[INFO] [stderr]   DOWNLOAD AND INSTALL FAILED: https://github.com/rust-skia/skia-binaries/releases/download/0.69.0/skia-binaries-03ef1ef138b5870c26b8-x86_64-unknown-linux-gnu-textlayout-vulkan.tar.gz: Dns Failed: resolve dns name 'github.com:443': failed to lookup address information: Temporary failure in name resolution
[INFO] [stderr]   STARTING A FULL BUILD
[INFO] [stderr]   cargo:rerun-if-env-changed=CLANGCC
[INFO] [stderr]   cargo:rerun-if-env-changed=CC
[INFO] [stderr]   cargo:rerun-if-env-changed=CLANGCXX
[INFO] [stderr]   cargo:rerun-if-env-changed=CXX
[INFO] [stderr]   HOST: x86_64-unknown-linux-gnu
[INFO] [stderr]   cargo:rerun-if-env-changed=OPT_LEVEL
[INFO] [stderr]   cargo:rerun-if-env-changed=SKIA_USE_SYSTEM_LIBRARIES
[INFO] [stderr]   HOST: x86_64-unknown-linux-gnu
[INFO] [stderr]   cargo:rerun-if-env-changed=SDKTARGETSYSROOT
[INFO] [stderr]   cargo:rerun-if-env-changed=SDKROOT
[INFO] [stderr]   HOST: x86_64-unknown-linux-gnu
[INFO] [stderr]   cargo:rerun-if-env-changed=SKIA_NINJA_COMMAND
[INFO] [stderr]   cargo:rerun-if-env-changed=SKIA_GN_COMMAND
[INFO] [stderr]   Probing 'python'
[INFO] [stderr]   Probing 'python3'
[INFO] [stderr]   Python 3 found: "python3"
[INFO] [stderr]   Synchronizing Skia dependencies
[INFO] [stderr]   DOWNLOADING: https://codeload.github.com/rust-skia/skia/tar.gz/m120-0.68.1
[INFO] [stderr] 
[INFO] [stderr]   --- stderr
[INFO] [stderr]   thread 'main' panicked at /opt/rustwide/cargo-home/registry/src/index.crates.io-6f17d22bba15001f/skia-bindings-0.69.0/build_support/binary_cache/download.rs:77:35:
[INFO] [stderr]   Failed to download https://codeload.github.com/rust-skia/skia/tar.gz/m120-0.68.1 (https://codeload.github.com/rust-skia/skia/tar.gz/m120-0.68.1: Dns Failed: resolve dns name 'codeload.github.com:443': failed to lookup address information: Temporary failure in name resolution)
[INFO] [stderr]   stack backtrace:
[INFO] [stderr]      0:     0x555af369157c - std::backtrace_rs::backtrace::libunwind::trace::ha637c64ce894333a
[INFO] [stderr]                                  at /rustc/82e1608dfa6e0b5569232559e3d385fea5a93112/library/std/src/../../backtrace/src/backtrace/libunwind.rs:104:5
[INFO] [stderr]      1:     0x555af369157c - std::backtrace_rs::backtrace::trace_unsynchronized::h47f62dea28e0c88d
[INFO] [stderr]                                  at /rustc/82e1608dfa6e0b5569232559e3d385fea5a93112/library/std/src/../../backtrace/src/backtrace/mod.rs:66:5
[INFO] [stderr]      2:     0x555af369157c - std::sys_common::backtrace::_print_fmt::h9eef0abe20ede486
[INFO] [stderr]                                  at /rustc/82e1608dfa6e0b5569232559e3d385fea5a93112/library/std/src/sys_common/backtrace.rs:67:5
[INFO] [stderr]      3:     0x555af369157c - <std::sys_common::backtrace::_print::DisplayBacktrace as core::fmt::Display>::fmt::hed7f999df88cc644
[INFO] [stderr]                                  at /rustc/82e1608dfa6e0b5569232559e3d385fea5a93112/library/std/src/sys_common/backtrace.rs:44:22
[INFO] [stderr]      4:     0x555af36c2780 - core::fmt::rt::Argument::fmt::h1539a9308b8d058d
[INFO] [stderr]                                  at /rustc/82e1608dfa6e0b5569232559e3d385fea5a93112/library/core/src/fmt/rt.rs:142:9
[INFO] [stderr]      5:     0x555af36c2780 - core::fmt::write::h3a39390d8560d9c9
[INFO] [stderr]                                  at /rustc/82e1608dfa6e0b5569232559e3d385fea5a93112/library/core/src/fmt/mod.rs:1120:17
[INFO] [stderr]      6:     0x555af368d40f - std::io::Write::write_fmt::h5fc9997dfe05f882
[INFO] [stderr]                                  at /rustc/82e1608dfa6e0b5569232559e3d385fea5a93112/library/std/src/io/mod.rs:1762:15
[INFO] [stderr]      7:     0x555af3691364 - std::sys_common::backtrace::_print::h894006fb5c6f3d45
[INFO] [stderr]                                  at /rustc/82e1608dfa6e0b5569232559e3d385fea5a93112/library/std/src/sys_common/backtrace.rs:47:5
[INFO] [stderr]      8:     0x555af3691364 - std::sys_common::backtrace::print::h23a2d212c6fff936
[INFO] [stderr]                                  at /rustc/82e1608dfa6e0b5569232559e3d385fea5a93112/library/std/src/sys_common/backtrace.rs:34:9
[INFO] [stderr]      9:     0x555af3693197 - std::panicking::default_hook::{{closure}}::h8a1d2ee00185001a
[INFO] [stderr]     10:     0x555af3692eff - std::panicking::default_hook::h6038f2eba384e475
[INFO] [stderr]                                  at /rustc/82e1608dfa6e0b5569232559e3d385fea5a93112/library/std/src/panicking.rs:292:9
[INFO] [stderr]     11:     0x555af3693618 - std::panicking::rust_panic_with_hook::h2b5517d590cab22e
[INFO] [stderr]                                  at /rustc/82e1608dfa6e0b5569232559e3d385fea5a93112/library/std/src/panicking.rs:779:13
[INFO] [stderr]     12:     0x555af36934fe - std::panicking::begin_panic_handler::{{closure}}::h233112c06e0ef43e
[INFO] [stderr]                                  at /rustc/82e1608dfa6e0b5569232559e3d385fea5a93112/library/std/src/panicking.rs:657:13
[INFO] [stderr]     13:     0x555af3691a46 - std::sys_common::backtrace::__rust_end_short_backtrace::h6e893f24d7ebbff8
[INFO] [stderr]                                  at /rustc/82e1608dfa6e0b5569232559e3d385fea5a93112/library/std/src/sys_common/backtrace.rs:170:18
[INFO] [stderr]     14:     0x555af3693262 - rust_begin_unwind
[INFO] [stderr]                                  at /rustc/82e1608dfa6e0b5569232559e3d385fea5a93112/library/std/src/panicking.rs:645:5
[INFO] [stderr]     15:     0x555af2bef035 - core::panicking::panic_fmt::hbf0e066aabfa482c
[INFO] [stderr]                                  at /rustc/82e1608dfa6e0b5569232559e3d385fea5a93112/library/core/src/panicking.rs:72:14
[INFO] [stderr]     16:     0x555af2c09885 - build_script_build::build_support::binary_cache::download::download_dependencies::{{closure}}::h8408eee0c383ee84
[INFO] [stderr]     17:     0x555af2c1c13a - core::result::Result<T,E>::unwrap_or_else::h76ead562ff623e94
[INFO] [stderr]     18:     0x555af2c09232 - build_script_build::build_support::binary_cache::download::download_dependencies::hbb27800ce8984648
[INFO] [stderr]     19:     0x555af2c08978 - build_script_build::build_support::binary_cache::download::resolve_dependencies::hae5a8414a556f8e3
[INFO] [stderr]     20:     0x555af2bffe52 - build_script_build::build_support::skia::config::build::ha0232532fa1dd435
[INFO] [stderr]     21:     0x555af2c0ef03 - build_script_build::build_from_source::hc87ceda9d8b096b4
[INFO] [stderr]     22:     0x555af2c0e8e6 - build_script_build::main::h435747c398382579
[INFO] [stderr]     23:     0x555af2c04973 - core::ops::function::FnOnce::call_once::hee9261eaa9a4b8c4
[INFO] [stderr]     24:     0x555af2c2b056 - std::sys_common::backtrace::__rust_begin_short_backtrace::h77ea11677a02962b
[INFO] [stderr]     25:     0x555af2c07fa9 - std::rt::lang_start::{{closure}}::h686a2be52a087ea4
[INFO] [stderr]     26:     0x555af36877a7 - core::ops::function::impls::<impl core::ops::function::FnOnce<A> for &F>::call_once::hd95060ecd5e1ca24
[INFO] [stderr]                                  at /rustc/82e1608dfa6e0b5569232559e3d385fea5a93112/library/core/src/ops/function.rs:284:13
[INFO] [stderr]     27:     0x555af36877a7 - std::panicking::try::do_call::h6e8cf51db32a6e4b
[INFO] [stderr]                                  at /rustc/82e1608dfa6e0b5569232559e3d385fea5a93112/library/std/src/panicking.rs:552:40
[INFO] [stderr]     28:     0x555af36877a7 - std::panicking::try::h3a52eefe24fe3c29
[INFO] [stderr]                                  at /rustc/82e1608dfa6e0b5569232559e3d385fea5a93112/library/std/src/panicking.rs:516:19
[INFO] [stderr]     29:     0x555af36877a7 - std::panic::catch_unwind::h24c28c23c02c3841
[INFO] [stderr]                                  at /rustc/82e1608dfa6e0b5569232559e3d385fea5a93112/library/std/src/panic.rs:142:14
[INFO] [stderr]     30:     0x555af36877a7 - std::rt::lang_start_internal::{{closure}}::h705d3c9cbc06ef47
[INFO] [stderr]                                  at /rustc/82e1608dfa6e0b5569232559e3d385fea5a93112/library/std/src/rt.rs:148:48
[INFO] [stderr]     31:     0x555af36877a7 - std::panicking::try::do_call::ha21f52ba13158470
[INFO] [stderr]                                  at /rustc/82e1608dfa6e0b5569232559e3d385fea5a93112/library/std/src/panicking.rs:552:40
[INFO] [stderr]     32:     0x555af36877a7 - std::panicking::try::h5581346bf6aeb1f8
[INFO] [stderr]                                  at /rustc/82e1608dfa6e0b5569232559e3d385fea5a93112/library/std/src/panicking.rs:516:19
[INFO] [stderr]     33:     0x555af36877a7 - std::panic::catch_unwind::h7919645a6b72e25b
[INFO] [stderr]                                  at /rustc/82e1608dfa6e0b5569232559e3d385fea5a93112/library/std/src/panic.rs:142:14
[INFO] [stderr]     34:     0x555af36877a7 - std::rt::lang_start_internal::h12de51168669836e
[INFO] [stderr]                                  at /rustc/82e1608dfa6e0b5569232559e3d385fea5a93112/library/std/src/rt.rs:148:20
[INFO] [stderr]     35:     0x555af2c07f87 - std::rt::lang_start::h8c5bc97a5670ba41
[INFO] [stderr]     36:     0x555af2c0f415 - main
[INFO] [stderr]     37:     0x7f51e9109d90 - <unknown>
[INFO] [stderr]     38:     0x7f51e9109e40 - __libc_start_main
[INFO] [stderr]     39:     0x555af2bef905 - _start
[INFO] [stderr]     40:                0x0 - <unknown>
[INFO] [stderr] warning: build failed, waiting for other jobs to finish...
[INFO] running `Command { std: "docker" "inspect" "814e81561367f93b36caae258e4b723321e4a1af7968d7346577adf3d98234af", kill_on_drop: false }`
[INFO] running `Command { std: "docker" "rm" "-f" "814e81561367f93b36caae258e4b723321e4a1af7968d7346577adf3d98234af", kill_on_drop: false }`
[INFO] [stdout] 814e81561367f93b36caae258e4b723321e4a1af7968d7346577adf3d98234af
[INFO] testing skulpin-app-winit-0.14.1 against beta-2023-12-22 for beta-1.76-1
[INFO] extracting crate skulpin-app-winit 0.14.1 into /workspace/builds/worker-4-tc2/source
[INFO] validating manifest of crates.io crate skulpin-app-winit 0.14.1 on toolchain beta-2023-12-22
[INFO] running `Command { std: CARGO_HOME="/workspace/cargo-home" RUSTUP_HOME="/workspace/rustup-home" "/workspace/cargo-home/bin/cargo" "+beta-2023-12-22" "metadata" "--manifest-path" "Cargo.toml" "--no-deps", kill_on_drop: false }`
[INFO] started tweaking crates.io crate skulpin-app-winit 0.14.1
[INFO] finished tweaking crates.io crate skulpin-app-winit 0.14.1
[INFO] tweaked toml for crates.io crate skulpin-app-winit 0.14.1 written to /workspace/builds/worker-4-tc2/source/Cargo.toml
[INFO] running `Command { std: CARGO_HOME="/workspace/cargo-home" RUSTUP_HOME="/workspace/rustup-home" "/workspace/cargo-home/bin/cargo" "+beta-2023-12-22" "generate-lockfile" "--manifest-path" "Cargo.toml", kill_on_drop: false }`
[INFO] [stderr]     Updating crates.io index
[INFO] running `Command { std: CARGO_HOME="/workspace/cargo-home" RUSTUP_HOME="/workspace/rustup-home" "/workspace/cargo-home/bin/cargo" "+beta-2023-12-22" "fetch" "--manifest-path" "Cargo.toml", kill_on_drop: false }`
[INFO] running `Command { std: "docker" "create" "-v" "/var/lib/crater-agent-workspace/builds/worker-4-tc2/target:/opt/rustwide/target:rw,Z" "-v" "/var/lib/crater-agent-workspace/builds/worker-4-tc2/source:/opt/rustwide/workdir:ro,Z" "-v" "/var/lib/crater-agent-workspace/cargo-home:/opt/rustwide/cargo-home:ro,Z" "-v" "/var/lib/crater-agent-workspace/rustup-home:/opt/rustwide/rustup-home:ro,Z" "-e" "SOURCE_DIR=/opt/rustwide/workdir" "-e" "CARGO_TARGET_DIR=/opt/rustwide/target" "-e" "CARGO_HOME=/opt/rustwide/cargo-home" "-e" "RUSTUP_HOME=/opt/rustwide/rustup-home" "-w" "/opt/rustwide/workdir" "-m" "1610612736" "--user" "0:0" "--network" "none" "ghcr.io/rust-lang/crates-build-env/linux@sha256:2788e3201cd34a07e3172128adcd8b3090168a8e3bcc40d7c032b9dda1df7d1c" "/opt/rustwide/cargo-home/bin/cargo" "+beta-2023-12-22" "metadata" "--no-deps" "--format-version=1", kill_on_drop: false }`
[INFO] [stdout] 660fbdb92eb220887e262f647960bc91cd9919c7a8716e362833fcd71aaa46f1
[INFO] running `Command { std: "docker" "start" "-a" "660fbdb92eb220887e262f647960bc91cd9919c7a8716e362833fcd71aaa46f1", kill_on_drop: false }`
[INFO] running `Command { std: "docker" "inspect" "660fbdb92eb220887e262f647960bc91cd9919c7a8716e362833fcd71aaa46f1", kill_on_drop: false }`
[INFO] running `Command { std: "docker" "rm" "-f" "660fbdb92eb220887e262f647960bc91cd9919c7a8716e362833fcd71aaa46f1", kill_on_drop: false }`
[INFO] [stdout] 660fbdb92eb220887e262f647960bc91cd9919c7a8716e362833fcd71aaa46f1
[INFO] running `Command { std: "docker" "create" "-v" "/var/lib/crater-agent-workspace/builds/worker-4-tc2/target:/opt/rustwide/target:rw,Z" "-v" "/var/lib/crater-agent-workspace/builds/worker-4-tc2/source:/opt/rustwide/workdir:ro,Z" "-v" "/var/lib/crater-agent-workspace/cargo-home:/opt/rustwide/cargo-home:ro,Z" "-v" "/var/lib/crater-agent-workspace/rustup-home:/opt/rustwide/rustup-home:ro,Z" "-e" "SOURCE_DIR=/opt/rustwide/workdir" "-e" "CARGO_TARGET_DIR=/opt/rustwide/target" "-e" "CARGO_INCREMENTAL=0" "-e" "RUST_BACKTRACE=full" "-e" "RUSTFLAGS=--cap-lints=warn" "-e" "RUSTDOCFLAGS=--cap-lints=warn" "-e" "CARGO_HOME=/opt/rustwide/cargo-home" "-e" "RUSTUP_HOME=/opt/rustwide/rustup-home" "-w" "/opt/rustwide/workdir" "-m" "1610612736" "--user" "0:0" "--network" "none" "ghcr.io/rust-lang/crates-build-env/linux@sha256:2788e3201cd34a07e3172128adcd8b3090168a8e3bcc40d7c032b9dda1df7d1c" "/opt/rustwide/cargo-home/bin/cargo" "+beta-2023-12-22" "build" "--frozen" "--message-format=json", kill_on_drop: false }`
[INFO] [stdout] 320df16c81b98bee2015245cf7fc68b767e1512197d99ae7dc1695643abe3a3b
[INFO] running `Command { std: "docker" "start" "-a" "320df16c81b98bee2015245cf7fc68b767e1512197d99ae7dc1695643abe3a3b", kill_on_drop: false }`
[INFO] [stderr]    Compiling miniz_oxide v0.7.1
[INFO] [stderr]    Compiling rustix v0.38.28
[INFO] [stderr]    Compiling tinyvec_macros v0.1.1
[INFO] [stderr]    Compiling linux-raw-sys v0.4.12
[INFO] [stderr]    Compiling getrandom v0.2.11
[INFO] [stderr]    Compiling untrusted v0.9.0
[INFO] [stderr]    Compiling ring v0.17.7
[INFO] [stderr]    Compiling serde v1.0.194
[INFO] [stderr]    Compiling spin v0.9.8
[INFO] [stderr]    Compiling glob v0.3.1
[INFO] [stderr]    Compiling tinyvec v1.6.0
[INFO] [stderr]    Compiling crossbeam-utils v0.8.18
[INFO] [stderr]    Compiling prettyplease v0.2.16
[INFO] [stderr]    Compiling clang-sys v1.7.0
[INFO] [stderr]    Compiling instant v0.1.12
[INFO] [stderr]    Compiling rustls v0.21.10
[INFO] [stderr]    Compiling unicode-bidi v0.3.14
[INFO] [stderr]    Compiling unicode-normalization v0.1.22
[INFO] [stderr]    Compiling minimal-lexical v0.2.1
[INFO] [stderr]    Compiling percent-encoding v2.3.1
[INFO] [stderr]    Compiling equivalent v1.0.1
[INFO] [stderr]    Compiling hashbrown v0.14.3
[INFO] [stderr]    Compiling nom v7.1.3
[INFO] [stderr]    Compiling form_urlencoded v1.2.1
[INFO] [stderr]    Compiling idna v0.5.0
[INFO] [stderr]    Compiling backtrace v0.3.69
[INFO] [stderr]    Compiling indexmap v2.1.0
[INFO] [stderr]    Compiling libloading v0.7.4
[INFO] [stderr]    Compiling libloading v0.8.1
[INFO] [stderr]    Compiling bindgen v0.69.1
[INFO] [stderr]    Compiling gimli v0.28.1
[INFO] [stderr]    Compiling cty v0.2.2
[INFO] [stderr]    Compiling parking_lot_core v0.8.6
[INFO] [stderr]    Compiling home v0.5.9
[INFO] [stderr]    Compiling either v1.9.0
[INFO] [stderr]    Compiling which v4.4.2
[INFO] [stderr]    Compiling slotmap v1.0.7
[INFO] [stderr]    Compiling raw-window-handle v0.4.3
[INFO] [stderr]    Compiling serde_json v1.0.111
[INFO] [stderr]    Compiling xattr v1.2.0
[INFO] [stderr]    Compiling ash v0.32.1
[INFO] [stderr]    Compiling cexpr v0.6.0
[INFO] [stderr]    Compiling toml_datetime v0.6.5
[INFO] [stderr]    Compiling serde_spanned v0.6.5
[INFO] [stderr]    Compiling url v2.5.0
[INFO] [stderr]    Compiling toml_edit v0.21.0
[INFO] [stderr]    Compiling crossbeam-channel v0.5.10
[INFO] [stderr]    Compiling flate2 v1.0.28
[INFO] [stderr]    Compiling profiling-procmacros v1.0.13
[INFO] [stderr]    Compiling rustls-webpki v0.101.7
[INFO] [stderr]    Compiling sct v0.7.1
[INFO] [stderr]    Compiling addr2line v0.21.0
[INFO] [stderr]    Compiling filetime v0.2.23
[INFO] [stderr]    Compiling object v0.32.2
[INFO] [stderr]    Compiling base64 v0.21.5
[INFO] [stderr]    Compiling peeking_take_while v0.1.2
[INFO] [stderr]    Compiling ryu v1.0.16
[INFO] [stderr]    Compiling shlex v1.2.0
[INFO] [stderr]    Compiling once_cell v1.19.0
[INFO] [stderr]    Compiling itoa v1.0.10
[INFO] [stderr]    Compiling webpki-roots v0.25.3
[INFO] [stderr]    Compiling rustc-demangle v0.1.23
[INFO] [stderr]    Compiling lazycell v1.3.0
[INFO] [stderr]    Compiling tar v0.4.40
[INFO] [stderr]    Compiling ureq v2.9.1
[INFO] [stderr]    Compiling toml v0.8.8
[INFO] [stderr]    Compiling profiling v1.0.13
[INFO] [stderr]    Compiling raw-window-handle v0.3.4
[INFO] [stderr]    Compiling downcast-rs v1.2.0
[INFO] [stderr]    Compiling parking_lot v0.11.2
[INFO] [stderr]    Compiling rafx-base v0.0.14
[INFO] [stderr]    Compiling serde_bytes v0.11.14
[INFO] [stderr]    Compiling glam v0.13.1
[INFO] [stderr]    Compiling arrayvec v0.5.2
[INFO] [stderr]    Compiling bincode v1.3.3
[INFO] [stderr]    Compiling gpu-allocator v0.8.0
[INFO] [stderr]    Compiling ash-window v0.6.0
[INFO] [stderr]    Compiling rafx-api v0.0.14
[INFO] [stderr]    Compiling rafx-visibility v0.0.14
[INFO] [stderr]    Compiling skia-bindings v0.69.0
[INFO] [stderr]    Compiling rafx-framework v0.0.14
[INFO] [stderr]    Compiling rafx v0.0.14
[INFO] [stderr] error: failed to run custom build command for `skia-bindings v0.69.0`
[INFO] [stderr] note: To improve backtraces for build dependencies, set the CARGO_PROFILE_DEV_BUILD_OVERRIDE_DEBUG=true environment variable to enable debug information generation.
[INFO] [stderr] 
[INFO] [stderr] Caused by:
[INFO] [stderr]   process didn't exit successfully: `/opt/rustwide/target/debug/build/skia-bindings-a163eefd8767468d/build-script-build` (exit status: 101)
[INFO] [stderr]   --- stdout
[INFO] [stderr]   cargo:rerun-if-env-changed=DOCS_RS
[INFO] [stderr]   cargo:rerun-if-env-changed=SKIA_DEBUG
[INFO] [stderr]   HOST: x86_64-unknown-linux-gnu
[INFO] [stderr]   cargo:rerun-if-env-changed=SKIA_USE_SYSTEM_LIBRARIES
[INFO] [stderr]   cargo:rerun-if-env-changed=SKIA_USE_SYSTEM_LIBRARIES
[INFO] [stderr]   cargo:rerun-if-env-changed=SKIA_SOURCE_DIR
[INFO] [stderr]   cargo:rerun-if-env-changed=FORCE_SKIA_BUILD
[INFO] [stderr]   cargo:rerun-if-env-changed=FORCE_SKIA_BINARIES_DOWNLOAD
[INFO] [stderr]   TRYING TO DOWNLOAD AND INSTALL SKIA BINARIES: 0.69.0/03ef1ef138b5870c26b8-x86_64-unknown-linux-gnu-textlayout-vulkan
[INFO] [stderr]   cargo:rerun-if-env-changed=SKIA_BINARIES_URL
[INFO] [stderr]     FROM: https://github.com/rust-skia/skia-binaries/releases/download/0.69.0/skia-binaries-03ef1ef138b5870c26b8-x86_64-unknown-linux-gnu-textlayout-vulkan.tar.gz
[INFO] [stderr]   DOWNLOAD AND INSTALL FAILED: https://github.com/rust-skia/skia-binaries/releases/download/0.69.0/skia-binaries-03ef1ef138b5870c26b8-x86_64-unknown-linux-gnu-textlayout-vulkan.tar.gz: Dns Failed: resolve dns name 'github.com:443': failed to lookup address information: Temporary failure in name resolution
[INFO] [stderr]   STARTING A FULL BUILD
[INFO] [stderr]   cargo:rerun-if-env-changed=CLANGCC
[INFO] [stderr]   cargo:rerun-if-env-changed=CC
[INFO] [stderr]   cargo:rerun-if-env-changed=CLANGCXX
[INFO] [stderr]   cargo:rerun-if-env-changed=CXX
[INFO] [stderr]   HOST: x86_64-unknown-linux-gnu
[INFO] [stderr]   cargo:rerun-if-env-changed=OPT_LEVEL
[INFO] [stderr]   cargo:rerun-if-env-changed=SKIA_USE_SYSTEM_LIBRARIES
[INFO] [stderr]   HOST: x86_64-unknown-linux-gnu
[INFO] [stderr]   cargo:rerun-if-env-changed=SDKTARGETSYSROOT
[INFO] [stderr]   cargo:rerun-if-env-changed=SDKROOT
[INFO] [stderr]   HOST: x86_64-unknown-linux-gnu
[INFO] [stderr]   cargo:rerun-if-env-changed=SKIA_NINJA_COMMAND
[INFO] [stderr]   cargo:rerun-if-env-changed=SKIA_GN_COMMAND
[INFO] [stderr]   Probing 'python'
[INFO] [stderr]   Probing 'python3'
[INFO] [stderr]   Python 3 found: "python3"
[INFO] [stderr]   Synchronizing Skia dependencies
[INFO] [stderr]   DOWNLOADING: https://codeload.github.com/rust-skia/skia/tar.gz/m120-0.68.1
[INFO] [stderr] 
[INFO] [stderr]   --- stderr
[INFO] [stderr]   thread 'main' panicked at /opt/rustwide/cargo-home/registry/src/index.crates.io-6f17d22bba15001f/skia-bindings-0.69.0/build_support/binary_cache/download.rs:77:35:
[INFO] [stderr]   Failed to download https://codeload.github.com/rust-skia/skia/tar.gz/m120-0.68.1 (https://codeload.github.com/rust-skia/skia/tar.gz/m120-0.68.1: Dns Failed: resolve dns name 'codeload.github.com:443': failed to lookup address information: Temporary failure in name resolution)
[INFO] [stderr]   stack backtrace:
[INFO] [stderr]      0:     0x5589c513dd36 - std::backtrace_rs::backtrace::libunwind::trace::h261606ad26a499c1
[INFO] [stderr]                                  at /rustc/0e09125c6c3c2fd70d7de961bcf0e51575235fad/library/std/src/../../backtrace/src/backtrace/libunwind.rs:104:5
[INFO] [stderr]      1:     0x5589c513dd36 - std::backtrace_rs::backtrace::trace_unsynchronized::hd183f0625477fb28
[INFO] [stderr]                                  at /rustc/0e09125c6c3c2fd70d7de961bcf0e51575235fad/library/std/src/../../backtrace/src/backtrace/mod.rs:66:5
[INFO] [stderr]      2:     0x5589c513dd36 - std::sys_common::backtrace::_print_fmt::hd7f8fef21b4eda67
[INFO] [stderr]                                  at /rustc/0e09125c6c3c2fd70d7de961bcf0e51575235fad/library/std/src/sys_common/backtrace.rs:68:5
[INFO] [stderr]      3:     0x5589c513dd36 - <std::sys_common::backtrace::_print::DisplayBacktrace as core::fmt::Display>::fmt::h623d9b51f2f453f1
[INFO] [stderr]                                  at /rustc/0e09125c6c3c2fd70d7de961bcf0e51575235fad/library/std/src/sys_common/backtrace.rs:44:22
[INFO] [stderr]      4:     0x5589c516e290 - core::fmt::rt::Argument::fmt::h9f417ac76a86f368
[INFO] [stderr]                                  at /rustc/0e09125c6c3c2fd70d7de961bcf0e51575235fad/library/core/src/fmt/rt.rs:142:9
[INFO] [stderr]      5:     0x5589c516e290 - core::fmt::write::hc9b6faf4ac2aeff7
[INFO] [stderr]                                  at /rustc/0e09125c6c3c2fd70d7de961bcf0e51575235fad/library/core/src/fmt/mod.rs:1120:17
[INFO] [stderr]      6:     0x5589c5139d3f - std::io::Write::write_fmt::hfead1eee52c2e65e
[INFO] [stderr]                                  at /rustc/0e09125c6c3c2fd70d7de961bcf0e51575235fad/library/std/src/io/mod.rs:1810:15
[INFO] [stderr]      7:     0x5589c513db14 - std::sys_common::backtrace::_print::hd5d66399c7df88a2
[INFO] [stderr]                                  at /rustc/0e09125c6c3c2fd70d7de961bcf0e51575235fad/library/std/src/sys_common/backtrace.rs:47:5
[INFO] [stderr]      8:     0x5589c513db14 - std::sys_common::backtrace::print::he81ed2da642d37e5
[INFO] [stderr]                                  at /rustc/0e09125c6c3c2fd70d7de961bcf0e51575235fad/library/std/src/sys_common/backtrace.rs:34:9
[INFO] [stderr]      9:     0x5589c513fa47 - std::panicking::default_hook::{{closure}}::h85773f4fa117163d
[INFO] [stderr]     10:     0x5589c513f7a9 - std::panicking::default_hook::h6a1694a91d09b278
[INFO] [stderr]                                  at /rustc/0e09125c6c3c2fd70d7de961bcf0e51575235fad/library/std/src/panicking.rs:292:9
[INFO] [stderr]     11:     0x5589c513fed8 - std::panicking::rust_panic_with_hook::h0a7ad96e90f7145b
[INFO] [stderr]                                  at /rustc/0e09125c6c3c2fd70d7de961bcf0e51575235fad/library/std/src/panicking.rs:779:13
[INFO] [stderr]     12:     0x5589c513fdb2 - std::panicking::begin_panic_handler::{{closure}}::h7919090525c6485e
[INFO] [stderr]                                  at /rustc/0e09125c6c3c2fd70d7de961bcf0e51575235fad/library/std/src/panicking.rs:657:13
[INFO] [stderr]     13:     0x5589c513e236 - std::sys_common::backtrace::__rust_end_short_backtrace::hf3289479464f7dfe
[INFO] [stderr]                                  at /rustc/0e09125c6c3c2fd70d7de961bcf0e51575235fad/library/std/src/sys_common/backtrace.rs:171:18
[INFO] [stderr]     14:     0x5589c513fb10 - rust_begin_unwind
[INFO] [stderr]                                  at /rustc/0e09125c6c3c2fd70d7de961bcf0e51575235fad/library/std/src/panicking.rs:645:5
[INFO] [stderr]     15:     0x5589c46820b5 - core::panicking::panic_fmt::hcc9f77c5c132af55
[INFO] [stderr]                                  at /rustc/0e09125c6c3c2fd70d7de961bcf0e51575235fad/library/core/src/panicking.rs:72:14
[INFO] [stderr]     16:     0x5589c46ba4a5 - build_script_build::build_support::binary_cache::download::download_dependencies::{{closure}}::h610222e3d6834aa6
[INFO] [stderr]     17:     0x5589c46a4b80 - core::result::Result<T,E>::unwrap_or_else::hfedbaa9a18ee2756
[INFO] [stderr]     18:     0x5589c46b9e52 - build_script_build::build_support::binary_cache::download::download_dependencies::h0cbfd524697ad4d7
[INFO] [stderr]     19:     0x5589c46b9598 - build_script_build::build_support::binary_cache::download::resolve_dependencies::h1c926013c44badb8
[INFO] [stderr]     20:     0x5589c46c3a02 - build_script_build::build_support::skia::config::build::h14268754d8c1039a
[INFO] [stderr]     21:     0x5589c4691a63 - build_script_build::build_from_source::hca05bb6579e9af80
[INFO] [stderr]     22:     0x5589c4691438 - build_script_build::main::hbc7e1c4ea08add16
[INFO] [stderr]     23:     0x5589c468e3d3 - core::ops::function::FnOnce::call_once::h5223e2feaaf2b3aa
[INFO] [stderr]     24:     0x5589c46b0f66 - std::sys_common::backtrace::__rust_begin_short_backtrace::h3d80e331dcb790ee
[INFO] [stderr]     25:     0x5589c46abf19 - std::rt::lang_start::{{closure}}::h78be33e1116241b7
[INFO] [stderr]     26:     0x5589c5133ce1 - core::ops::function::impls::<impl core::ops::function::FnOnce<A> for &F>::call_once::h4eb4c5e1620f29b0
[INFO] [stderr]                                  at /rustc/0e09125c6c3c2fd70d7de961bcf0e51575235fad/library/core/src/ops/function.rs:284:13
[INFO] [stderr]     27:     0x5589c5133ce1 - std::panicking::try::do_call::h73fd26535faffcdf
[INFO] [stderr]                                  at /rustc/0e09125c6c3c2fd70d7de961bcf0e51575235fad/library/std/src/panicking.rs:552:40
[INFO] [stderr]     28:     0x5589c5133ce1 - std::panicking::try::h77ff1d98f0fb9f39
[INFO] [stderr]                                  at /rustc/0e09125c6c3c2fd70d7de961bcf0e51575235fad/library/std/src/panicking.rs:516:19
[INFO] [stderr]     29:     0x5589c5133ce1 - std::panic::catch_unwind::hab3caf2448b95e37
[INFO] [stderr]                                  at /rustc/0e09125c6c3c2fd70d7de961bcf0e51575235fad/library/std/src/panic.rs:142:14
[INFO] [stderr]     30:     0x5589c5133ce1 - std::rt::lang_start_internal::{{closure}}::h8086711f9c783f78
[INFO] [stderr]                                  at /rustc/0e09125c6c3c2fd70d7de961bcf0e51575235fad/library/std/src/rt.rs:148:48
[INFO] [stderr]     31:     0x5589c5133ce1 - std::panicking::try::do_call::hf920d4dc291cd6ca
[INFO] [stderr]                                  at /rustc/0e09125c6c3c2fd70d7de961bcf0e51575235fad/library/std/src/panicking.rs:552:40
[INFO] [stderr]     32:     0x5589c5133ce1 - std::panicking::try::h2b806ccc0a85db74
[INFO] [stderr]                                  at /rustc/0e09125c6c3c2fd70d7de961bcf0e51575235fad/library/std/src/panicking.rs:516:19
[INFO] [stderr]     33:     0x5589c5133ce1 - std::panic::catch_unwind::h038489539c507df2
[INFO] [stderr]                                  at /rustc/0e09125c6c3c2fd70d7de961bcf0e51575235fad/library/std/src/panic.rs:142:14
[INFO] [stderr]     34:     0x5589c5133ce1 - std::rt::lang_start_internal::h28503b88912e8a5c
[INFO] [stderr]                                  at /rustc/0e09125c6c3c2fd70d7de961bcf0e51575235fad/library/std/src/rt.rs:148:20
[INFO] [stderr]     35:     0x5589c46abef7 - std::rt::lang_start::hcc906af2c2f101cb
[INFO] [stderr]     36:     0x5589c4691f65 - main
[INFO] [stderr]     37:     0x7f7fbbc73d90 - <unknown>
[INFO] [stderr]     38:     0x7f7fbbc73e40 - __libc_start_main
[INFO] [stderr]     39:     0x5589c4682995 - _start
[INFO] [stderr]     40:                0x0 - <unknown>
[INFO] [stderr] warning: build failed, waiting for other jobs to finish...
[INFO] running `Command { std: "docker" "inspect" "320df16c81b98bee2015245cf7fc68b767e1512197d99ae7dc1695643abe3a3b", kill_on_drop: false }`
[INFO] running `Command { std: "docker" "rm" "-f" "320df16c81b98bee2015245cf7fc68b767e1512197d99ae7dc1695643abe3a3b", kill_on_drop: false }`
[INFO] [stdout] 320df16c81b98bee2015245cf7fc68b767e1512197d99ae7dc1695643abe3a3b
