[INFO] fetching crate skl 0.4.0-alpha.1...
[INFO] testing skl-0.4.0-alpha.1 against 1.75.0 for beta-1.76-1
[INFO] extracting crate skl 0.4.0-alpha.1 into /workspace/builds/worker-5-tc1/source
[INFO] validating manifest of crates.io crate skl 0.4.0-alpha.1 on toolchain 1.75.0
[INFO] running `Command { std: CARGO_HOME="/workspace/cargo-home" RUSTUP_HOME="/workspace/rustup-home" "/workspace/cargo-home/bin/cargo" "+1.75.0" "metadata" "--manifest-path" "Cargo.toml" "--no-deps", kill_on_drop: false }`
[INFO] started tweaking crates.io crate skl 0.4.0-alpha.1
[INFO] removed 0 missing tests
[INFO] finished tweaking crates.io crate skl 0.4.0-alpha.1
[INFO] tweaked toml for crates.io crate skl 0.4.0-alpha.1 written to /workspace/builds/worker-5-tc1/source/Cargo.toml
[INFO] crate crates.io crate skl 0.4.0-alpha.1 already has a lockfile, it will not be regenerated
[INFO] running `Command { std: CARGO_HOME="/workspace/cargo-home" RUSTUP_HOME="/workspace/rustup-home" "/workspace/cargo-home/bin/cargo" "+1.75.0" "fetch" "--manifest-path" "Cargo.toml", kill_on_drop: false }`
[INFO] [stderr]     Blocking waiting for file lock on package cache
[INFO] [stderr]  Downloading crates ...
[INFO] [stderr]   Downloaded fs4 v0.6.6
[INFO] [stderr]   Downloaded loom v0.7.0
[INFO] running `Command { std: "docker" "create" "-v" "/var/lib/crater-agent-workspace/builds/worker-5-tc1/target:/opt/rustwide/target:rw,Z" "-v" "/var/lib/crater-agent-workspace/builds/worker-5-tc1/source:/opt/rustwide/workdir:ro,Z" "-v" "/var/lib/crater-agent-workspace/cargo-home:/opt/rustwide/cargo-home:ro,Z" "-v" "/var/lib/crater-agent-workspace/rustup-home:/opt/rustwide/rustup-home:ro,Z" "-e" "SOURCE_DIR=/opt/rustwide/workdir" "-e" "CARGO_TARGET_DIR=/opt/rustwide/target" "-e" "CARGO_HOME=/opt/rustwide/cargo-home" "-e" "RUSTUP_HOME=/opt/rustwide/rustup-home" "-w" "/opt/rustwide/workdir" "-m" "1610612736" "--user" "0:0" "--network" "none" "ghcr.io/rust-lang/crates-build-env/linux@sha256:2788e3201cd34a07e3172128adcd8b3090168a8e3bcc40d7c032b9dda1df7d1c" "/opt/rustwide/cargo-home/bin/cargo" "+1.75.0" "metadata" "--no-deps" "--format-version=1", kill_on_drop: false }`
[INFO] [stdout] e9d9ff27fd6d17c72b4d43e0ec8d34872d0fb9fe68011689eb4619c690761d6a
[INFO] running `Command { std: "docker" "start" "-a" "e9d9ff27fd6d17c72b4d43e0ec8d34872d0fb9fe68011689eb4619c690761d6a", kill_on_drop: false }`
[INFO] running `Command { std: "docker" "inspect" "e9d9ff27fd6d17c72b4d43e0ec8d34872d0fb9fe68011689eb4619c690761d6a", kill_on_drop: false }`
[INFO] running `Command { std: "docker" "rm" "-f" "e9d9ff27fd6d17c72b4d43e0ec8d34872d0fb9fe68011689eb4619c690761d6a", kill_on_drop: false }`
[INFO] [stdout] e9d9ff27fd6d17c72b4d43e0ec8d34872d0fb9fe68011689eb4619c690761d6a
[INFO] running `Command { std: "docker" "create" "-v" "/var/lib/crater-agent-workspace/builds/worker-5-tc1/target:/opt/rustwide/target:rw,Z" "-v" "/var/lib/crater-agent-workspace/builds/worker-5-tc1/source:/opt/rustwide/workdir:ro,Z" "-v" "/var/lib/crater-agent-workspace/cargo-home:/opt/rustwide/cargo-home:ro,Z" "-v" "/var/lib/crater-agent-workspace/rustup-home:/opt/rustwide/rustup-home:ro,Z" "-e" "SOURCE_DIR=/opt/rustwide/workdir" "-e" "CARGO_TARGET_DIR=/opt/rustwide/target" "-e" "CARGO_INCREMENTAL=0" "-e" "RUST_BACKTRACE=full" "-e" "RUSTFLAGS=--cap-lints=warn" "-e" "RUSTDOCFLAGS=--cap-lints=warn" "-e" "CARGO_HOME=/opt/rustwide/cargo-home" "-e" "RUSTUP_HOME=/opt/rustwide/rustup-home" "-w" "/opt/rustwide/workdir" "-m" "1610612736" "--user" "0:0" "--network" "none" "ghcr.io/rust-lang/crates-build-env/linux@sha256:2788e3201cd34a07e3172128adcd8b3090168a8e3bcc40d7c032b9dda1df7d1c" "/opt/rustwide/cargo-home/bin/cargo" "+1.75.0" "build" "--frozen" "--message-format=json", kill_on_drop: false }`
[INFO] [stdout] 029da72046d7ed1c149faf280ade93f44b7d738b5e6aee93851c3dc93d9ac0f8
[INFO] running `Command { std: "docker" "start" "-a" "029da72046d7ed1c149faf280ade93f44b7d738b5e6aee93851c3dc93d9ac0f8", kill_on_drop: false }`
[INFO] [stderr]    Compiling syn v1.0.109
[INFO] [stderr]    Compiling fnv v1.0.7
[INFO] [stderr]    Compiling strsim v0.10.0
[INFO] [stderr]    Compiling ident_case v1.0.1
[INFO] [stderr]    Compiling prettyplease v0.1.25
[INFO] [stderr]    Compiling libc v0.2.147
[INFO] [stderr]    Compiling heck v0.4.1
[INFO] [stderr]    Compiling ppv-lite86 v0.2.17
[INFO] [stderr]    Compiling crossbeam-utils v0.8.16
[INFO] [stderr]    Compiling bytes v1.5.0
[INFO] [stderr]    Compiling getrandom v0.2.10
[INFO] [stderr]    Compiling rand_core v0.6.4
[INFO] [stderr]    Compiling rand_chacha v0.3.1
[INFO] [stderr]    Compiling rand v0.8.5
[INFO] [stderr]    Compiling darling_core v0.14.4
[INFO] [stderr]    Compiling darling_macro v0.14.4
[INFO] [stderr]    Compiling darling v0.14.4
[INFO] [stderr]    Compiling derivit-core v0.1.5
[INFO] [stderr]    Compiling viewit v0.1.5
[INFO] [stderr]    Compiling skl v0.4.0-alpha.1 (/opt/rustwide/workdir)
[INFO] [stderr]     Finished dev [unoptimized + debuginfo] target(s) in 13.90s
[INFO] running `Command { std: "docker" "inspect" "029da72046d7ed1c149faf280ade93f44b7d738b5e6aee93851c3dc93d9ac0f8", kill_on_drop: false }`
[INFO] running `Command { std: "docker" "rm" "-f" "029da72046d7ed1c149faf280ade93f44b7d738b5e6aee93851c3dc93d9ac0f8", kill_on_drop: false }`
[INFO] [stdout] 029da72046d7ed1c149faf280ade93f44b7d738b5e6aee93851c3dc93d9ac0f8
[INFO] running `Command { std: "docker" "create" "-v" "/var/lib/crater-agent-workspace/builds/worker-5-tc1/target:/opt/rustwide/target:rw,Z" "-v" "/var/lib/crater-agent-workspace/builds/worker-5-tc1/source:/opt/rustwide/workdir:ro,Z" "-v" "/var/lib/crater-agent-workspace/cargo-home:/opt/rustwide/cargo-home:ro,Z" "-v" "/var/lib/crater-agent-workspace/rustup-home:/opt/rustwide/rustup-home:ro,Z" "-e" "SOURCE_DIR=/opt/rustwide/workdir" "-e" "CARGO_TARGET_DIR=/opt/rustwide/target" "-e" "CARGO_INCREMENTAL=0" "-e" "RUST_BACKTRACE=full" "-e" "RUSTFLAGS=--cap-lints=warn" "-e" "RUSTDOCFLAGS=--cap-lints=warn" "-e" "CARGO_HOME=/opt/rustwide/cargo-home" "-e" "RUSTUP_HOME=/opt/rustwide/rustup-home" "-w" "/opt/rustwide/workdir" "-m" "1610612736" "--user" "0:0" "--network" "none" "ghcr.io/rust-lang/crates-build-env/linux@sha256:2788e3201cd34a07e3172128adcd8b3090168a8e3bcc40d7c032b9dda1df7d1c" "/opt/rustwide/cargo-home/bin/cargo" "+1.75.0" "test" "--frozen" "--no-run" "--message-format=json", kill_on_drop: false }`
[INFO] [stdout] 02cb5cd6ef5105345abc1825083979bfdf6049d7bdf8ebd8d2ed08d2591f530e
[INFO] running `Command { std: "docker" "start" "-a" "02cb5cd6ef5105345abc1825083979bfdf6049d7bdf8ebd8d2ed08d2591f530e", kill_on_drop: false }`
[INFO] [stderr]    Compiling autocfg v1.1.0
[INFO] [stderr]    Compiling crossbeam-utils v0.8.16
[INFO] [stderr]    Compiling scopeguard v1.2.0
[INFO] [stderr]    Compiling serde v1.0.188
[INFO] [stderr]    Compiling syn v2.0.30
[INFO] [stderr]    Compiling rustix v0.38.11
[INFO] [stderr]    Compiling getrandom v0.2.10
[INFO] [stderr]    Compiling rayon-core v1.11.0
[INFO] [stderr]    Compiling either v1.9.0
[INFO] [stderr]    Compiling serde_json v1.0.105
[INFO] [stderr]    Compiling rand_core v0.6.4
[INFO] [stderr]    Compiling num_cpus v1.16.0
[INFO] [stderr]    Compiling memoffset v0.9.0
[INFO] [stderr]    Compiling crossbeam-epoch v0.9.15
[INFO] [stderr]    Compiling num-traits v0.2.16
[INFO] [stderr]    Compiling lock_api v0.4.10
[INFO] [stderr]    Compiling half v1.8.2
[INFO] [stderr]    Compiling regex-syntax v0.7.5
[INFO] [stderr]    Compiling crossbeam-channel v0.5.8
[INFO] [stderr]    Compiling ryu v1.0.15
[INFO] [stderr]    Compiling crossbeam-deque v0.8.3
[INFO] [stderr]    Compiling anstyle v1.0.2
[INFO] [stderr]    Compiling plotters-backend v0.3.5
[INFO] [stderr]    Compiling parking_lot_core v0.9.8
[INFO] [stderr]    Compiling clap_lex v0.5.1
[INFO] [stderr]    Compiling ciborium-io v0.2.1
[INFO] [stderr]    Compiling plotters-svg v0.3.5
[INFO] [stderr]    Compiling clap_builder v4.4.2
[INFO] [stderr]    Compiling ciborium-ll v0.2.1
[INFO] [stderr]    Compiling rand_chacha v0.3.1
[INFO] [stderr]    Compiling itertools v0.10.5
[INFO] [stderr]    Compiling regex-automata v0.3.8
[INFO] [stderr]    Compiling cast v0.3.0
[INFO] [stderr]    Compiling smallvec v1.11.0
[INFO] [stderr]    Compiling paste v1.0.14
[INFO] [stderr]    Compiling serde_derive v1.0.188
[INFO] [stderr]    Compiling same-file v1.0.6
[INFO] [stderr]    Compiling criterion-plot v0.5.0
[INFO] [stderr]    Compiling walkdir v2.3.3
[INFO] [stderr]    Compiling clap v4.4.2
[INFO] [stderr]    Compiling plotters v0.3.5
[INFO] [stderr]    Compiling is-terminal v0.4.9
[INFO] [stderr]    Compiling rayon v1.7.0
[INFO] [stderr]    Compiling rand v0.8.5
[INFO] [stderr]    Compiling once_cell v1.18.0
[INFO] [stderr]    Compiling regex v1.9.5
[INFO] [stderr]    Compiling anes v0.1.6
[INFO] [stderr]    Compiling oorandom v11.1.3
[INFO] [stderr]    Compiling fastrand v2.0.0
[INFO] [stderr]    Compiling tempfile v3.8.0
[INFO] [stderr]    Compiling parking_lot v0.12.1
[INFO] [stderr]    Compiling skl v0.4.0-alpha.1 (/opt/rustwide/workdir)
[INFO] [stderr]    Compiling ciborium v0.2.1
[INFO] [stderr]    Compiling tinytemplate v1.2.1
[INFO] [stderr]    Compiling criterion v0.5.1
[INFO] [stdout] error[E0599]: no function or associated item named `mmap_anon` found for struct `SkipMap` in the current scope
[INFO] [stdout]    --> examples/mmap_anon.rs:18:29
[INFO] [stdout]     |
[INFO] [stdout] 18  |   let l = Arc::new(SkipMap::mmap_anon(1 << 20).unwrap());
[INFO] [stdout]     |                             ^^^^^^^^^ function or associated item not found in `SkipMap`
[INFO] [stdout]     |
[INFO] [stdout] note: if you're trying to build a new `SkipMap`, consider using `SkipMap::new` which returns `SkipMap`
[INFO] [stdout]    --> /opt/rustwide/workdir/src/map.rs:300:3
[INFO] [stdout]     |
[INFO] [stdout] 300 |   pub fn new(cap: usize) -> Self {
[INFO] [stdout]     |   ^^^^^^^^^^^^^^^^^^^^^^^^^^^^^^
[INFO] [stdout] 
[INFO] [stdout] 
[INFO] [stdout] error[E0599]: no function or associated item named `mmap` found for struct `SkipMap` in the current scope
[INFO] [stdout]    --> examples/mmap.rs:20:29
[INFO] [stdout]     |
[INFO] [stdout] 20  |   let l = Arc::new(SkipMap::mmap(1 << 20, wal, true).unwrap());
[INFO] [stdout]     |                             ^^^^ function or associated item not found in `SkipMap`
[INFO] [stdout]     |
[INFO] [stdout] note: if you're trying to build a new `SkipMap`, consider using `SkipMap::new` which returns `SkipMap`
[INFO] [stdout]    --> /opt/rustwide/workdir/src/map.rs:300:3
[INFO] [stdout]     |
[INFO] [stdout] 300 |   pub fn new(cap: usize) -> Self {
[INFO] [stdout]     |   ^^^^^^^^^^^^^^^^^^^^^^^^^^^^^^
[INFO] [stdout] 
[INFO] [stdout] 
[INFO] [stdout] error: aborting due to previous error
[INFO] [stdout] 
[INFO] [stdout] 
[INFO] [stdout] For more information about this error, try `rustc --explain E0599`.
[INFO] [stdout] 
[INFO] [stdout] error: aborting due to previous error
[INFO] [stdout] 
[INFO] [stdout] 
[INFO] [stdout] For more information about this error, try `rustc --explain E0599`.
[INFO] [stdout] 
[INFO] [stderr] error: could not compile `skl` (example "mmap") due to 2 previous errors
[INFO] [stderr] warning: build failed, waiting for other jobs to finish...
[INFO] [stderr] error: could not compile `skl` (example "mmap_anon") due to 2 previous errors
[INFO] [stdout] error[E0599]: no function or associated item named `mmap` found for struct `map::SkipMap` in the current scope
[INFO] [stdout]    --> src/map/tests.rs:79:29
[INFO] [stdout]     |
[INFO] [stdout] 79  |   let l = Arc::new(SkipMap::mmap(ARENA_SIZE, tempfile::tempfile().unwrap(), true).unwrap());
[INFO] [stdout]     |                             ^^^^ function or associated item not found in `SkipMap`
[INFO] [stdout]     |
[INFO] [stdout]    ::: src/map.rs:102:1
[INFO] [stdout]     |
[INFO] [stdout] 102 | pub struct SkipMap {
[INFO] [stdout]     | ------------------ function or associated item `mmap` not found for this struct
[INFO] [stdout]     |
[INFO] [stdout] note: if you're trying to build a new `map::SkipMap`, consider using `map::SkipMap::new` which returns `map::SkipMap`
[INFO] [stdout]    --> src/map.rs:300:3
[INFO] [stdout]     |
[INFO] [stdout] 300 |   pub fn new(cap: usize) -> Self {
[INFO] [stdout]     |   ^^^^^^^^^^^^^^^^^^^^^^^^^^^^^^
[INFO] [stdout] 
[INFO] [stdout] 
[INFO] [stdout] error[E0599]: no function or associated item named `mmap_anon` found for struct `map::SkipMap` in the current scope
[INFO] [stdout]    --> src/map/tests.rs:86:29
[INFO] [stdout]     |
[INFO] [stdout] 86  |   let l = Arc::new(SkipMap::mmap_anon(ARENA_SIZE).unwrap());
[INFO] [stdout]     |                             ^^^^^^^^^ function or associated item not found in `SkipMap`
[INFO] [stdout]     |
[INFO] [stdout]    ::: src/map.rs:102:1
[INFO] [stdout]     |
[INFO] [stdout] 102 | pub struct SkipMap {
[INFO] [stdout]     | ------------------ function or associated item `mmap_anon` not found for this struct
[INFO] [stdout]     |
[INFO] [stdout] note: if you're trying to build a new `map::SkipMap`, consider using `map::SkipMap::new` which returns `map::SkipMap`
[INFO] [stdout]    --> src/map.rs:300:3
[INFO] [stdout]     |
[INFO] [stdout] 300 |   pub fn new(cap: usize) -> Self {
[INFO] [stdout]     |   ^^^^^^^^^^^^^^^^^^^^^^^^^^^^^^
[INFO] [stdout] 
[INFO] [stdout] 
[INFO] [stdout] error[E0599]: no function or associated item named `mmap` found for struct `map::SkipMap` in the current scope
[INFO] [stdout]    --> src/map/tests.rs:114:29
[INFO] [stdout]     |
[INFO] [stdout] 114 |   let l = Arc::new(SkipMap::mmap(ARENA_SIZE, tempfile::tempfile().unwrap(), true).unwrap());
[INFO] [stdout]     |                             ^^^^ function or associated item not found in `SkipMap`
[INFO] [stdout]     |
[INFO] [stdout]    ::: src/map.rs:102:1
[INFO] [stdout]     |
[INFO] [stdout] 102 | pub struct SkipMap {
[INFO] [stdout]     | ------------------ function or associated item `mmap` not found for this struct
[INFO] [stdout]     |
[INFO] [stdout] note: if you're trying to build a new `map::SkipMap`, consider using `map::SkipMap::new` which returns `map::SkipMap`
[INFO] [stdout]    --> src/map.rs:300:3
[INFO] [stdout]     |
[INFO] [stdout] 300 |   pub fn new(cap: usize) -> Self {
[INFO] [stdout]     |   ^^^^^^^^^^^^^^^^^^^^^^^^^^^^^^
[INFO] [stdout] 
[INFO] [stdout] 
[INFO] [stdout] error[E0599]: no function or associated item named `mmap_anon` found for struct `map::SkipMap` in the current scope
[INFO] [stdout]    --> src/map/tests.rs:121:29
[INFO] [stdout]     |
[INFO] [stdout] 121 |   let l = Arc::new(SkipMap::mmap_anon(ARENA_SIZE).unwrap());
[INFO] [stdout]     |                             ^^^^^^^^^ function or associated item not found in `SkipMap`
[INFO] [stdout]     |
[INFO] [stdout]    ::: src/map.rs:102:1
[INFO] [stdout]     |
[INFO] [stdout] 102 | pub struct SkipMap {
[INFO] [stdout]     | ------------------ function or associated item `mmap_anon` not found for this struct
[INFO] [stdout]     |
[INFO] [stdout] note: if you're trying to build a new `map::SkipMap`, consider using `map::SkipMap::new` which returns `map::SkipMap`
[INFO] [stdout]    --> src/map.rs:300:3
[INFO] [stdout]     |
[INFO] [stdout] 300 |   pub fn new(cap: usize) -> Self {
[INFO] [stdout]     |   ^^^^^^^^^^^^^^^^^^^^^^^^^^^^^^
[INFO] [stdout] 
[INFO] [stdout] 
[INFO] [stdout] error[E0599]: no function or associated item named `mmap` found for struct `map::SkipMap` in the current scope
[INFO] [stdout]    --> src/map/tests.rs:134:14
[INFO] [stdout]     |
[INFO] [stdout] 134 |     SkipMap::mmap(ARENA_SIZE, tempfile::tempfile().unwrap(), true).unwrap(),
[INFO] [stdout]     |              ^^^^ function or associated item not found in `SkipMap`
[INFO] [stdout]     |
[INFO] [stdout]    ::: src/map.rs:102:1
[INFO] [stdout]     |
[INFO] [stdout] 102 | pub struct SkipMap {
[INFO] [stdout]     | ------------------ function or associated item `mmap` not found for this struct
[INFO] [stdout]     |
[INFO] [stdout] note: if you're trying to build a new `map::SkipMap`, consider using `map::SkipMap::new` which returns `map::SkipMap`
[INFO] [stdout]    --> src/map.rs:300:3
[INFO] [stdout]     |
[INFO] [stdout] 300 |   pub fn new(cap: usize) -> Self {
[INFO] [stdout]     |   ^^^^^^^^^^^^^^^^^^^^^^^^^^^^^^
[INFO] [stdout] 
[INFO] [stdout] 
[INFO] [stdout] error[E0599]: no function or associated item named `mmap_anon` found for struct `map::SkipMap` in the current scope
[INFO] [stdout]    --> src/map/tests.rs:141:50
[INFO] [stdout]     |
[INFO] [stdout] 141 |   test_concurrent_basic_runner(Arc::new(SkipMap::mmap_anon(ARENA_SIZE).unwrap()));
[INFO] [stdout]     |                                                  ^^^^^^^^^ function or associated item not found in `SkipMap`
[INFO] [stdout]     |
[INFO] [stdout]    ::: src/map.rs:102:1
[INFO] [stdout]     |
[INFO] [stdout] 102 | pub struct SkipMap {
[INFO] [stdout]     | ------------------ function or associated item `mmap_anon` not found for this struct
[INFO] [stdout]     |
[INFO] [stdout] note: if you're trying to build a new `map::SkipMap`, consider using `map::SkipMap::new` which returns `map::SkipMap`
[INFO] [stdout]    --> src/map.rs:300:3
[INFO] [stdout]     |
[INFO] [stdout] 300 |   pub fn new(cap: usize) -> Self {
[INFO] [stdout]     |   ^^^^^^^^^^^^^^^^^^^^^^^^^^^^^^
[INFO] [stdout] 
[INFO] [stdout] 
[INFO] [stdout] error[E0599]: no function or associated item named `mmap` found for struct `map::SkipMap` in the current scope
[INFO] [stdout]    --> src/map/tests.rs:184:14
[INFO] [stdout]     |
[INFO] [stdout] 184 |     SkipMap::mmap(120 << 20, tempfile::tempfile().unwrap(), true).unwrap(),
[INFO] [stdout]     |              ^^^^ function or associated item not found in `SkipMap`
[INFO] [stdout]     |
[INFO] [stdout]    ::: src/map.rs:102:1
[INFO] [stdout]     |
[INFO] [stdout] 102 | pub struct SkipMap {
[INFO] [stdout]     | ------------------ function or associated item `mmap` not found for this struct
[INFO] [stdout]     |
[INFO] [stdout] note: if you're trying to build a new `map::SkipMap`, consider using `map::SkipMap::new` which returns `map::SkipMap`
[INFO] [stdout]    --> src/map.rs:300:3
[INFO] [stdout]     |
[INFO] [stdout] 300 |   pub fn new(cap: usize) -> Self {
[INFO] [stdout]     |   ^^^^^^^^^^^^^^^^^^^^^^^^^^^^^^
[INFO] [stdout] 
[INFO] [stdout] 
[INFO] [stdout] error[E0599]: no function or associated item named `mmap_anon` found for struct `map::SkipMap` in the current scope
[INFO] [stdout]    --> src/map/tests.rs:191:61
[INFO] [stdout]     |
[INFO] [stdout] 191 |   test_concurrent_basic_big_values_runner(Arc::new(SkipMap::mmap_anon(120 << 20).unwrap()));
[INFO] [stdout]     |                                                             ^^^^^^^^^ function or associated item not found in `SkipMap`
[INFO] [stdout]     |
[INFO] [stdout]    ::: src/map.rs:102:1
[INFO] [stdout]     |
[INFO] [stdout] 102 | pub struct SkipMap {
[INFO] [stdout]     | ------------------ function or associated item `mmap_anon` not found for this struct
[INFO] [stdout]     |
[INFO] [stdout] note: if you're trying to build a new `map::SkipMap`, consider using `map::SkipMap::new` which returns `map::SkipMap`
[INFO] [stdout]    --> src/map.rs:300:3
[INFO] [stdout]     |
[INFO] [stdout] 300 |   pub fn new(cap: usize) -> Self {
[INFO] [stdout]     |   ^^^^^^^^^^^^^^^^^^^^^^^^^^^^^^
[INFO] [stdout] 
[INFO] [stdout] 
[INFO] [stdout] error: aborting due to 8 previous errors
[INFO] [stdout] 
[INFO] [stdout] 
[INFO] [stdout] For more information about this error, try `rustc --explain E0599`.
[INFO] [stdout] 
[INFO] [stderr] error: could not compile `skl` (lib test) due to 9 previous errors
[INFO] running `Command { std: "docker" "inspect" "02cb5cd6ef5105345abc1825083979bfdf6049d7bdf8ebd8d2ed08d2591f530e", kill_on_drop: false }`
[INFO] running `Command { std: "docker" "rm" "-f" "02cb5cd6ef5105345abc1825083979bfdf6049d7bdf8ebd8d2ed08d2591f530e", kill_on_drop: false }`
[INFO] [stdout] 02cb5cd6ef5105345abc1825083979bfdf6049d7bdf8ebd8d2ed08d2591f530e
[INFO] testing skl-0.4.0-alpha.1 against beta-2023-12-22 for beta-1.76-1
[INFO] extracting crate skl 0.4.0-alpha.1 into /workspace/builds/worker-5-tc2/source
[INFO] validating manifest of crates.io crate skl 0.4.0-alpha.1 on toolchain beta-2023-12-22
[INFO] running `Command { std: CARGO_HOME="/workspace/cargo-home" RUSTUP_HOME="/workspace/rustup-home" "/workspace/cargo-home/bin/cargo" "+beta-2023-12-22" "metadata" "--manifest-path" "Cargo.toml" "--no-deps", kill_on_drop: false }`
[INFO] started tweaking crates.io crate skl 0.4.0-alpha.1
[INFO] removed 0 missing tests
[INFO] finished tweaking crates.io crate skl 0.4.0-alpha.1
[INFO] tweaked toml for crates.io crate skl 0.4.0-alpha.1 written to /workspace/builds/worker-5-tc2/source/Cargo.toml
[INFO] crate crates.io crate skl 0.4.0-alpha.1 already has a lockfile, it will not be regenerated
[INFO] running `Command { std: CARGO_HOME="/workspace/cargo-home" RUSTUP_HOME="/workspace/rustup-home" "/workspace/cargo-home/bin/cargo" "+beta-2023-12-22" "fetch" "--manifest-path" "Cargo.toml", kill_on_drop: false }`
[INFO] running `Command { std: "docker" "create" "-v" "/var/lib/crater-agent-workspace/builds/worker-5-tc2/target:/opt/rustwide/target:rw,Z" "-v" "/var/lib/crater-agent-workspace/builds/worker-5-tc2/source:/opt/rustwide/workdir:ro,Z" "-v" "/var/lib/crater-agent-workspace/cargo-home:/opt/rustwide/cargo-home:ro,Z" "-v" "/var/lib/crater-agent-workspace/rustup-home:/opt/rustwide/rustup-home:ro,Z" "-e" "SOURCE_DIR=/opt/rustwide/workdir" "-e" "CARGO_TARGET_DIR=/opt/rustwide/target" "-e" "CARGO_HOME=/opt/rustwide/cargo-home" "-e" "RUSTUP_HOME=/opt/rustwide/rustup-home" "-w" "/opt/rustwide/workdir" "-m" "1610612736" "--user" "0:0" "--network" "none" "ghcr.io/rust-lang/crates-build-env/linux@sha256:2788e3201cd34a07e3172128adcd8b3090168a8e3bcc40d7c032b9dda1df7d1c" "/opt/rustwide/cargo-home/bin/cargo" "+beta-2023-12-22" "metadata" "--no-deps" "--format-version=1", kill_on_drop: false }`
[INFO] [stdout] 12bb43515bed89052938d8291e2fc8f9de44fef40edba8a0a7faa5343fb878ee
[INFO] running `Command { std: "docker" "start" "-a" "12bb43515bed89052938d8291e2fc8f9de44fef40edba8a0a7faa5343fb878ee", kill_on_drop: false }`
[INFO] running `Command { std: "docker" "inspect" "12bb43515bed89052938d8291e2fc8f9de44fef40edba8a0a7faa5343fb878ee", kill_on_drop: false }`
[INFO] running `Command { std: "docker" "rm" "-f" "12bb43515bed89052938d8291e2fc8f9de44fef40edba8a0a7faa5343fb878ee", kill_on_drop: false }`
[INFO] [stdout] 12bb43515bed89052938d8291e2fc8f9de44fef40edba8a0a7faa5343fb878ee
[INFO] running `Command { std: "docker" "create" "-v" "/var/lib/crater-agent-workspace/builds/worker-5-tc2/target:/opt/rustwide/target:rw,Z" "-v" "/var/lib/crater-agent-workspace/builds/worker-5-tc2/source:/opt/rustwide/workdir:ro,Z" "-v" "/var/lib/crater-agent-workspace/cargo-home:/opt/rustwide/cargo-home:ro,Z" "-v" "/var/lib/crater-agent-workspace/rustup-home:/opt/rustwide/rustup-home:ro,Z" "-e" "SOURCE_DIR=/opt/rustwide/workdir" "-e" "CARGO_TARGET_DIR=/opt/rustwide/target" "-e" "CARGO_INCREMENTAL=0" "-e" "RUST_BACKTRACE=full" "-e" "RUSTFLAGS=--cap-lints=warn" "-e" "RUSTDOCFLAGS=--cap-lints=warn" "-e" "CARGO_HOME=/opt/rustwide/cargo-home" "-e" "RUSTUP_HOME=/opt/rustwide/rustup-home" "-w" "/opt/rustwide/workdir" "-m" "1610612736" "--user" "0:0" "--network" "none" "ghcr.io/rust-lang/crates-build-env/linux@sha256:2788e3201cd34a07e3172128adcd8b3090168a8e3bcc40d7c032b9dda1df7d1c" "/opt/rustwide/cargo-home/bin/cargo" "+beta-2023-12-22" "build" "--frozen" "--message-format=json", kill_on_drop: false }`
[INFO] [stdout] 59753e18f687073cdadcfa07800fe850580991b52adfac3705c2221570afed36
[INFO] running `Command { std: "docker" "start" "-a" "59753e18f687073cdadcfa07800fe850580991b52adfac3705c2221570afed36", kill_on_drop: false }`
[INFO] [stderr]    Compiling syn v1.0.109
[INFO] [stderr]    Compiling libc v0.2.147
[INFO] [stderr]    Compiling ident_case v1.0.1
[INFO] [stderr]    Compiling fnv v1.0.7
[INFO] [stderr]    Compiling strsim v0.10.0
[INFO] [stderr]    Compiling prettyplease v0.1.25
[INFO] [stderr]    Compiling ppv-lite86 v0.2.17
[INFO] [stderr]    Compiling crossbeam-utils v0.8.16
[INFO] [stderr]    Compiling heck v0.4.1
[INFO] [stderr]    Compiling bytes v1.5.0
[INFO] [stderr]    Compiling getrandom v0.2.10
[INFO] [stderr]    Compiling rand_core v0.6.4
[INFO] [stderr]    Compiling rand_chacha v0.3.1
[INFO] [stderr]    Compiling rand v0.8.5
[INFO] [stderr]    Compiling darling_core v0.14.4
[INFO] [stderr]    Compiling darling_macro v0.14.4
[INFO] [stderr]    Compiling darling v0.14.4
[INFO] [stderr]    Compiling derivit-core v0.1.5
[INFO] [stderr]    Compiling viewit v0.1.5
[INFO] [stderr]    Compiling skl v0.4.0-alpha.1 (/opt/rustwide/workdir)
[INFO] [stderr]     Finished dev [unoptimized + debuginfo] target(s) in 13.11s
[INFO] running `Command { std: "docker" "inspect" "59753e18f687073cdadcfa07800fe850580991b52adfac3705c2221570afed36", kill_on_drop: false }`
[INFO] running `Command { std: "docker" "rm" "-f" "59753e18f687073cdadcfa07800fe850580991b52adfac3705c2221570afed36", kill_on_drop: false }`
[INFO] [stdout] 59753e18f687073cdadcfa07800fe850580991b52adfac3705c2221570afed36
[INFO] running `Command { std: "docker" "create" "-v" "/var/lib/crater-agent-workspace/builds/worker-5-tc2/target:/opt/rustwide/target:rw,Z" "-v" "/var/lib/crater-agent-workspace/builds/worker-5-tc2/source:/opt/rustwide/workdir:ro,Z" "-v" "/var/lib/crater-agent-workspace/cargo-home:/opt/rustwide/cargo-home:ro,Z" "-v" "/var/lib/crater-agent-workspace/rustup-home:/opt/rustwide/rustup-home:ro,Z" "-e" "SOURCE_DIR=/opt/rustwide/workdir" "-e" "CARGO_TARGET_DIR=/opt/rustwide/target" "-e" "CARGO_INCREMENTAL=0" "-e" "RUST_BACKTRACE=full" "-e" "RUSTFLAGS=--cap-lints=warn" "-e" "RUSTDOCFLAGS=--cap-lints=warn" "-e" "CARGO_HOME=/opt/rustwide/cargo-home" "-e" "RUSTUP_HOME=/opt/rustwide/rustup-home" "-w" "/opt/rustwide/workdir" "-m" "1610612736" "--user" "0:0" "--network" "none" "ghcr.io/rust-lang/crates-build-env/linux@sha256:2788e3201cd34a07e3172128adcd8b3090168a8e3bcc40d7c032b9dda1df7d1c" "/opt/rustwide/cargo-home/bin/cargo" "+beta-2023-12-22" "test" "--frozen" "--no-run" "--message-format=json", kill_on_drop: false }`
[INFO] [stdout] 733deb61c5d4c7878362593cddf955443b8aad04c1a38d209c525a4f0bcaa588
[INFO] running `Command { std: "docker" "start" "-a" "733deb61c5d4c7878362593cddf955443b8aad04c1a38d209c525a4f0bcaa588", kill_on_drop: false }`
[INFO] [stderr]    Compiling autocfg v1.1.0
[INFO] [stderr]    Compiling crossbeam-utils v0.8.16
[INFO] [stderr]    Compiling scopeguard v1.2.0
[INFO] [stderr]    Compiling serde v1.0.188
[INFO] [stderr]    Compiling rustix v0.38.11
[INFO] [stderr]    Compiling syn v2.0.30
[INFO] [stderr]    Compiling getrandom v0.2.10
[INFO] [stderr]    Compiling either v1.9.0
[INFO] [stderr]    Compiling serde_json v1.0.105
[INFO] [stderr]    Compiling rayon-core v1.11.0
[INFO] [stderr]    Compiling rand_core v0.6.4
[INFO] [stderr]    Compiling num_cpus v1.16.0
[INFO] [stderr]    Compiling half v1.8.2
[INFO] [stderr]    Compiling plotters-backend v0.3.5
[INFO] [stderr]    Compiling regex-syntax v0.7.5
[INFO] [stderr]    Compiling memoffset v0.9.0
[INFO] [stderr]    Compiling crossbeam-epoch v0.9.15
[INFO] [stderr]    Compiling num-traits v0.2.16
[INFO] [stderr]    Compiling crossbeam-channel v0.5.8
[INFO] [stderr]    Compiling lock_api v0.4.10
[INFO] [stderr]    Compiling ciborium-io v0.2.1
[INFO] [stderr]    Compiling parking_lot_core v0.9.8
[INFO] [stderr]    Compiling anstyle v1.0.2
[INFO] [stderr]    Compiling clap_lex v0.5.1
[INFO] [stderr]    Compiling crossbeam-deque v0.8.3
[INFO] [stderr]    Compiling ryu v1.0.15
[INFO] [stderr]    Compiling rand_chacha v0.3.1
[INFO] [stderr]    Compiling clap_builder v4.4.2
[INFO] [stderr]    Compiling ciborium-ll v0.2.1
[INFO] [stderr]    Compiling plotters-svg v0.3.5
[INFO] [stderr]    Compiling regex-automata v0.3.8
[INFO] [stderr]    Compiling itertools v0.10.5
[INFO] [stderr]    Compiling cast v0.3.0
[INFO] [stderr]    Compiling same-file v1.0.6
[INFO] [stderr]    Compiling serde_derive v1.0.188
[INFO] [stderr]    Compiling paste v1.0.14
[INFO] [stderr]    Compiling smallvec v1.11.0
[INFO] [stderr]    Compiling clap v4.4.2
[INFO] [stderr]    Compiling walkdir v2.3.3
[INFO] [stderr]    Compiling is-terminal v0.4.9
[INFO] [stderr]    Compiling criterion-plot v0.5.0
[INFO] [stderr]    Compiling plotters v0.3.5
[INFO] [stderr]    Compiling rayon v1.7.0
[INFO] [stderr]    Compiling rand v0.8.5
[INFO] [stderr]    Compiling regex v1.9.5
[INFO] [stderr]    Compiling anes v0.1.6
[INFO] [stderr]    Compiling oorandom v11.1.3
[INFO] [stderr]    Compiling fastrand v2.0.0
[INFO] [stderr]    Compiling once_cell v1.18.0
[INFO] [stderr]    Compiling tempfile v3.8.0
[INFO] [stderr]    Compiling parking_lot v0.12.1
[INFO] [stderr]    Compiling skl v0.4.0-alpha.1 (/opt/rustwide/workdir)
[INFO] [stderr]    Compiling ciborium v0.2.1
[INFO] [stderr]    Compiling tinytemplate v1.2.1
[INFO] [stderr]    Compiling criterion v0.5.1
[INFO] [stdout] error[E0599]: no function or associated item named `mmap` found for struct `SkipMap` in the current scope
[INFO] [stdout]    --> examples/mmap.rs:20:29
[INFO] [stdout]     |
[INFO] [stdout] 20  |   let l = Arc::new(SkipMap::mmap(1 << 20, wal, true).unwrap());
[INFO] [stdout]     |                             ^^^^ function or associated item not found in `SkipMap`
[INFO] [stdout]     |
[INFO] [stdout] note: if you're trying to build a new `SkipMap`, consider using `SkipMap::new` which returns `SkipMap`
[INFO] [stdout]    --> /opt/rustwide/workdir/src/map.rs:300:3
[INFO] [stdout]     |
[INFO] [stdout] 300 |   pub fn new(cap: usize) -> Self {
[INFO] [stdout]     |   ^^^^^^^^^^^^^^^^^^^^^^^^^^^^^^
[INFO] [stdout] 
[INFO] [stdout] 
[INFO] [stdout] error: aborting due to 1 previous error
[INFO] [stdout] 
[INFO] [stdout] 
[INFO] [stdout] For more information about this error, try `rustc --explain E0599`.
[INFO] [stdout] 
[INFO] [stderr] error: could not compile `skl` (example "mmap") due to 2 previous errors
[INFO] [stderr] warning: build failed, waiting for other jobs to finish...
[INFO] [stdout] error[E0599]: no function or associated item named `mmap_anon` found for struct `SkipMap` in the current scope
[INFO] [stdout]    --> examples/mmap_anon.rs:18:29
[INFO] [stdout]     |
[INFO] [stdout] 18  |   let l = Arc::new(SkipMap::mmap_anon(1 << 20).unwrap());
[INFO] [stdout]     |                             ^^^^^^^^^ function or associated item not found in `SkipMap`
[INFO] [stdout]     |
[INFO] [stdout] note: if you're trying to build a new `SkipMap`, consider using `SkipMap::new` which returns `SkipMap`
[INFO] [stdout]    --> /opt/rustwide/workdir/src/map.rs:300:3
[INFO] [stdout]     |
[INFO] [stdout] 300 |   pub fn new(cap: usize) -> Self {
[INFO] [stdout]     |   ^^^^^^^^^^^^^^^^^^^^^^^^^^^^^^
[INFO] [stdout] 
[INFO] [stdout] 
[INFO] [stdout] error[E0599]: no function or associated item named `mmap` found for struct `map::SkipMap` in the current scope
[INFO] [stdout]    --> src/map/tests.rs:79:29
[INFO] [stdout]     |
[INFO] [stdout] 79  |   let l = Arc::new(SkipMap::mmap(ARENA_SIZE, tempfile::tempfile().unwrap(), true).unwrap());
[INFO] [stdout]     |                             ^^^^ function or associated item not found in `SkipMap`
[INFO] [stdout]     |
[INFO] [stdout]    ::: src/map.rs:102:1
[INFO] [stdout]     |
[INFO] [stdout] 102 | pub struct SkipMap {
[INFO] [stdout]     | ------------------ function or associated item `mmap` not found for this struct
[INFO] [stdout]     |
[INFO] [stdout] note: if you're trying to build a new `map::SkipMap`, consider using `map::SkipMap::new` which returns `map::SkipMap`
[INFO] [stdout]    --> src/map.rs:300:3
[INFO] [stdout]     |
[INFO] [stdout] 300 |   pub fn new(cap: usize) -> Self {
[INFO] [stdout]     |   ^^^^^^^^^^^^^^^^^^^^^^^^^^^^^^
[INFO] [stdout] 
[INFO] [stdout] 
[INFO] [stdout] error[E0599]: no function or associated item named `mmap_anon` found for struct `map::SkipMap` in the current scope
[INFO] [stdout]    --> src/map/tests.rs:86:29
[INFO] [stdout]     |
[INFO] [stdout] 86  |   let l = Arc::new(SkipMap::mmap_anon(ARENA_SIZE).unwrap());
[INFO] [stdout]     |                             ^^^^^^^^^ function or associated item not found in `SkipMap`
[INFO] [stdout]     |
[INFO] [stdout]    ::: src/map.rs:102:1
[INFO] [stdout]     |
[INFO] [stdout] 102 | pub struct SkipMap {
[INFO] [stdout]     | ------------------ function or associated item `mmap_anon` not found for this struct
[INFO] [stdout]     |
[INFO] [stdout] note: if you're trying to build a new `map::SkipMap`, consider using `map::SkipMap::new` which returns `map::SkipMap`
[INFO] [stdout]    --> src/map.rs:300:3
[INFO] [stdout]     |
[INFO] [stdout] 300 |   pub fn new(cap: usize) -> Self {
[INFO] [stdout]     |   ^^^^^^^^^^^^^^^^^^^^^^^^^^^^^^
[INFO] [stdout] 
[INFO] [stdout] 
[INFO] [stdout] error[E0599]: no function or associated item named `mmap` found for struct `map::SkipMap` in the current scope
[INFO] [stdout]    --> src/map/tests.rs:114:29
[INFO] [stdout]     |
[INFO] [stdout] 114 |   let l = Arc::new(SkipMap::mmap(ARENA_SIZE, tempfile::tempfile().unwrap(), true).unwrap());
[INFO] [stdout]     |                             ^^^^ function or associated item not found in `SkipMap`
[INFO] [stdout]     |
[INFO] [stdout]    ::: src/map.rs:102:1
[INFO] [stdout]     |
[INFO] [stdout] 102 | pub struct SkipMap {
[INFO] [stdout]     | ------------------ function or associated item `mmap` not found for this struct
[INFO] [stdout]     |
[INFO] [stdout] note: if you're trying to build a new `map::SkipMap`, consider using `map::SkipMap::new` which returns `map::SkipMap`
[INFO] [stdout]    --> src/map.rs:300:3
[INFO] [stdout]     |
[INFO] [stdout] 300 |   pub fn new(cap: usize) -> Self {
[INFO] [stdout]     |   ^^^^^^^^^^^^^^^^^^^^^^^^^^^^^^
[INFO] [stdout] 
[INFO] [stdout] 
[INFO] [stdout] error[E0599]: no function or associated item named `mmap_anon` found for struct `map::SkipMap` in the current scope
[INFO] [stdout]    --> src/map/tests.rs:121:29
[INFO] [stdout]     |
[INFO] [stdout] 121 |   let l = Arc::new(SkipMap::mmap_anon(ARENA_SIZE).unwrap());
[INFO] [stdout]     |                             ^^^^^^^^^ function or associated item not found in `SkipMap`
[INFO] [stdout]     |
[INFO] [stdout]    ::: src/map.rs:102:1
[INFO] [stdout]     |
[INFO] [stdout] 102 | pub struct SkipMap {
[INFO] [stdout]     | ------------------ function or associated item `mmap_anon` not found for this struct
[INFO] [stdout]     |
[INFO] [stdout] note: if you're trying to build a new `map::SkipMap`, consider using `map::SkipMap::new` which returns `map::SkipMap`
[INFO] [stdout]    --> src/map.rs:300:3
[INFO] [stdout]     |
[INFO] [stdout] 300 |   pub fn new(cap: usize) -> Self {
[INFO] [stdout]     |   ^^^^^^^^^^^^^^^^^^^^^^^^^^^^^^
[INFO] [stdout] 
[INFO] [stdout] 
[INFO] [stdout] error[E0599]: no function or associated item named `mmap` found for struct `map::SkipMap` in the current scope
[INFO] [stdout]    --> src/map/tests.rs:134:14
[INFO] [stdout]     |
[INFO] [stdout] 134 |     SkipMap::mmap(ARENA_SIZE, tempfile::tempfile().unwrap(), true).unwrap(),
[INFO] [stdout]     |              ^^^^ function or associated item not found in `SkipMap`
[INFO] [stdout]     |
[INFO] [stdout]    ::: src/map.rs:102:1
[INFO] [stdout]     |
[INFO] [stdout] 102 | pub struct SkipMap {
[INFO] [stdout]     | ------------------ function or associated item `mmap` not found for this struct
[INFO] [stdout]     |
[INFO] [stdout] note: if you're trying to build a new `map::SkipMap`, consider using `map::SkipMap::new` which returns `map::SkipMap`
[INFO] [stdout]    --> src/map.rs:300:3
[INFO] [stdout]     |
[INFO] [stdout] 300 |   pub fn new(cap: usize) -> Self {
[INFO] [stdout]     |   ^^^^^^^^^^^^^^^^^^^^^^^^^^^^^^
[INFO] [stdout] 
[INFO] [stdout] 
[INFO] [stdout] error[E0599]: no function or associated item named `mmap_anon` found for struct `map::SkipMap` in the current scope
[INFO] [stdout]    --> src/map/tests.rs:141:50
[INFO] [stdout]     |
[INFO] [stdout] 141 |   test_concurrent_basic_runner(Arc::new(SkipMap::mmap_anon(ARENA_SIZE).unwrap()));
[INFO] [stdout]     |                                                  ^^^^^^^^^ function or associated item not found in `SkipMap`
[INFO] [stdout]     |
[INFO] [stdout]    ::: src/map.rs:102:1
[INFO] [stdout]     |
[INFO] [stdout] 102 | pub struct SkipMap {
[INFO] [stdout]     | ------------------ function or associated item `mmap_anon` not found for this struct
[INFO] [stdout]     |
[INFO] [stdout] note: if you're trying to build a new `map::SkipMap`, consider using `map::SkipMap::new` which returns `map::SkipMap`
[INFO] [stdout]    --> src/map.rs:300:3
[INFO] [stdout]     |
[INFO] [stdout] 300 |   pub fn new(cap: usize) -> Self {
[INFO] [stdout]     |   ^^^^^^^^^^^^^^^^^^^^^^^^^^^^^^
[INFO] [stdout] 
[INFO] [stdout] 
[INFO] [stdout] error[E0599]: no function or associated item named `mmap` found for struct `map::SkipMap` in the current scope
[INFO] [stdout]    --> src/map/tests.rs:184:14
[INFO] [stdout]     |
[INFO] [stdout] 184 |     SkipMap::mmap(120 << 20, tempfile::tempfile().unwrap(), true).unwrap(),
[INFO] [stdout]     |              ^^^^ function or associated item not found in `SkipMap`
[INFO] [stdout]     |
[INFO] [stdout]    ::: src/map.rs:102:1
[INFO] [stdout]     |
[INFO] [stdout] 102 | pub struct SkipMap {
[INFO] [stdout]     | ------------------ function or associated item `mmap` not found for this struct
[INFO] [stdout]     |
[INFO] [stdout] note: if you're trying to build a new `map::SkipMap`, consider using `map::SkipMap::new` which returns `map::SkipMap`
[INFO] [stdout]    --> src/map.rs:300:3
[INFO] [stdout]     |
[INFO] [stdout] 300 |   pub fn new(cap: usize) -> Self {
[INFO] [stdout]     |   ^^^^^^^^^^^^^^^^^^^^^^^^^^^^^^
[INFO] [stdout] 
[INFO] [stdout] 
[INFO] [stdout] error[E0599]: no function or associated item named `mmap_anon` found for struct `map::SkipMap` in the current scope
[INFO] [stdout]    --> src/map/tests.rs:191:61
[INFO] [stdout]     |
[INFO] [stdout] 191 |   test_concurrent_basic_big_values_runner(Arc::new(SkipMap::mmap_anon(120 << 20).unwrap()));
[INFO] [stdout]     |                                                             ^^^^^^^^^ function or associated item not found in `SkipMap`
[INFO] [stdout]     |
[INFO] [stdout]    ::: src/map.rs:102:1
[INFO] [stdout]     |
[INFO] [stdout] 102 | pub struct SkipMap {
[INFO] [stdout]     | ------------------ function or associated item `mmap_anon` not found for this struct
[INFO] [stdout]     |
[INFO] [stdout] note: if you're trying to build a new `map::SkipMap`, consider using `map::SkipMap::new` which returns `map::SkipMap`
[INFO] [stdout]    --> src/map.rs:300:3
[INFO] [stdout]     |
[INFO] [stdout] 300 |   pub fn new(cap: usize) -> Self {
[INFO] [stdout]     |   ^^^^^^^^^^^^^^^^^^^^^^^^^^^^^^
[INFO] [stdout] 
[INFO] [stdout] 
[INFO] [stdout] error: aborting due to 8 previous errors
[INFO] [stdout] 
[INFO] [stdout] 
[INFO] [stdout] For more information about this error, try `rustc --explain E0599`.
[INFO] [stdout] 
[INFO] [stderr] error: could not compile `skl` (lib test) due to 9 previous errors
[INFO] [stdout] error: aborting due to 1 previous error
[INFO] [stdout] 
[INFO] [stdout] 
[INFO] [stdout] For more information about this error, try `rustc --explain E0599`.
[INFO] [stdout] 
[INFO] [stderr] error: could not compile `skl` (example "mmap_anon") due to 2 previous errors
[INFO] running `Command { std: "docker" "inspect" "733deb61c5d4c7878362593cddf955443b8aad04c1a38d209c525a4f0bcaa588", kill_on_drop: false }`
[INFO] running `Command { std: "docker" "rm" "-f" "733deb61c5d4c7878362593cddf955443b8aad04c1a38d209c525a4f0bcaa588", kill_on_drop: false }`
[INFO] [stdout] 733deb61c5d4c7878362593cddf955443b8aad04c1a38d209c525a4f0bcaa588
